[INFO] fetching crate nornir-purgatory 0.1.1...
[INFO] testing nornir-purgatory-0.1.1 against 1.100.0-beta.1+cargoflags=--release for beta-release-1.100-2
[INFO] extracting crate nornir-purgatory 0.1.1 into /workspace/builds/worker-3-tc2/source
[INFO] started tweaking crates.io crate nornir-purgatory 0.1.1
[INFO] removed 0 missing tests
[INFO] finished tweaking crates.io crate nornir-purgatory 0.1.1
[INFO] tweaked toml for crates.io crate nornir-purgatory 0.1.1 written to /workspace/builds/worker-3-tc2/source/Cargo.toml
[INFO] validating manifest of crates.io crate nornir-purgatory 0.1.1 on toolchain 1.100.0-beta.1
[INFO] running `Command { std: CARGO_HOME="/workspace/cargo-home" RUSTUP_HOME="/workspace/rustup-home" "/workspace/cargo-home/bin/cargo" "+1.100.0-beta.1" "metadata" "--manifest-path" "Cargo.toml" "--no-deps", kill_on_drop: false }`
[INFO] crate crates.io crate nornir-purgatory 0.1.1 already has a lockfile, it will not be regenerated
[INFO] running `Command { std: CARGO_HOME="/workspace/cargo-home" RUSTUP_HOME="/workspace/rustup-home" "/workspace/cargo-home/bin/cargo" "+1.100.0-beta.1" "fetch" "--manifest-path" "Cargo.toml", kill_on_drop: false }`
[INFO] running `Command { std: "docker" "create" "-v" "/var/lib/crater-agent-workspace/builds/worker-3-tc2/source:/opt/rustwide/workdir:ro,Z" "-v" "/var/lib/crater-agent-workspace/builds/worker-3-tc2/target:/opt/rustwide/target:rw,Z" "-v" "/var/lib/crater-agent-workspace/cargo-home:/opt/rustwide/cargo-home:ro,Z" "-v" "/var/lib/crater-agent-workspace/rustup-home:/opt/rustwide/rustup-home:ro,Z" "-m" "1610612736" "--network" "none" "ghcr.io/rust-lang/crates-build-env/linux@sha256:77db811e55d90add9212f6832c23229e3de5f1c1f9905e8cb07319ea15df73ac" "sleep" "infinity", kill_on_drop: false }`
[INFO] [stdout] 836b91f2a9c995c6fa168b7cf716673212fde6a3d668bdd46f79f3f014bd8dbc
[INFO] running `Command { std: "docker" "start" "836b91f2a9c995c6fa168b7cf716673212fde6a3d668bdd46f79f3f014bd8dbc", kill_on_drop: false }`
[INFO] running `Command { std: "docker" "inspect" "836b91f2a9c995c6fa168b7cf716673212fde6a3d668bdd46f79f3f014bd8dbc", kill_on_drop: false }`
[INFO] running `Command { std: "docker" "exec" "-e" "SOURCE_DIR=/opt/rustwide/workdir" "-e" "CARGO_HOME=/opt/rustwide/cargo-home" "-e" "RUSTUP_HOME=/opt/rustwide/rustup-home" "-e" "CARGO_TARGET_DIR=/opt/rustwide/target" "-w" "/opt/rustwide/workdir" "--user" "0:0" "836b91f2a9c995c6fa168b7cf716673212fde6a3d668bdd46f79f3f014bd8dbc" "/opt/rustwide/cargo-home/bin/cargo" "+1.100.0-beta.1" "metadata" "--no-deps" "--format-version=1", kill_on_drop: false }`
[INFO] running `Command { std: "docker" "inspect" "836b91f2a9c995c6fa168b7cf716673212fde6a3d668bdd46f79f3f014bd8dbc", kill_on_drop: false }`
[INFO] running `Command { std: "docker" "exec" "-e" "SOURCE_DIR=/opt/rustwide/workdir" "-e" "CARGO_HOME=/opt/rustwide/cargo-home" "-e" "RUSTUP_HOME=/opt/rustwide/rustup-home" "-e" "CARGO_TARGET_DIR=/opt/rustwide/target" "-e" "CARGO_INCREMENTAL=0" "-e" "RUST_BACKTRACE=full" "-e" "RUSTFLAGS=--cap-lints=warn" "-e" "RUSTDOCFLAGS=--cap-lints=warn" "-w" "/opt/rustwide/workdir" "--user" "0:0" "836b91f2a9c995c6fa168b7cf716673212fde6a3d668bdd46f79f3f014bd8dbc" "/opt/rustwide/cargo-home/bin/cargo" "+1.100.0-beta.1" "build" "--frozen" "--message-format=json" "--release", kill_on_drop: false }`
[INFO] [stderr]    Compiling nornir-purgatory v0.1.1 (/opt/rustwide/workdir)
[INFO] [stderr]     Finished `release` profile [optimized] target(s) in 2.82s
[INFO] running `Command { std: "docker" "inspect" "836b91f2a9c995c6fa168b7cf716673212fde6a3d668bdd46f79f3f014bd8dbc", kill_on_drop: false }`
[INFO] running `Command { std: "docker" "exec" "-e" "SOURCE_DIR=/opt/rustwide/workdir" "-e" "CARGO_HOME=/opt/rustwide/cargo-home" "-e" "RUSTUP_HOME=/opt/rustwide/rustup-home" "-e" "CARGO_TARGET_DIR=/opt/rustwide/target" "-e" "CARGO_INCREMENTAL=0" "-e" "RUST_BACKTRACE=full" "-e" "RUSTFLAGS=--cap-lints=warn" "-e" "RUSTDOCFLAGS=--cap-lints=warn" "-w" "/opt/rustwide/workdir" "--user" "0:0" "836b91f2a9c995c6fa168b7cf716673212fde6a3d668bdd46f79f3f014bd8dbc" "/opt/rustwide/cargo-home/bin/cargo" "+1.100.0-beta.1" "test" "--frozen" "--no-run" "--message-format=json" "--release", kill_on_drop: false }`
[INFO] [stderr]    Compiling nornir-purgatory v0.1.1 (/opt/rustwide/workdir)
[INFO] [stderr]     Finished `release` profile [optimized] target(s) in 3.76s
[INFO] running `Command { std: "docker" "inspect" "836b91f2a9c995c6fa168b7cf716673212fde6a3d668bdd46f79f3f014bd8dbc", kill_on_drop: false }`
[INFO] running `Command { std: "docker" "exec" "-e" "SOURCE_DIR=/opt/rustwide/workdir" "-e" "CARGO_HOME=/opt/rustwide/cargo-home" "-e" "RUSTUP_HOME=/opt/rustwide/rustup-home" "-e" "CARGO_TARGET_DIR=/opt/rustwide/target" "-e" "CARGO_INCREMENTAL=0" "-e" "RUST_BACKTRACE=full" "-e" "RUSTFLAGS=--cap-lints=warn" "-e" "RUSTDOCFLAGS=--cap-lints=warn" "-w" "/opt/rustwide/workdir" "--user" "0:0" "836b91f2a9c995c6fa168b7cf716673212fde6a3d668bdd46f79f3f014bd8dbc" "/opt/rustwide/cargo-home/bin/cargo" "+1.100.0-beta.1" "test" "--frozen" "--release", kill_on_drop: false }`
[INFO] [stderr]     Finished `release` profile [optimized] target(s) in 0.01s
[INFO] [stderr]      Running unittests src/lib.rs (/opt/rustwide/target/release/build/nornir-purgatory/14d252d2e5c60f7c/out/nornir_purgatory-14d252d2e5c60f7c)
[INFO] [stdout] 
[INFO] [stdout] running 24 tests
[INFO] [stdout] test kconfig::effective::tests::counts_are_the_headline_and_a_clean_build_is_all_zero_diff ... ok
[INFO] [stdout] test kconfig::effective::tests::a_directive_that_did_not_survive_is_dropped_and_names_its_fragment ... ok
[INFO] [stdout] test kconfig::parse::tests::prose_and_banners_are_not_directives ... ok
[INFO] [stdout] test kconfig::effective::tests::fragments_that_contradict_each_other_are_recorded ... ok
[INFO] [stdout] test kconfig::effective::tests::a_select_chain_arrival_is_added_and_a_defeated_veto_is_dropped ... ok
[INFO] [stdout] test kconfig::parse::tests::the_config_prefix_is_stripped_so_one_symbol_is_one_key ... ok
[INFO] [stdout] test kconfig::tree::tests::multiple_blocks_for_one_symbol_merge_and_keep_the_first_site ... ok
[INFO] [stdout] test syscall::tests::a_definition_under_an_else_is_not_guarded_by_the_if ... ok
[INFO] [stdout] test kconfig::effective::tests::unrequested_and_off_is_not_an_addition ... ok
[INFO] [stdout] test subtract::tests::modules_are_candidates_and_reached_symbols_are_spared ... ok
[INFO] [stdout] test subtract::tests::nothing_disabled_can_ever_be_turned_back_on ... ok
[INFO] [stdout] test subtract::tests::report_only_proposes_the_same_set_and_says_it_did_not_act ... ok
[INFO] [stdout] test kconfig::parse::tests::render_round_trips_every_value ... ok
[INFO] [stdout] test kconfig::parse::tests::not_set_is_a_value_and_is_not_enabled ... ok
[INFO] [stdout] test kconfig::tree::tests::comments_outside_quotes_are_stripped ... ok
[INFO] [stdout] test kconfig::tree::tests::split_if_finds_the_top_level_if_only ... ok
[INFO] [stdout] test subtract::tests::a_hardening_symbol_is_immune_even_when_nothing_reaches_it ... ok
[INFO] [stdout] test kconfig::effective::tests::no_build_yet_is_unavailable_and_never_an_empty_diff ... ok
[INFO] [stdout] test kconfig::parse::tests::the_four_shapes_a_config_actually_uses ... ok
[INFO] [stdout] test subtract::tests::doubt_of_every_kind_subtracts_absolutely_nothing ... ok
[INFO] [stdout] test kconfig::tree::tests::a_help_block_ends_where_the_indent_falls_back ... ok
[INFO] [stdout] test syscall::tests::the_table_parser_takes_number_abi_name_entry ... ok
[INFO] [stdout] test syscall::tests::config_tokens_are_bare_symbols ... ok
[INFO] [stdout] test tests::every_symbol_a_fragment_names_is_immune_including_its_vetoes ... ok
[INFO] [stdout] 
[INFO] [stdout] test result: ok. 24 passed; 0 failed; 0 ignored; 0 measured; 0 filtered out; finished in 0.01s
[INFO] [stdout] 
[INFO] [stderr]      Running tests/against_a_real_kernel_tree.rs (/opt/rustwide/target/release/build/nornir-purgatory/2d197a846cbd514b/out/against_a_real_kernel_tree-2d197a846cbd514b)
[INFO] [stdout] 
[INFO] [stdout] running 5 tests
[INFO] [stdout] test the_running_kernels_config_against_our_policy_dropped_and_added_explained ... FAILED
[INFO] [stdout] test the_real_tree_reads_and_the_relations_hardened_config_cites_are_there ... ok
[INFO] [stdout] test every_checked_table_entry_is_verified_against_the_real_tree ... ok
[INFO] [stdout] test the_real_hardening_symbols_protect_what_they_depend_on ... FAILED
[INFO] [stdout] test tunnrs_measured_probe_through_the_real_join_on_the_running_kernel ... FAILED
[INFO] [stdout] 
[INFO] [stdout] failures:
[INFO] [stdout] 
[INFO] [stdout] ---- the_running_kernels_config_against_our_policy_dropped_and_added_explained stdout ----
[INFO] [stdout] 
[INFO] [stdout] thread 'the_running_kernels_config_against_our_policy_dropped_and_added_explained' (349) panicked at tests/against_a_real_kernel_tree.rs:95:52:
[INFO] [stdout] read /opt/rustwide/nornir-build-thing/src/kconfig/base.config: No such file or directory (os error 2)
[INFO] [stdout] stack backtrace:
[INFO] [stdout]    0:     0x5d21df8dd4d1 - <<std[617be2ca0a6fd877]::sys::backtrace::BacktraceLock>::print::DisplayBacktrace as core[a373ad73a504971]::fmt::Display>::fmt
[INFO] [stdout]    1:     0x5d21df8f1caa - core[a373ad73a504971]::fmt::write
[INFO] [stdout]    2:     0x5d21df8e19dc - <alloc[2e1b2a31b91974c5]::vec::Vec<u8> as core[a373ad73a504971]::io::write::Write>::write_fmt
[INFO] [stdout]    3:     0x5d21df8b8b16 - std[617be2ca0a6fd877]::panicking::default_hook::{closure#0}
[INFO] [stdout]    4:     0x5d21df8d55f9 - std[617be2ca0a6fd877]::panicking::default_hook
[INFO] [stdout]    5:     0x5d21df836c10 - test[aada8e7e76ba119b]::test_main_inner::{closure#0}
[INFO] [stdout]    6:     0x5d21df8d57b2 - std[617be2ca0a6fd877]::panicking::panic_with_hook
[INFO] [stdout]    7:     0x5d21df8b8bc2 - std[617be2ca0a6fd877]::panicking::panic_handler::{closure#0}
[INFO] [stdout]    8:     0x5d21df8b16a9 - std[617be2ca0a6fd877]::sys::backtrace::__rust_end_short_backtrace::<std[617be2ca0a6fd877]::panicking::panic_handler::{closure#0}, !>
[INFO] [stdout]    9:     0x5d21df8b97cd - __rustc[ea4f61d10b84890b]::rust_begin_unwind
[INFO] [stdout]   10:     0x5d21df8f23dc - core[a373ad73a504971]::panicking::panic_fmt
[INFO] [stdout]   11:     0x5d21df8171b9 - against_a_real_kernel_tree[3d17ceeceb6949a5]::read::{closure#0}
[INFO] [stdout]   12:     0x5d21df817a72 - against_a_real_kernel_tree[3d17ceeceb6949a5]::read
[INFO] [stdout]   13:     0x5d21df829d98 - <core[a373ad73a504971]::iter::adapters::map::Map<core[a373ad73a504971]::slice::iter::Iter<&str>, against_a_real_kernel_tree[3d17ceeceb6949a5]::policy_fragments::{closure#0}> as core[a373ad73a504971]::iter::traits::iterator::Iterator>::fold::<(), core[a373ad73a504971]::iter::traits::iterator::Iterator::for_each::call<(alloc[2e1b2a31b91974c5]::string::String, alloc[2e1b2a31b91974c5]::string::String), <alloc[2e1b2a31b91974c5]::vec::Vec<(alloc[2e1b2a31b91974c5]::string::String, alloc[2e1b2a31b91974c5]::string::String)>>::extend_trusted<core[a373ad73a504971]::iter::adapters::map::Map<core[a373ad73a504971]::slice::iter::Iter<&str>, against_a_real_kernel_tree[3d17ceeceb6949a5]::policy_fragments::{closure#0}>>::{closure#0}>::{closure#0}>
[INFO] [stdout]   14:     0x5d21df81e96b - <against_a_real_kernel_tree[3d17ceeceb6949a5]::the_running_kernels_config_against_our_policy_dropped_and_added_explained::{closure#0} as core[a373ad73a504971]::ops::function::FnOnce<()>>::call_once
[INFO] [stdout]   15:     0x5d21df82a05b - test[aada8e7e76ba119b]::__rust_begin_short_backtrace::<core[a373ad73a504971]::result::Result<(), alloc[2e1b2a31b91974c5]::string::String>, fn() -> core[a373ad73a504971]::result::Result<(), alloc[2e1b2a31b91974c5]::string::String>>
[INFO] [stdout]   16:     0x5d21df837235 - test[aada8e7e76ba119b]::run_test::{closure#0}
[INFO] [stdout]   17:     0x5d21df830b24 - std[617be2ca0a6fd877]::sys::backtrace::__rust_begin_short_backtrace::<test[aada8e7e76ba119b]::run_test::{closure#1}, ()>
[INFO] [stdout]   18:     0x5d21df83a2c2 - <std[617be2ca0a6fd877]::thread::lifecycle::spawn_unchecked<test[aada8e7e76ba119b]::run_test::{closure#1}, ()>::{closure#1} as core[a373ad73a504971]::ops::function::FnOnce<()>>::call_once::{shim:vtable#0}
[INFO] [stdout]   19:     0x5d21df8dc9cf - <std[617be2ca0a6fd877]::sys::thread::unix::Thread>::new::thread_start
[INFO] [stdout]   20:     0x72520f578dfa - <unknown>
[INFO] [stdout]   21:     0x72520f60c3d4 - clone
[INFO] [stdout]   22:                0x0 - <unknown>
[INFO] [stdout] 
[INFO] [stdout] ---- the_real_hardening_symbols_protect_what_they_depend_on stdout ----
[INFO] [stdout] 
[INFO] [stdout] thread 'the_real_hardening_symbols_protect_what_they_depend_on' (347) panicked at tests/against_a_real_kernel_tree.rs:95:52:
[INFO] [stdout] read /opt/rustwide/nornir-build-thing/src/kconfig/base.config: No such file or directory (os error 2)
[INFO] [stdout] stack backtrace:
[INFO] [stdout]    0:     0x5d21df8dd4d1 - <<std[617be2ca0a6fd877]::sys::backtrace::BacktraceLock>::print::DisplayBacktrace as core[a373ad73a504971]::fmt::Display>::fmt
[INFO] [stdout]    1:     0x5d21df8f1caa - core[a373ad73a504971]::fmt::write
[INFO] [stdout]    2:     0x5d21df8e19dc - <alloc[2e1b2a31b91974c5]::vec::Vec<u8> as core[a373ad73a504971]::io::write::Write>::write_fmt
[INFO] [stdout]    3:     0x5d21df8b8b16 - std[617be2ca0a6fd877]::panicking::default_hook::{closure#0}
[INFO] [stdout]    4:     0x5d21df8d55f9 - std[617be2ca0a6fd877]::panicking::default_hook
[INFO] [stdout]    5:     0x5d21df836c10 - test[aada8e7e76ba119b]::test_main_inner::{closure#0}
[INFO] [stdout]    6:     0x5d21df8d57b2 - std[617be2ca0a6fd877]::panicking::panic_with_hook
[INFO] [stdout]    7:     0x5d21df8b8bc2 - std[617be2ca0a6fd877]::panicking::panic_handler::{closure#0}
[INFO] [stdout]    8:     0x5d21df8b16a9 - std[617be2ca0a6fd877]::sys::backtrace::__rust_end_short_backtrace::<std[617be2ca0a6fd877]::panicking::panic_handler::{closure#0}, !>
[INFO] [stdout]    9:     0x5d21df8b97cd - __rustc[ea4f61d10b84890b]::rust_begin_unwind
[INFO] [stdout]   10:     0x5d21df8f23dc - core[a373ad73a504971]::panicking::panic_fmt
[INFO] [stdout]   11:     0x5d21df8171b9 - against_a_real_kernel_tree[3d17ceeceb6949a5]::read::{closure#0}
[INFO] [stdout]   12:     0x5d21df817a72 - against_a_real_kernel_tree[3d17ceeceb6949a5]::read
[INFO] [stdout]   13:     0x5d21df829d98 - <core[a373ad73a504971]::iter::adapters::map::Map<core[a373ad73a504971]::slice::iter::Iter<&str>, against_a_real_kernel_tree[3d17ceeceb6949a5]::policy_fragments::{closure#0}> as core[a373ad73a504971]::iter::traits::iterator::Iterator>::fold::<(), core[a373ad73a504971]::iter::traits::iterator::Iterator::for_each::call<(alloc[2e1b2a31b91974c5]::string::String, alloc[2e1b2a31b91974c5]::string::String), <alloc[2e1b2a31b91974c5]::vec::Vec<(alloc[2e1b2a31b91974c5]::string::String, alloc[2e1b2a31b91974c5]::string::String)>>::extend_trusted<core[a373ad73a504971]::iter::adapters::map::Map<core[a373ad73a504971]::slice::iter::Iter<&str>, against_a_real_kernel_tree[3d17ceeceb6949a5]::policy_fragments::{closure#0}>>::{closure#0}>::{closure#0}>
[INFO] [stdout]   14:     0x5d21df817501 - against_a_real_kernel_tree[3d17ceeceb6949a5]::immune_seeds
[INFO] [stdout]   15:     0x5d21df818ca4 - <against_a_real_kernel_tree[3d17ceeceb6949a5]::the_real_hardening_symbols_protect_what_they_depend_on::{closure#0} as core[a373ad73a504971]::ops::function::FnOnce<()>>::call_once
[INFO] [stdout]   16:     0x5d21df82a05b - test[aada8e7e76ba119b]::__rust_begin_short_backtrace::<core[a373ad73a504971]::result::Result<(), alloc[2e1b2a31b91974c5]::string::String>, fn() -> core[a373ad73a504971]::result::Result<(), alloc[2e1b2a31b91974c5]::string::String>>
[INFO] [stdout]   17:     0x5d21df837235 - test[aada8e7e76ba119b]::run_test::{closure#0}
[INFO] [stdout]   18:     0x5d21df830b24 - std[617be2ca0a6fd877]::sys::backtrace::__rust_begin_short_backtrace::<test[aada8e7e76ba119b]::run_test::{closure#1}, ()>
[INFO] [stdout]   19:     0x5d21df83a2c2 - <std[617be2ca0a6fd877]::thread::lifecycle::spawn_unchecked<test[aada8e7e76ba119b]::run_test::{closure#1}, ()>::{closure#1} as core[a373ad73a504971]::ops::function::FnOnce<()>>::call_once::{shim:vtable#0}
[INFO] [stdout]   20:     0x5d21df8dc9cf - <std[617be2ca0a6fd877]::sys::thread::unix::Thread>::new::thread_start
[INFO] [stdout]   21:     0x72520f578dfa - <unknown>
[INFO] [stdout]   22:     0x72520f60c3d4 - clone
[INFO] [stdout]   23:                0x0 - <unknown>
[INFO] [stdout] 
[INFO] [stdout] ---- tunnrs_measured_probe_through_the_real_join_on_the_running_kernel stdout ----
[INFO] [stdout] 
[INFO] [stdout] thread 'tunnrs_measured_probe_through_the_real_join_on_the_running_kernel' (350) panicked at tests/against_a_real_kernel_tree.rs:95:52:
[INFO] [stdout] read /opt/rustwide/nornir-build-thing/src/kconfig/base.config: No such file or directory (os error 2)
[INFO] [stdout] stack backtrace:
[INFO] [stdout]    0:     0x5d21df8dd4d1 - <<std[617be2ca0a6fd877]::sys::backtrace::BacktraceLock>::print::DisplayBacktrace as core[a373ad73a504971]::fmt::Display>::fmt
[INFO] [stdout]    1:     0x5d21df8f1caa - core[a373ad73a504971]::fmt::write
[INFO] [stdout]    2:     0x5d21df8e19dc - <alloc[2e1b2a31b91974c5]::vec::Vec<u8> as core[a373ad73a504971]::io::write::Write>::write_fmt
[INFO] [stdout]    3:     0x5d21df8b8b16 - std[617be2ca0a6fd877]::panicking::default_hook::{closure#0}
[INFO] [stdout]    4:     0x5d21df8d55f9 - std[617be2ca0a6fd877]::panicking::default_hook
[INFO] [stdout]    5:     0x5d21df836c10 - test[aada8e7e76ba119b]::test_main_inner::{closure#0}
[INFO] [stdout]    6:     0x5d21df8d57b2 - std[617be2ca0a6fd877]::panicking::panic_with_hook
[INFO] [stdout]    7:     0x5d21df8b8bc2 - std[617be2ca0a6fd877]::panicking::panic_handler::{closure#0}
[INFO] [stdout]    8:     0x5d21df8b16a9 - std[617be2ca0a6fd877]::sys::backtrace::__rust_end_short_backtrace::<std[617be2ca0a6fd877]::panicking::panic_handler::{closure#0}, !>
[INFO] [stdout]    9:     0x5d21df8b97cd - __rustc[ea4f61d10b84890b]::rust_begin_unwind
[INFO] [stdout]   10:     0x5d21df8f23dc - core[a373ad73a504971]::panicking::panic_fmt
[INFO] [stdout]   11:     0x5d21df8171b9 - against_a_real_kernel_tree[3d17ceeceb6949a5]::read::{closure#0}
[INFO] [stdout]   12:     0x5d21df817a72 - against_a_real_kernel_tree[3d17ceeceb6949a5]::read
[INFO] [stdout]   13:     0x5d21df829d98 - <core[a373ad73a504971]::iter::adapters::map::Map<core[a373ad73a504971]::slice::iter::Iter<&str>, against_a_real_kernel_tree[3d17ceeceb6949a5]::policy_fragments::{closure#0}> as core[a373ad73a504971]::iter::traits::iterator::Iterator>::fold::<(), core[a373ad73a504971]::iter::traits::iterator::Iterator::for_each::call<(alloc[2e1b2a31b91974c5]::string::String, alloc[2e1b2a31b91974c5]::string::String), <alloc[2e1b2a31b91974c5]::vec::Vec<(alloc[2e1b2a31b91974c5]::string::String, alloc[2e1b2a31b91974c5]::string::String)>>::extend_trusted<core[a373ad73a504971]::iter::adapters::map::Map<core[a373ad73a504971]::slice::iter::Iter<&str>, against_a_real_kernel_tree[3d17ceeceb6949a5]::policy_fragments::{closure#0}>>::{closure#0}>::{closure#0}>
[INFO] [stdout]   14:     0x5d21df817501 - against_a_real_kernel_tree[3d17ceeceb6949a5]::immune_seeds
[INFO] [stdout]   15:     0x5d21df81aeff - <against_a_real_kernel_tree[3d17ceeceb6949a5]::tunnrs_measured_probe_through_the_real_join_on_the_running_kernel::{closure#0} as core[a373ad73a504971]::ops::function::FnOnce<()>>::call_once
[INFO] [stdout]   16:     0x5d21df82a05b - test[aada8e7e76ba119b]::__rust_begin_short_backtrace::<core[a373ad73a504971]::result::Result<(), alloc[2e1b2a31b91974c5]::string::String>, fn() -> core[a373ad73a504971]::result::Result<(), alloc[2e1b2a31b91974c5]::string::String>>
[INFO] [stdout]   17:     0x5d21df837235 - test[aada8e7e76ba119b]::run_test::{closure#0}
[INFO] [stdout]   18:     0x5d21df830b24 - std[617be2ca0a6fd877]::sys::backtrace::__rust_begin_short_backtrace::<test[aada8e7e76ba119b]::run_test::{closure#1}, ()>
[INFO] [stdout]   19:     0x5d21df83a2c2 - <std[617be2ca0a6fd877]::thread::lifecycle::spawn_unchecked<test[aada8e7e76ba119b]::run_test::{closure#1}, ()>::{closure#1} as core[a373ad73a504971]::ops::function::FnOnce<()>>::call_once::{shim:vtable#0}
[INFO] [stdout]   20:     0x5d21df8dc9cf - <std[617be2ca0a6fd877]::sys::thread::unix::Thread>::new::thread_start
[INFO] [stdout]   21:     0x72520f578dfa - <unknown>
[INFO] [stdout]   22:     0x72520f60c3d4 - clone
[INFO] [stdout]   23:                0x0 - <unknown>
[INFO] [stdout] 
[INFO] [stdout] 
[INFO] [stdout] failures:
[INFO] [stdout]     the_real_hardening_symbols_protect_what_they_depend_on
[INFO] [stdout]     the_running_kernels_config_against_our_policy_dropped_and_added_explained
[INFO] [stdout]     tunnrs_measured_probe_through_the_real_join_on_the_running_kernel
[INFO] [stdout] 
[INFO] [stdout] test result: FAILED. 2 passed; 3 failed; 0 ignored; 0 measured; 0 filtered out; finished in 0.75s
[INFO] [stdout] 
[INFO] [stderr] error: test failed, to rerun pass `--test against_a_real_kernel_tree`
[INFO] running `Command { std: "docker" "inspect" "836b91f2a9c995c6fa168b7cf716673212fde6a3d668bdd46f79f3f014bd8dbc", kill_on_drop: false }`
[INFO] running `Command { std: "docker" "rm" "-f" "836b91f2a9c995c6fa168b7cf716673212fde6a3d668bdd46f79f3f014bd8dbc", kill_on_drop: false }`
[INFO] [stdout] 836b91f2a9c995c6fa168b7cf716673212fde6a3d668bdd46f79f3f014bd8dbc
