[INFO] fetching crate normalize-facts 0.3.2...
[INFO] testing normalize-facts-0.3.2 against 1.99.0-beta.8+cargoflags=--release for beta-release-1.100-2
[INFO] extracting crate normalize-facts 0.3.2 into /workspace/builds/worker-0-tc1/source
[INFO] started tweaking crates.io crate normalize-facts 0.3.2
[INFO] removed 0 missing tests
[INFO] finished tweaking crates.io crate normalize-facts 0.3.2
[INFO] tweaked toml for crates.io crate normalize-facts 0.3.2 written to /workspace/builds/worker-0-tc1/source/Cargo.toml
[INFO] validating manifest of crates.io crate normalize-facts 0.3.2 on toolchain 1.99.0-beta.8
[INFO] running `Command { std: CARGO_HOME="/workspace/cargo-home" RUSTUP_HOME="/workspace/rustup-home" "/workspace/cargo-home/bin/cargo" "+1.99.0-beta.8" "metadata" "--manifest-path" "Cargo.toml" "--no-deps", kill_on_drop: false }`
[INFO] crate crates.io crate normalize-facts 0.3.2 already has a lockfile, it will not be regenerated
[INFO] running `Command { std: CARGO_HOME="/workspace/cargo-home" RUSTUP_HOME="/workspace/rustup-home" "/workspace/cargo-home/bin/cargo" "+1.99.0-beta.8" "fetch" "--manifest-path" "Cargo.toml", kill_on_drop: false }`
[INFO] [stderr]     Updating crates.io index
[INFO] [stderr]  Downloading crates ...
[INFO] [stderr]   Downloaded server-less-parse v0.4.9
[INFO] [stderr]   Downloaded server-less-rpc v0.4.9
[INFO] [stderr]   Downloaded server-less-core v0.4.9
[INFO] [stderr]   Downloaded jaq-std v3.0.0
[INFO] [stderr]   Downloaded normalize-output v0.3.2
[INFO] [stderr]   Downloaded jaq-json v2.0.0
[INFO] [stderr]   Downloaded hifijson v0.5.0
[INFO] [stderr]   Downloaded tree-sitter v0.26.8
[INFO] [stderr]   Downloaded jaq-core v3.0.0
[INFO] [stderr]   Downloaded server-less v0.4.9
[INFO] [stderr]   Downloaded server-less-macros v0.4.9
[INFO] [stderr]   Downloaded rkyv_derive v0.8.16
[INFO] [stderr]   Downloaded regex-bites v0.1.6
[INFO] [stderr]   Downloaded normalize-core v0.3.2
[INFO] [stderr]   Downloaded normalize-derive v0.3.2
[INFO] [stderr]   Downloaded rkyv v0.8.16
[INFO] [stderr]   Downloaded normalize-language-meta v0.3.2
[INFO] [stderr]   Downloaded normalize-local-deps v0.3.2
[INFO] [stderr]   Downloaded normalize-facts-core v0.3.2
[INFO] [stderr]   Downloaded normalize-manifest v0.3.2
[INFO] [stderr]   Downloaded libsql v0.9.30
[INFO] [stderr]   Downloaded tower-http v0.4.4
[INFO] [stderr]   Downloaded prost-derive v0.12.6
[INFO] [stderr]   Downloaded normalize-languages v0.3.2
[INFO] [stderr]   Downloaded http-range-header v0.3.1
[INFO] [stderr]   Downloaded prost v0.12.6
[INFO] [stderr]   Downloaded tokio-io-timeout v1.2.1
[INFO] [stderr]   Downloaded tonic v0.11.0
[INFO] [stderr]   Downloaded hyper-timeout v0.4.1
[INFO] [stderr]   Downloaded tonic-web v0.11.0
[INFO] [stderr]   Downloaded axum v0.6.20
[INFO] [stderr]   Downloaded axum-core v0.3.4
[INFO] [stderr]   Downloaded libsql-rusqlite v0.9.30
[INFO] [stderr]   Downloaded libsql-sys v0.9.30
[INFO] [stderr]   Downloaded libsql_replication v0.9.30
[INFO] [stderr]   Downloaded bindgen v0.66.1
[INFO] [stderr]   Downloaded libsql-ffi v0.9.30
[INFO] [stderr]   Downloaded libsql-hrana v0.9.30
[INFO] [stderr]   Downloaded libsql-sqlite3-parser v0.13.0
[INFO] [stderr]   Downloaded hyper-rustls v0.25.0
[INFO] [stderr]   Downloaded tokio-rustls v0.25.0
[INFO] [stderr]   Downloaded rustls v0.22.4
[INFO] [stderr]   Downloaded ast-grep-core v0.40.5
[INFO] [stderr]   Downloaded normalize-cfg v0.3.2
[INFO] [stderr]   Downloaded gix-worktree-stream v0.30.0
[INFO] [stderr]   Downloaded gix-revwalk v0.29.0
[INFO] [stderr]   Downloaded gix-utils v0.3.2
[INFO] [stderr]   Downloaded gix-trace v0.1.19
[INFO] [stderr]   Downloaded gix-validate v0.11.1
[INFO] [stderr]   Downloaded gix-hashtable v0.13.0
[INFO] [stderr]   Downloaded gix-hash v0.23.0
[INFO] [stderr]   Downloaded faster-hex v0.10.0
[INFO] [stderr]   Downloaded gix-traverse v0.55.0
[INFO] [stderr]   Downloaded gix-object v0.58.0
[INFO] [stderr]   Downloaded gix-path v0.11.3
[INFO] [stderr]   Downloaded gix v0.81.0
[INFO] [stderr]   Downloaded gix-features v0.46.2
[INFO] [stderr]   Downloaded prodash v31.0.0
[INFO] [stderr]   Downloaded gix-date v0.15.3
[INFO] [stderr]   Downloaded gix-error v0.2.3
[INFO] [stderr]   Downloaded gix-commitgraph v0.35.0
[INFO] [stderr]   Downloaded gix-chunk v0.7.1
[INFO] [stderr]   Downloaded gix-fs v0.19.2
[INFO] [stderr]   Downloaded gix-filter v0.28.0
[INFO] [stderr]   Downloaded gix-index v0.49.0
[INFO] [stderr]   Downloaded gix-actor v0.40.0
[INFO] [stderr]   Downloaded gix-command v0.8.1
[INFO] [stderr]   Downloaded gix-lock v21.0.2
[INFO] [stderr]   Downloaded gix-worktree v0.50.0
[INFO] [stderr]   Downloaded gix-refspec v0.39.0
[INFO] [stderr]   Downloaded gix-glob v0.24.0
[INFO] [stderr]   Downloaded gix-tempfile v21.0.2
[INFO] [stderr]   Downloaded gix-ignore v0.19.1
[INFO] [stderr]   Downloaded gix-protocol v0.59.0
[INFO] [stderr]   Downloaded gix-attributes v0.31.0
[INFO] [stderr]   Downloaded gix-url v0.35.3
[INFO] [stderr]   Downloaded gix-worktree-state v0.28.0
[INFO] [stderr]   Downloaded gix-packetline v0.21.3
[INFO] [stderr]   Downloaded filetime v0.2.28
[INFO] [stderr]   Downloaded gix-config-value v0.17.2
[INFO] [stderr]   Downloaded gix-pack v0.68.0
[INFO] [stderr]   Downloaded gix-blame v0.11.0
[INFO] [stderr]   Downloaded gix-archive v0.30.0
[INFO] [stderr]   Downloaded gix-submodule v0.28.0
[INFO] [stderr]   Downloaded gix-ref v0.61.0
[INFO] [stderr]   Downloaded gix-status v0.28.0
[INFO] [stderr]   Downloaded gix-discover v0.49.0
[INFO] [stderr]   Downloaded gix-diff v0.61.0
[INFO] [stderr]   Downloaded gix-shallow v0.10.0
[INFO] [stderr]   Downloaded maybe-async v0.2.10
[INFO] [stderr]   Downloaded gix-odb v0.78.0
[INFO] [stderr]   Downloaded gix-negotiate v0.29.0
[INFO] [stderr]   Downloaded gix-quote v0.7.1
[INFO] [stderr]   Downloaded gix-bitmap v0.3.1
[INFO] [stderr]   Downloaded gix-sec v0.13.3
[INFO] [stderr]   Downloaded gix-transport v0.55.1
[INFO] [stderr]   Downloaded gix-revision v0.43.0
[INFO] [stderr]   Downloaded gix-pathspec v0.16.1
[INFO] [stderr]   Downloaded gix-config v0.54.0
[INFO] [stderr]   Downloaded gix-dir v0.23.0
[INFO] [stderr]   Downloaded imara-diff v0.1.8
[INFO] [stderr]   Downloaded imara-diff v0.2.0
[INFO] [stderr]   Downloaded gix-merge v0.14.0
[INFO] running `Command { std: "docker" "create" "-v" "/var/lib/crater-agent-workspace/builds/worker-0-tc1/source:/opt/rustwide/workdir:ro,Z" "-v" "/var/lib/crater-agent-workspace/builds/worker-0-tc1/target:/opt/rustwide/target:rw,Z" "-v" "/var/lib/crater-agent-workspace/cargo-home:/opt/rustwide/cargo-home:ro,Z" "-v" "/var/lib/crater-agent-workspace/rustup-home:/opt/rustwide/rustup-home:ro,Z" "-m" "1610612736" "--network" "none" "ghcr.io/rust-lang/crates-build-env/linux@sha256:77db811e55d90add9212f6832c23229e3de5f1c1f9905e8cb07319ea15df73ac" "sleep" "infinity", kill_on_drop: false }`
[INFO] [stdout] 9ba6d166635d9c3da09b76b060f30752d855a5c298ad3da39ff5675cc11cefd1
[INFO] running `Command { std: "docker" "start" "9ba6d166635d9c3da09b76b060f30752d855a5c298ad3da39ff5675cc11cefd1", kill_on_drop: false }`
[INFO] running `Command { std: "docker" "inspect" "9ba6d166635d9c3da09b76b060f30752d855a5c298ad3da39ff5675cc11cefd1", kill_on_drop: false }`
[INFO] running `Command { std: "docker" "exec" "-e" "SOURCE_DIR=/opt/rustwide/workdir" "-e" "CARGO_HOME=/opt/rustwide/cargo-home" "-e" "RUSTUP_HOME=/opt/rustwide/rustup-home" "-e" "CARGO_TARGET_DIR=/opt/rustwide/target" "-w" "/opt/rustwide/workdir" "--user" "0:0" "9ba6d166635d9c3da09b76b060f30752d855a5c298ad3da39ff5675cc11cefd1" "/opt/rustwide/cargo-home/bin/cargo" "+1.99.0-beta.8" "metadata" "--no-deps" "--format-version=1", kill_on_drop: false }`
[INFO] running `Command { std: "docker" "inspect" "9ba6d166635d9c3da09b76b060f30752d855a5c298ad3da39ff5675cc11cefd1", kill_on_drop: false }`
[INFO] running `Command { std: "docker" "exec" "-e" "SOURCE_DIR=/opt/rustwide/workdir" "-e" "CARGO_HOME=/opt/rustwide/cargo-home" "-e" "RUSTUP_HOME=/opt/rustwide/rustup-home" "-e" "CARGO_TARGET_DIR=/opt/rustwide/target" "-e" "CARGO_INCREMENTAL=0" "-e" "RUST_BACKTRACE=full" "-e" "RUSTFLAGS=--cap-lints=warn" "-e" "RUSTDOCFLAGS=--cap-lints=warn" "-w" "/opt/rustwide/workdir" "--user" "0:0" "9ba6d166635d9c3da09b76b060f30752d855a5c298ad3da39ff5675cc11cefd1" "/opt/rustwide/cargo-home/bin/cargo" "+1.99.0-beta.8" "build" "--frozen" "--message-format=json" "--release", kill_on_drop: false }`
[INFO] [stderr]    Compiling smallvec v1.15.1
[INFO] [stderr]    Compiling aho-corasick v1.1.4
[INFO] [stderr]    Compiling typenum v1.20.0
[INFO] [stderr]    Compiling bitflags v2.11.1
[INFO] [stderr]    Compiling gix-trace v0.1.19
[INFO] [stderr]    Compiling fastrand v2.4.1
[INFO] [stderr]    Compiling serde v1.0.228
[INFO] [stderr]    Compiling unicode-normalization v0.1.25
[INFO] [stderr]    Compiling zlib-rs v0.6.3
[INFO] [stderr]    Compiling parking_lot_core v0.9.12
[INFO] [stderr]    Compiling cc v1.2.62
[INFO] [stderr]    Compiling winnow v0.7.15
[INFO] [stderr]    Compiling parking_lot v0.12.5
[INFO] [stderr]    Compiling prodash v31.0.0
[INFO] [stderr]    Compiling generic-array v0.14.7
[INFO] [stderr]    Compiling heapless v0.8.0
[INFO] [stderr]    Compiling regex-automata v0.4.14
[INFO] [stderr]    Compiling faster-hex v0.10.0
[INFO] [stderr]    Compiling crypto-common v0.1.7
[INFO] [stderr]    Compiling block-buffer v0.10.4
[INFO] [stderr]    Compiling ahash v0.8.12
[INFO] [stderr]    Compiling digest v0.10.7
[INFO] [stderr]    Compiling sha1 v0.10.6
[INFO] [stderr]    Compiling bytes v1.11.1
[INFO] [stderr]    Compiling sha1-checked v0.10.0
[INFO] [stderr]    Compiling hashbrown v0.14.5
[INFO] [stderr]    Compiling hashbrown v0.16.1
[INFO] [stderr]    Compiling getrandom v0.4.2
[INFO] [stderr]    Compiling jiff v0.2.24
[INFO] [stderr]    Compiling errno v0.3.14
[INFO] [stderr]    Compiling memmap2 v0.9.10
[INFO] [stderr]    Compiling signal-hook-registry v1.4.8
[INFO] [stderr]    Compiling rustix v1.1.4
[INFO] [stderr]    Compiling tokio v1.52.3
[INFO] [stderr]    Compiling either v1.15.0
[INFO] [stderr]    Compiling memchr v2.8.0
[INFO] [stderr]    Compiling futures-util v0.3.32
[INFO] [stderr]    Compiling dashmap v6.1.0
[INFO] [stderr]    Compiling tracing-attributes v0.1.31
[INFO] [stderr]    Compiling uncased v0.9.10
[INFO] [stderr]    Compiling nonempty v0.12.0
[INFO] [stderr]    Compiling bstr v1.12.1
[INFO] [stderr]    Compiling tempfile v3.27.0
[INFO] [stderr]    Compiling gix-validate v0.11.1
[INFO] [stderr]    Compiling gix-utils v0.3.2
[INFO] [stderr]    Compiling gix-path v0.11.3
[INFO] [stderr]    Compiling gix-error v0.2.3
[INFO] [stderr]    Compiling gix-features v0.46.2
[INFO] [stderr]    Compiling gix-hash v0.23.0
[INFO] [stderr]    Compiling gix-fs v0.19.2
[INFO] [stderr]    Compiling gix-chunk v0.7.1
[INFO] [stderr]    Compiling gix-quote v0.7.1
[INFO] [stderr]    Compiling gix-date v0.15.3
[INFO] [stderr]    Compiling tracing v0.1.44
[INFO] [stderr]    Compiling gix-hashtable v0.13.0
[INFO] [stderr]    Compiling gix-tempfile v21.0.2
[INFO] [stderr]    Compiling gix-actor v0.40.0
[INFO] [stderr]    Compiling http v0.2.12
[INFO] [stderr]    Compiling glob v0.3.3
[INFO] [stderr]    Compiling gix-object v0.58.0
[INFO] [stderr]    Compiling clang-sys v1.8.1
[INFO] [stderr]    Compiling gix-lock v21.0.2
[INFO] [stderr]    Compiling gix-glob v0.24.0
[INFO] [stderr]    Compiling prettyplease v0.2.37
[INFO] [stderr]    Compiling rustix v0.38.44
[INFO] [stderr]    Compiling libc v0.2.186
[INFO] [stderr]    Compiling http-body v0.4.6
[INFO] [stderr]    Compiling gix-commitgraph v0.35.0
[INFO] [stderr]    Compiling minimal-lexical v0.2.1
[INFO] [stderr]    Compiling unicode-bom v2.0.3
[INFO] [stderr]    Compiling tokio-util v0.7.18
[INFO] [stderr]    Compiling linux-raw-sys v0.4.15
[INFO] [stderr]    Compiling regex-syntax v0.8.10
[INFO] [stderr]    Compiling gix-revwalk v0.29.0
[INFO] [stderr]    Compiling nom v7.1.3
[INFO] [stderr]    Compiling libloading v0.8.9
[INFO] [stderr]    Compiling rustls-pki-types v1.14.1
[INFO] [stderr]    Compiling indexmap v1.9.3
[INFO] [stderr]    Compiling bindgen v0.66.1
[INFO] [stderr]    Compiling home v0.5.12
[INFO] [stderr]    Compiling which v4.4.2
[INFO] [stderr]    Compiling kstring v2.0.2
[INFO] [stderr]    Compiling cexpr v0.6.0
[INFO] [stderr]    Compiling h2 v0.3.27
[INFO] [stderr]    Compiling ring v0.17.14
[INFO] [stderr]    Compiling socket2 v0.5.10
[INFO] [stderr]    Compiling pin-project-internal v1.1.12
[INFO] [stderr]    Compiling regex v1.12.3
[INFO] [stderr]    Compiling log v0.4.29
[INFO] [stderr]    Compiling rustc-hash v1.1.0
[INFO] [stderr]    Compiling peeking_take_while v0.1.2
[INFO] [stderr]    Compiling lazy_static v1.5.0
[INFO] [stderr]    Compiling lazycell v1.3.0
[INFO] [stderr]    Compiling pin-project v1.1.12
[INFO] [stderr]    Compiling gix-attributes v0.31.0
[INFO] [stderr]    Compiling rand v0.8.6
[INFO] [stderr]    Compiling axum-core v0.3.4
[INFO] [stderr]    Compiling itertools v0.12.1
[INFO] [stderr]    Compiling cmake v0.1.58
[INFO] [stderr]    Compiling serde_core v1.0.228
[INFO] [stderr]    Compiling rand_core v0.6.4
[INFO] [stderr]    Compiling siphasher v1.0.3
[INFO] [stderr]    Compiling serde_json v1.0.149
[INFO] [stderr]    Compiling phf_shared v0.11.3
[INFO] [stderr]    Compiling tower v0.4.13
[INFO] [stderr]    Compiling hyper v0.14.32
[INFO] [stderr]    Compiling gix-config-value v0.17.2
[INFO] [stderr]    Compiling prost-derive v0.12.6
[INFO] [stderr]    Compiling axum v0.6.20
[INFO] [stderr]    Compiling zmij v1.0.21
[INFO] [stderr]    Compiling block-padding v0.3.3
[INFO] [stderr]    Compiling gix-sec v0.13.3
[INFO] [stderr]    Compiling gix-command v0.8.1
[INFO] [stderr]    Compiling inout v0.1.4
[INFO] [stderr]    Compiling phf_generator v0.11.3
[INFO] [stderr]    Compiling prost v0.12.6
[INFO] [stderr]    Compiling gix-traverse v0.55.0
[INFO] [stderr]    Compiling tokio-io-timeout v1.2.1
[INFO] [stderr]    Compiling gix-ref v0.61.0
[INFO] [stderr]    Compiling gix-bitmap v0.3.1
[INFO] [stderr]    Compiling libsql-ffi v0.9.30
[INFO] [stderr]    Compiling gix-packetline v0.21.3
[INFO] [stderr]    Compiling toml_datetime v0.6.11
[INFO] [stderr]    Compiling serde_spanned v0.6.9
[INFO] [stderr]    Compiling ptr_meta_derive v0.3.1
[INFO] [stderr]    Compiling async-stream-impl v0.3.6
[INFO] [stderr]    Compiling filetime v0.2.28
[INFO] [stderr]    Compiling sync_wrapper v0.1.2
[INFO] [stderr]    Compiling tree-sitter-language v0.1.7
[INFO] [stderr]    Compiling foldhash v0.1.5
[INFO] [stderr]    Compiling rustls v0.22.4
[INFO] [stderr]    Compiling base64 v0.21.7
[INFO] [stderr]    Compiling async-stream v0.3.6
[INFO] [stderr]    Compiling hashbrown v0.15.5
[INFO] [stderr]    Compiling hyper-timeout v0.4.1
[INFO] [stderr]    Compiling toml_edit v0.22.27
[INFO] [stderr]    Compiling gix-index v0.49.0
[INFO] [stderr]    Compiling ptr_meta v0.3.1
[INFO] [stderr]    Compiling phf_codegen v0.11.3
[INFO] [stderr]    Compiling cipher v0.4.4
[INFO] [stderr]    Compiling gix-pathspec v0.16.1
[INFO] [stderr]    Compiling gix-ignore v0.19.1
[INFO] [stderr]    Compiling rustls-webpki v0.102.8
[INFO] [stderr]    Compiling tokio-stream v0.1.18
[INFO] [stderr]    Compiling hashlink v0.8.4
[INFO] [stderr]    Compiling zerocopy-derive v0.7.35
[INFO] [stderr]    Compiling fallible-iterator v0.2.0
[INFO] [stderr]    Compiling fallible-streaming-iterator v0.1.9
[INFO] [stderr]    Compiling zerocopy v0.7.35
[INFO] [stderr]    Compiling tonic v0.11.0
[INFO] [stderr]    Compiling gix-worktree v0.50.0
[INFO] [stderr]    Compiling toml v0.8.23
[INFO] [stderr]    Compiling libsql-sqlite3-parser v0.13.0
[INFO] [stderr]    Compiling rancor v0.1.1
[INFO] [stderr]    Compiling tree-sitter v0.26.8
[INFO] [stderr]    Compiling webpki-roots v1.0.7
[INFO] [stderr]    Compiling rustls-pemfile v2.2.0
[INFO] [stderr]    Compiling bytecheck_derive v0.8.2
[INFO] [stderr]    Compiling thiserror-impl v1.0.69
[INFO] [stderr]    Compiling http-range-header v0.3.1
[INFO] [stderr]    Compiling simdutf8 v0.1.5
[INFO] [stderr]    Compiling ref-cast v1.0.25
[INFO] [stderr]    Compiling openssl-probe v0.1.6
[INFO] [stderr]    Compiling rustls-native-certs v0.7.3
[INFO] [stderr]    Compiling bytecheck v0.8.2
[INFO] [stderr]    Compiling tower-http v0.4.4
[INFO] [stderr]    Compiling thiserror v1.0.69
[INFO] [stderr]    Compiling tokio-rustls v0.25.0
[INFO] [stderr]    Compiling gix-filter v0.28.0
[INFO] [stderr]    Compiling webpki-roots v0.26.11
[INFO] [stderr]    Compiling phf v0.11.3
[INFO] [stderr]    Compiling cbc v0.1.2
[INFO] [stderr]    Compiling aes v0.8.4
[INFO] [stderr]    Compiling imara-diff v0.2.0
[INFO] [stderr]    Compiling imara-diff v0.1.8
[INFO] [stderr]    Compiling gix-url v0.35.3
[INFO] [stderr]    Compiling anyhow v1.0.102
[INFO] [stderr]    Compiling futures-executor v0.3.32
[INFO] [stderr]    Compiling uuid v1.23.1
[INFO] [stderr]    Compiling ref-cast-impl v1.0.25
[INFO] [stderr]    Compiling munge_macro v0.4.7
[INFO] [stderr]    Compiling serde_derive_internals v0.29.1
[INFO] [stderr]    Compiling fallible-iterator v0.3.0
[INFO] [stderr]    Compiling streaming-iterator v0.1.9
[INFO] [stderr]    Compiling dirs-sys v0.4.1
[INFO] [stderr]    Compiling bit-set v0.8.0
[INFO] [stderr]    Compiling munge v0.4.7
[INFO] [stderr]    Compiling futures v0.3.32
[INFO] [stderr]    Compiling schemars_derive v1.2.1
[INFO] [stderr]    Compiling gix-diff v0.61.0
[INFO] [stderr]    Compiling tonic-web v0.11.0
[INFO] [stderr]    Compiling hyper-rustls v0.25.0
[INFO] [stderr]    Compiling rend v0.5.3
[INFO] [stderr]    Compiling libsql-hrana v0.9.30
[INFO] [stderr]    Compiling gix-discover v0.49.0
[INFO] [stderr]    Compiling gix-revision v0.43.0
[INFO] [stderr]    Compiling globset v0.4.18
[INFO] [stderr]    Compiling clru v0.6.3
[INFO] [stderr]    Compiling bincode v1.3.3
[INFO] [stderr]    Compiling rkyv_derive v0.8.16
[INFO] [stderr]    Compiling normalize-derive v0.3.2
[INFO] [stderr]    Compiling portable-atomic v1.13.1
[INFO] [stderr]    Compiling dyn-clone v1.0.20
[INFO] [stderr]    Compiling schemars v1.2.1
[INFO] [stderr]    Compiling normalize-core v0.3.2
[INFO] [stderr]    Compiling gix-pack v0.68.0
[INFO] [stderr]    Compiling gix-refspec v0.39.0
[INFO] [stderr]    Compiling gix-dir v0.23.0
[INFO] [stderr]    Compiling rkyv v0.8.16
[INFO] [stderr]    Compiling ast-grep-core v0.40.5
[INFO] [stderr]    Compiling rayon-core v1.13.0
[INFO] [stderr]    Compiling dirs v5.0.1
[INFO] [stderr]    Compiling gix-transport v0.55.1
[INFO] [stderr]    Compiling normalize-language-meta v0.3.2
[INFO] [stderr]    Compiling gix-config v0.54.0
[INFO] [stderr]    Compiling gix-shallow v0.10.0
[INFO] [stderr]    Compiling blake3 v1.8.5
[INFO] [stderr]    Compiling normalize-facts-core v0.3.2
[INFO] [stderr]    Compiling maybe-async v0.2.10
[INFO] [stderr]    Compiling roxmltree v0.21.1
[INFO] [stderr]    Compiling nu-ansi-term v0.50.3
[INFO] [stderr]    Compiling normalize-output v0.3.2
[INFO] [stderr]    Compiling console v0.15.11
[INFO] [stderr]    Compiling normalize-manifest v0.3.2
[INFO] [stderr]    Compiling gix-submodule v0.28.0
[INFO] [stderr]    Compiling rayon v1.12.0
[INFO] [stderr]    Compiling gix-protocol v0.59.0
[INFO] [stderr]    Compiling gix-odb v0.78.0
[INFO] [stderr]    Compiling gix-status v0.28.0
[INFO] [stderr]    Compiling gix-blame v0.11.0
[INFO] [stderr]    Compiling number_prefix v0.4.0
[INFO] [stderr]    Compiling gix v0.81.0
[INFO] [stderr]    Compiling indicatif v0.17.11
[INFO] [stderr]    Compiling normalize-local-deps v0.3.2
[INFO] [stderr]    Compiling ignore v0.4.25
[INFO] [stderr]    Compiling libsql-rusqlite v0.9.30
[INFO] [stderr]    Compiling libsql-sys v0.9.30
[INFO] [stderr]    Compiling libsql_replication v0.9.30
[INFO] [stderr]    Compiling libsql v0.9.30
[INFO] [stderr]    Compiling normalize-languages v0.3.2
[INFO] [stderr]    Compiling normalize-cfg v0.3.2
[INFO] [stderr]    Compiling normalize-facts v0.3.2 (/opt/rustwide/workdir)
[INFO] [stderr]     Finished `release` profile [optimized] target(s) in 7m 16s
[INFO] running `Command { std: "docker" "inspect" "9ba6d166635d9c3da09b76b060f30752d855a5c298ad3da39ff5675cc11cefd1", kill_on_drop: false }`
[INFO] running `Command { std: "docker" "exec" "-e" "SOURCE_DIR=/opt/rustwide/workdir" "-e" "CARGO_HOME=/opt/rustwide/cargo-home" "-e" "RUSTUP_HOME=/opt/rustwide/rustup-home" "-e" "CARGO_TARGET_DIR=/opt/rustwide/target" "-e" "CARGO_INCREMENTAL=0" "-e" "RUST_BACKTRACE=full" "-e" "RUSTFLAGS=--cap-lints=warn" "-e" "RUSTDOCFLAGS=--cap-lints=warn" "-w" "/opt/rustwide/workdir" "--user" "0:0" "9ba6d166635d9c3da09b76b060f30752d855a5c298ad3da39ff5675cc11cefd1" "/opt/rustwide/cargo-home/bin/cargo" "+1.99.0-beta.8" "test" "--frozen" "--no-run" "--message-format=json" "--release", kill_on_drop: false }`
[INFO] [stderr]    Compiling normalize-facts v0.3.2 (/opt/rustwide/workdir)
[INFO] [stderr]     Finished `release` profile [optimized] target(s) in 16.18s
[INFO] running `Command { std: "docker" "inspect" "9ba6d166635d9c3da09b76b060f30752d855a5c298ad3da39ff5675cc11cefd1", kill_on_drop: false }`
[INFO] running `Command { std: "docker" "exec" "-e" "SOURCE_DIR=/opt/rustwide/workdir" "-e" "CARGO_HOME=/opt/rustwide/cargo-home" "-e" "RUSTUP_HOME=/opt/rustwide/rustup-home" "-e" "CARGO_TARGET_DIR=/opt/rustwide/target" "-e" "CARGO_INCREMENTAL=0" "-e" "RUST_BACKTRACE=full" "-e" "RUSTFLAGS=--cap-lints=warn" "-e" "RUSTDOCFLAGS=--cap-lints=warn" "-w" "/opt/rustwide/workdir" "--user" "0:0" "9ba6d166635d9c3da09b76b060f30752d855a5c298ad3da39ff5675cc11cefd1" "/opt/rustwide/cargo-home/bin/cargo" "+1.99.0-beta.8" "test" "--frozen" "--release", kill_on_drop: false }`
[INFO] [stderr]     Finished `release` profile [optimized] target(s) in 0.32s
[INFO] [stderr]      Running unittests src/lib.rs (/opt/rustwide/target/release/deps/normalize_facts-bb5f948f2c43f89f)
[INFO] [stdout] 
[INFO] [stdout] running 67 tests
[INFO] [stdout] test extract::tests::test_cross_file_interface_impl_with_mock_resolver ... FAILED
[INFO] [stdout] test extract::tests::test_cross_file_resolver_not_found ... FAILED
[INFO] [stdout] test extract::tests::test_extract_python ... FAILED
[INFO] [stdout] test extract::tests::test_go_extract ... ok
[INFO] [stdout] test extract::tests::test_extract_rust ... FAILED
[INFO] [stdout] test extract::tests::test_implements_cpp ... ok
[INFO] [stdout] test extract::tests::test_implements_csharp ... ok
[INFO] [stdout] test extract::tests::test_implements_d ... ok
[INFO] [stdout] test extract::tests::test_implements_dart ... ok
[INFO] [stdout] test extract::tests::test_implements_graphql ... ok
[INFO] [stdout] test extract::tests::test_implements_haskell ... ok
[INFO] [stdout] test extract::tests::test_implements_java ... ok
[INFO] [stdout] test extract::tests::test_implements_javascript ... ok
[INFO] [stdout] test extract::tests::test_implements_kotlin ... ok
[INFO] [stdout] test ca_cache::tests::version_mismatch_returns_none ... ok
[INFO] [stdout] test extract::tests::test_implements_matlab ... ok
[INFO] [stdout] test extract::tests::test_implements_objc ... ok
[INFO] [stdout] test extract::tests::test_implements_php ... ok
[INFO] [stdout] test extract::tests::test_implements_rust ... ok
[INFO] [stdout] test extract::tests::test_implements_python ... ok
[INFO] [stdout] test extract::tests::test_implements_scala ... ok
[INFO] [stdout] test extract::tests::test_implements_ruby ... ok
[INFO] [stdout] test extract::tests::test_implements_typescript ... ok
[INFO] [stdout] test extract::tests::test_implements_swift ... ok
[INFO] [stdout] test extract::tests::test_include_private ... FAILED
[INFO] [stdout] test ca_cache::tests::gc_stale_symbol_versions ... ok
[INFO] [stdout] test ca_cache::tests::gc_stale_versions ... ok
[INFO] [stdout] test ca_cache::tests::gc_stale_versions_preserves_symbol_cache ... ok
[INFO] [stdout] test extract::tests::test_typescript_interface_impl_detection ... FAILED
[INFO] [stdout] test ca_cache::tests::round_trip ... ok
[INFO] [stdout] test ca_cache::tests::eviction_under_limit ... ok
[INFO] [stdout] test index::tests::load_diagnostics_for_file_missing_returns_none ... ok
[INFO] [stdout] test index::tests::per_file_config_hash_mismatch_is_cache_miss ... ok
[INFO] [stdout] test index::tests::fresh_open_per_file_table_accepts_blob_roundtrip ... ok
[INFO] [stdout] test index::tests::engine_blob_config_hash_mismatch_is_cache_miss ... ok
[INFO] [stdout] test index::tests::load_diagnostics_for_files_skips_missing ... ok
[INFO] [stdout] test index::tests::list_diagnostic_paths_returns_all ... ok
[INFO] [stdout] test index::tests::invalidate_last_indexed_resets_needs_refresh_gate ... ok
[INFO] [stdout] test symbols::tests::test_cpp_type_refs_class_hierarchy ... ok
[INFO] [stdout] test symbols::tests::test_cpp_type_refs_function_return_param ... ok
[INFO] [stdout] test symbols::tests::test_csharp_type_refs_class_hierarchy ... ok
[INFO] [stdout] test symbols::tests::test_csharp_type_refs_method_return_and_param ... ok
[INFO] [stdout] test symbols::tests::test_extract_symbol_source ... FAILED
[INFO] [stdout] test symbols::tests::test_go_type_refs_alias ... ok
[INFO] [stdout] test symbols::tests::test_go_type_refs_func_params_return ... ok
[INFO] [stdout] test symbols::tests::test_go_type_refs_interface_embed ... ok
[INFO] [stdout] test symbols::tests::test_go_type_refs_struct_fields ... ok
[INFO] [stdout] test symbols::tests::test_java_type_refs_class_hierarchy ... ok
[INFO] [stdout] test symbols::tests::test_java_type_refs_field_and_method ... ok
[INFO] [stdout] test symbols::tests::test_java_type_refs_generic_bound ... ok
[INFO] [stdout] test symbols::tests::test_java_type_refs_interface_extends ... ok
[INFO] [stdout] test symbols::tests::test_kotlin_type_refs_class_hierarchy ... ok
[INFO] [stdout] test symbols::tests::test_kotlin_type_refs_function_types ... ok
[INFO] [stdout] test symbols::tests::test_parse_python_class ... FAILED
[INFO] [stdout] test symbols::tests::test_parse_python_function ... FAILED
[INFO] [stdout] test symbols::tests::test_parse_rust_function ... FAILED
[INFO] [stdout] test symbols::tests::test_ruby_type_refs_include ... ok
[INFO] [stdout] test symbols::tests::test_ruby_type_refs_inheritance ... ok
[INFO] [stdout] test symbols::tests::test_swift_type_refs_class_hierarchy ... ok
[INFO] [stdout] test symbols::tests::test_swift_type_refs_function_types ... ok
[INFO] [stdout] test index::tests::per_file_save_empty_inputs_is_noop ... ok
[INFO] [stdout] test index::tests::test_index_creation ... ok
[INFO] [stdout] test index::tests::test_find_by_stem ... ok
[INFO] [stdout] test index::tests::per_file_save_upsert_and_delete_roundtrip ... ok
[INFO] [stdout] test index::tests::test_find_callers_cross_module_disambiguation ... FAILED
[INFO] [stdout] test index::tests::test_method_call_resolution ... FAILED
[INFO] [stdout] test index::tests::test_wildcard_import_resolution ... FAILED
[INFO] [stdout] 
[INFO] [stdout] failures:
[INFO] [stdout] 
[INFO] [stdout] ---- extract::tests::test_cross_file_interface_impl_with_mock_resolver stdout ----
[INFO] [stdout] warning: tree-sitter grammar 'typescript' could not be loaded: grammar 'typescript' not found in search paths
[INFO] [stdout]     Run: normalize grammars install
[INFO] [stdout]     Or:  normalize grammars install --force  (if grammars are stale)
[INFO] [stdout] 
[INFO] [stdout] thread 'extract::tests::test_cross_file_interface_impl_with_mock_resolver' (4621) panicked at src/extract.rs:1039:9:
[INFO] [stdout] assertion `left == right` failed
[INFO] [stdout]   left: 0
[INFO] [stdout]  right: 1
[INFO] [stdout] stack backtrace:
[INFO] [stdout]    0:     0x6086bad151b1 - <<std[70759c8f55707aa4]::sys::backtrace::BacktraceLock>::print::DisplayBacktrace as core[df12db4294e9bfd3]::fmt::Display>::fmt
[INFO] [stdout]    1:     0x6086bad2e8ea - core[df12db4294e9bfd3]::fmt::write
[INFO] [stdout]    2:     0x6086bad1a52c - <alloc[2182bb758b4b3781]::vec::Vec<u8> as core[df12db4294e9bfd3]::io::write::Write>::write_fmt
[INFO] [stdout]    3:     0x6086baceda06 - std[70759c8f55707aa4]::panicking::default_hook::{closure#0}
[INFO] [stdout]    4:     0x6086bad0bec9 - std[70759c8f55707aa4]::panicking::default_hook
[INFO] [stdout]    5:     0x6086ba633580 - test[9d35eded1c95d3be]::test_main_inner::<test[9d35eded1c95d3be]::test_main_static::{closure#0}>::{closure#0}
[INFO] [stdout]    6:     0x6086bad0c1f2 - std[70759c8f55707aa4]::panicking::panic_with_hook
[INFO] [stdout]    7:     0x6086bacedab2 - std[70759c8f55707aa4]::panicking::panic_handler::{closure#0}
[INFO] [stdout]    8:     0x6086bace5ec9 - std[70759c8f55707aa4]::sys::backtrace::__rust_end_short_backtrace::<std[70759c8f55707aa4]::panicking::panic_handler::{closure#0}, !>
[INFO] [stdout]    9:     0x6086bacee8ad - __rustc[8fa7c3cbc660c2b3]::rust_begin_unwind
[INFO] [stdout]   10:     0x6086bad2f0cc - core[df12db4294e9bfd3]::panicking::panic_fmt
[INFO] [stdout]   11:     0x6086bad2efe3 - core[df12db4294e9bfd3]::panicking::assert_failed_inner
[INFO] [stdout]   12:     0x6086bad291bd - core[df12db4294e9bfd3]::panicking::assert_failed::<usize, usize>
[INFO] [stdout]   13:     0x6086ba565c82 - normalize_facts[28da06c2b9d81f11]::extract::tests::test_cross_file_interface_impl_with_mock_resolver
[INFO] [stdout]   14:     0x6086ba5a1259 - <normalize_facts[28da06c2b9d81f11]::extract::tests::test_cross_file_interface_impl_with_mock_resolver::{closure#0} as core[df12db4294e9bfd3]::ops::function::FnOnce<()>>::call_once
[INFO] [stdout]   15:     0x6086ba62686b - test[9d35eded1c95d3be]::__rust_begin_short_backtrace::<core[df12db4294e9bfd3]::result::Result<(), alloc[2182bb758b4b3781]::string::String>, fn() -> core[df12db4294e9bfd3]::result::Result<(), alloc[2182bb758b4b3781]::string::String>>
[INFO] [stdout]   16:     0x6086ba633ed5 - test[9d35eded1c95d3be]::run_test::{closure#0}
[INFO] [stdout]   17:     0x6086ba62d794 - std[70759c8f55707aa4]::sys::backtrace::__rust_begin_short_backtrace::<test[9d35eded1c95d3be]::run_test::{closure#1}, ()>
[INFO] [stdout]   18:     0x6086ba637032 - <std[70759c8f55707aa4]::thread::lifecycle::spawn_unchecked<test[9d35eded1c95d3be]::run_test::{closure#1}, ()>::{closure#1} as core[df12db4294e9bfd3]::ops::function::FnOnce<()>>::call_once::{shim:vtable#0}
[INFO] [stdout]   19:     0x6086bad141c9 - <std[70759c8f55707aa4]::sys::thread::unix::Thread>::new::thread_start
[INFO] [stdout]   20:     0x7a29b1bfedfa - <unknown>
[INFO] [stdout]   21:     0x7a29b1c923d4 - clone
[INFO] [stdout]   22:                0x0 - <unknown>
[INFO] [stdout] 
[INFO] [stdout] ---- extract::tests::test_cross_file_resolver_not_found stdout ----
[INFO] [stdout] 
[INFO] [stdout] thread 'extract::tests::test_cross_file_resolver_not_found' (4622) panicked at src/extract.rs:1101:36:
[INFO] [stdout] index out of bounds: the len is 0 but the index is 0
[INFO] [stdout] stack backtrace:
[INFO] [stdout]    0:     0x6086bad151b1 - <<std[70759c8f55707aa4]::sys::backtrace::BacktraceLock>::print::DisplayBacktrace as core[df12db4294e9bfd3]::fmt::Display>::fmt
[INFO] [stdout]    1:     0x6086bad2e8ea - core[df12db4294e9bfd3]::fmt::write
[INFO] [stdout]    2:     0x6086bad1a52c - <alloc[2182bb758b4b3781]::vec::Vec<u8> as core[df12db4294e9bfd3]::io::write::Write>::write_fmt
[INFO] [stdout]    3:     0x6086baceda06 - std[70759c8f55707aa4]::panicking::default_hook::{closure#0}
[INFO] [stdout]    4:     0x6086bad0bec9 - std[70759c8f55707aa4]::panicking::default_hook
[INFO] [stdout]    5:     0x6086ba633580 - test[9d35eded1c95d3be]::test_main_inner::<test[9d35eded1c95d3be]::test_main_static::{closure#0}>::{closure#0}
[INFO] [stdout]    6:     0x6086bad0c1f2 - std[70759c8f55707aa4]::panicking::panic_with_hook
[INFO] [stdout]    7:     0x6086bacedab2 - std[70759c8f55707aa4]::panicking::panic_handler::{closure#0}
[INFO] [stdout]    8:     0x6086bace5ec9 - std[70759c8f55707aa4]::sys::backtrace::__rust_end_short_backtrace::<std[70759c8f55707aa4]::panicking::panic_handler::{closure#0}, !>
[INFO] [stdout]    9:     0x6086bacee8ad - __rustc[8fa7c3cbc660c2b3]::rust_begin_unwind
[INFO] [stdout]   10:     0x6086bad2f0cc - core[df12db4294e9bfd3]::panicking::panic_fmt
[INFO] [stdout]   11:     0x6086bad2ef1c - core[df12db4294e9bfd3]::panicking::panic_bounds_check
[INFO] [stdout]   12:     0x6086ba565336 - normalize_facts[28da06c2b9d81f11]::extract::tests::test_cross_file_resolver_not_found
[INFO] [stdout]   13:     0x6086ba5a1219 - <normalize_facts[28da06c2b9d81f11]::extract::tests::test_cross_file_resolver_not_found::{closure#0} as core[df12db4294e9bfd3]::ops::function::FnOnce<()>>::call_once
[INFO] [stdout]   14:     0x6086ba62686b - test[9d35eded1c95d3be]::__rust_begin_short_backtrace::<core[df12db4294e9bfd3]::result::Result<(), alloc[2182bb758b4b3781]::string::String>, fn() -> core[df12db4294e9bfd3]::result::Result<(), alloc[2182bb758b4b3781]::string::String>>
[INFO] [stdout]   15:     0x6086ba633ed5 - test[9d35eded1c95d3be]::run_test::{closure#0}
[INFO] [stdout]   16:     0x6086ba62d794 - std[70759c8f55707aa4]::sys::backtrace::__rust_begin_short_backtrace::<test[9d35eded1c95d3be]::run_test::{closure#1}, ()>
[INFO] [stdout]   17:     0x6086ba637032 - <std[70759c8f55707aa4]::thread::lifecycle::spawn_unchecked<test[9d35eded1c95d3be]::run_test::{closure#1}, ()>::{closure#1} as core[df12db4294e9bfd3]::ops::function::FnOnce<()>>::call_once::{shim:vtable#0}
[INFO] [stdout]   18:     0x6086bad141c9 - <std[70759c8f55707aa4]::sys::thread::unix::Thread>::new::thread_start
[INFO] [stdout]   19:     0x7a29b1bfedfa - <unknown>
[INFO] [stdout]   20:     0x7a29b1c923d4 - clone
[INFO] [stdout]   21:                0x0 - <unknown>
[INFO] [stdout] 
[INFO] [stdout] ---- extract::tests::test_extract_python stdout ----
[INFO] [stdout] warning: tree-sitter grammar 'python' could not be loaded: grammar 'python' not found in search paths
[INFO] [stdout]     Run: normalize grammars install
[INFO] [stdout]     Or:  normalize grammars install --force  (if grammars are stale)
[INFO] [stdout] 
[INFO] [stdout] thread 'extract::tests::test_extract_python' (4623) panicked at src/extract.rs:904:9:
[INFO] [stdout] assertion `left == right` failed
[INFO] [stdout]   left: 0
[INFO] [stdout]  right: 2
[INFO] [stdout] stack backtrace:
[INFO] [stdout]    0:     0x6086bad151b1 - <<std[70759c8f55707aa4]::sys::backtrace::BacktraceLock>::print::DisplayBacktrace as core[df12db4294e9bfd3]::fmt::Display>::fmt
[INFO] [stdout]    1:     0x6086bad2e8ea - core[df12db4294e9bfd3]::fmt::write
[INFO] [stdout]    2:     0x6086bad1a52c - <alloc[2182bb758b4b3781]::vec::Vec<u8> as core[df12db4294e9bfd3]::io::write::Write>::write_fmt
[INFO] [stdout]    3:     0x6086baceda06 - std[70759c8f55707aa4]::panicking::default_hook::{closure#0}
[INFO] [stdout]    4:     0x6086bad0bec9 - std[70759c8f55707aa4]::panicking::default_hook
[INFO] [stdout]    5:     0x6086ba633580 - test[9d35eded1c95d3be]::test_main_inner::<test[9d35eded1c95d3be]::test_main_static::{closure#0}>::{closure#0}
[INFO] [stdout]    6:     0x6086bad0c1f2 - std[70759c8f55707aa4]::panicking::panic_with_hook
[INFO] [stdout]    7:     0x6086bacedab2 - std[70759c8f55707aa4]::panicking::panic_handler::{closure#0}
[INFO] [stdout]    8:     0x6086bace5ec9 - std[70759c8f55707aa4]::sys::backtrace::__rust_end_short_backtrace::<std[70759c8f55707aa4]::panicking::panic_handler::{closure#0}, !>
[INFO] [stdout]    9:     0x6086bacee8ad - __rustc[8fa7c3cbc660c2b3]::rust_begin_unwind
[INFO] [stdout]   10:     0x6086bad2f0cc - core[df12db4294e9bfd3]::panicking::panic_fmt
[INFO] [stdout]   11:     0x6086bad2efe3 - core[df12db4294e9bfd3]::panicking::assert_failed_inner
[INFO] [stdout]   12:     0x6086bad291bd - core[df12db4294e9bfd3]::panicking::assert_failed::<usize, usize>
[INFO] [stdout]   13:     0x6086ba56099f - normalize_facts[28da06c2b9d81f11]::extract::tests::test_extract_python
[INFO] [stdout]   14:     0x6086ba5a0fb9 - <normalize_facts[28da06c2b9d81f11]::extract::tests::test_extract_python::{closure#0} as core[df12db4294e9bfd3]::ops::function::FnOnce<()>>::call_once
[INFO] [stdout]   15:     0x6086ba62686b - test[9d35eded1c95d3be]::__rust_begin_short_backtrace::<core[df12db4294e9bfd3]::result::Result<(), alloc[2182bb758b4b3781]::string::String>, fn() -> core[df12db4294e9bfd3]::result::Result<(), alloc[2182bb758b4b3781]::string::String>>
[INFO] [stdout]   16:     0x6086ba633ed5 - test[9d35eded1c95d3be]::run_test::{closure#0}
[INFO] [stdout]   17:     0x6086ba62d794 - std[70759c8f55707aa4]::sys::backtrace::__rust_begin_short_backtrace::<test[9d35eded1c95d3be]::run_test::{closure#1}, ()>
[INFO] [stdout]   18:     0x6086ba637032 - <std[70759c8f55707aa4]::thread::lifecycle::spawn_unchecked<test[9d35eded1c95d3be]::run_test::{closure#1}, ()>::{closure#1} as core[df12db4294e9bfd3]::ops::function::FnOnce<()>>::call_once::{shim:vtable#0}
[INFO] [stdout]   19:     0x6086bad141c9 - <std[70759c8f55707aa4]::sys::thread::unix::Thread>::new::thread_start
[INFO] [stdout]   20:     0x7a29b1bfedfa - <unknown>
[INFO] [stdout]   21:     0x7a29b1c923d4 - clone
[INFO] [stdout]   22:                0x0 - <unknown>
[INFO] [stdout] 
[INFO] [stdout] ---- extract::tests::test_extract_rust stdout ----
[INFO] [stdout] warning: tree-sitter grammar 'rust' could not be loaded: grammar 'rust' not found in search paths
[INFO] [stdout]     Run: normalize grammars install
[INFO] [stdout]     Or:  normalize grammars install --force  (if grammars are stale)
[INFO] [stdout] 
[INFO] [stdout] thread 'extract::tests::test_extract_rust' (4624) panicked at src/extract.rs:936:67:
[INFO] [stdout] called `Option::unwrap()` on a `None` value
[INFO] [stdout] stack backtrace:
[INFO] [stdout]    0:     0x6086bad151b1 - <<std[70759c8f55707aa4]::sys::backtrace::BacktraceLock>::print::DisplayBacktrace as core[df12db4294e9bfd3]::fmt::Display>::fmt
[INFO] [stdout]    1:     0x6086bad2e8ea - core[df12db4294e9bfd3]::fmt::write
[INFO] [stdout]    2:     0x6086bad1a52c - <alloc[2182bb758b4b3781]::vec::Vec<u8> as core[df12db4294e9bfd3]::io::write::Write>::write_fmt
[INFO] [stdout]    3:     0x6086baceda06 - std[70759c8f55707aa4]::panicking::default_hook::{closure#0}
[INFO] [stdout]    4:     0x6086bad0bec9 - std[70759c8f55707aa4]::panicking::default_hook
[INFO] [stdout]    5:     0x6086ba633580 - test[9d35eded1c95d3be]::test_main_inner::<test[9d35eded1c95d3be]::test_main_static::{closure#0}>::{closure#0}
[INFO] [stdout]    6:     0x6086bad0c1f2 - std[70759c8f55707aa4]::panicking::panic_with_hook
[INFO] [stdout]    7:     0x6086bacedae4 - std[70759c8f55707aa4]::panicking::panic_handler::{closure#0}
[INFO] [stdout]    8:     0x6086bace5ec9 - std[70759c8f55707aa4]::sys::backtrace::__rust_end_short_backtrace::<std[70759c8f55707aa4]::panicking::panic_handler::{closure#0}, !>
[INFO] [stdout]    9:     0x6086bacee8ad - __rustc[8fa7c3cbc660c2b3]::rust_begin_unwind
[INFO] [stdout]   10:     0x6086bad2f0cc - core[df12db4294e9bfd3]::panicking::panic_fmt
[INFO] [stdout]   11:     0x6086bad2f092 - core[df12db4294e9bfd3]::panicking::panic
[INFO] [stdout]   12:     0x6086bad2ee49 - core[df12db4294e9bfd3]::option::unwrap_failed
[INFO] [stdout]   13:     0x6086ba5602e8 - normalize_facts[28da06c2b9d81f11]::extract::tests::test_extract_rust
[INFO] [stdout]   14:     0x6086ba5a0f79 - <normalize_facts[28da06c2b9d81f11]::extract::tests::test_extract_rust::{closure#0} as core[df12db4294e9bfd3]::ops::function::FnOnce<()>>::call_once
[INFO] [stdout]   15:     0x6086ba62686b - test[9d35eded1c95d3be]::__rust_begin_short_backtrace::<core[df12db4294e9bfd3]::result::Result<(), alloc[2182bb758b4b3781]::string::String>, fn() -> core[df12db4294e9bfd3]::result::Result<(), alloc[2182bb758b4b3781]::string::String>>
[INFO] [stdout]   16:     0x6086ba633ed5 - test[9d35eded1c95d3be]::run_test::{closure#0}
[INFO] [stdout]   17:     0x6086ba62d794 - std[70759c8f55707aa4]::sys::backtrace::__rust_begin_short_backtrace::<test[9d35eded1c95d3be]::run_test::{closure#1}, ()>
[INFO] [stdout]   18:     0x6086ba637032 - <std[70759c8f55707aa4]::thread::lifecycle::spawn_unchecked<test[9d35eded1c95d3be]::run_test::{closure#1}, ()>::{closure#1} as core[df12db4294e9bfd3]::ops::function::FnOnce<()>>::call_once::{shim:vtable#0}
[INFO] [stdout]   19:     0x6086bad141c9 - <std[70759c8f55707aa4]::sys::thread::unix::Thread>::new::thread_start
[INFO] [stdout]   20:     0x7a29b1bfedfa - <unknown>
[INFO] [stdout]   21:     0x7a29b1c923d4 - clone
[INFO] [stdout]   22:                0x0 - <unknown>
[INFO] [stdout] 
[INFO] [stdout] ---- extract::tests::test_include_private stdout ----
[INFO] [stdout] 
[INFO] [stdout] thread 'extract::tests::test_include_private' (4644) panicked at src/extract.rs:953:9:
[INFO] [stdout] assertion failed: names.contains(&"private_fn")
[INFO] [stdout] stack backtrace:
[INFO] [stdout]    0:     0x6086bad151b1 - <<std[70759c8f55707aa4]::sys::backtrace::BacktraceLock>::print::DisplayBacktrace as core[df12db4294e9bfd3]::fmt::Display>::fmt
[INFO] [stdout]    1:     0x6086bad2e8ea - core[df12db4294e9bfd3]::fmt::write
[INFO] [stdout]    2:     0x6086bad1a52c - <alloc[2182bb758b4b3781]::vec::Vec<u8> as core[df12db4294e9bfd3]::io::write::Write>::write_fmt
[INFO] [stdout]    3:     0x6086baceda06 - std[70759c8f55707aa4]::panicking::default_hook::{closure#0}
[INFO] [stdout]    4:     0x6086bad0bec9 - std[70759c8f55707aa4]::panicking::default_hook
[INFO] [stdout]    5:     0x6086ba633580 - test[9d35eded1c95d3be]::test_main_inner::<test[9d35eded1c95d3be]::test_main_static::{closure#0}>::{closure#0}
[INFO] [stdout]    6:     0x6086bad0c1f2 - std[70759c8f55707aa4]::panicking::panic_with_hook
[INFO] [stdout]    7:     0x6086bacedae4 - std[70759c8f55707aa4]::panicking::panic_handler::{closure#0}
[INFO] [stdout]    8:     0x6086bace5ec9 - std[70759c8f55707aa4]::sys::backtrace::__rust_end_short_backtrace::<std[70759c8f55707aa4]::panicking::panic_handler::{closure#0}, !>
[INFO] [stdout]    9:     0x6086bacee8ad - __rustc[8fa7c3cbc660c2b3]::rust_begin_unwind
[INFO] [stdout]   10:     0x6086bad2f0cc - core[df12db4294e9bfd3]::panicking::panic_fmt
[INFO] [stdout]   11:     0x6086bad2f092 - core[df12db4294e9bfd3]::panicking::panic
[INFO] [stdout]   12:     0x6086ba56281a - normalize_facts[28da06c2b9d81f11]::extract::tests::test_include_private
[INFO] [stdout]   13:     0x6086ba5a10b9 - <normalize_facts[28da06c2b9d81f11]::extract::tests::test_include_private::{closure#0} as core[df12db4294e9bfd3]::ops::function::FnOnce<()>>::call_once
[INFO] [stdout]   14:     0x6086ba62686b - test[9d35eded1c95d3be]::__rust_begin_short_backtrace::<core[df12db4294e9bfd3]::result::Result<(), alloc[2182bb758b4b3781]::string::String>, fn() -> core[df12db4294e9bfd3]::result::Result<(), alloc[2182bb758b4b3781]::string::String>>
[INFO] [stdout]   15:     0x6086ba633ed5 - test[9d35eded1c95d3be]::run_test::{closure#0}
[INFO] [stdout]   16:     0x6086ba62d794 - std[70759c8f55707aa4]::sys::backtrace::__rust_begin_short_backtrace::<test[9d35eded1c95d3be]::run_test::{closure#1}, ()>
[INFO] [stdout]   17:     0x6086ba637032 - <std[70759c8f55707aa4]::thread::lifecycle::spawn_unchecked<test[9d35eded1c95d3be]::run_test::{closure#1}, ()>::{closure#1} as core[df12db4294e9bfd3]::ops::function::FnOnce<()>>::call_once::{shim:vtable#0}
[INFO] [stdout]   18:     0x6086bad141c9 - <std[70759c8f55707aa4]::sys::thread::unix::Thread>::new::thread_start
[INFO] [stdout]   19:     0x7a29b1bfedfa - <unknown>
[INFO] [stdout]   20:     0x7a29b1c923d4 - clone
[INFO] [stdout]   21:                0x0 - <unknown>
[INFO] [stdout] 
[INFO] [stdout] ---- extract::tests::test_typescript_interface_impl_detection stdout ----
[INFO] [stdout] 
[INFO] [stdout] thread 'extract::tests::test_typescript_interface_impl_detection' (4645) panicked at src/extract.rs:975:9:
[INFO] [stdout] assertion `left == right` failed
[INFO] [stdout]   left: 0
[INFO] [stdout]  right: 2
[INFO] [stdout] stack backtrace:
[INFO] [stdout]    0:     0x6086bad151b1 - <<std[70759c8f55707aa4]::sys::backtrace::BacktraceLock>::print::DisplayBacktrace as core[df12db4294e9bfd3]::fmt::Display>::fmt
[INFO] [stdout]    1:     0x6086bad2e8ea - core[df12db4294e9bfd3]::fmt::write
[INFO] [stdout]    2:     0x6086bad1a52c - <alloc[2182bb758b4b3781]::vec::Vec<u8> as core[df12db4294e9bfd3]::io::write::Write>::write_fmt
[INFO] [stdout]    3:     0x6086baceda06 - std[70759c8f55707aa4]::panicking::default_hook::{closure#0}
[INFO] [stdout]    4:     0x6086bad0bec9 - std[70759c8f55707aa4]::panicking::default_hook
[INFO] [stdout]    5:     0x6086ba633580 - test[9d35eded1c95d3be]::test_main_inner::<test[9d35eded1c95d3be]::test_main_static::{closure#0}>::{closure#0}
[INFO] [stdout]    6:     0x6086bad0c1f2 - std[70759c8f55707aa4]::panicking::panic_with_hook
[INFO] [stdout]    7:     0x6086bacedab2 - std[70759c8f55707aa4]::panicking::panic_handler::{closure#0}
[INFO] [stdout]    8:     0x6086bace5ec9 - std[70759c8f55707aa4]::sys::backtrace::__rust_end_short_backtrace::<std[70759c8f55707aa4]::panicking::panic_handler::{closure#0}, !>
[INFO] [stdout]    9:     0x6086bacee8ad - __rustc[8fa7c3cbc660c2b3]::rust_begin_unwind
[INFO] [stdout]   10:     0x6086bad2f0cc - core[df12db4294e9bfd3]::panicking::panic_fmt
[INFO] [stdout]   11:     0x6086bad2efe3 - core[df12db4294e9bfd3]::panicking::assert_failed_inner
[INFO] [stdout]   12:     0x6086bad291bd - core[df12db4294e9bfd3]::panicking::assert_failed::<usize, usize>
[INFO] [stdout]   13:     0x6086ba5657d6 - normalize_facts[28da06c2b9d81f11]::extract::tests::test_typescript_interface_impl_detection
[INFO] [stdout]   14:     0x6086ba5a1239 - <normalize_facts[28da06c2b9d81f11]::extract::tests::test_typescript_interface_impl_detection::{closure#0} as core[df12db4294e9bfd3]::ops::function::FnOnce<()>>::call_once
[INFO] [stdout]   15:     0x6086ba62686b - test[9d35eded1c95d3be]::__rust_begin_short_backtrace::<core[df12db4294e9bfd3]::result::Result<(), alloc[2182bb758b4b3781]::string::String>, fn() -> core[df12db4294e9bfd3]::result::Result<(), alloc[2182bb758b4b3781]::string::String>>
[INFO] [stdout]   16:     0x6086ba633ed5 - test[9d35eded1c95d3be]::run_test::{closure#0}
[INFO] [stdout]   17:     0x6086ba62d794 - std[70759c8f55707aa4]::sys::backtrace::__rust_begin_short_backtrace::<test[9d35eded1c95d3be]::run_test::{closure#1}, ()>
[INFO] [stdout]   18:     0x6086ba637032 - <std[70759c8f55707aa4]::thread::lifecycle::spawn_unchecked<test[9d35eded1c95d3be]::run_test::{closure#1}, ()>::{closure#1} as core[df12db4294e9bfd3]::ops::function::FnOnce<()>>::call_once::{shim:vtable#0}
[INFO] [stdout]   19:     0x6086bad141c9 - <std[70759c8f55707aa4]::sys::thread::unix::Thread>::new::thread_start
[INFO] [stdout]   20:     0x7a29b1bfedfa - <unknown>
[INFO] [stdout]   21:     0x7a29b1c923d4 - clone
[INFO] [stdout]   22:                0x0 - <unknown>
[INFO] [stdout] 
[INFO] [stdout] ---- symbols::tests::test_extract_symbol_source stdout ----
[INFO] [stdout] 
[INFO] [stdout] thread 'symbols::tests::test_extract_symbol_source' (4678) panicked at src/symbols.rs:3251:9:
[INFO] [stdout] assertion failed: source.is_some()
[INFO] [stdout] stack backtrace:
[INFO] [stdout]    0:     0x6086bad151b1 - <<std[70759c8f55707aa4]::sys::backtrace::BacktraceLock>::print::DisplayBacktrace as core[df12db4294e9bfd3]::fmt::Display>::fmt
[INFO] [stdout]    1:     0x6086bad2e8ea - core[df12db4294e9bfd3]::fmt::write
[INFO] [stdout]    2:     0x6086bad1a52c - <alloc[2182bb758b4b3781]::vec::Vec<u8> as core[df12db4294e9bfd3]::io::write::Write>::write_fmt
[INFO] [stdout]    3:     0x6086baceda06 - std[70759c8f55707aa4]::panicking::default_hook::{closure#0}
[INFO] [stdout]    4:     0x6086bad0bec9 - std[70759c8f55707aa4]::panicking::default_hook
[INFO] [stdout]    5:     0x6086ba633580 - test[9d35eded1c95d3be]::test_main_inner::<test[9d35eded1c95d3be]::test_main_static::{closure#0}>::{closure#0}
[INFO] [stdout]    6:     0x6086bad0c1f2 - std[70759c8f55707aa4]::panicking::panic_with_hook
[INFO] [stdout]    7:     0x6086bacedae4 - std[70759c8f55707aa4]::panicking::panic_handler::{closure#0}
[INFO] [stdout]    8:     0x6086bace5ec9 - std[70759c8f55707aa4]::sys::backtrace::__rust_end_short_backtrace::<std[70759c8f55707aa4]::panicking::panic_handler::{closure#0}, !>
[INFO] [stdout]    9:     0x6086bacee8ad - __rustc[8fa7c3cbc660c2b3]::rust_begin_unwind
[INFO] [stdout]   10:     0x6086bad2f0cc - core[df12db4294e9bfd3]::panicking::panic_fmt
[INFO] [stdout]   11:     0x6086bad2f092 - core[df12db4294e9bfd3]::panicking::panic
[INFO] [stdout]   12:     0x6086ba54f8cb - normalize_facts[28da06c2b9d81f11]::symbols::tests::test_extract_symbol_source
[INFO] [stdout]   13:     0x6086ba5a12d9 - <normalize_facts[28da06c2b9d81f11]::symbols::tests::test_extract_symbol_source::{closure#0} as core[df12db4294e9bfd3]::ops::function::FnOnce<()>>::call_once
[INFO] [stdout]   14:     0x6086ba62686b - test[9d35eded1c95d3be]::__rust_begin_short_backtrace::<core[df12db4294e9bfd3]::result::Result<(), alloc[2182bb758b4b3781]::string::String>, fn() -> core[df12db4294e9bfd3]::result::Result<(), alloc[2182bb758b4b3781]::string::String>>
[INFO] [stdout]   15:     0x6086ba633ed5 - test[9d35eded1c95d3be]::run_test::{closure#0}
[INFO] [stdout]   16:     0x6086ba62d794 - std[70759c8f55707aa4]::sys::backtrace::__rust_begin_short_backtrace::<test[9d35eded1c95d3be]::run_test::{closure#1}, ()>
[INFO] [stdout]   17:     0x6086ba637032 - <std[70759c8f55707aa4]::thread::lifecycle::spawn_unchecked<test[9d35eded1c95d3be]::run_test::{closure#1}, ()>::{closure#1} as core[df12db4294e9bfd3]::ops::function::FnOnce<()>>::call_once::{shim:vtable#0}
[INFO] [stdout]   18:     0x6086bad141c9 - <std[70759c8f55707aa4]::sys::thread::unix::Thread>::new::thread_start
[INFO] [stdout]   19:     0x7a29b1bfedfa - <unknown>
[INFO] [stdout]   20:     0x7a29b1c923d4 - clone
[INFO] [stdout]   21:                0x0 - <unknown>
[INFO] [stdout] 
[INFO] [stdout] ---- symbols::tests::test_parse_python_class stdout ----
[INFO] [stdout] 
[INFO] [stdout] thread 'symbols::tests::test_parse_python_class' (4689) panicked at src/symbols.rs:3215:14:
[INFO] [stdout] called `Option::unwrap()` on a `None` value
[INFO] [stdout] stack backtrace:
[INFO] [stdout]    0:     0x6086bad151b1 - <<std[70759c8f55707aa4]::sys::backtrace::BacktraceLock>::print::DisplayBacktrace as core[df12db4294e9bfd3]::fmt::Display>::fmt
[INFO] [stdout]    1:     0x6086bad2e8ea - core[df12db4294e9bfd3]::fmt::write
[INFO] [stdout]    2:     0x6086bad1a52c - <alloc[2182bb758b4b3781]::vec::Vec<u8> as core[df12db4294e9bfd3]::io::write::Write>::write_fmt
[INFO] [stdout]    3:     0x6086baceda06 - std[70759c8f55707aa4]::panicking::default_hook::{closure#0}
[INFO] [stdout]    4:     0x6086bad0bec9 - std[70759c8f55707aa4]::panicking::default_hook
[INFO] [stdout]    5:     0x6086ba633580 - test[9d35eded1c95d3be]::test_main_inner::<test[9d35eded1c95d3be]::test_main_static::{closure#0}>::{closure#0}
[INFO] [stdout]    6:     0x6086bad0c1f2 - std[70759c8f55707aa4]::panicking::panic_with_hook
[INFO] [stdout]    7:     0x6086bacedae4 - std[70759c8f55707aa4]::panicking::panic_handler::{closure#0}
[INFO] [stdout]    8:     0x6086bace5ec9 - std[70759c8f55707aa4]::sys::backtrace::__rust_end_short_backtrace::<std[70759c8f55707aa4]::panicking::panic_handler::{closure#0}, !>
[INFO] [stdout]    9:     0x6086bacee8ad - __rustc[8fa7c3cbc660c2b3]::rust_begin_unwind
[INFO] [stdout]   10:     0x6086bad2f0cc - core[df12db4294e9bfd3]::panicking::panic_fmt
[INFO] [stdout]   11:     0x6086bad2f092 - core[df12db4294e9bfd3]::panicking::panic
[INFO] [stdout]   12:     0x6086bad2ee49 - core[df12db4294e9bfd3]::option::unwrap_failed
[INFO] [stdout]   13:     0x6086ba54f0de - normalize_facts[28da06c2b9d81f11]::symbols::tests::test_parse_python_class
[INFO] [stdout]   14:     0x6086ba5a1299 - <normalize_facts[28da06c2b9d81f11]::symbols::tests::test_parse_python_class::{closure#0} as core[df12db4294e9bfd3]::ops::function::FnOnce<()>>::call_once
[INFO] [stdout]   15:     0x6086ba62686b - test[9d35eded1c95d3be]::__rust_begin_short_backtrace::<core[df12db4294e9bfd3]::result::Result<(), alloc[2182bb758b4b3781]::string::String>, fn() -> core[df12db4294e9bfd3]::result::Result<(), alloc[2182bb758b4b3781]::string::String>>
[INFO] [stdout]   16:     0x6086ba633ed5 - test[9d35eded1c95d3be]::run_test::{closure#0}
[INFO] [stdout]   17:     0x6086ba62d794 - std[70759c8f55707aa4]::sys::backtrace::__rust_begin_short_backtrace::<test[9d35eded1c95d3be]::run_test::{closure#1}, ()>
[INFO] [stdout]   18:     0x6086ba637032 - <std[70759c8f55707aa4]::thread::lifecycle::spawn_unchecked<test[9d35eded1c95d3be]::run_test::{closure#1}, ()>::{closure#1} as core[df12db4294e9bfd3]::ops::function::FnOnce<()>>::call_once::{shim:vtable#0}
[INFO] [stdout]   19:     0x6086bad141c9 - <std[70759c8f55707aa4]::sys::thread::unix::Thread>::new::thread_start
[INFO] [stdout]   20:     0x7a29b1bfedfa - <unknown>
[INFO] [stdout]   21:     0x7a29b1c923d4 - clone
[INFO] [stdout]   22:                0x0 - <unknown>
[INFO] [stdout] 
[INFO] [stdout] ---- symbols::tests::test_parse_python_function stdout ----
[INFO] [stdout] 
[INFO] [stdout] thread 'symbols::tests::test_parse_python_function' (4690) panicked at src/symbols.rs:3198:14:
[INFO] [stdout] called `Option::unwrap()` on a `None` value
[INFO] [stdout] stack backtrace:
[INFO] [stdout]    0:     0x6086bad151b1 - <<std[70759c8f55707aa4]::sys::backtrace::BacktraceLock>::print::DisplayBacktrace as core[df12db4294e9bfd3]::fmt::Display>::fmt
[INFO] [stdout]    1:     0x6086bad2e8ea - core[df12db4294e9bfd3]::fmt::write
[INFO] [stdout]    2:     0x6086bad1a52c - <alloc[2182bb758b4b3781]::vec::Vec<u8> as core[df12db4294e9bfd3]::io::write::Write>::write_fmt
[INFO] [stdout]    3:     0x6086baceda06 - std[70759c8f55707aa4]::panicking::default_hook::{closure#0}
[INFO] [stdout]    4:     0x6086bad0bec9 - std[70759c8f55707aa4]::panicking::default_hook
[INFO] [stdout]    5:     0x6086ba633580 - test[9d35eded1c95d3be]::test_main_inner::<test[9d35eded1c95d3be]::test_main_static::{closure#0}>::{closure#0}
[INFO] [stdout]    6:     0x6086bad0c1f2 - std[70759c8f55707aa4]::panicking::panic_with_hook
[INFO] [stdout]    7:     0x6086bacedae4 - std[70759c8f55707aa4]::panicking::panic_handler::{closure#0}
[INFO] [stdout]    8:     0x6086bace5ec9 - std[70759c8f55707aa4]::sys::backtrace::__rust_end_short_backtrace::<std[70759c8f55707aa4]::panicking::panic_handler::{closure#0}, !>
[INFO] [stdout]    9:     0x6086bacee8ad - __rustc[8fa7c3cbc660c2b3]::rust_begin_unwind
[INFO] [stdout]   10:     0x6086bad2f0cc - core[df12db4294e9bfd3]::panicking::panic_fmt
[INFO] [stdout]   11:     0x6086bad2f092 - core[df12db4294e9bfd3]::panicking::panic
[INFO] [stdout]   12:     0x6086bad2ee49 - core[df12db4294e9bfd3]::option::unwrap_failed
[INFO] [stdout]   13:     0x6086ba54fa87 - normalize_facts[28da06c2b9d81f11]::symbols::tests::test_parse_python_function
[INFO] [stdout]   14:     0x6086ba5a12f9 - <normalize_facts[28da06c2b9d81f11]::symbols::tests::test_parse_python_function::{closure#0} as core[df12db4294e9bfd3]::ops::function::FnOnce<()>>::call_once
[INFO] [stdout]   15:     0x6086ba62686b - test[9d35eded1c95d3be]::__rust_begin_short_backtrace::<core[df12db4294e9bfd3]::result::Result<(), alloc[2182bb758b4b3781]::string::String>, fn() -> core[df12db4294e9bfd3]::result::Result<(), alloc[2182bb758b4b3781]::string::String>>
[INFO] [stdout]   16:     0x6086ba633ed5 - test[9d35eded1c95d3be]::run_test::{closure#0}
[INFO] [stdout]   17:     0x6086ba62d794 - std[70759c8f55707aa4]::sys::backtrace::__rust_begin_short_backtrace::<test[9d35eded1c95d3be]::run_test::{closure#1}, ()>
[INFO] [stdout]   18:     0x6086ba637032 - <std[70759c8f55707aa4]::thread::lifecycle::spawn_unchecked<test[9d35eded1c95d3be]::run_test::{closure#1}, ()>::{closure#1} as core[df12db4294e9bfd3]::ops::function::FnOnce<()>>::call_once::{shim:vtable#0}
[INFO] [stdout]   19:     0x6086bad141c9 - <std[70759c8f55707aa4]::sys::thread::unix::Thread>::new::thread_start
[INFO] [stdout]   20:     0x7a29b1bfedfa - <unknown>
[INFO] [stdout]   21:     0x7a29b1c923d4 - clone
[INFO] [stdout]   22:                0x0 - <unknown>
[INFO] [stdout] 
[INFO] [stdout] ---- symbols::tests::test_parse_rust_function stdout ----
[INFO] [stdout] 
[INFO] [stdout] thread 'symbols::tests::test_parse_rust_function' (4691) panicked at src/symbols.rs:3236:14:
[INFO] [stdout] called `Option::unwrap()` on a `None` value
[INFO] [stdout] stack backtrace:
[INFO] [stdout]    0:     0x6086bad151b1 - <<std[70759c8f55707aa4]::sys::backtrace::BacktraceLock>::print::DisplayBacktrace as core[df12db4294e9bfd3]::fmt::Display>::fmt
[INFO] [stdout]    1:     0x6086bad2e8ea - core[df12db4294e9bfd3]::fmt::write
[INFO] [stdout]    2:     0x6086bad1a52c - <alloc[2182bb758b4b3781]::vec::Vec<u8> as core[df12db4294e9bfd3]::io::write::Write>::write_fmt
[INFO] [stdout]    3:     0x6086baceda06 - std[70759c8f55707aa4]::panicking::default_hook::{closure#0}
[INFO] [stdout]    4:     0x6086bad0bec9 - std[70759c8f55707aa4]::panicking::default_hook
[INFO] [stdout]    5:     0x6086ba633580 - test[9d35eded1c95d3be]::test_main_inner::<test[9d35eded1c95d3be]::test_main_static::{closure#0}>::{closure#0}
[INFO] [stdout]    6:     0x6086bad0c1f2 - std[70759c8f55707aa4]::panicking::panic_with_hook
[INFO] [stdout]    7:     0x6086bacedae4 - std[70759c8f55707aa4]::panicking::panic_handler::{closure#0}
[INFO] [stdout]    8:     0x6086bace5ec9 - std[70759c8f55707aa4]::sys::backtrace::__rust_end_short_backtrace::<std[70759c8f55707aa4]::panicking::panic_handler::{closure#0}, !>
[INFO] [stdout]    9:     0x6086bacee8ad - __rustc[8fa7c3cbc660c2b3]::rust_begin_unwind
[INFO] [stdout]   10:     0x6086bad2f0cc - core[df12db4294e9bfd3]::panicking::panic_fmt
[INFO] [stdout]   11:     0x6086bad2f092 - core[df12db4294e9bfd3]::panicking::panic
[INFO] [stdout]   12:     0x6086bad2ee49 - core[df12db4294e9bfd3]::option::unwrap_failed
[INFO] [stdout]   13:     0x6086ba54f334 - normalize_facts[28da06c2b9d81f11]::symbols::tests::test_parse_rust_function
[INFO] [stdout]   14:     0x6086ba5a12b9 - <normalize_facts[28da06c2b9d81f11]::symbols::tests::test_parse_rust_function::{closure#0} as core[df12db4294e9bfd3]::ops::function::FnOnce<()>>::call_once
[INFO] [stdout]   15:     0x6086ba62686b - test[9d35eded1c95d3be]::__rust_begin_short_backtrace::<core[df12db4294e9bfd3]::result::Result<(), alloc[2182bb758b4b3781]::string::String>, fn() -> core[df12db4294e9bfd3]::result::Result<(), alloc[2182bb758b4b3781]::string::String>>
[INFO] [stdout]   16:     0x6086ba633ed5 - test[9d35eded1c95d3be]::run_test::{closure#0}
[INFO] [stdout]   17:     0x6086ba62d794 - std[70759c8f55707aa4]::sys::backtrace::__rust_begin_short_backtrace::<test[9d35eded1c95d3be]::run_test::{closure#1}, ()>
[INFO] [stdout]   18:     0x6086ba637032 - <std[70759c8f55707aa4]::thread::lifecycle::spawn_unchecked<test[9d35eded1c95d3be]::run_test::{closure#1}, ()>::{closure#1} as core[df12db4294e9bfd3]::ops::function::FnOnce<()>>::call_once::{shim:vtable#0}
[INFO] [stdout]   19:     0x6086bad141c9 - <std[70759c8f55707aa4]::sys::thread::unix::Thread>::new::thread_start
[INFO] [stdout]   20:     0x7a29b1bfedfa - <unknown>
[INFO] [stdout]   21:     0x7a29b1c923d4 - clone
[INFO] [stdout]   22:                0x0 - <unknown>
[INFO] [stdout] 
[INFO] [stdout] ---- index::tests::test_find_callers_cross_module_disambiguation stdout ----
[INFO] [stdout] 
[INFO] [stdout] thread 'index::tests::test_find_callers_cross_module_disambiguation' (4664) panicked at src/index.rs:4635:9:
[INFO] [stdout] caller_a.py calls helper() (imports utils_a), must be a caller. Got: []
[INFO] [stdout] imports: []
[INFO] [stdout] calls: []
[INFO] [stdout] stack backtrace:
[INFO] [stdout]    0:     0x6086bad151b1 - <<std[70759c8f55707aa4]::sys::backtrace::BacktraceLock>::print::DisplayBacktrace as core[df12db4294e9bfd3]::fmt::Display>::fmt
[INFO] [stdout]    1:     0x6086bad2e8ea - core[df12db4294e9bfd3]::fmt::write
[INFO] [stdout]    2:     0x6086bad1a52c - <alloc[2182bb758b4b3781]::vec::Vec<u8> as core[df12db4294e9bfd3]::io::write::Write>::write_fmt
[INFO] [stdout]    3:     0x6086baceda06 - std[70759c8f55707aa4]::panicking::default_hook::{closure#0}
[INFO] [stdout]    4:     0x6086bad0bec9 - std[70759c8f55707aa4]::panicking::default_hook
[INFO] [stdout]    5:     0x6086ba633580 - test[9d35eded1c95d3be]::test_main_inner::<test[9d35eded1c95d3be]::test_main_static::{closure#0}>::{closure#0}
[INFO] [stdout]    6:     0x6086bad0c1f2 - std[70759c8f55707aa4]::panicking::panic_with_hook
[INFO] [stdout]    7:     0x6086bacedab2 - std[70759c8f55707aa4]::panicking::panic_handler::{closure#0}
[INFO] [stdout]    8:     0x6086bace5ec9 - std[70759c8f55707aa4]::sys::backtrace::__rust_end_short_backtrace::<std[70759c8f55707aa4]::panicking::panic_handler::{closure#0}, !>
[INFO] [stdout]    9:     0x6086bacee8ad - __rustc[8fa7c3cbc660c2b3]::rust_begin_unwind
[INFO] [stdout]   10:     0x6086bad2f0cc - core[df12db4294e9bfd3]::panicking::panic_fmt
[INFO] [stdout]   11:     0x6086ba51c805 - normalize_facts[28da06c2b9d81f11]::index::tests::test_find_callers_cross_module_disambiguation::{closure#0}
[INFO] [stdout]   12:     0x6086ba5a2a63 - <tokio[7e6493b4e2650788]::runtime::scheduler::current_thread::Context>::enter::<core[df12db4294e9bfd3]::task::poll::Poll<()>, <tokio[7e6493b4e2650788]::runtime::scheduler::current_thread::CoreGuard>::block_on<core[df12db4294e9bfd3]::pin::Pin<&mut core[df12db4294e9bfd3]::pin::Pin<&mut dyn core[df12db4294e9bfd3]::future::future::Future<Output = ()>>>>::{closure#0}::{closure#0}>
[INFO] [stdout]   13:     0x6086ba5531bc - <tokio[7e6493b4e2650788]::runtime::context::scoped::Scoped<tokio[7e6493b4e2650788]::runtime::scheduler::Context>>::set::<<tokio[7e6493b4e2650788]::runtime::scheduler::current_thread::CoreGuard>::enter<<tokio[7e6493b4e2650788]::runtime::scheduler::current_thread::CoreGuard>::block_on<core[df12db4294e9bfd3]::pin::Pin<&mut core[df12db4294e9bfd3]::pin::Pin<&mut dyn core[df12db4294e9bfd3]::future::future::Future<Output = ()>>>>::{closure#0}, core[df12db4294e9bfd3]::option::Option<()>>::{closure#0}, (alloc[2182bb758b4b3781]::boxed::Box<tokio[7e6493b4e2650788]::runtime::scheduler::current_thread::Core>, core[df12db4294e9bfd3]::option::Option<()>)>
[INFO] [stdout]   14:     0x6086ba5a2db7 - <tokio[7e6493b4e2650788]::runtime::scheduler::current_thread::CoreGuard>::block_on::<core[df12db4294e9bfd3]::pin::Pin<&mut core[df12db4294e9bfd3]::pin::Pin<&mut dyn core[df12db4294e9bfd3]::future::future::Future<Output = ()>>>>
[INFO] [stdout]   15:     0x6086ba57d2e7 - tokio[7e6493b4e2650788]::runtime::context::runtime::enter_runtime::<<tokio[7e6493b4e2650788]::runtime::scheduler::current_thread::CurrentThread>::block_on<core[df12db4294e9bfd3]::pin::Pin<&mut dyn core[df12db4294e9bfd3]::future::future::Future<Output = ()>>>::{closure#0}, ()>
[INFO] [stdout]   16:     0x6086ba5777da - <tokio[7e6493b4e2650788]::runtime::runtime::Runtime>::block_on::<core[df12db4294e9bfd3]::pin::Pin<&mut dyn core[df12db4294e9bfd3]::future::future::Future<Output = ()>>>
[INFO] [stdout]   17:     0x6086ba5200bb - normalize_facts[28da06c2b9d81f11]::index::tests::test_find_callers_cross_module_disambiguation
[INFO] [stdout]   18:     0x6086ba5a0eb9 - <normalize_facts[28da06c2b9d81f11]::index::tests::test_find_callers_cross_module_disambiguation::{closure#0} as core[df12db4294e9bfd3]::ops::function::FnOnce<()>>::call_once
[INFO] [stdout]   19:     0x6086ba62686b - test[9d35eded1c95d3be]::__rust_begin_short_backtrace::<core[df12db4294e9bfd3]::result::Result<(), alloc[2182bb758b4b3781]::string::String>, fn() -> core[df12db4294e9bfd3]::result::Result<(), alloc[2182bb758b4b3781]::string::String>>
[INFO] [stdout]   20:     0x6086ba633ed5 - test[9d35eded1c95d3be]::run_test::{closure#0}
[INFO] [stdout]   21:     0x6086ba62d794 - std[70759c8f55707aa4]::sys::backtrace::__rust_begin_short_backtrace::<test[9d35eded1c95d3be]::run_test::{closure#1}, ()>
[INFO] [stdout]   22:     0x6086ba637032 - <std[70759c8f55707aa4]::thread::lifecycle::spawn_unchecked<test[9d35eded1c95d3be]::run_test::{closure#1}, ()>::{closure#1} as core[df12db4294e9bfd3]::ops::function::FnOnce<()>>::call_once::{shim:vtable#0}
[INFO] [stdout]   23:     0x6086bad141c9 - <std[70759c8f55707aa4]::sys::thread::unix::Thread>::new::thread_start
[INFO] [stdout]   24:     0x7a29b1bfedfa - <unknown>
[INFO] [stdout]   25:     0x7a29b1c923d4 - clone
[INFO] [stdout]   26:                0x0 - <unknown>
[INFO] [stdout] 
[INFO] [stdout] ---- index::tests::test_method_call_resolution stdout ----
[INFO] [stdout] 
[INFO] [stdout] thread 'index::tests::test_method_call_resolution' (4670) panicked at src/index.rs:4526:9:
[INFO] [stdout] Should find callers of method_b
[INFO] [stdout] stack backtrace:
[INFO] [stdout]    0:     0x6086bad151b1 - <<std[70759c8f55707aa4]::sys::backtrace::BacktraceLock>::print::DisplayBacktrace as core[df12db4294e9bfd3]::fmt::Display>::fmt
[INFO] [stdout]    1:     0x6086bad2e8ea - core[df12db4294e9bfd3]::fmt::write
[INFO] [stdout]    2:     0x6086bad1a52c - <alloc[2182bb758b4b3781]::vec::Vec<u8> as core[df12db4294e9bfd3]::io::write::Write>::write_fmt
[INFO] [stdout]    3:     0x6086baceda06 - std[70759c8f55707aa4]::panicking::default_hook::{closure#0}
[INFO] [stdout]    4:     0x6086bad0bec9 - std[70759c8f55707aa4]::panicking::default_hook
[INFO] [stdout]    5:     0x6086ba633580 - test[9d35eded1c95d3be]::test_main_inner::<test[9d35eded1c95d3be]::test_main_static::{closure#0}>::{closure#0}
[INFO] [stdout]    6:     0x6086bad0c1f2 - std[70759c8f55707aa4]::panicking::panic_with_hook
[INFO] [stdout]    7:     0x6086bacedae4 - std[70759c8f55707aa4]::panicking::panic_handler::{closure#0}
[INFO] [stdout]    8:     0x6086bace5ec9 - std[70759c8f55707aa4]::sys::backtrace::__rust_end_short_backtrace::<std[70759c8f55707aa4]::panicking::panic_handler::{closure#0}, !>
[INFO] [stdout]    9:     0x6086bacee8ad - __rustc[8fa7c3cbc660c2b3]::rust_begin_unwind
[INFO] [stdout]   10:     0x6086bad2f0cc - core[df12db4294e9bfd3]::panicking::panic_fmt
[INFO] [stdout]   11:     0x6086ba515ee8 - normalize_facts[28da06c2b9d81f11]::index::tests::test_method_call_resolution::{closure#0}
[INFO] [stdout]   12:     0x6086ba5a2a63 - <tokio[7e6493b4e2650788]::runtime::scheduler::current_thread::Context>::enter::<core[df12db4294e9bfd3]::task::poll::Poll<()>, <tokio[7e6493b4e2650788]::runtime::scheduler::current_thread::CoreGuard>::block_on<core[df12db4294e9bfd3]::pin::Pin<&mut core[df12db4294e9bfd3]::pin::Pin<&mut dyn core[df12db4294e9bfd3]::future::future::Future<Output = ()>>>>::{closure#0}::{closure#0}>
[INFO] [stdout]   13:     0x6086ba5531bc - <tokio[7e6493b4e2650788]::runtime::context::scoped::Scoped<tokio[7e6493b4e2650788]::runtime::scheduler::Context>>::set::<<tokio[7e6493b4e2650788]::runtime::scheduler::current_thread::CoreGuard>::enter<<tokio[7e6493b4e2650788]::runtime::scheduler::current_thread::CoreGuard>::block_on<core[df12db4294e9bfd3]::pin::Pin<&mut core[df12db4294e9bfd3]::pin::Pin<&mut dyn core[df12db4294e9bfd3]::future::future::Future<Output = ()>>>>::{closure#0}, core[df12db4294e9bfd3]::option::Option<()>>::{closure#0}, (alloc[2182bb758b4b3781]::boxed::Box<tokio[7e6493b4e2650788]::runtime::scheduler::current_thread::Core>, core[df12db4294e9bfd3]::option::Option<()>)>
[INFO] [stdout]   14:     0x6086ba5a2db7 - <tokio[7e6493b4e2650788]::runtime::scheduler::current_thread::CoreGuard>::block_on::<core[df12db4294e9bfd3]::pin::Pin<&mut core[df12db4294e9bfd3]::pin::Pin<&mut dyn core[df12db4294e9bfd3]::future::future::Future<Output = ()>>>>
[INFO] [stdout]   15:     0x6086ba57d2e7 - tokio[7e6493b4e2650788]::runtime::context::runtime::enter_runtime::<<tokio[7e6493b4e2650788]::runtime::scheduler::current_thread::CurrentThread>::block_on<core[df12db4294e9bfd3]::pin::Pin<&mut dyn core[df12db4294e9bfd3]::future::future::Future<Output = ()>>>::{closure#0}, ()>
[INFO] [stdout]   16:     0x6086ba5777da - <tokio[7e6493b4e2650788]::runtime::runtime::Runtime>::block_on::<core[df12db4294e9bfd3]::pin::Pin<&mut dyn core[df12db4294e9bfd3]::future::future::Future<Output = ()>>>
[INFO] [stdout]   17:     0x6086ba51f78b - normalize_facts[28da06c2b9d81f11]::index::tests::test_method_call_resolution
[INFO] [stdout]   18:     0x6086ba5a0dd9 - <normalize_facts[28da06c2b9d81f11]::index::tests::test_method_call_resolution::{closure#0} as core[df12db4294e9bfd3]::ops::function::FnOnce<()>>::call_once
[INFO] [stdout]   19:     0x6086ba62686b - test[9d35eded1c95d3be]::__rust_begin_short_backtrace::<core[df12db4294e9bfd3]::result::Result<(), alloc[2182bb758b4b3781]::string::String>, fn() -> core[df12db4294e9bfd3]::result::Result<(), alloc[2182bb758b4b3781]::string::String>>
[INFO] [stdout]   20:     0x6086ba633ed5 - test[9d35eded1c95d3be]::run_test::{closure#0}
[INFO] [stdout]   21:     0x6086ba62d794 - std[70759c8f55707aa4]::sys::backtrace::__rust_begin_short_backtrace::<test[9d35eded1c95d3be]::run_test::{closure#1}, ()>
[INFO] [stdout]   22:     0x6086ba637032 - <std[70759c8f55707aa4]::thread::lifecycle::spawn_unchecked<test[9d35eded1c95d3be]::run_test::{closure#1}, ()>::{closure#1} as core[df12db4294e9bfd3]::ops::function::FnOnce<()>>::call_once::{shim:vtable#0}
[INFO] [stdout]   23:     0x6086bad141c9 - <std[70759c8f55707aa4]::sys::thread::unix::Thread>::new::thread_start
[INFO] [stdout]   24:     0x7a29b1bfedfa - <unknown>
[INFO] [stdout]   25:     0x7a29b1c923d4 - clone
[INFO] [stdout]   26:                0x0 - <unknown>
[INFO] [stdout] 
[INFO] [stdout] ---- index::tests::test_wildcard_import_resolution stdout ----
[INFO] [stdout] 
[INFO] [stdout] thread 'index::tests::test_wildcard_import_resolution' (4673) panicked at src/index.rs:4481:9:
[INFO] [stdout] Should resolve MyClass
[INFO] [stdout] stack backtrace:
[INFO] [stdout]    0:     0x6086bad151b1 - <<std[70759c8f55707aa4]::sys::backtrace::BacktraceLock>::print::DisplayBacktrace as core[df12db4294e9bfd3]::fmt::Display>::fmt
[INFO] [stdout]    1:     0x6086bad2e8ea - core[df12db4294e9bfd3]::fmt::write
[INFO] [stdout]    2:     0x6086bad1a52c - <alloc[2182bb758b4b3781]::vec::Vec<u8> as core[df12db4294e9bfd3]::io::write::Write>::write_fmt
[INFO] [stdout]    3:     0x6086baceda06 - std[70759c8f55707aa4]::panicking::default_hook::{closure#0}
[INFO] [stdout]    4:     0x6086bad0bec9 - std[70759c8f55707aa4]::panicking::default_hook
[INFO] [stdout]    5:     0x6086ba633580 - test[9d35eded1c95d3be]::test_main_inner::<test[9d35eded1c95d3be]::test_main_static::{closure#0}>::{closure#0}
[INFO] [stdout]    6:     0x6086bad0c1f2 - std[70759c8f55707aa4]::panicking::panic_with_hook
[INFO] [stdout]    7:     0x6086bacedae4 - std[70759c8f55707aa4]::panicking::panic_handler::{closure#0}
[INFO] [stdout]    8:     0x6086bace5ec9 - std[70759c8f55707aa4]::sys::backtrace::__rust_end_short_backtrace::<std[70759c8f55707aa4]::panicking::panic_handler::{closure#0}, !>
[INFO] [stdout]    9:     0x6086bacee8ad - __rustc[8fa7c3cbc660c2b3]::rust_begin_unwind
[INFO] [stdout]   10:     0x6086bad2f0cc - core[df12db4294e9bfd3]::panicking::panic_fmt
[INFO] [stdout]   11:     0x6086ba516cf9 - normalize_facts[28da06c2b9d81f11]::index::tests::test_wildcard_import_resolution::{closure#0}
[INFO] [stdout]   12:     0x6086ba5a2a63 - <tokio[7e6493b4e2650788]::runtime::scheduler::current_thread::Context>::enter::<core[df12db4294e9bfd3]::task::poll::Poll<()>, <tokio[7e6493b4e2650788]::runtime::scheduler::current_thread::CoreGuard>::block_on<core[df12db4294e9bfd3]::pin::Pin<&mut core[df12db4294e9bfd3]::pin::Pin<&mut dyn core[df12db4294e9bfd3]::future::future::Future<Output = ()>>>>::{closure#0}::{closure#0}>
[INFO] [stdout]   13:     0x6086ba5531bc - <tokio[7e6493b4e2650788]::runtime::context::scoped::Scoped<tokio[7e6493b4e2650788]::runtime::scheduler::Context>>::set::<<tokio[7e6493b4e2650788]::runtime::scheduler::current_thread::CoreGuard>::enter<<tokio[7e6493b4e2650788]::runtime::scheduler::current_thread::CoreGuard>::block_on<core[df12db4294e9bfd3]::pin::Pin<&mut core[df12db4294e9bfd3]::pin::Pin<&mut dyn core[df12db4294e9bfd3]::future::future::Future<Output = ()>>>>::{closure#0}, core[df12db4294e9bfd3]::option::Option<()>>::{closure#0}, (alloc[2182bb758b4b3781]::boxed::Box<tokio[7e6493b4e2650788]::runtime::scheduler::current_thread::Core>, core[df12db4294e9bfd3]::option::Option<()>)>
[INFO] [stdout]   14:     0x6086ba5a2db7 - <tokio[7e6493b4e2650788]::runtime::scheduler::current_thread::CoreGuard>::block_on::<core[df12db4294e9bfd3]::pin::Pin<&mut core[df12db4294e9bfd3]::pin::Pin<&mut dyn core[df12db4294e9bfd3]::future::future::Future<Output = ()>>>>
[INFO] [stdout]   15:     0x6086ba57d2e7 - tokio[7e6493b4e2650788]::runtime::context::runtime::enter_runtime::<<tokio[7e6493b4e2650788]::runtime::scheduler::current_thread::CurrentThread>::block_on<core[df12db4294e9bfd3]::pin::Pin<&mut dyn core[df12db4294e9bfd3]::future::future::Future<Output = ()>>>::{closure#0}, ()>
[INFO] [stdout]   16:     0x6086ba5777da - <tokio[7e6493b4e2650788]::runtime::runtime::Runtime>::block_on::<core[df12db4294e9bfd3]::pin::Pin<&mut dyn core[df12db4294e9bfd3]::future::future::Future<Output = ()>>>
[INFO] [stdout]   17:     0x6086ba51f8db - normalize_facts[28da06c2b9d81f11]::index::tests::test_wildcard_import_resolution
[INFO] [stdout]   18:     0x6086ba5a0df9 - <normalize_facts[28da06c2b9d81f11]::index::tests::test_wildcard_import_resolution::{closure#0} as core[df12db4294e9bfd3]::ops::function::FnOnce<()>>::call_once
[INFO] [stdout]   19:     0x6086ba62686b - test[9d35eded1c95d3be]::__rust_begin_short_backtrace::<core[df12db4294e9bfd3]::result::Result<(), alloc[2182bb758b4b3781]::string::String>, fn() -> core[df12db4294e9bfd3]::result::Result<(), alloc[2182bb758b4b3781]::string::String>>
[INFO] [stdout]   20:     0x6086ba633ed5 - test[9d35eded1c95d3be]::run_test::{closure#0}
[INFO] [stdout]   21:     0x6086ba62d794 - std[70759c8f55707aa4]::sys::backtrace::__rust_begin_short_backtrace::<test[9d35eded1c95d3be]::run_test::{closure#1}, ()>
[INFO] [stdout]   22:     0x6086ba637032 - <std[70759c8f55707aa4]::thread::lifecycle::spawn_unchecked<test[9d35eded1c95d3be]::run_test::{closure#1}, ()>::{closure#1} as core[df12db4294e9bfd3]::ops::function::FnOnce<()>>::call_once::{shim:vtable#0}
[INFO] [stdout]   23:     0x6086bad141c9 - <std[70759c8f55707aa4]::sys::thread::unix::Thread>::new::thread_start
[INFO] [stdout]   24:     0x7a29b1bfedfa - <unknown>
[INFO] [stdout]   25:     0x7a29b1c923d4 - clone
[INFO] [stdout]   26:                0x0 - <unknown>
[INFO] [stdout] 
[INFO] [stdout] 
[INFO] [stdout] failures:
[INFO] [stdout]     extract::tests::test_cross_file_interface_impl_with_mock_resolver
[INFO] [stdout]     extract::tests::test_cross_file_resolver_not_found
[INFO] [stdout]     extract::tests::test_extract_python
[INFO] [stdout]     extract::tests::test_extract_rust
[INFO] [stdout]     extract::tests::test_include_private
[INFO] [stdout]     extract::tests::test_typescript_interface_impl_detection
[INFO] [stdout]     index::tests::test_find_callers_cross_module_disambiguation
[INFO] [stdout]     index::tests::test_method_call_resolution
[INFO] [stdout]     index::tests::test_wildcard_import_resolution
[INFO] [stdout]     symbols::tests::test_extract_symbol_source
[INFO] [stdout]     symbols::tests::test_parse_python_class
[INFO] [stdout]     symbols::tests::test_parse_python_function
[INFO] [stdout]     symbols::tests::test_parse_rust_function
[INFO] [stdout] 
[INFO] [stdout] test result: FAILED. 54 passed; 13 failed; 0 ignored; 0 measured; 0 filtered out; finished in 3.26s
[INFO] [stdout] 
[INFO] [stderr] error: test failed, to rerun pass `--lib`
[INFO] running `Command { std: "docker" "inspect" "9ba6d166635d9c3da09b76b060f30752d855a5c298ad3da39ff5675cc11cefd1", kill_on_drop: false }`
[INFO] running `Command { std: "docker" "rm" "-f" "9ba6d166635d9c3da09b76b060f30752d855a5c298ad3da39ff5675cc11cefd1", kill_on_drop: false }`
[INFO] [stdout] 9ba6d166635d9c3da09b76b060f30752d855a5c298ad3da39ff5675cc11cefd1
