[INFO] fetching crate nordnet-feed 0.1.0...
[INFO] testing nordnet-feed-0.1.0 against 1.100.0-beta.1+cargoflags=--release for beta-release-1.100-2
[INFO] extracting crate nordnet-feed 0.1.0 into /workspace/builds/worker-6-tc2/source
[INFO] started tweaking crates.io crate nordnet-feed 0.1.0
[INFO] removed 0 missing tests
[INFO] finished tweaking crates.io crate nordnet-feed 0.1.0
[INFO] tweaked toml for crates.io crate nordnet-feed 0.1.0 written to /workspace/builds/worker-6-tc2/source/Cargo.toml
[INFO] validating manifest of crates.io crate nordnet-feed 0.1.0 on toolchain 1.100.0-beta.1
[INFO] running `Command { std: CARGO_HOME="/workspace/cargo-home" RUSTUP_HOME="/workspace/rustup-home" "/workspace/cargo-home/bin/cargo" "+1.100.0-beta.1" "metadata" "--manifest-path" "Cargo.toml" "--no-deps", kill_on_drop: false }`
[INFO] crate crates.io crate nordnet-feed 0.1.0 already has a lockfile, it will not be regenerated
[INFO] running `Command { std: CARGO_HOME="/workspace/cargo-home" RUSTUP_HOME="/workspace/rustup-home" "/workspace/cargo-home/bin/cargo" "+1.100.0-beta.1" "fetch" "--manifest-path" "Cargo.toml", kill_on_drop: false }`
[INFO] [stderr] warning: `package.homepage` is redundant with `package.repository`
[INFO] [stderr]   --> Cargo.toml:66:12
[INFO] [stderr]    |
[INFO] [stderr] 66 | homepage = "https://github.com/Alfredvc/nordnet-cli"
[INFO] [stderr]    |            ^^^^^^^^^^^^^^^^^^^^^^^^^^^^^^^^^^^^^^^^^
[INFO] [stderr] ...
[INFO] [stderr] 71 | repository = "https://github.com/Alfredvc/nordnet-cli"
[INFO] [stderr]    |              -----------------------------------------
[INFO] [stderr]    |
[INFO] [stderr]    = note: `cargo::redundant_homepage` is set to `warn` by default
[INFO] [stderr] help: consider removing `package.homepage`
[INFO] [stderr] warning: `nordnet-feed` (manifest) generated 1 warning
[INFO] running `Command { std: "docker" "create" "-v" "/var/lib/crater-agent-workspace/builds/worker-6-tc2/source:/opt/rustwide/workdir:ro,Z" "-v" "/var/lib/crater-agent-workspace/builds/worker-6-tc2/target:/opt/rustwide/target:rw,Z" "-v" "/var/lib/crater-agent-workspace/cargo-home:/opt/rustwide/cargo-home:ro,Z" "-v" "/var/lib/crater-agent-workspace/rustup-home:/opt/rustwide/rustup-home:ro,Z" "-m" "1610612736" "--network" "none" "ghcr.io/rust-lang/crates-build-env/linux@sha256:77db811e55d90add9212f6832c23229e3de5f1c1f9905e8cb07319ea15df73ac" "sleep" "infinity", kill_on_drop: false }`
[INFO] [stdout] 085c3f5a1c4b0e03d30ac994858d778c1d6270d632c16997aff239534e4d16a2
[INFO] running `Command { std: "docker" "start" "085c3f5a1c4b0e03d30ac994858d778c1d6270d632c16997aff239534e4d16a2", kill_on_drop: false }`
[INFO] running `Command { std: "docker" "inspect" "085c3f5a1c4b0e03d30ac994858d778c1d6270d632c16997aff239534e4d16a2", kill_on_drop: false }`
[INFO] running `Command { std: "docker" "exec" "-e" "SOURCE_DIR=/opt/rustwide/workdir" "-e" "CARGO_HOME=/opt/rustwide/cargo-home" "-e" "RUSTUP_HOME=/opt/rustwide/rustup-home" "-e" "CARGO_TARGET_DIR=/opt/rustwide/target" "-w" "/opt/rustwide/workdir" "--user" "0:0" "085c3f5a1c4b0e03d30ac994858d778c1d6270d632c16997aff239534e4d16a2" "/opt/rustwide/cargo-home/bin/cargo" "+1.100.0-beta.1" "metadata" "--no-deps" "--format-version=1", kill_on_drop: false }`
[INFO] running `Command { std: "docker" "inspect" "085c3f5a1c4b0e03d30ac994858d778c1d6270d632c16997aff239534e4d16a2", kill_on_drop: false }`
[INFO] running `Command { std: "docker" "exec" "-e" "SOURCE_DIR=/opt/rustwide/workdir" "-e" "CARGO_HOME=/opt/rustwide/cargo-home" "-e" "RUSTUP_HOME=/opt/rustwide/rustup-home" "-e" "CARGO_TARGET_DIR=/opt/rustwide/target" "-e" "CARGO_INCREMENTAL=0" "-e" "RUST_BACKTRACE=full" "-e" "RUSTFLAGS=--cap-lints=warn" "-e" "RUSTDOCFLAGS=--cap-lints=warn" "-w" "/opt/rustwide/workdir" "--user" "0:0" "085c3f5a1c4b0e03d30ac994858d778c1d6270d632c16997aff239534e4d16a2" "/opt/rustwide/cargo-home/bin/cargo" "+1.100.0-beta.1" "build" "--frozen" "--message-format=json" "--release", kill_on_drop: false }`
[INFO] [stderr] warning: `package.homepage` is redundant with `package.repository`
[INFO] [stderr]   --> Cargo.toml:66:12
[INFO] [stderr]    |
[INFO] [stderr] 66 | homepage = "https://github.com/Alfredvc/nordnet-cli"
[INFO] [stderr]    |            ^^^^^^^^^^^^^^^^^^^^^^^^^^^^^^^^^^^^^^^^^
[INFO] [stderr] ...
[INFO] [stderr] 71 | repository = "https://github.com/Alfredvc/nordnet-cli"
[INFO] [stderr]    |              -----------------------------------------
[INFO] [stderr]    |
[INFO] [stderr]    = note: `cargo::redundant_homepage` is set to `warn` by default
[INFO] [stderr] help: consider removing `package.homepage`
[INFO] [stderr] warning: `nordnet-feed` (manifest) generated 1 warning
[INFO] [stderr]    Compiling libc v0.2.186
[INFO] [stderr]    Compiling quote v1.0.45
[INFO] [stderr]    Compiling typenum v1.20.0
[INFO] [stderr]    Compiling find-msvc-tools v0.1.9
[INFO] [stderr]    Compiling serde_core v1.0.228
[INFO] [stderr]    Compiling semver v1.0.28
[INFO] [stderr]    Compiling proc-macro2 v1.0.106
[INFO] [stderr]    Compiling aws-lc-rs v1.16.3
[INFO] [stderr]    Compiling base64ct v1.8.3
[INFO] [stderr]    Compiling rustls-pki-types v1.14.1
[INFO] [stderr]    Compiling signature v2.2.0
[INFO] [stderr]    Compiling num-traits v0.2.19
[INFO] [stderr]    Compiling serde_json v1.0.149
[INFO] [stderr]    Compiling time-core v0.1.8
[INFO] [stderr]    Compiling num-conv v0.2.1
[INFO] [stderr]    Compiling memchr v2.8.0
[INFO] [stderr]    Compiling ed25519 v2.2.3
[INFO] [stderr]    Compiling rust_decimal v1.41.0
[INFO] [stderr]    Compiling thiserror v2.0.18
[INFO] [stderr]    Compiling powerfmt v0.2.0
[INFO] [stderr]    Compiling rustc_version v0.4.1
[INFO] [stderr]    Compiling rustls v0.23.40
[INFO] [stderr]    Compiling time-macros v0.2.27
[INFO] [stderr]    Compiling pem-rfc7468 v0.7.0
[INFO] [stderr]    Compiling futures-sink v0.3.32
[INFO] [stderr]    Compiling generic-array v0.14.7
[INFO] [stderr]    Compiling rand_core v0.6.4
[INFO] [stderr]    Compiling futures-core v0.3.32
[INFO] [stderr]    Compiling once_cell v1.21.4
[INFO] [stderr]    Compiling arrayvec v0.7.6
[INFO] [stderr]    Compiling curve25519-dalek v4.1.3
[INFO] [stderr]    Compiling futures-task v0.3.32
[INFO] [stderr]    Compiling webpki-roots v1.0.7
[INFO] [stderr]    Compiling futures-util v0.3.32
[INFO] [stderr]    Compiling syn v2.0.117
[INFO] [stderr]    Compiling jobserver v0.1.34
[INFO] [stderr]    Compiling crypto-common v0.1.7
[INFO] [stderr]    Compiling block-buffer v0.10.4
[INFO] [stderr]    Compiling inout v0.1.4
[INFO] [stderr]    Compiling digest v0.10.7
[INFO] [stderr]    Compiling cipher v0.4.4
[INFO] [stderr]    Compiling socket2 v0.6.3
[INFO] [stderr]    Compiling mio v1.2.0
[INFO] [stderr]    Compiling cc v1.2.61
[INFO] [stderr]    Compiling sha2 v0.10.9
[INFO] [stderr]    Compiling ssh-encoding v0.2.0
[INFO] [stderr]    Compiling ssh-cipher v0.2.0
[INFO] [stderr]    Compiling cmake v0.1.58
[INFO] [stderr]    Compiling aws-lc-sys v0.40.0
[INFO] [stderr]    Compiling deranged v0.5.8
[INFO] [stderr]    Compiling curve25519-dalek-derive v0.1.1
[INFO] [stderr]    Compiling tokio-macros v2.7.0
[INFO] [stderr]    Compiling serde_derive v1.0.228
[INFO] [stderr]    Compiling thiserror-impl v2.0.18
[INFO] [stderr]    Compiling tokio v1.52.1
[INFO] [stderr]    Compiling time v0.3.47
[INFO] [stderr]    Compiling ed25519-dalek v2.2.0
[INFO] [stderr]    Compiling ssh-key v0.6.7
[INFO] [stderr]    Compiling serde v1.0.228
[INFO] [stderr]    Compiling nordnet-model v0.1.0
[INFO] [stderr]    Compiling tokio-util v0.7.18
[INFO] [stderr]    Compiling rustls-webpki v0.103.13
[INFO] [stderr]    Compiling tokio-rustls v0.26.4
[INFO] [stderr]    Compiling nordnet-feed v0.1.0 (/opt/rustwide/workdir)
[INFO] [stderr]     Finished `release` profile [optimized] target(s) in 1m 06s
[INFO] running `Command { std: "docker" "inspect" "085c3f5a1c4b0e03d30ac994858d778c1d6270d632c16997aff239534e4d16a2", kill_on_drop: false }`
[INFO] running `Command { std: "docker" "exec" "-e" "SOURCE_DIR=/opt/rustwide/workdir" "-e" "CARGO_HOME=/opt/rustwide/cargo-home" "-e" "RUSTUP_HOME=/opt/rustwide/rustup-home" "-e" "CARGO_TARGET_DIR=/opt/rustwide/target" "-e" "CARGO_INCREMENTAL=0" "-e" "RUST_BACKTRACE=full" "-e" "RUSTFLAGS=--cap-lints=warn" "-e" "RUSTDOCFLAGS=--cap-lints=warn" "-w" "/opt/rustwide/workdir" "--user" "0:0" "085c3f5a1c4b0e03d30ac994858d778c1d6270d632c16997aff239534e4d16a2" "/opt/rustwide/cargo-home/bin/cargo" "+1.100.0-beta.1" "test" "--frozen" "--no-run" "--message-format=json" "--release", kill_on_drop: false }`
[INFO] [stderr] warning: `package.homepage` is redundant with `package.repository`
[INFO] [stderr]   --> Cargo.toml:66:12
[INFO] [stderr]    |
[INFO] [stderr] 66 | homepage = "https://github.com/Alfredvc/nordnet-cli"
[INFO] [stderr]    |            ^^^^^^^^^^^^^^^^^^^^^^^^^^^^^^^^^^^^^^^^^
[INFO] [stderr] ...
[INFO] [stderr] 71 | repository = "https://github.com/Alfredvc/nordnet-cli"
[INFO] [stderr]    |              -----------------------------------------
[INFO] [stderr]    |
[INFO] [stderr]    = note: `cargo::redundant_homepage` is set to `warn` by default
[INFO] [stderr] help: consider removing `package.homepage`
[INFO] [stderr] warning: `nordnet-feed` (manifest) generated 1 warning
[INFO] [stderr]    Compiling nordnet-feed v0.1.0 (/opt/rustwide/workdir)
[INFO] [stderr]     Finished `release` profile [optimized] target(s) in 9.08s
[INFO] running `Command { std: "docker" "inspect" "085c3f5a1c4b0e03d30ac994858d778c1d6270d632c16997aff239534e4d16a2", kill_on_drop: false }`
[INFO] running `Command { std: "docker" "exec" "-e" "SOURCE_DIR=/opt/rustwide/workdir" "-e" "CARGO_HOME=/opt/rustwide/cargo-home" "-e" "RUSTUP_HOME=/opt/rustwide/rustup-home" "-e" "CARGO_TARGET_DIR=/opt/rustwide/target" "-e" "CARGO_INCREMENTAL=0" "-e" "RUST_BACKTRACE=full" "-e" "RUSTFLAGS=--cap-lints=warn" "-e" "RUSTDOCFLAGS=--cap-lints=warn" "-w" "/opt/rustwide/workdir" "--user" "0:0" "085c3f5a1c4b0e03d30ac994858d778c1d6270d632c16997aff239534e4d16a2" "/opt/rustwide/cargo-home/bin/cargo" "+1.100.0-beta.1" "test" "--frozen" "--release", kill_on_drop: false }`
[INFO] [stderr] warning: `package.homepage` is redundant with `package.repository`
[INFO] [stderr]   --> Cargo.toml:66:12
[INFO] [stderr]    |
[INFO] [stderr] 66 | homepage = "https://github.com/Alfredvc/nordnet-cli"
[INFO] [stderr]    |            ^^^^^^^^^^^^^^^^^^^^^^^^^^^^^^^^^^^^^^^^^
[INFO] [stderr] ...
[INFO] [stderr] 71 | repository = "https://github.com/Alfredvc/nordnet-cli"
[INFO] [stderr]    |              -----------------------------------------
[INFO] [stderr]    |
[INFO] [stderr]    = note: `cargo::redundant_homepage` is set to `warn` by default
[INFO] [stderr] help: consider removing `package.homepage`
[INFO] [stderr] warning: `nordnet-feed` (manifest) generated 1 warning
[INFO] [stderr]     Finished `release` profile [optimized] target(s) in 0.14s
[INFO] [stderr]      Running unittests src/lib.rs (/opt/rustwide/target/release/build/nordnet-feed/34b2bad526d5dfb7/out/nordnet_feed-34b2bad526d5dfb7)
[INFO] [stdout] 
[INFO] [stdout] running 16 tests
[INFO] [stdout] test command::wire_byte_tests::subscribe_market_data_price ... ok
[INFO] [stdout] test error::tests::redact_line_passes_short_input_unchanged ... ok
[INFO] [stdout] test command::wire_byte_tests::cmd_precedes_args ... ok
[INFO] [stdout] test command::wire_byte_tests::subscribe_indicator ... ok
[INFO] [stdout] test codec::tests::round_trip_three_frames ... ok
[INFO] [stdout] test command::wire_byte_tests::login_wire_bytes ... ok
[INFO] [stdout] test error::tests::redact_line_passes_input_at_max_unchanged ... ok
[INFO] [stdout] test command::wire_byte_tests::subscribe_news_delay_true ... ok
[INFO] [stdout] test command::wire_byte_tests::subscribe_news_no_delay ... ok
[INFO] [stdout] test error::tests::redact_line_truncates_on_utf8_char_boundary ... ok
[INFO] [stdout] test command::wire_byte_tests::subscribe_news_delay_false ... ok
[INFO] [stdout] test command::wire_byte_tests::unsubscribe_mirrors_subscribe_shape ... ok
[INFO] [stdout] test codec::tests::write_emits_newline_terminator ... ok
[INFO] [stdout] test error::tests::redact_line_truncates_oversized_input ... ok
[INFO] [stdout] test codec::tests::frame_at_one_mib_passes ... ok
[INFO] [stdout] test codec::tests::frame_one_byte_over_one_mib_errors ... ok
[INFO] [stderr]      Running tests/client_test.rs (/opt/rustwide/target/release/build/nordnet-feed/0a419cf5e902cd2e/out/client_test-0a419cf5e902cd2e)
[INFO] [stdout] 
[INFO] [stdout] test result: ok. 16 passed; 0 failed; 0 ignored; 0 measured; 0 filtered out; finished in 0.01s
[INFO] [stdout] 
[INFO] [stdout] 
[INFO] [stdout] running 17 tests
[INFO] [stdout] test empty_lines_are_skipped ... ok
[INFO] [stdout] test mid_frame_disconnect_returns_err ... ok
[INFO] [stdout] test heartbeat_with_extra_fields_stays_heartbeat ... ok
[INFO] [stdout] test calls_after_clean_eof_return_closed ... ok
[INFO] [stdout] test payload_type_mismatch_surfaces_as_decode_failed_event ... ok
[INFO] [stdout] test plain_tcp_path_works ... ok
[INFO] [stdout] test malformed_err_frame_routes_to_unknown ... ok
[INFO] [stdout] test unknown_envelope_type_lands_in_unknown ... ok
[INFO] [stdout] test connect_timeout_surfaces ... FAILED
[INFO] [stdout] test server_err_surfaces_as_event_not_result_err ... ok
[INFO] [stdout] test subscribe_then_recv_price_tick ... ok
[INFO] [stdout] test login_error_then_close_returns_none_after_err ... ok
[INFO] [stdout] test private_feed_order_event_round_trip ... ok
[INFO] [stdout] test heartbeat_watchdog_fires_when_server_silent ... ok
[INFO] [stdout] test heartbeat_watchdog_does_not_fire_while_frames_arrive ... ok
[INFO] [stdout] test frame_too_large_surfaces_via_recv ... ok
[INFO] [stdout] test calls_after_terminal_error_return_closed ... ok
[INFO] [stdout] 
[INFO] [stdout] failures:
[INFO] [stdout] 
[INFO] [stdout] ---- connect_timeout_surfaces stdout ----
[INFO] [stdout] 
[INFO] [stdout] thread 'connect_timeout_surfaces' (2666) panicked at tests/client_test.rs:460:18:
[INFO] [stdout] expected ConnectTimeout, got Some(Io(Os { code: 101, kind: NetworkUnreachable, message: "Network is unreachable" }))
[INFO] [stdout] stack backtrace:
[INFO] [stdout]    0:     0x58d4dd8cdeb1 - <<std[617be2ca0a6fd877]::sys::backtrace::BacktraceLock>::print::DisplayBacktrace as core[a373ad73a504971]::fmt::Display>::fmt
[INFO] [stdout]    1:     0x58d4dd8e488a - core[a373ad73a504971]::fmt::write
[INFO] [stdout]    2:     0x58d4dd8d262c - <alloc[2e1b2a31b91974c5]::vec::Vec<u8> as core[a373ad73a504971]::io::write::Write>::write_fmt
[INFO] [stdout]    3:     0x58d4dd8a9506 - std[617be2ca0a6fd877]::panicking::default_hook::{closure#0}
[INFO] [stdout]    4:     0x58d4dd8c6019 - std[617be2ca0a6fd877]::panicking::default_hook
[INFO] [stdout]    5:     0x58d4dd58b210 - test[aada8e7e76ba119b]::test_main_inner::{closure#0}
[INFO] [stdout]    6:     0x58d4dd8c6342 - std[617be2ca0a6fd877]::panicking::panic_with_hook
[INFO] [stdout]    7:     0x58d4dd8a95b2 - std[617be2ca0a6fd877]::panicking::panic_handler::{closure#0}
[INFO] [stdout]    8:     0x58d4dd8a2219 - std[617be2ca0a6fd877]::sys::backtrace::__rust_end_short_backtrace::<std[617be2ca0a6fd877]::panicking::panic_handler::{closure#0}, !>
[INFO] [stdout]    9:     0x58d4dd8aa3ad - __rustc[ea4f61d10b84890b]::rust_begin_unwind
[INFO] [stdout]   10:     0x58d4dd8e4fec - core[a373ad73a504971]::panicking::panic_fmt
[INFO] [stdout]   11:     0x58d4dd54a761 - client_test[f59b80bed9437ea7]::connect_timeout_surfaces::{closure#0}
[INFO] [stdout]   12:     0x58d4dd577568 - <tokio[55fe092972a74ffb]::runtime::context::scoped::Scoped<tokio[55fe092972a74ffb]::runtime::scheduler::Context>>::set::<<tokio[55fe092972a74ffb]::runtime::scheduler::current_thread::CoreGuard>::enter<<tokio[55fe092972a74ffb]::runtime::scheduler::current_thread::CoreGuard>::block_on<core[a373ad73a504971]::pin::Pin<&mut core[a373ad73a504971]::pin::Pin<&mut dyn core[a373ad73a504971]::future::future::Future<Output = ()>>>>::{closure#0}, core[a373ad73a504971]::option::Option<()>>::{closure#0}, (alloc[2e1b2a31b91974c5]::boxed::Box<tokio[55fe092972a74ffb]::runtime::scheduler::current_thread::Core>, core[a373ad73a504971]::option::Option<()>)>
[INFO] [stdout]   13:     0x58d4dd578c8d - <tokio[55fe092972a74ffb]::runtime::scheduler::current_thread::CoreGuard>::block_on::<core[a373ad73a504971]::pin::Pin<&mut core[a373ad73a504971]::pin::Pin<&mut dyn core[a373ad73a504971]::future::future::Future<Output = ()>>>>
[INFO] [stdout]   14:     0x58d4dd57d1a7 - tokio[55fe092972a74ffb]::runtime::context::runtime::enter_runtime::<<tokio[55fe092972a74ffb]::runtime::scheduler::current_thread::CurrentThread>::block_on<core[a373ad73a504971]::pin::Pin<&mut dyn core[a373ad73a504971]::future::future::Future<Output = ()>>>::{closure#0}, ()>
[INFO] [stdout]   15:     0x58d4dd57b09a - <tokio[55fe092972a74ffb]::runtime::runtime::Runtime>::block_on::<core[a373ad73a504971]::pin::Pin<&mut dyn core[a373ad73a504971]::future::future::Future<Output = ()>>>
[INFO] [stdout]   16:     0x58d4dd556e9e - <client_test[f59b80bed9437ea7]::connect_timeout_surfaces::{closure#0} as core[a373ad73a504971]::ops::function::FnOnce<()>>::call_once
[INFO] [stdout]   17:     0x58d4dd57e65b - test[aada8e7e76ba119b]::__rust_begin_short_backtrace::<core[a373ad73a504971]::result::Result<(), alloc[2e1b2a31b91974c5]::string::String>, fn() -> core[a373ad73a504971]::result::Result<(), alloc[2e1b2a31b91974c5]::string::String>>
[INFO] [stdout]   18:     0x58d4dd58b835 - test[aada8e7e76ba119b]::run_test::{closure#0}
[INFO] [stdout]   19:     0x58d4dd585124 - std[617be2ca0a6fd877]::sys::backtrace::__rust_begin_short_backtrace::<test[aada8e7e76ba119b]::run_test::{closure#1}, ()>
[INFO] [stdout]   20:     0x58d4dd58e8c2 - <std[617be2ca0a6fd877]::thread::lifecycle::spawn_unchecked<test[aada8e7e76ba119b]::run_test::{closure#1}, ()>::{closure#1} as core[a373ad73a504971]::ops::function::FnOnce<()>>::call_once::{shim:vtable#0}
[INFO] [stdout]   21:     0x58d4dd8cd38f - <std[617be2ca0a6fd877]::sys::thread::unix::Thread>::new::thread_start
[INFO] [stdout]   22:     0x75448772adfa - <unknown>
[INFO] [stdout]   23:     0x7544877be3d4 - clone
[INFO] [stdout]   24:                0x0 - <unknown>
[INFO] [stdout] 
[INFO] [stdout] 
[INFO] [stdout] failures:
[INFO] [stdout]     connect_timeout_surfaces
[INFO] [stdout] 
[INFO] [stdout] test result: FAILED. 16 passed; 1 failed; 0 ignored; 0 measured; 0 filtered out; finished in 0.21s
[INFO] [stdout] 
[INFO] [stderr] error: test failed, to rerun pass `--test client_test`
[INFO] running `Command { std: "docker" "inspect" "085c3f5a1c4b0e03d30ac994858d778c1d6270d632c16997aff239534e4d16a2", kill_on_drop: false }`
[INFO] running `Command { std: "docker" "rm" "-f" "085c3f5a1c4b0e03d30ac994858d778c1d6270d632c16997aff239534e4d16a2", kill_on_drop: false }`
[INFO] [stdout] 085c3f5a1c4b0e03d30ac994858d778c1d6270d632c16997aff239534e4d16a2
