[INFO] fetching crate noiton 0.1.3...
[INFO] testing noiton-0.1.3 against 1.100.0-beta.1+cargoflags=--release for beta-release-1.100-2
[INFO] extracting crate noiton 0.1.3 into /workspace/builds/worker-4-tc2/source
[INFO] started tweaking crates.io crate noiton 0.1.3
[INFO] finished tweaking crates.io crate noiton 0.1.3
[INFO] tweaked toml for crates.io crate noiton 0.1.3 written to /workspace/builds/worker-4-tc2/source/Cargo.toml
[INFO] validating manifest of crates.io crate noiton 0.1.3 on toolchain 1.100.0-beta.1
[INFO] running `Command { std: CARGO_HOME="/workspace/cargo-home" RUSTUP_HOME="/workspace/rustup-home" "/workspace/cargo-home/bin/cargo" "+1.100.0-beta.1" "metadata" "--manifest-path" "Cargo.toml" "--no-deps", kill_on_drop: false }`
[INFO] running `Command { std: CARGO_HOME="/workspace/cargo-home" RUSTUP_HOME="/workspace/rustup-home" "/workspace/cargo-home/bin/cargo" "+1.100.0-beta.1" "generate-lockfile" "--manifest-path" "Cargo.toml", kill_on_drop: false }`
[INFO] [stderr]     Updating crates.io index
[INFO] [stderr]      Locking 155 packages to highest compatible versions
[INFO] [stderr]       Adding reqwest v0.11.27 (available: v0.13.5)
[INFO] running `Command { std: CARGO_HOME="/workspace/cargo-home" RUSTUP_HOME="/workspace/rustup-home" "/workspace/cargo-home/bin/cargo" "+1.100.0-beta.1" "fetch" "--manifest-path" "Cargo.toml", kill_on_drop: false }`
[INFO] running `Command { std: "docker" "create" "-v" "/var/lib/crater-agent-workspace/builds/worker-4-tc2/source:/opt/rustwide/workdir:ro,Z" "-v" "/var/lib/crater-agent-workspace/builds/worker-4-tc2/target:/opt/rustwide/target:rw,Z" "-v" "/var/lib/crater-agent-workspace/cargo-home:/opt/rustwide/cargo-home:ro,Z" "-v" "/var/lib/crater-agent-workspace/rustup-home:/opt/rustwide/rustup-home:ro,Z" "-m" "1610612736" "--network" "none" "ghcr.io/rust-lang/crates-build-env/linux@sha256:77db811e55d90add9212f6832c23229e3de5f1c1f9905e8cb07319ea15df73ac" "sleep" "infinity", kill_on_drop: false }`
[INFO] [stdout] c7ebb648b8a7f7c9d451fc3903541d9801df17f4a3c05636ea5b4c2356ebf3dc
[INFO] running `Command { std: "docker" "start" "c7ebb648b8a7f7c9d451fc3903541d9801df17f4a3c05636ea5b4c2356ebf3dc", kill_on_drop: false }`
[INFO] running `Command { std: "docker" "inspect" "c7ebb648b8a7f7c9d451fc3903541d9801df17f4a3c05636ea5b4c2356ebf3dc", kill_on_drop: false }`
[INFO] running `Command { std: "docker" "exec" "-e" "SOURCE_DIR=/opt/rustwide/workdir" "-e" "CARGO_HOME=/opt/rustwide/cargo-home" "-e" "RUSTUP_HOME=/opt/rustwide/rustup-home" "-e" "CARGO_TARGET_DIR=/opt/rustwide/target" "-w" "/opt/rustwide/workdir" "--user" "0:0" "c7ebb648b8a7f7c9d451fc3903541d9801df17f4a3c05636ea5b4c2356ebf3dc" "/opt/rustwide/cargo-home/bin/cargo" "+1.100.0-beta.1" "metadata" "--no-deps" "--format-version=1", kill_on_drop: false }`
[INFO] running `Command { std: "docker" "inspect" "c7ebb648b8a7f7c9d451fc3903541d9801df17f4a3c05636ea5b4c2356ebf3dc", kill_on_drop: false }`
[INFO] running `Command { std: "docker" "exec" "-e" "SOURCE_DIR=/opt/rustwide/workdir" "-e" "CARGO_HOME=/opt/rustwide/cargo-home" "-e" "RUSTUP_HOME=/opt/rustwide/rustup-home" "-e" "CARGO_TARGET_DIR=/opt/rustwide/target" "-e" "CARGO_INCREMENTAL=0" "-e" "RUST_BACKTRACE=full" "-e" "RUSTFLAGS=--cap-lints=warn" "-e" "RUSTDOCFLAGS=--cap-lints=warn" "-w" "/opt/rustwide/workdir" "--user" "0:0" "c7ebb648b8a7f7c9d451fc3903541d9801df17f4a3c05636ea5b4c2356ebf3dc" "/opt/rustwide/cargo-home/bin/cargo" "+1.100.0-beta.1" "build" "--frozen" "--message-format=json" "--release", kill_on_drop: false }`
[INFO] [stderr]    Compiling syn v3.0.9
[INFO] [stderr]    Compiling openssl v0.10.81
[INFO] [stderr]    Compiling native-tls v0.2.18
[INFO] [stderr]    Compiling synstructure v0.14.0
[INFO] [stderr]    Compiling zerovec-derive v0.11.6
[INFO] [stderr]    Compiling displaydoc v0.2.7
[INFO] [stderr]    Compiling tokio-macros v2.7.2
[INFO] [stderr]    Compiling serde_derive v1.0.229
[INFO] [stderr]    Compiling zerofrom-derive v0.1.8
[INFO] [stderr]    Compiling yoke-derive v0.8.4
[INFO] [stderr]    Compiling tokio v1.53.3
[INFO] [stderr]    Compiling zerofrom v0.1.8
[INFO] [stderr]    Compiling yoke v0.8.3
[INFO] [stderr]    Compiling zerovec v0.11.8
[INFO] [stderr]    Compiling zerotrie v0.2.5
[INFO] [stderr]    Compiling tinystr v0.8.4
[INFO] [stderr]    Compiling potential_utf v0.1.6
[INFO] [stderr]    Compiling icu_collections v2.3.0
[INFO] [stderr]    Compiling icu_locale_core v2.3.0
[INFO] [stderr]    Compiling serde v1.0.229
[INFO] [stderr]    Compiling serde_urlencoded v0.7.1
[INFO] [stderr]    Compiling icu_provider v2.3.1
[INFO] [stderr]    Compiling icu_properties v2.3.0
[INFO] [stderr]    Compiling icu_normalizer v2.3.0
[INFO] [stderr]    Compiling idna_adapter v1.2.2
[INFO] [stderr]    Compiling idna v1.1.0
[INFO] [stderr]    Compiling url v2.5.8
[INFO] [stderr]    Compiling tokio-util v0.7.20
[INFO] [stderr]    Compiling tokio-native-tls v0.3.1
[INFO] [stderr]    Compiling h2 v0.3.27
[INFO] [stderr]    Compiling hyper v0.14.32
[INFO] [stderr]    Compiling hyper-tls v0.5.0
[INFO] [stderr]    Compiling reqwest v0.11.27
[INFO] [stderr]    Compiling noiton v0.1.3 (/opt/rustwide/workdir)
[INFO] [stdout] warning: unused import: `std::hash::Hash`
[INFO] [stdout]  --> src/page.rs:2:5
[INFO] [stdout]   |
[INFO] [stdout] 2 | use std::hash::Hash;
[INFO] [stdout]   |     ^^^^^^^^^^^^^^^
[INFO] [stdout]   |
[INFO] [stdout]   = note: `#[warn(unused_imports)]` (part of `#[warn(unused)]`) on by default
[INFO] [stdout] 
[INFO] [stdout] 
[INFO] [stdout] warning: unused variable: `id`
[INFO] [stdout]   --> src/database.rs:78:41
[INFO] [stdout]    |
[INFO] [stdout] 78 |     pub async fn update_database(&self, id: String) -> Result<()> {
[INFO] [stdout]    |                                         ^^ help: if this is intentional, prefix it with an underscore: `_id`
[INFO] [stdout]    |
[INFO] [stdout]    = note: `#[warn(unused_variables)]` (part of `#[warn(unused)]`) on by default
[INFO] [stdout] 
[INFO] [stdout] 
[INFO] [stdout] warning: unused variable: `id`
[INFO] [stdout]   --> src/block.rs:40:38
[INFO] [stdout]    |
[INFO] [stdout] 40 |     pub async fn update_block(&self, id: String, block: Block) -> Result<()> {
[INFO] [stdout]    |                                      ^^ help: if this is intentional, prefix it with an underscore: `_id`
[INFO] [stdout] 
[INFO] [stdout] 
[INFO] [stdout] warning: unused variable: `block`
[INFO] [stdout]   --> src/block.rs:40:50
[INFO] [stdout]    |
[INFO] [stdout] 40 |     pub async fn update_block(&self, id: String, block: Block) -> Result<()> {
[INFO] [stdout]    |                                                  ^^^^^ help: if this is intentional, prefix it with an underscore: `_block`
[INFO] [stdout] 
[INFO] [stdout] 
[INFO] [stdout] warning: unused variable: `params`
[INFO] [stdout]   --> src/search.rs:27:32
[INFO] [stdout]    |
[INFO] [stdout] 27 |     pub async fn search(&self, params: Option<SearchParams>) -> Result<()> {
[INFO] [stdout]    |                                ^^^^^^ help: if this is intentional, prefix it with an underscore: `_params`
[INFO] [stdout] 
[INFO] [stdout] 
[INFO] [stderr]     Finished `release` profile [optimized] target(s) in 56.54s
[INFO] running `Command { std: "docker" "inspect" "c7ebb648b8a7f7c9d451fc3903541d9801df17f4a3c05636ea5b4c2356ebf3dc", kill_on_drop: false }`
[INFO] running `Command { std: "docker" "exec" "-e" "SOURCE_DIR=/opt/rustwide/workdir" "-e" "CARGO_HOME=/opt/rustwide/cargo-home" "-e" "RUSTUP_HOME=/opt/rustwide/rustup-home" "-e" "CARGO_TARGET_DIR=/opt/rustwide/target" "-e" "CARGO_INCREMENTAL=0" "-e" "RUST_BACKTRACE=full" "-e" "RUSTFLAGS=--cap-lints=warn" "-e" "RUSTDOCFLAGS=--cap-lints=warn" "-w" "/opt/rustwide/workdir" "--user" "0:0" "c7ebb648b8a7f7c9d451fc3903541d9801df17f4a3c05636ea5b4c2356ebf3dc" "/opt/rustwide/cargo-home/bin/cargo" "+1.100.0-beta.1" "test" "--frozen" "--no-run" "--message-format=json" "--release", kill_on_drop: false }`
[INFO] [stderr]    Compiling noiton v0.1.3 (/opt/rustwide/workdir)
[INFO] [stdout] warning: unused import: `std::hash::Hash`
[INFO] [stdout]  --> src/page.rs:2:5
[INFO] [stdout]   |
[INFO] [stdout] 2 | use std::hash::Hash;
[INFO] [stdout]   |     ^^^^^^^^^^^^^^^
[INFO] [stdout]   |
[INFO] [stdout]   = note: `#[warn(unused_imports)]` (part of `#[warn(unused)]`) on by default
[INFO] [stdout] 
[INFO] [stdout] 
[INFO] [stdout] warning: unused variable: `id`
[INFO] [stdout]   --> src/database.rs:78:41
[INFO] [stdout]    |
[INFO] [stdout] 78 |     pub async fn update_database(&self, id: String) -> Result<()> {
[INFO] [stdout]    |                                         ^^ help: if this is intentional, prefix it with an underscore: `_id`
[INFO] [stdout]    |
[INFO] [stdout]    = note: `#[warn(unused_variables)]` (part of `#[warn(unused)]`) on by default
[INFO] [stdout] 
[INFO] [stdout] 
[INFO] [stdout] warning: unused variable: `id`
[INFO] [stdout]   --> src/block.rs:40:38
[INFO] [stdout]    |
[INFO] [stdout] 40 |     pub async fn update_block(&self, id: String, block: Block) -> Result<()> {
[INFO] [stdout]    |                                      ^^ help: if this is intentional, prefix it with an underscore: `_id`
[INFO] [stdout] 
[INFO] [stdout] 
[INFO] [stdout] warning: unused variable: `block`
[INFO] [stdout]   --> src/block.rs:40:50
[INFO] [stdout]    |
[INFO] [stdout] 40 |     pub async fn update_block(&self, id: String, block: Block) -> Result<()> {
[INFO] [stdout]    |                                                  ^^^^^ help: if this is intentional, prefix it with an underscore: `_block`
[INFO] [stdout] 
[INFO] [stdout] 
[INFO] [stdout] warning: unused variable: `params`
[INFO] [stdout]   --> src/search.rs:27:32
[INFO] [stdout]    |
[INFO] [stdout] 27 |     pub async fn search(&self, params: Option<SearchParams>) -> Result<()> {
[INFO] [stdout]    |                                ^^^^^^ help: if this is intentional, prefix it with an underscore: `_params`
[INFO] [stdout] 
[INFO] [stdout] 
[INFO] [stdout] warning: unused import: `std::hash::Hash`
[INFO] [stdout]  --> src/page.rs:2:5
[INFO] [stdout]   |
[INFO] [stdout] 2 | use std::hash::Hash;
[INFO] [stdout]   |     ^^^^^^^^^^^^^^^
[INFO] [stdout]   |
[INFO] [stdout]   = note: `#[warn(unused_imports)]` (part of `#[warn(unused)]`) on by default
[INFO] [stdout] 
[INFO] [stdout] 
[INFO] [stdout] warning: unused variable: `id`
[INFO] [stdout]   --> src/database.rs:78:41
[INFO] [stdout]    |
[INFO] [stdout] 78 |     pub async fn update_database(&self, id: String) -> Result<()> {
[INFO] [stdout]    |                                         ^^ help: if this is intentional, prefix it with an underscore: `_id`
[INFO] [stdout]    |
[INFO] [stdout]    = note: `#[warn(unused_variables)]` (part of `#[warn(unused)]`) on by default
[INFO] [stdout] 
[INFO] [stdout] 
[INFO] [stdout] warning: unused variable: `id`
[INFO] [stdout]   --> src/block.rs:40:38
[INFO] [stdout]    |
[INFO] [stdout] 40 |     pub async fn update_block(&self, id: String, block: Block) -> Result<()> {
[INFO] [stdout]    |                                      ^^ help: if this is intentional, prefix it with an underscore: `_id`
[INFO] [stdout] 
[INFO] [stdout] 
[INFO] [stdout] warning: unused variable: `block`
[INFO] [stdout]   --> src/block.rs:40:50
[INFO] [stdout]    |
[INFO] [stdout] 40 |     pub async fn update_block(&self, id: String, block: Block) -> Result<()> {
[INFO] [stdout]    |                                                  ^^^^^ help: if this is intentional, prefix it with an underscore: `_block`
[INFO] [stdout] 
[INFO] [stdout] 
[INFO] [stdout] warning: unused variable: `params`
[INFO] [stdout]   --> src/search.rs:27:32
[INFO] [stdout]    |
[INFO] [stdout] 27 |     pub async fn search(&self, params: Option<SearchParams>) -> Result<()> {
[INFO] [stdout]    |                                ^^^^^^ help: if this is intentional, prefix it with an underscore: `_params`
[INFO] [stdout] 
[INFO] [stdout] 
[INFO] [stderr]     Finished `release` profile [optimized] target(s) in 3.79s
[INFO] running `Command { std: "docker" "inspect" "c7ebb648b8a7f7c9d451fc3903541d9801df17f4a3c05636ea5b4c2356ebf3dc", kill_on_drop: false }`
[INFO] running `Command { std: "docker" "exec" "-e" "SOURCE_DIR=/opt/rustwide/workdir" "-e" "CARGO_HOME=/opt/rustwide/cargo-home" "-e" "RUSTUP_HOME=/opt/rustwide/rustup-home" "-e" "CARGO_TARGET_DIR=/opt/rustwide/target" "-e" "CARGO_INCREMENTAL=0" "-e" "RUST_BACKTRACE=full" "-e" "RUSTFLAGS=--cap-lints=warn" "-e" "RUSTDOCFLAGS=--cap-lints=warn" "-w" "/opt/rustwide/workdir" "--user" "0:0" "c7ebb648b8a7f7c9d451fc3903541d9801df17f4a3c05636ea5b4c2356ebf3dc" "/opt/rustwide/cargo-home/bin/cargo" "+1.100.0-beta.1" "test" "--frozen" "--release", kill_on_drop: false }`
[INFO] [stderr] warning: unused import: `std::hash::Hash`
[INFO] [stderr]  --> src/page.rs:2:5
[INFO] [stderr]   |
[INFO] [stderr] 2 | use std::hash::Hash;
[INFO] [stderr]   |     ^^^^^^^^^^^^^^^
[INFO] [stderr]   |
[INFO] [stderr]   = note: `#[warn(unused_imports)]` (part of `#[warn(unused)]`) on by default
[INFO] [stderr] 
[INFO] [stderr] warning: unused variable: `id`
[INFO] [stderr]   --> src/database.rs:78:41
[INFO] [stderr]    |
[INFO] [stderr] 78 |     pub async fn update_database(&self, id: String) -> Result<()> {
[INFO] [stderr]    |                                         ^^ help: if this is intentional, prefix it with an underscore: `_id`
[INFO] [stderr]    |
[INFO] [stderr]    = note: `#[warn(unused_variables)]` (part of `#[warn(unused)]`) on by default
[INFO] [stderr] 
[INFO] [stderr] warning: unused variable: `id`
[INFO] [stderr]   --> src/block.rs:40:38
[INFO] [stderr]    |
[INFO] [stderr] 40 |     pub async fn update_block(&self, id: String, block: Block) -> Result<()> {
[INFO] [stderr]    |                                      ^^ help: if this is intentional, prefix it with an underscore: `_id`
[INFO] [stderr] 
[INFO] [stderr] warning: unused variable: `block`
[INFO] [stderr]   --> src/block.rs:40:50
[INFO] [stderr]    |
[INFO] [stderr] 40 |     pub async fn update_block(&self, id: String, block: Block) -> Result<()> {
[INFO] [stderr]    |                                                  ^^^^^ help: if this is intentional, prefix it with an underscore: `_block`
[INFO] [stderr] 
[INFO] [stderr] warning: unused variable: `params`
[INFO] [stderr]   --> src/search.rs:27:32
[INFO] [stderr]    |
[INFO] [stderr] 27 |     pub async fn search(&self, params: Option<SearchParams>) -> Result<()> {
[INFO] [stderr]    |                                ^^^^^^ help: if this is intentional, prefix it with an underscore: `_params`
[INFO] [stderr] 
[INFO] [stderr] warning: `noiton` (lib) generated 5 warnings (run `cargo fix --lib -p noiton` to apply 5 suggestions)
[INFO] [stderr] warning: `noiton` (lib test) generated 5 warnings (5 duplicates)
[INFO] [stderr]     Finished `release` profile [optimized] target(s) in 0.16s
[INFO] [stderr]      Running unittests src/lib.rs (/opt/rustwide/target/release/build/noiton/0a2543dc8ff14a4d/out/noiton-0a2543dc8ff14a4d)
[INFO] [stdout] 
[INFO] [stdout] running 1 test
[INFO] [stdout] test database::tests::query_database ... FAILED
[INFO] [stdout] 
[INFO] [stdout] failures:
[INFO] [stdout] 
[INFO] [stdout] ---- database::tests::query_database stdout ----
[INFO] [stdout] 
[INFO] [stdout] thread 'database::tests::query_database' (772) panicked at src/database.rs:106:45:
[INFO] [stdout] called `Result::unwrap()` on an `Err` value: environment variable not found
[INFO] [stdout] 
[INFO] [stdout] Stack backtrace:
[INFO] [stdout]    0: <anyhow::Error as core::convert::From<std::env::VarError>>::from
[INFO] [stdout]    1: <noiton::client::Client>::setup
[INFO] [stdout]    2: noiton::database::tests::query_database::{closure#0}
[INFO] [stdout]    3: <tokio::runtime::scheduler::current_thread::Context>::enter::<core::task::poll::Poll<()>, <tokio::runtime::scheduler::current_thread::CoreGuard>::block_on<core::pin::Pin<&mut core::pin::Pin<&mut dyn core::future::future::Future<Output = ()>>>>::{closure#0}::{closure#0}>
[INFO] [stdout]    4: <tokio::runtime::context::scoped::Scoped<tokio::runtime::scheduler::Context>>::set::<<tokio::runtime::scheduler::current_thread::CoreGuard>::enter<<tokio::runtime::scheduler::current_thread::CoreGuard>::block_on<core::pin::Pin<&mut core::pin::Pin<&mut dyn core::future::future::Future<Output = ()>>>>::{closure#0}, core::option::Option<()>>::{closure#0}, (alloc::boxed::Box<tokio::runtime::scheduler::current_thread::Core>, core::option::Option<()>)>
[INFO] [stdout]    5: <tokio::runtime::scheduler::current_thread::CoreGuard>::block_on::<core::pin::Pin<&mut core::pin::Pin<&mut dyn core::future::future::Future<Output = ()>>>>
[INFO] [stdout]    6: tokio::runtime::context::runtime::enter_runtime::<<tokio::runtime::scheduler::current_thread::CurrentThread>::block_on<core::pin::Pin<&mut dyn core::future::future::Future<Output = ()>>>::{closure#0}, ()>
[INFO] [stdout]    7: <tokio::runtime::runtime::Runtime>::block_on::<core::pin::Pin<&mut dyn core::future::future::Future<Output = ()>>>
[INFO] [stdout]    8: <noiton::database::tests::query_database::{closure#0} as core::ops::function::FnOnce<()>>::call_once
[INFO] [stdout]    9: test::__rust_begin_short_backtrace::<core::result::Result<(), alloc::string::String>, fn() -> core::result::Result<(), alloc::string::String>>
[INFO] [stdout]   10: test::run_test::{closure#0}
[INFO] [stdout]   11: std::sys::backtrace::__rust_begin_short_backtrace::<test::run_test::{closure#1}, ()>
[INFO] [stdout]   12: <std::thread::lifecycle::spawn_unchecked<test::run_test::{closure#1}, ()>::{closure#1} as core::ops::function::FnOnce<()>>::call_once::{shim:vtable#0}
[INFO] [stdout]   13: <std::sys::thread::unix::Thread>::new::thread_start
[INFO] [stdout]   14: <unknown>
[INFO] [stdout]   15: clone
[INFO] [stdout] stack backtrace:
[INFO] [stdout]    0:     0x6435494cd331 - <<std[617be2ca0a6fd877]::sys::backtrace::BacktraceLock>::print::DisplayBacktrace as core[a373ad73a504971]::fmt::Display>::fmt
[INFO] [stdout]    1:     0x6435494e38ea - core[a373ad73a504971]::fmt::write
[INFO] [stdout]    2:     0x6435494d215c - <alloc[2e1b2a31b91974c5]::vec::Vec<u8> as core[a373ad73a504971]::io::write::Write>::write_fmt
[INFO] [stdout]    3:     0x6435494a81d6 - std[617be2ca0a6fd877]::panicking::default_hook::{closure#0}
[INFO] [stdout]    4:     0x6435494c5329 - std[617be2ca0a6fd877]::panicking::default_hook
[INFO] [stdout]    5:     0x6435493108f0 - test[aada8e7e76ba119b]::test_main_inner::{closure#0}
[INFO] [stdout]    6:     0x6435494c5652 - std[617be2ca0a6fd877]::panicking::panic_with_hook
[INFO] [stdout]    7:     0x6435494a8282 - std[617be2ca0a6fd877]::panicking::panic_handler::{closure#0}
[INFO] [stdout]    8:     0x6435494a0929 - std[617be2ca0a6fd877]::sys::backtrace::__rust_end_short_backtrace::<std[617be2ca0a6fd877]::panicking::panic_handler::{closure#0}, !>
[INFO] [stdout]    9:     0x6435494a918d - __rustc[ea4f61d10b84890b]::rust_begin_unwind
[INFO] [stdout]   10:     0x6435494e404c - core[a373ad73a504971]::panicking::panic_fmt
[INFO] [stdout]   11:     0x6435494e3e22 - core[a373ad73a504971]::result::unwrap_failed
[INFO] [stdout]   12:     0x6435492f6fa1 - noiton[8a992017921445f0]::database::tests::query_database::{closure#0}
[INFO] [stdout]   13:     0x6435492f7cb3 - <tokio[6d42b074fde3f578]::runtime::scheduler::current_thread::Context>::enter::<core[a373ad73a504971]::task::poll::Poll<()>, <tokio[6d42b074fde3f578]::runtime::scheduler::current_thread::CoreGuard>::block_on<core[a373ad73a504971]::pin::Pin<&mut core[a373ad73a504971]::pin::Pin<&mut dyn core[a373ad73a504971]::future::future::Future<Output = ()>>>>::{closure#0}::{closure#0}>
[INFO] [stdout]   14:     0x6435492fc0ac - <tokio[6d42b074fde3f578]::runtime::context::scoped::Scoped<tokio[6d42b074fde3f578]::runtime::scheduler::Context>>::set::<<tokio[6d42b074fde3f578]::runtime::scheduler::current_thread::CoreGuard>::enter<<tokio[6d42b074fde3f578]::runtime::scheduler::current_thread::CoreGuard>::block_on<core[a373ad73a504971]::pin::Pin<&mut core[a373ad73a504971]::pin::Pin<&mut dyn core[a373ad73a504971]::future::future::Future<Output = ()>>>>::{closure#0}, core[a373ad73a504971]::option::Option<()>>::{closure#0}, (alloc[2e1b2a31b91974c5]::boxed::Box<tokio[6d42b074fde3f578]::runtime::scheduler::current_thread::Core>, core[a373ad73a504971]::option::Option<()>)>
[INFO] [stdout]   15:     0x6435492f80b7 - <tokio[6d42b074fde3f578]::runtime::scheduler::current_thread::CoreGuard>::block_on::<core[a373ad73a504971]::pin::Pin<&mut core[a373ad73a504971]::pin::Pin<&mut dyn core[a373ad73a504971]::future::future::Future<Output = ()>>>>
[INFO] [stdout]   16:     0x6435492fb0fb - tokio[6d42b074fde3f578]::runtime::context::runtime::enter_runtime::<<tokio[6d42b074fde3f578]::runtime::scheduler::current_thread::CurrentThread>::block_on<core[a373ad73a504971]::pin::Pin<&mut dyn core[a373ad73a504971]::future::future::Future<Output = ()>>>::{closure#0}, ()>
[INFO] [stdout]   17:     0x6435492fbf85 - <tokio[6d42b074fde3f578]::runtime::runtime::Runtime>::block_on::<core[a373ad73a504971]::pin::Pin<&mut dyn core[a373ad73a504971]::future::future::Future<Output = ()>>>
[INFO] [stdout]   18:     0x6435492f781e - <noiton[8a992017921445f0]::database::tests::query_database::{closure#0} as core[a373ad73a504971]::ops::function::FnOnce<()>>::call_once
[INFO] [stdout]   19:     0x643549303d3b - test[aada8e7e76ba119b]::__rust_begin_short_backtrace::<core[a373ad73a504971]::result::Result<(), alloc[2e1b2a31b91974c5]::string::String>, fn() -> core[a373ad73a504971]::result::Result<(), alloc[2e1b2a31b91974c5]::string::String>>
[INFO] [stdout]   20:     0x643549310f15 - test[aada8e7e76ba119b]::run_test::{closure#0}
[INFO] [stdout]   21:     0x64354930a804 - std[617be2ca0a6fd877]::sys::backtrace::__rust_begin_short_backtrace::<test[aada8e7e76ba119b]::run_test::{closure#1}, ()>
[INFO] [stdout]   22:     0x643549313fa2 - <std[617be2ca0a6fd877]::thread::lifecycle::spawn_unchecked<test[aada8e7e76ba119b]::run_test::{closure#1}, ()>::{closure#1} as core[a373ad73a504971]::ops::function::FnOnce<()>>::call_once::{shim:vtable#0}
[INFO] [stdout]   23:     0x6435494cc7df - <std[617be2ca0a6fd877]::sys::thread::unix::Thread>::new::thread_start
[INFO] [stdout]   24:     0x78cd5db9adfa - <unknown>
[INFO] [stdout]   25:     0x78cd5dc2e3d4 - clone
[INFO] [stdout]   26:                0x0 - <unknown>
[INFO] [stdout] 
[INFO] [stdout] 
[INFO] [stdout] failures:
[INFO] [stdout]     database::tests::query_database
[INFO] [stdout] 
[INFO] [stdout] test result: FAILED. 0 passed; 1 failed; 0 ignored; 0 measured; 0 filtered out; finished in 0.01s
[INFO] [stdout] 
[INFO] [stderr] error: test failed, to rerun pass `--lib`
[INFO] running `Command { std: "docker" "inspect" "c7ebb648b8a7f7c9d451fc3903541d9801df17f4a3c05636ea5b4c2356ebf3dc", kill_on_drop: false }`
[INFO] running `Command { std: "docker" "rm" "-f" "c7ebb648b8a7f7c9d451fc3903541d9801df17f4a3c05636ea5b4c2356ebf3dc", kill_on_drop: false }`
[INFO] [stdout] c7ebb648b8a7f7c9d451fc3903541d9801df17f4a3c05636ea5b4c2356ebf3dc
