[INFO] fetching crate noeme 0.1.9...
[INFO] testing noeme-0.1.9 against 1.100.0-beta.1+cargoflags=--release for beta-release-1.100-2
[INFO] extracting crate noeme 0.1.9 into /workspace/builds/worker-3-tc2/source
[INFO] started tweaking crates.io crate noeme 0.1.9
[INFO] removed 0 missing tests
[INFO] finished tweaking crates.io crate noeme 0.1.9
[INFO] tweaked toml for crates.io crate noeme 0.1.9 written to /workspace/builds/worker-3-tc2/source/Cargo.toml
[INFO] validating manifest of crates.io crate noeme 0.1.9 on toolchain 1.100.0-beta.1
[INFO] running `Command { std: CARGO_HOME="/workspace/cargo-home" RUSTUP_HOME="/workspace/rustup-home" "/workspace/cargo-home/bin/cargo" "+1.100.0-beta.1" "metadata" "--manifest-path" "Cargo.toml" "--no-deps", kill_on_drop: false }`
[INFO] crate crates.io crate noeme 0.1.9 already has a lockfile, it will not be regenerated
[INFO] running `Command { std: CARGO_HOME="/workspace/cargo-home" RUSTUP_HOME="/workspace/rustup-home" "/workspace/cargo-home/bin/cargo" "+1.100.0-beta.1" "fetch" "--manifest-path" "Cargo.toml", kill_on_drop: false }`
[INFO] running `Command { std: "docker" "create" "-v" "/var/lib/crater-agent-workspace/builds/worker-3-tc2/source:/opt/rustwide/workdir:ro,Z" "-v" "/var/lib/crater-agent-workspace/builds/worker-3-tc2/target:/opt/rustwide/target:rw,Z" "-v" "/var/lib/crater-agent-workspace/cargo-home:/opt/rustwide/cargo-home:ro,Z" "-v" "/var/lib/crater-agent-workspace/rustup-home:/opt/rustwide/rustup-home:ro,Z" "-m" "1610612736" "--network" "none" "ghcr.io/rust-lang/crates-build-env/linux@sha256:77db811e55d90add9212f6832c23229e3de5f1c1f9905e8cb07319ea15df73ac" "sleep" "infinity", kill_on_drop: false }`
[INFO] [stdout] 53dcef21c4767c149fed5007d59da8e54d659ee256069424b39a1e24f496df4d
[INFO] running `Command { std: "docker" "start" "53dcef21c4767c149fed5007d59da8e54d659ee256069424b39a1e24f496df4d", kill_on_drop: false }`
[INFO] running `Command { std: "docker" "inspect" "53dcef21c4767c149fed5007d59da8e54d659ee256069424b39a1e24f496df4d", kill_on_drop: false }`
[INFO] running `Command { std: "docker" "exec" "-e" "SOURCE_DIR=/opt/rustwide/workdir" "-e" "CARGO_HOME=/opt/rustwide/cargo-home" "-e" "RUSTUP_HOME=/opt/rustwide/rustup-home" "-e" "CARGO_TARGET_DIR=/opt/rustwide/target" "-w" "/opt/rustwide/workdir" "--user" "0:0" "53dcef21c4767c149fed5007d59da8e54d659ee256069424b39a1e24f496df4d" "/opt/rustwide/cargo-home/bin/cargo" "+1.100.0-beta.1" "metadata" "--no-deps" "--format-version=1", kill_on_drop: false }`
[INFO] running `Command { std: "docker" "inspect" "53dcef21c4767c149fed5007d59da8e54d659ee256069424b39a1e24f496df4d", kill_on_drop: false }`
[INFO] running `Command { std: "docker" "exec" "-e" "SOURCE_DIR=/opt/rustwide/workdir" "-e" "CARGO_HOME=/opt/rustwide/cargo-home" "-e" "RUSTUP_HOME=/opt/rustwide/rustup-home" "-e" "CARGO_TARGET_DIR=/opt/rustwide/target" "-e" "CARGO_INCREMENTAL=0" "-e" "RUST_BACKTRACE=full" "-e" "RUSTFLAGS=--cap-lints=warn" "-e" "RUSTDOCFLAGS=--cap-lints=warn" "-w" "/opt/rustwide/workdir" "--user" "0:0" "53dcef21c4767c149fed5007d59da8e54d659ee256069424b39a1e24f496df4d" "/opt/rustwide/cargo-home/bin/cargo" "+1.100.0-beta.1" "build" "--frozen" "--message-format=json" "--release", kill_on_drop: false }`
[INFO] [stderr]    Compiling smallvec v1.15.2
[INFO] [stderr]    Compiling stable_deref_trait v1.2.1
[INFO] [stderr]    Compiling rand_core v0.6.4
[INFO] [stderr]    Compiling siphasher v1.0.3
[INFO] [stderr]    Compiling futures-core v0.3.33
[INFO] [stderr]    Compiling litemap v0.8.2
[INFO] [stderr]    Compiling writeable v0.6.3
[INFO] [stderr]    Compiling cc v1.4.0
[INFO] [stderr]    Compiling http v1.4.2
[INFO] [stderr]    Compiling icu_properties_data v2.2.0
[INFO] [stderr]    Compiling syn v2.0.119
[INFO] [stderr]    Compiling errno v0.3.14
[INFO] [stderr]    Compiling syn v3.0.3
[INFO] [stderr]    Compiling icu_normalizer_data v2.2.0
[INFO] [stderr]    Compiling bitflags v2.13.1
[INFO] [stderr]    Compiling phf_shared v0.11.3
[INFO] [stderr]    Compiling new_debug_unreachable v1.0.6
[INFO] [stderr]    Compiling rand v0.8.7
[INFO] [stderr]    Compiling futures-sink v0.3.33
[INFO] [stderr]    Compiling signal-hook-registry v1.4.8
[INFO] [stderr]    Compiling parking_lot_core v0.9.12
[INFO] [stderr]    Compiling futures-task v0.3.33
[INFO] [stderr]    Compiling tracing v0.1.44
[INFO] [stderr]    Compiling mac v0.1.1
[INFO] [stderr]    Compiling precomputed-hash v0.1.1
[INFO] [stderr]    Compiling futf v0.1.5
[INFO] [stderr]    Compiling futures-util v0.3.33
[INFO] [stderr]    Compiling futures-channel v0.3.33
[INFO] [stderr]    Compiling dtoa v1.0.11
[INFO] [stderr]    Compiling tendril v0.4.3
[INFO] [stderr]    Compiling sync_wrapper v1.0.2
[INFO] [stderr]    Compiling ipnet v2.12.0
[INFO] [stderr]    Compiling tower-layer v0.3.3
[INFO] [stderr]    Compiling parking_lot v0.12.5
[INFO] [stderr]    Compiling dtoa-short v0.3.5
[INFO] [stderr]    Compiling fxhash v0.2.1
[INFO] [stderr]    Compiling servo_arc v0.4.3
[INFO] [stderr]    Compiling getopts v0.2.24
[INFO] [stderr]    Compiling encoding_rs v0.8.35
[INFO] [stderr]    Compiling stfu8 v0.2.7
[INFO] [stderr]    Compiling ego-tree v0.10.0
[INFO] [stderr]    Compiling voca_rs v1.15.2
[INFO] [stderr]    Compiling phf_generator v0.11.3
[INFO] [stderr]    Compiling phf_codegen v0.11.3
[INFO] [stderr]    Compiling string_cache_codegen v0.5.4
[INFO] [stderr]    Compiling selectors v0.26.0
[INFO] [stderr]    Compiling markup5ever v0.14.1
[INFO] [stderr]    Compiling openssl-sys v0.9.117
[INFO] [stderr]    Compiling http-body v1.1.0
[INFO] [stderr]    Compiling http-body-util v0.1.4
[INFO] [stderr]    Compiling openssl v0.10.81
[INFO] [stderr]    Compiling native-tls v0.2.18
[INFO] [stderr]    Compiling serde_derive v1.0.229
[INFO] [stderr]    Compiling synstructure v0.13.2
[INFO] [stderr]    Compiling zerofrom-derive v0.1.7
[INFO] [stderr]    Compiling yoke-derive v0.8.2
[INFO] [stderr]    Compiling zerovec-derive v0.11.3
[INFO] [stderr]    Compiling displaydoc v0.2.6
[INFO] [stderr]    Compiling tokio-macros v2.7.1
[INFO] [stderr]    Compiling phf_macros v0.11.3
[INFO] [stderr]    Compiling openssl-macros v0.1.1
[INFO] [stderr]    Compiling cssparser-macros v0.6.1
[INFO] [stderr]    Compiling derive_more v0.99.20
[INFO] [stderr]    Compiling match_token v0.1.0
[INFO] [stderr]    Compiling serde v1.0.229
[INFO] [stderr]    Compiling phf v0.11.3
[INFO] [stderr]    Compiling cssparser v0.34.0
[INFO] [stderr]    Compiling string_cache v0.8.9
[INFO] [stderr]    Compiling serde_urlencoded v0.7.1
[INFO] [stderr]    Compiling tokio v1.53.1
[INFO] [stderr]    Compiling zerofrom v0.1.8
[INFO] [stderr]    Compiling yoke v0.8.3
[INFO] [stderr]    Compiling zerovec v0.11.6
[INFO] [stderr]    Compiling zerotrie v0.2.4
[INFO] [stderr]    Compiling html5ever v0.29.1
[INFO] [stderr]    Compiling tinystr v0.8.3
[INFO] [stderr]    Compiling potential_utf v0.1.5
[INFO] [stderr]    Compiling icu_collections v2.2.0
[INFO] [stderr]    Compiling icu_locale_core v2.2.0
[INFO] [stderr]    Compiling scraper v0.23.1
[INFO] [stderr]    Compiling icu_provider v2.2.0
[INFO] [stderr]    Compiling icu_properties v2.2.0
[INFO] [stderr]    Compiling icu_normalizer v2.2.0
[INFO] [stderr]    Compiling idna_adapter v1.2.2
[INFO] [stderr]    Compiling idna v1.1.0
[INFO] [stderr]    Compiling url v2.5.8
[INFO] [stderr]    Compiling tokio-util v0.7.19
[INFO] [stderr]    Compiling tokio-native-tls v0.3.1
[INFO] [stderr]    Compiling tower v0.5.3
[INFO] [stderr]    Compiling tower-http v0.6.11
[INFO] [stderr]    Compiling h2 v0.4.15
[INFO] [stderr]    Compiling hyper v1.11.0
[INFO] [stderr]    Compiling hyper-util v0.1.20
[INFO] [stderr]    Compiling hyper-tls v0.6.0
[INFO] [stderr]    Compiling reqwest v0.12.28
[INFO] [stderr]    Compiling noeme v0.1.9 (/opt/rustwide/workdir)
[INFO] [stderr]     Finished `release` profile [optimized] target(s) in 32.53s
[INFO] running `Command { std: "docker" "inspect" "53dcef21c4767c149fed5007d59da8e54d659ee256069424b39a1e24f496df4d", kill_on_drop: false }`
[INFO] running `Command { std: "docker" "exec" "-e" "SOURCE_DIR=/opt/rustwide/workdir" "-e" "CARGO_HOME=/opt/rustwide/cargo-home" "-e" "RUSTUP_HOME=/opt/rustwide/rustup-home" "-e" "CARGO_TARGET_DIR=/opt/rustwide/target" "-e" "CARGO_INCREMENTAL=0" "-e" "RUST_BACKTRACE=full" "-e" "RUSTFLAGS=--cap-lints=warn" "-e" "RUSTDOCFLAGS=--cap-lints=warn" "-w" "/opt/rustwide/workdir" "--user" "0:0" "53dcef21c4767c149fed5007d59da8e54d659ee256069424b39a1e24f496df4d" "/opt/rustwide/cargo-home/bin/cargo" "+1.100.0-beta.1" "test" "--frozen" "--no-run" "--message-format=json" "--release", kill_on_drop: false }`
[INFO] [stderr]    Compiling noeme v0.1.9 (/opt/rustwide/workdir)
[INFO] [stderr]     Finished `release` profile [optimized] target(s) in 1.48s
[INFO] running `Command { std: "docker" "inspect" "53dcef21c4767c149fed5007d59da8e54d659ee256069424b39a1e24f496df4d", kill_on_drop: false }`
[INFO] running `Command { std: "docker" "exec" "-e" "SOURCE_DIR=/opt/rustwide/workdir" "-e" "CARGO_HOME=/opt/rustwide/cargo-home" "-e" "RUSTUP_HOME=/opt/rustwide/rustup-home" "-e" "CARGO_TARGET_DIR=/opt/rustwide/target" "-e" "CARGO_INCREMENTAL=0" "-e" "RUST_BACKTRACE=full" "-e" "RUSTFLAGS=--cap-lints=warn" "-e" "RUSTDOCFLAGS=--cap-lints=warn" "-w" "/opt/rustwide/workdir" "--user" "0:0" "53dcef21c4767c149fed5007d59da8e54d659ee256069424b39a1e24f496df4d" "/opt/rustwide/cargo-home/bin/cargo" "+1.100.0-beta.1" "test" "--frozen" "--release", kill_on_drop: false }`
[INFO] [stderr]     Finished `release` profile [optimized] target(s) in 0.16s
[INFO] [stderr]      Running unittests src/lib.rs (/opt/rustwide/target/release/build/noeme/2db833de83a74799/out/noeme-2db833de83a74799)
[INFO] [stdout] 
[INFO] [stdout] running 0 tests
[INFO] [stdout] 
[INFO] [stdout] test result: ok. 0 passed; 0 failed; 0 ignored; 0 measured; 0 filtered out; finished in 0.00s
[INFO] [stdout] 
[INFO] [stderr]      Running tests/noeme_test.rs (/opt/rustwide/target/release/build/noeme/bf509384278a604e/out/noeme_test-bf509384278a604e)
[INFO] [stdout] 
[INFO] [stdout] running 3 tests
[INFO] [stdout] test canbe_serialized_to_json ... FAILED
[INFO] [stdout] test cannot_get_results - should panic ... ok
[INFO] [stdout] test should_get_instance ... FAILED
[INFO] [stdout] 
[INFO] [stdout] failures:
[INFO] [stdout] 
[INFO] [stdout] ---- canbe_serialized_to_json stdout ----
[INFO] [stdout] 
[INFO] [stdout] thread 'canbe_serialized_to_json' (1782) panicked at tests/noeme_test.rs:14:41:
[INFO] [stdout] called `Result::unwrap()` on an `Err` value: NoemeError { kind: ProcessingRequest, message: "error sending request for url (https://cn.bing.com/dict/search?mkt=zh-CN&q=its)" }
[INFO] [stdout] stack backtrace:
[INFO] [stdout]    0:     0x5774523e3941 - <<std[617be2ca0a6fd877]::sys::backtrace::BacktraceLock>::print::DisplayBacktrace as core[a373ad73a504971]::fmt::Display>::fmt
[INFO] [stdout]    1:     0x5774523fa1aa - core[a373ad73a504971]::fmt::write
[INFO] [stdout]    2:     0x5774523e82ac - <alloc[2e1b2a31b91974c5]::vec::Vec<u8> as core[a373ad73a504971]::io::write::Write>::write_fmt
[INFO] [stdout]    3:     0x5774523beb16 - std[617be2ca0a6fd877]::panicking::default_hook::{closure#0}
[INFO] [stdout]    4:     0x5774523db819 - std[617be2ca0a6fd877]::panicking::default_hook
[INFO] [stdout]    5:     0x5774521d2be0 - test[aada8e7e76ba119b]::test_main_inner::{closure#0}
[INFO] [stdout]    6:     0x5774523dbb42 - std[617be2ca0a6fd877]::panicking::panic_with_hook
[INFO] [stdout]    7:     0x5774523bebc2 - std[617be2ca0a6fd877]::panicking::panic_handler::{closure#0}
[INFO] [stdout]    8:     0x5774523b77f9 - std[617be2ca0a6fd877]::sys::backtrace::__rust_end_short_backtrace::<std[617be2ca0a6fd877]::panicking::panic_handler::{closure#0}, !>
[INFO] [stdout]    9:     0x5774523bf9bd - __rustc[ea4f61d10b84890b]::rust_begin_unwind
[INFO] [stdout]   10:     0x5774523fa90c - core[a373ad73a504971]::panicking::panic_fmt
[INFO] [stdout]   11:     0x5774523fa6e2 - core[a373ad73a504971]::result::unwrap_failed
[INFO] [stdout]   12:     0x5774521bd31c - noeme_test[3f496cc2031756cd]::canbe_serialized_to_json::{closure#0}
[INFO] [stdout]   13:     0x5774521b6c43 - <tokio[b02ee0014d1fbe38]::runtime::scheduler::current_thread::Context>::enter::<core[a373ad73a504971]::task::poll::Poll<()>, <tokio[b02ee0014d1fbe38]::runtime::scheduler::current_thread::CoreGuard>::block_on<core[a373ad73a504971]::pin::Pin<&mut core[a373ad73a504971]::pin::Pin<&mut dyn core[a373ad73a504971]::future::future::Future<Output = ()>>>>::{closure#0}::{closure#0}>
[INFO] [stdout]   14:     0x5774521c3f59 - <std[617be2ca0a6fd877]::thread::local::LocalKey<tokio[b02ee0014d1fbe38]::runtime::context::Context>>::with::<tokio[b02ee0014d1fbe38]::runtime::context::set_scheduler<(alloc[2e1b2a31b91974c5]::boxed::Box<tokio[b02ee0014d1fbe38]::runtime::scheduler::current_thread::Core>, core[a373ad73a504971]::option::Option<()>), <tokio[b02ee0014d1fbe38]::runtime::scheduler::current_thread::CoreGuard>::enter<<tokio[b02ee0014d1fbe38]::runtime::scheduler::current_thread::CoreGuard>::block_on<core[a373ad73a504971]::pin::Pin<&mut core[a373ad73a504971]::pin::Pin<&mut dyn core[a373ad73a504971]::future::future::Future<Output = ()>>>>::{closure#0}, core[a373ad73a504971]::option::Option<()>>::{closure#0}>::{closure#0}, (alloc[2e1b2a31b91974c5]::boxed::Box<tokio[b02ee0014d1fbe38]::runtime::scheduler::current_thread::Core>, core[a373ad73a504971]::option::Option<()>)>
[INFO] [stdout]   15:     0x5774521b6dc7 - <tokio[b02ee0014d1fbe38]::runtime::scheduler::current_thread::CoreGuard>::block_on::<core[a373ad73a504971]::pin::Pin<&mut core[a373ad73a504971]::pin::Pin<&mut dyn core[a373ad73a504971]::future::future::Future<Output = ()>>>>
[INFO] [stdout]   16:     0x5774521c205b - tokio[b02ee0014d1fbe38]::runtime::context::runtime::enter_runtime::<<tokio[b02ee0014d1fbe38]::runtime::scheduler::current_thread::CurrentThread>::block_on<core[a373ad73a504971]::pin::Pin<&mut dyn core[a373ad73a504971]::future::future::Future<Output = ()>>>::{closure#0}, ()>
[INFO] [stdout]   17:     0x5774521c3e15 - <tokio[b02ee0014d1fbe38]::runtime::runtime::Runtime>::block_on::<core[a373ad73a504971]::pin::Pin<&mut dyn core[a373ad73a504971]::future::future::Future<Output = ()>>>
[INFO] [stdout]   18:     0x5774521c112e - <noeme_test[3f496cc2031756cd]::canbe_serialized_to_json::{closure#0} as core[a373ad73a504971]::ops::function::FnOnce<()>>::call_once
[INFO] [stdout]   19:     0x5774521c602b - test[aada8e7e76ba119b]::__rust_begin_short_backtrace::<core[a373ad73a504971]::result::Result<(), alloc[2e1b2a31b91974c5]::string::String>, fn() -> core[a373ad73a504971]::result::Result<(), alloc[2e1b2a31b91974c5]::string::String>>
[INFO] [stdout]   20:     0x5774521d3205 - test[aada8e7e76ba119b]::run_test::{closure#0}
[INFO] [stdout]   21:     0x5774521ccaf4 - std[617be2ca0a6fd877]::sys::backtrace::__rust_begin_short_backtrace::<test[aada8e7e76ba119b]::run_test::{closure#1}, ()>
[INFO] [stdout]   22:     0x5774521d6292 - <std[617be2ca0a6fd877]::thread::lifecycle::spawn_unchecked<test[aada8e7e76ba119b]::run_test::{closure#1}, ()>::{closure#1} as core[a373ad73a504971]::ops::function::FnOnce<()>>::call_once::{shim:vtable#0}
[INFO] [stdout]   23:     0x5774523e2def - <std[617be2ca0a6fd877]::sys::thread::unix::Thread>::new::thread_start
[INFO] [stdout]   24:     0x7a2bcc741dfa - <unknown>
[INFO] [stdout]   25:     0x7a2bcc7d53d4 - clone
[INFO] [stdout]   26:                0x0 - <unknown>
[INFO] [stdout] 
[INFO] [stdout] ---- should_get_instance stdout ----
[INFO] [stdout] 
[INFO] [stdout] thread 'should_get_instance' (1784) panicked at tests/noeme_test.rs:8:5:
[INFO] [stdout] assertion failed: result.is_ok()
[INFO] [stdout] stack backtrace:
[INFO] [stdout]    0:     0x5774523e3941 - <<std[617be2ca0a6fd877]::sys::backtrace::BacktraceLock>::print::DisplayBacktrace as core[a373ad73a504971]::fmt::Display>::fmt
[INFO] [stdout]    1:     0x5774523fa1aa - core[a373ad73a504971]::fmt::write
[INFO] [stdout]    2:     0x5774523e82ac - <alloc[2e1b2a31b91974c5]::vec::Vec<u8> as core[a373ad73a504971]::io::write::Write>::write_fmt
[INFO] [stdout]    3:     0x5774523beb16 - std[617be2ca0a6fd877]::panicking::default_hook::{closure#0}
[INFO] [stdout]    4:     0x5774523db819 - std[617be2ca0a6fd877]::panicking::default_hook
[INFO] [stdout]    5:     0x5774521d2be0 - test[aada8e7e76ba119b]::test_main_inner::{closure#0}
[INFO] [stdout]    6:     0x5774523dbb42 - std[617be2ca0a6fd877]::panicking::panic_with_hook
[INFO] [stdout]    7:     0x5774523bebf4 - std[617be2ca0a6fd877]::panicking::panic_handler::{closure#0}
[INFO] [stdout]    8:     0x5774523b77f9 - std[617be2ca0a6fd877]::sys::backtrace::__rust_end_short_backtrace::<std[617be2ca0a6fd877]::panicking::panic_handler::{closure#0}, !>
[INFO] [stdout]    9:     0x5774523bf9bd - __rustc[ea4f61d10b84890b]::rust_begin_unwind
[INFO] [stdout]   10:     0x5774523fa90c - core[a373ad73a504971]::panicking::panic_fmt
[INFO] [stdout]   11:     0x5774523fa8d2 - core[a373ad73a504971]::panicking::panic
[INFO] [stdout]   12:     0x5774521bcf8a - noeme_test[3f496cc2031756cd]::should_get_instance::{closure#0}
[INFO] [stdout]   13:     0x5774521b6c43 - <tokio[b02ee0014d1fbe38]::runtime::scheduler::current_thread::Context>::enter::<core[a373ad73a504971]::task::poll::Poll<()>, <tokio[b02ee0014d1fbe38]::runtime::scheduler::current_thread::CoreGuard>::block_on<core[a373ad73a504971]::pin::Pin<&mut core[a373ad73a504971]::pin::Pin<&mut dyn core[a373ad73a504971]::future::future::Future<Output = ()>>>>::{closure#0}::{closure#0}>
[INFO] [stdout]   14:     0x5774521c3f59 - <std[617be2ca0a6fd877]::thread::local::LocalKey<tokio[b02ee0014d1fbe38]::runtime::context::Context>>::with::<tokio[b02ee0014d1fbe38]::runtime::context::set_scheduler<(alloc[2e1b2a31b91974c5]::boxed::Box<tokio[b02ee0014d1fbe38]::runtime::scheduler::current_thread::Core>, core[a373ad73a504971]::option::Option<()>), <tokio[b02ee0014d1fbe38]::runtime::scheduler::current_thread::CoreGuard>::enter<<tokio[b02ee0014d1fbe38]::runtime::scheduler::current_thread::CoreGuard>::block_on<core[a373ad73a504971]::pin::Pin<&mut core[a373ad73a504971]::pin::Pin<&mut dyn core[a373ad73a504971]::future::future::Future<Output = ()>>>>::{closure#0}, core[a373ad73a504971]::option::Option<()>>::{closure#0}>::{closure#0}, (alloc[2e1b2a31b91974c5]::boxed::Box<tokio[b02ee0014d1fbe38]::runtime::scheduler::current_thread::Core>, core[a373ad73a504971]::option::Option<()>)>
[INFO] [stdout]   15:     0x5774521b6dc7 - <tokio[b02ee0014d1fbe38]::runtime::scheduler::current_thread::CoreGuard>::block_on::<core[a373ad73a504971]::pin::Pin<&mut core[a373ad73a504971]::pin::Pin<&mut dyn core[a373ad73a504971]::future::future::Future<Output = ()>>>>
[INFO] [stdout]   16:     0x5774521c205b - tokio[b02ee0014d1fbe38]::runtime::context::runtime::enter_runtime::<<tokio[b02ee0014d1fbe38]::runtime::scheduler::current_thread::CurrentThread>::block_on<core[a373ad73a504971]::pin::Pin<&mut dyn core[a373ad73a504971]::future::future::Future<Output = ()>>>::{closure#0}, ()>
[INFO] [stdout]   17:     0x5774521c3e15 - <tokio[b02ee0014d1fbe38]::runtime::runtime::Runtime>::block_on::<core[a373ad73a504971]::pin::Pin<&mut dyn core[a373ad73a504971]::future::future::Future<Output = ()>>>
[INFO] [stdout]   18:     0x5774521c0f9e - <noeme_test[3f496cc2031756cd]::should_get_instance::{closure#0} as core[a373ad73a504971]::ops::function::FnOnce<()>>::call_once
[INFO] [stdout]   19:     0x5774521c602b - test[aada8e7e76ba119b]::__rust_begin_short_backtrace::<core[a373ad73a504971]::result::Result<(), alloc[2e1b2a31b91974c5]::string::String>, fn() -> core[a373ad73a504971]::result::Result<(), alloc[2e1b2a31b91974c5]::string::String>>
[INFO] [stdout]   20:     0x5774521d3205 - test[aada8e7e76ba119b]::run_test::{closure#0}
[INFO] [stdout]   21:     0x5774521ccaf4 - std[617be2ca0a6fd877]::sys::backtrace::__rust_begin_short_backtrace::<test[aada8e7e76ba119b]::run_test::{closure#1}, ()>
[INFO] [stdout]   22:     0x5774521d6292 - <std[617be2ca0a6fd877]::thread::lifecycle::spawn_unchecked<test[aada8e7e76ba119b]::run_test::{closure#1}, ()>::{closure#1} as core[a373ad73a504971]::ops::function::FnOnce<()>>::call_once::{shim:vtable#0}
[INFO] [stdout]   23:     0x5774523e2def - <std[617be2ca0a6fd877]::sys::thread::unix::Thread>::new::thread_start
[INFO] [stdout]   24:     0x7a2bcc741dfa - <unknown>
[INFO] [stdout]   25:     0x7a2bcc7d53d4 - clone
[INFO] [stdout]   26:                0x0 - <unknown>
[INFO] [stdout] 
[INFO] [stdout] 
[INFO] [stdout] failures:
[INFO] [stdout]     canbe_serialized_to_json
[INFO] [stdout]     should_get_instance
[INFO] [stdout] 
[INFO] [stdout] test result: FAILED. 1 passed; 2 failed; 0 ignored; 0 measured; 0 filtered out; finished in 0.05s
[INFO] [stdout] 
[INFO] [stderr] error: test failed, to rerun pass `--test noeme_test`
[INFO] running `Command { std: "docker" "inspect" "53dcef21c4767c149fed5007d59da8e54d659ee256069424b39a1e24f496df4d", kill_on_drop: false }`
[INFO] running `Command { std: "docker" "rm" "-f" "53dcef21c4767c149fed5007d59da8e54d659ee256069424b39a1e24f496df4d", kill_on_drop: false }`
[INFO] [stdout] 53dcef21c4767c149fed5007d59da8e54d659ee256069424b39a1e24f496df4d
