[INFO] fetching crate nodeunion-agent 0.1.6...
[INFO] testing nodeunion-agent-0.1.6 against 1.99.0-beta.8+cargoflags=--release for beta-release-1.100-2
[INFO] extracting crate nodeunion-agent 0.1.6 into /workspace/builds/worker-2-tc1/source
[INFO] started tweaking crates.io crate nodeunion-agent 0.1.6
[INFO] removed 0 missing tests
[INFO] finished tweaking crates.io crate nodeunion-agent 0.1.6
[INFO] tweaked toml for crates.io crate nodeunion-agent 0.1.6 written to /workspace/builds/worker-2-tc1/source/Cargo.toml
[INFO] validating manifest of crates.io crate nodeunion-agent 0.1.6 on toolchain 1.99.0-beta.8
[INFO] running `Command { std: CARGO_HOME="/workspace/cargo-home" RUSTUP_HOME="/workspace/rustup-home" "/workspace/cargo-home/bin/cargo" "+1.99.0-beta.8" "metadata" "--manifest-path" "Cargo.toml" "--no-deps", kill_on_drop: false }`
[INFO] crate crates.io crate nodeunion-agent 0.1.6 already has a lockfile, it will not be regenerated
[INFO] running `Command { std: CARGO_HOME="/workspace/cargo-home" RUSTUP_HOME="/workspace/rustup-home" "/workspace/cargo-home/bin/cargo" "+1.99.0-beta.8" "fetch" "--manifest-path" "Cargo.toml", kill_on_drop: false }`
[INFO] [stderr]  Downloading crates ...
[INFO] [stderr]   Downloaded sysinfo v0.30.13
[INFO] [stderr]   Downloaded cc v1.2.59
[INFO] [stderr]   Downloaded openssl-sys v0.9.112
[INFO] [stderr]   Downloaded openssl v0.10.76
[INFO] [stderr]   Downloaded ratatui v0.28.1
[INFO] [stderr]   Downloaded bollard v0.17.1
[INFO] [stderr]   Downloaded hyper-named-pipe v0.1.0
[INFO] [stderr]   Downloaded bollard-stubs v1.45.0-rc.26.0.1
[INFO] running `Command { std: "docker" "create" "-v" "/var/lib/crater-agent-workspace/builds/worker-2-tc1/source:/opt/rustwide/workdir:ro,Z" "-v" "/var/lib/crater-agent-workspace/builds/worker-2-tc1/target:/opt/rustwide/target:rw,Z" "-v" "/var/lib/crater-agent-workspace/cargo-home:/opt/rustwide/cargo-home:ro,Z" "-v" "/var/lib/crater-agent-workspace/rustup-home:/opt/rustwide/rustup-home:ro,Z" "-m" "1610612736" "--network" "none" "ghcr.io/rust-lang/crates-build-env/linux@sha256:77db811e55d90add9212f6832c23229e3de5f1c1f9905e8cb07319ea15df73ac" "sleep" "infinity", kill_on_drop: false }`
[INFO] [stdout] e276d9ae11b26cfd51e1cd7509d14facd7ed6bd86d5bc00f66cac22cdea46869
[INFO] running `Command { std: "docker" "start" "e276d9ae11b26cfd51e1cd7509d14facd7ed6bd86d5bc00f66cac22cdea46869", kill_on_drop: false }`
[INFO] running `Command { std: "docker" "inspect" "e276d9ae11b26cfd51e1cd7509d14facd7ed6bd86d5bc00f66cac22cdea46869", kill_on_drop: false }`
[INFO] running `Command { std: "docker" "exec" "-e" "SOURCE_DIR=/opt/rustwide/workdir" "-e" "CARGO_HOME=/opt/rustwide/cargo-home" "-e" "RUSTUP_HOME=/opt/rustwide/rustup-home" "-e" "CARGO_TARGET_DIR=/opt/rustwide/target" "-w" "/opt/rustwide/workdir" "--user" "0:0" "e276d9ae11b26cfd51e1cd7509d14facd7ed6bd86d5bc00f66cac22cdea46869" "/opt/rustwide/cargo-home/bin/cargo" "+1.99.0-beta.8" "metadata" "--no-deps" "--format-version=1", kill_on_drop: false }`
[INFO] running `Command { std: "docker" "inspect" "e276d9ae11b26cfd51e1cd7509d14facd7ed6bd86d5bc00f66cac22cdea46869", kill_on_drop: false }`
[INFO] running `Command { std: "docker" "exec" "-e" "SOURCE_DIR=/opt/rustwide/workdir" "-e" "CARGO_HOME=/opt/rustwide/cargo-home" "-e" "RUSTUP_HOME=/opt/rustwide/rustup-home" "-e" "CARGO_TARGET_DIR=/opt/rustwide/target" "-e" "CARGO_INCREMENTAL=0" "-e" "RUST_BACKTRACE=full" "-e" "RUSTFLAGS=--cap-lints=warn" "-e" "RUSTDOCFLAGS=--cap-lints=warn" "-w" "/opt/rustwide/workdir" "--user" "0:0" "e276d9ae11b26cfd51e1cd7509d14facd7ed6bd86d5bc00f66cac22cdea46869" "/opt/rustwide/cargo-home/bin/cargo" "+1.99.0-beta.8" "build" "--frozen" "--message-format=json" "--release", kill_on_drop: false }`
[INFO] [stderr]    Compiling libc v0.2.184
[INFO] [stderr]    Compiling smallvec v1.15.1
[INFO] [stderr]    Compiling cc v1.2.59
[INFO] [stderr]    Compiling tracing v0.1.44
[INFO] [stderr]    Compiling indexmap v2.13.1
[INFO] [stderr]    Compiling futures-channel v0.3.32
[INFO] [stderr]    Compiling futures-util v0.3.32
[INFO] [stderr]    Compiling serde_derive v1.0.228
[INFO] [stderr]    Compiling http-body-util v0.1.3
[INFO] [stderr]    Compiling openssl v0.10.76
[INFO] [stderr]    Compiling serde_json v1.0.149
[INFO] [stderr]    Compiling rustls v0.23.37
[INFO] [stderr]    Compiling signal-hook v0.3.18
[INFO] [stderr]    Compiling icu_provider v2.2.0
[INFO] [stderr]    Compiling instability v0.3.12
[INFO] [stderr]    Compiling strum_macros v0.26.4
[INFO] [stderr]    Compiling hashbrown v0.15.5
[INFO] [stderr]    Compiling rustix v0.38.44
[INFO] [stderr]    Compiling webpki-roots v1.0.6
[INFO] [stderr]    Compiling serde_repr v0.1.20
[INFO] [stderr]    Compiling serde_with v3.18.0
[INFO] [stderr]    Compiling unicode-segmentation v1.13.2
[INFO] [stderr]    Compiling iri-string v0.7.12
[INFO] [stderr]    Compiling indoc v2.0.7
[INFO] [stderr]    Compiling icu_normalizer v2.2.0
[INFO] [stderr]    Compiling icu_properties v2.2.0
[INFO] [stderr]    Compiling lru v0.12.5
[INFO] [stderr]    Compiling unicode-truncate v1.1.0
[INFO] [stderr]    Compiling compact_str v0.8.1
[INFO] [stderr]    Compiling matchit v0.7.3
[INFO] [stderr]    Compiling cassowary v0.3.0
[INFO] [stderr]    Compiling openssl-sys v0.9.112
[INFO] [stderr]    Compiling ring v0.17.14
[INFO] [stderr]    Compiling errno v0.3.14
[INFO] [stderr]    Compiling mio v1.2.0
[INFO] [stderr]    Compiling signal-hook-registry v1.4.8
[INFO] [stderr]    Compiling parking_lot_core v0.9.12
[INFO] [stderr]    Compiling socket2 v0.6.3
[INFO] [stderr]    Compiling getrandom v0.2.17
[INFO] [stderr]    Compiling parking_lot v0.12.5
[INFO] [stderr]    Compiling native-tls v0.2.18
[INFO] [stderr]    Compiling strum v0.26.3
[INFO] [stderr]    Compiling sysinfo v0.30.13
[INFO] [stderr]    Compiling tokio v1.51.1
[INFO] [stderr]    Compiling idna_adapter v1.2.1
[INFO] [stderr]    Compiling signal-hook-mio v0.2.5
[INFO] [stderr]    Compiling idna v1.1.0
[INFO] [stderr]    Compiling crossterm v0.28.1
[INFO] [stderr]    Compiling axum-core v0.4.5
[INFO] [stderr]    Compiling url v2.5.8
[INFO] [stderr]    Compiling serde v1.0.228
[INFO] [stderr]    Compiling ratatui v0.28.1
[INFO] [stderr]    Compiling serde_urlencoded v0.7.1
[INFO] [stderr]    Compiling bollard-stubs v1.45.0-rc.26.0.1
[INFO] [stderr]    Compiling tokio-util v0.7.18
[INFO] [stderr]    Compiling tower v0.5.3
[INFO] [stderr]    Compiling tokio-native-tls v0.3.1
[INFO] [stderr]    Compiling tower-http v0.6.8
[INFO] [stderr]    Compiling h2 v0.4.13
[INFO] [stderr]    Compiling rustls-webpki v0.103.10
[INFO] [stderr]    Compiling hyper v1.9.0
[INFO] [stderr]    Compiling hyper-util v0.1.20
[INFO] [stderr]    Compiling hyper-tls v0.6.0
[INFO] [stderr]    Compiling hyperlocal v0.9.1
[INFO] [stderr]    Compiling axum v0.7.9
[INFO] [stderr]    Compiling bollard v0.17.1
[INFO] [stderr]    Compiling tokio-rustls v0.26.4
[INFO] [stderr]    Compiling hyper-rustls v0.27.7
[INFO] [stderr]    Compiling reqwest v0.12.28
[INFO] [stderr]    Compiling nodeunion-agent v0.1.6 (/opt/rustwide/workdir)
[INFO] [stdout] warning: unused import: `std::process::Command`
[INFO] [stdout]  --> src/idle_detector.rs:1:5
[INFO] [stdout]   |
[INFO] [stdout] 1 | use std::process::Command;
[INFO] [stdout]   |     ^^^^^^^^^^^^^^^^^^^^^
[INFO] [stdout]   |
[INFO] [stdout]   = note: `#[warn(unused_imports)]` (part of `#[warn(unused)]`) on by default
[INFO] [stdout] 
[INFO] [stdout] 
[INFO] [stdout] warning: unused import: `std::process::Command`
[INFO] [stdout]  --> src/idle_detector.rs:1:5
[INFO] [stdout]   |
[INFO] [stdout] 1 | use std::process::Command;
[INFO] [stdout]   |     ^^^^^^^^^^^^^^^^^^^^^
[INFO] [stdout]   |
[INFO] [stdout]   = note: `#[warn(unused_imports)]` (part of `#[warn(unused)]`) on by default
[INFO] [stdout] 
[INFO] [stdout] 
[INFO] [stdout] warning: fields `provider_settlement_id`, `provider_wallet`, `network_id`, `units_earned`, and `created_at_epoch_secs` are never read
[INFO] [stdout]   --> src/bin/local_tui.rs:26:5
[INFO] [stdout]    |
[INFO] [stdout] 25 | struct ProviderSettlementView {
[INFO] [stdout]    |        ---------------------- fields in this struct
[INFO] [stdout] 26 |     provider_settlement_id: String,
[INFO] [stdout]    |     ^^^^^^^^^^^^^^^^^^^^^^
[INFO] [stdout] 27 |     job_id: String,
[INFO] [stdout] 28 |     provider_wallet: String,
[INFO] [stdout]    |     ^^^^^^^^^^^^^^^
[INFO] [stdout] 29 |     network_id: String,
[INFO] [stdout]    |     ^^^^^^^^^^
[INFO] [stdout] 30 |     units_earned: i64,
[INFO] [stdout]    |     ^^^^^^^^^^^^
[INFO] [stdout] ...
[INFO] [stdout] 34 |     created_at_epoch_secs: i64,
[INFO] [stdout]    |     ^^^^^^^^^^^^^^^^^^^^^
[INFO] [stdout]    |
[INFO] [stdout]    = note: `ProviderSettlementView` has derived impls for the traits `Debug` and `Clone`, but these are intentionally ignored during dead code analysis
[INFO] [stdout]    = note: `#[warn(dead_code)]` (part of `#[warn(unused)]`) on by default
[INFO] [stdout] 
[INFO] [stdout] 
[INFO] [stdout] warning: field `provider_wallet` is never read
[INFO] [stdout]   --> src/bin/local_tui.rs:39:5
[INFO] [stdout]    |
[INFO] [stdout] 38 | struct PortfolioSnapshot {
[INFO] [stdout]    |        ----------------- field in this struct
[INFO] [stdout] 39 |     provider_wallet: String,
[INFO] [stdout]    |     ^^^^^^^^^^^^^^^
[INFO] [stdout]    |
[INFO] [stdout]    = note: `PortfolioSnapshot` has derived impls for the traits `Debug` and `Clone`, but these are intentionally ignored during dead code analysis
[INFO] [stdout] 
[INFO] [stdout] 
[INFO] [stdout] warning: fields `config` and `orchestrator_client` are never read
[INFO] [stdout]   --> src/api.rs:21:9
[INFO] [stdout]    |
[INFO] [stdout] 19 | pub struct AppApiState {
[INFO] [stdout]    |            ----------- fields in this struct
[INFO] [stdout] 20 |     pub state: SharedAppState,
[INFO] [stdout] 21 |     pub config: Config,
[INFO] [stdout]    |         ^^^^^^
[INFO] [stdout] 22 |     pub orchestrator_client: OrchestratorClient,
[INFO] [stdout]    |         ^^^^^^^^^^^^^^^^^^^
[INFO] [stdout]    |
[INFO] [stdout]    = note: `AppApiState` has a derived impl for the trait `Clone`, but this is intentionally ignored during dead code analysis
[INFO] [stdout]    = note: `#[warn(dead_code)]` (part of `#[warn(unused)]`) on by default
[INFO] [stdout] 
[INFO] [stdout] 
[INFO] [stdout] warning: associated function `internal` is never used
[INFO] [stdout]   --> src/errors.rs:23:9
[INFO] [stdout]    |
[INFO] [stdout] 14 | impl AppError {
[INFO] [stdout]    | ------------- associated function in this implementation
[INFO] [stdout] ...
[INFO] [stdout] 23 |     pub fn internal(msg: impl Into<String>) -> Self {
[INFO] [stdout]    |            ^^^^^^^^
[INFO] [stdout] 
[INFO] [stdout] 
[INFO] [stderr]     Finished `release` profile [optimized] target(s) in 52.01s
[INFO] running `Command { std: "docker" "inspect" "e276d9ae11b26cfd51e1cd7509d14facd7ed6bd86d5bc00f66cac22cdea46869", kill_on_drop: false }`
[INFO] running `Command { std: "docker" "exec" "-e" "SOURCE_DIR=/opt/rustwide/workdir" "-e" "CARGO_HOME=/opt/rustwide/cargo-home" "-e" "RUSTUP_HOME=/opt/rustwide/rustup-home" "-e" "CARGO_TARGET_DIR=/opt/rustwide/target" "-e" "CARGO_INCREMENTAL=0" "-e" "RUST_BACKTRACE=full" "-e" "RUSTFLAGS=--cap-lints=warn" "-e" "RUSTDOCFLAGS=--cap-lints=warn" "-w" "/opt/rustwide/workdir" "--user" "0:0" "e276d9ae11b26cfd51e1cd7509d14facd7ed6bd86d5bc00f66cac22cdea46869" "/opt/rustwide/cargo-home/bin/cargo" "+1.99.0-beta.8" "test" "--frozen" "--no-run" "--message-format=json" "--release", kill_on_drop: false }`
[INFO] [stderr]    Compiling pin-project-internal v1.1.11
[INFO] [stdout] warning: unused import: `std::process::Command`
[INFO] [stdout]  --> src/idle_detector.rs:1:5
[INFO] [stdout]   |
[INFO] [stdout] 1 | use std::process::Command;
[INFO] [stdout]   |     ^^^^^^^^^^^^^^^^^^^^^
[INFO] [stdout]   |
[INFO] [stdout]   = note: `#[warn(unused_imports)]` (part of `#[warn(unused)]`) on by default
[INFO] [stdout] 
[INFO] [stdout] 
[INFO] [stdout] warning: unused import: `std::process::Command`
[INFO] [stdout]  --> src/idle_detector.rs:1:5
[INFO] [stdout]   |
[INFO] [stdout] 1 | use std::process::Command;
[INFO] [stdout]   |     ^^^^^^^^^^^^^^^^^^^^^
[INFO] [stdout]   |
[INFO] [stdout]   = note: `#[warn(unused_imports)]` (part of `#[warn(unused)]`) on by default
[INFO] [stdout] 
[INFO] [stdout] 
[INFO] [stdout] warning: fields `config` and `orchestrator_client` are never read
[INFO] [stdout]   --> src/api.rs:21:9
[INFO] [stdout]    |
[INFO] [stdout] 19 | pub struct AppApiState {
[INFO] [stdout]    |            ----------- fields in this struct
[INFO] [stdout] 20 |     pub state: SharedAppState,
[INFO] [stdout] 21 |     pub config: Config,
[INFO] [stdout]    |         ^^^^^^
[INFO] [stdout] 22 |     pub orchestrator_client: OrchestratorClient,
[INFO] [stdout]    |         ^^^^^^^^^^^^^^^^^^^
[INFO] [stdout]    |
[INFO] [stdout]    = note: `AppApiState` has a derived impl for the trait `Clone`, but this is intentionally ignored during dead code analysis
[INFO] [stdout]    = note: `#[warn(dead_code)]` (part of `#[warn(unused)]`) on by default
[INFO] [stdout] 
[INFO] [stdout] 
[INFO] [stdout] warning: associated function `internal` is never used
[INFO] [stdout]   --> src/errors.rs:23:9
[INFO] [stdout]    |
[INFO] [stdout] 14 | impl AppError {
[INFO] [stdout]    | ------------- associated function in this implementation
[INFO] [stdout] ...
[INFO] [stdout] 23 |     pub fn internal(msg: impl Into<String>) -> Self {
[INFO] [stdout]    |            ^^^^^^^^
[INFO] [stdout] 
[INFO] [stdout] 
[INFO] [stdout] warning: fields `provider_settlement_id`, `provider_wallet`, `network_id`, `units_earned`, and `created_at_epoch_secs` are never read
[INFO] [stdout]   --> src/bin/local_tui.rs:26:5
[INFO] [stdout]    |
[INFO] [stdout] 25 | struct ProviderSettlementView {
[INFO] [stdout]    |        ---------------------- fields in this struct
[INFO] [stdout] 26 |     provider_settlement_id: String,
[INFO] [stdout]    |     ^^^^^^^^^^^^^^^^^^^^^^
[INFO] [stdout] 27 |     job_id: String,
[INFO] [stdout] 28 |     provider_wallet: String,
[INFO] [stdout]    |     ^^^^^^^^^^^^^^^
[INFO] [stdout] 29 |     network_id: String,
[INFO] [stdout]    |     ^^^^^^^^^^
[INFO] [stdout] 30 |     units_earned: i64,
[INFO] [stdout]    |     ^^^^^^^^^^^^
[INFO] [stdout] ...
[INFO] [stdout] 34 |     created_at_epoch_secs: i64,
[INFO] [stdout]    |     ^^^^^^^^^^^^^^^^^^^^^
[INFO] [stdout]    |
[INFO] [stdout]    = note: `ProviderSettlementView` has derived impls for the traits `Debug` and `Clone`, but these are intentionally ignored during dead code analysis
[INFO] [stdout]    = note: `#[warn(dead_code)]` (part of `#[warn(unused)]`) on by default
[INFO] [stdout] 
[INFO] [stdout] 
[INFO] [stdout] warning: field `provider_wallet` is never read
[INFO] [stdout]   --> src/bin/local_tui.rs:39:5
[INFO] [stdout]    |
[INFO] [stdout] 38 | struct PortfolioSnapshot {
[INFO] [stdout]    |        ----------------- field in this struct
[INFO] [stdout] 39 |     provider_wallet: String,
[INFO] [stdout]    |     ^^^^^^^^^^^^^^^
[INFO] [stdout]    |
[INFO] [stdout]    = note: `PortfolioSnapshot` has derived impls for the traits `Debug` and `Clone`, but these are intentionally ignored during dead code analysis
[INFO] [stdout] 
[INFO] [stdout] 
[INFO] [stderr]    Compiling pin-project v1.1.11
[INFO] [stderr]    Compiling tower v0.4.13
[INFO] [stderr]    Compiling nodeunion-agent v0.1.6 (/opt/rustwide/workdir)
[INFO] [stdout] warning: unused import: `std::process::Command`
[INFO] [stdout]  --> src/idle_detector.rs:1:5
[INFO] [stdout]   |
[INFO] [stdout] 1 | use std::process::Command;
[INFO] [stdout]   |     ^^^^^^^^^^^^^^^^^^^^^
[INFO] [stdout]   |
[INFO] [stdout]   = note: `#[warn(unused_imports)]` (part of `#[warn(unused)]`) on by default
[INFO] [stdout] 
[INFO] [stdout] 
[INFO] [stdout] warning: unused import: `std::process::Command`
[INFO] [stdout]  --> src/idle_detector.rs:1:5
[INFO] [stdout]   |
[INFO] [stdout] 1 | use std::process::Command;
[INFO] [stdout]   |     ^^^^^^^^^^^^^^^^^^^^^
[INFO] [stdout]   |
[INFO] [stdout]   = note: `#[warn(unused_imports)]` (part of `#[warn(unused)]`) on by default
[INFO] [stdout] 
[INFO] [stdout] 
[INFO] [stdout] warning: fields `provider_settlement_id`, `provider_wallet`, `network_id`, `units_earned`, and `created_at_epoch_secs` are never read
[INFO] [stdout]   --> src/bin/local_tui.rs:26:5
[INFO] [stdout]    |
[INFO] [stdout] 25 | struct ProviderSettlementView {
[INFO] [stdout]    |        ---------------------- fields in this struct
[INFO] [stdout] 26 |     provider_settlement_id: String,
[INFO] [stdout]    |     ^^^^^^^^^^^^^^^^^^^^^^
[INFO] [stdout] 27 |     job_id: String,
[INFO] [stdout] 28 |     provider_wallet: String,
[INFO] [stdout]    |     ^^^^^^^^^^^^^^^
[INFO] [stdout] 29 |     network_id: String,
[INFO] [stdout]    |     ^^^^^^^^^^
[INFO] [stdout] 30 |     units_earned: i64,
[INFO] [stdout]    |     ^^^^^^^^^^^^
[INFO] [stdout] ...
[INFO] [stdout] 34 |     created_at_epoch_secs: i64,
[INFO] [stdout]    |     ^^^^^^^^^^^^^^^^^^^^^
[INFO] [stdout]    |
[INFO] [stdout]    = note: `ProviderSettlementView` has derived impls for the traits `Debug` and `Clone`, but these are intentionally ignored during dead code analysis
[INFO] [stdout]    = note: `#[warn(dead_code)]` (part of `#[warn(unused)]`) on by default
[INFO] [stdout] 
[INFO] [stdout] 
[INFO] [stdout] warning: field `provider_wallet` is never read
[INFO] [stdout]   --> src/bin/local_tui.rs:39:5
[INFO] [stdout]    |
[INFO] [stdout] 38 | struct PortfolioSnapshot {
[INFO] [stdout]    |        ----------------- field in this struct
[INFO] [stdout] 39 |     provider_wallet: String,
[INFO] [stdout]    |     ^^^^^^^^^^^^^^^
[INFO] [stdout]    |
[INFO] [stdout]    = note: `PortfolioSnapshot` has derived impls for the traits `Debug` and `Clone`, but these are intentionally ignored during dead code analysis
[INFO] [stdout] 
[INFO] [stdout] 
[INFO] [stdout] warning: fields `config` and `orchestrator_client` are never read
[INFO] [stdout]   --> src/api.rs:21:9
[INFO] [stdout]    |
[INFO] [stdout] 19 | pub struct AppApiState {
[INFO] [stdout]    |            ----------- fields in this struct
[INFO] [stdout] 20 |     pub state: SharedAppState,
[INFO] [stdout] 21 |     pub config: Config,
[INFO] [stdout]    |         ^^^^^^
[INFO] [stdout] 22 |     pub orchestrator_client: OrchestratorClient,
[INFO] [stdout]    |         ^^^^^^^^^^^^^^^^^^^
[INFO] [stdout]    |
[INFO] [stdout]    = note: `AppApiState` has a derived impl for the trait `Clone`, but this is intentionally ignored during dead code analysis
[INFO] [stdout]    = note: `#[warn(dead_code)]` (part of `#[warn(unused)]`) on by default
[INFO] [stdout] 
[INFO] [stdout] 
[INFO] [stdout] warning: associated function `internal` is never used
[INFO] [stdout]   --> src/errors.rs:23:9
[INFO] [stdout]    |
[INFO] [stdout] 14 | impl AppError {
[INFO] [stdout]    | ------------- associated function in this implementation
[INFO] [stdout] ...
[INFO] [stdout] 23 |     pub fn internal(msg: impl Into<String>) -> Self {
[INFO] [stdout]    |            ^^^^^^^^
[INFO] [stdout] 
[INFO] [stdout] 
[INFO] [stderr]     Finished `release` profile [optimized] target(s) in 17.82s
[INFO] running `Command { std: "docker" "inspect" "e276d9ae11b26cfd51e1cd7509d14facd7ed6bd86d5bc00f66cac22cdea46869", kill_on_drop: false }`
[INFO] running `Command { std: "docker" "exec" "-e" "SOURCE_DIR=/opt/rustwide/workdir" "-e" "CARGO_HOME=/opt/rustwide/cargo-home" "-e" "RUSTUP_HOME=/opt/rustwide/rustup-home" "-e" "CARGO_TARGET_DIR=/opt/rustwide/target" "-e" "CARGO_INCREMENTAL=0" "-e" "RUST_BACKTRACE=full" "-e" "RUSTFLAGS=--cap-lints=warn" "-e" "RUSTDOCFLAGS=--cap-lints=warn" "-w" "/opt/rustwide/workdir" "--user" "0:0" "e276d9ae11b26cfd51e1cd7509d14facd7ed6bd86d5bc00f66cac22cdea46869" "/opt/rustwide/cargo-home/bin/cargo" "+1.99.0-beta.8" "test" "--frozen" "--release", kill_on_drop: false }`
[INFO] [stderr] warning: unused import: `std::process::Command`
[INFO] [stderr]  --> src/idle_detector.rs:1:5
[INFO] [stderr]   |
[INFO] [stderr] 1 | use std::process::Command;
[INFO] [stderr]   |     ^^^^^^^^^^^^^^^^^^^^^
[INFO] [stderr]   |
[INFO] [stderr]   = note: `#[warn(unused_imports)]` (part of `#[warn(unused)]`) on by default
[INFO] [stderr] 
[INFO] [stderr] warning: `nodeunion-agent` (lib) generated 1 warning (run `cargo fix --lib -p nodeunion-agent` to apply 1 suggestion)
[INFO] [stderr] warning: fields `config` and `orchestrator_client` are never read
[INFO] [stderr]   --> src/api.rs:21:9
[INFO] [stderr]    |
[INFO] [stderr] 19 | pub struct AppApiState {
[INFO] [stderr]    |            ----------- fields in this struct
[INFO] [stderr] 20 |     pub state: SharedAppState,
[INFO] [stderr] 21 |     pub config: Config,
[INFO] [stderr]    |         ^^^^^^
[INFO] [stderr] 22 |     pub orchestrator_client: OrchestratorClient,
[INFO] [stderr]    |         ^^^^^^^^^^^^^^^^^^^
[INFO] [stderr]    |
[INFO] [stderr]    = note: `AppApiState` has a derived impl for the trait `Clone`, but this is intentionally ignored during dead code analysis
[INFO] [stderr]    = note: `#[warn(dead_code)]` (part of `#[warn(unused)]`) on by default
[INFO] [stderr] 
[INFO] [stderr] warning: associated function `internal` is never used
[INFO] [stderr]   --> src/errors.rs:23:9
[INFO] [stderr]    |
[INFO] [stderr] 14 | impl AppError {
[INFO] [stderr]    | ------------- associated function in this implementation
[INFO] [stderr] ...
[INFO] [stderr] 23 |     pub fn internal(msg: impl Into<String>) -> Self {
[INFO] [stderr]    |            ^^^^^^^^
[INFO] [stderr] 
[INFO] [stderr] warning: fields `provider_settlement_id`, `provider_wallet`, `network_id`, `units_earned`, and `created_at_epoch_secs` are never read
[INFO] [stderr]   --> src/bin/local_tui.rs:26:5
[INFO] [stderr]    |
[INFO] [stderr] 25 | struct ProviderSettlementView {
[INFO] [stderr]    |        ---------------------- fields in this struct
[INFO] [stderr] 26 |     provider_settlement_id: String,
[INFO] [stderr]    |     ^^^^^^^^^^^^^^^^^^^^^^
[INFO] [stderr] 27 |     job_id: String,
[INFO] [stderr] 28 |     provider_wallet: String,
[INFO] [stderr]    |     ^^^^^^^^^^^^^^^
[INFO] [stderr] 29 |     network_id: String,
[INFO] [stderr]    |     ^^^^^^^^^^
[INFO] [stderr] 30 |     units_earned: i64,
[INFO] [stderr]    |     ^^^^^^^^^^^^
[INFO] [stderr] ...
[INFO] [stderr] 34 |     created_at_epoch_secs: i64,
[INFO] [stderr]    |     ^^^^^^^^^^^^^^^^^^^^^
[INFO] [stderr]    |
[INFO] [stderr]    = note: `ProviderSettlementView` has derived impls for the traits `Debug` and `Clone`, but these are intentionally ignored during dead code analysis
[INFO] [stderr]    = note: `#[warn(dead_code)]` (part of `#[warn(unused)]`) on by default
[INFO] [stderr] 
[INFO] [stderr] warning: field `provider_wallet` is never read
[INFO] [stderr]   --> src/bin/local_tui.rs:39:5
[INFO] [stderr]    |
[INFO] [stderr] 38 | struct PortfolioSnapshot {
[INFO] [stderr]    |        ----------------- field in this struct
[INFO] [stderr] 39 |     provider_wallet: String,
[INFO] [stderr]    |     ^^^^^^^^^^^^^^^
[INFO] [stderr]    |
[INFO] [stderr]    = note: `PortfolioSnapshot` has derived impls for the traits `Debug` and `Clone`, but these are intentionally ignored during dead code analysis
[INFO] [stderr] 
[INFO] [stderr] warning: `nodeunion-agent` (bin "nodeunion-agent") generated 3 warnings (1 duplicate)
[INFO] [stderr] warning: `nodeunion-agent` (bin "nodeunion-agent" test) generated 3 warnings (3 duplicates)
[INFO] [stderr] warning: `nodeunion-agent` (bin "nodeunion-agent-local-tui") generated 2 warnings
[INFO] [stderr] warning: `nodeunion-agent` (bin "nodeunion-agent-local-tui" test) generated 2 warnings (2 duplicates)
[INFO] [stderr] warning: `nodeunion-agent` (lib test) generated 1 warning (1 duplicate)
[INFO] [stderr]     Finished `release` profile [optimized] target(s) in 0.24s
[INFO] [stderr]      Running unittests src/lib.rs (/opt/rustwide/target/release/deps/nodeunion_agent-810d0392ded8b4c9)
[INFO] [stdout] 
[INFO] [stdout] running 7 tests
[INFO] [stdout] test app_state::tests::running_chunks_count_tracks_insertions ... ok
[INFO] [stdout] test idle_detector::tests::becomes_idle_when_cpu_is_low_and_no_running_chunks ... ok
[INFO] [stdout] test app_state::tests::cpu_window_is_bounded_and_average_is_correct ... ok
[INFO] [stdout] test idle_detector::tests::becomes_preempting_after_two_high_cpu_spikes_with_running_chunks ... ok
[INFO] [stdout] test idle_detector::tests::becomes_draining_when_not_idle_and_no_running_chunks ... ok
[INFO] [stdout] test orchestrator_client::tests::send_heartbeat_succeeds_against_local_server ... ok
[INFO] [stderr]      Running unittests src/main.rs (/opt/rustwide/target/release/deps/nodeunion_agent-1bb7f7f04f057b81)
[INFO] [stdout] test orchestrator_client::tests::send_chunk_status_retries_and_then_succeeds ... ok
[INFO] [stdout] 
[INFO] [stdout] test result: ok. 7 passed; 0 failed; 0 ignored; 0 measured; 0 filtered out; finished in 0.32s
[INFO] [stdout] 
[INFO] [stdout] 
[INFO] [stdout] running 7 tests
[INFO] [stdout] test idle_detector::tests::becomes_idle_when_cpu_is_low_and_no_running_chunks ... ok
[INFO] [stdout] test app_state::tests::cpu_window_is_bounded_and_average_is_correct ... ok
[INFO] [stdout] test idle_detector::tests::becomes_preempting_after_two_high_cpu_spikes_with_running_chunks ... ok
[INFO] [stdout] test idle_detector::tests::becomes_draining_when_not_idle_and_no_running_chunks ... ok
[INFO] [stdout] test app_state::tests::running_chunks_count_tracks_insertions ... ok
[INFO] [stdout] test orchestrator_client::tests::send_heartbeat_succeeds_against_local_server ... ok
[INFO] [stdout] test orchestrator_client::tests::send_chunk_status_retries_and_then_succeeds ... ok
[INFO] [stdout] 
[INFO] [stdout] test result: ok. 7 passed; 0 failed; 0 ignored; 0 measured; 0 filtered out; finished in 0.30s
[INFO] [stdout] 
[INFO] [stderr]      Running unittests src/bin/launch_tui.rs (/opt/rustwide/target/release/deps/nodeunion_agent_launch_tui-9b684af6136277d2)
[INFO] [stdout] 
[INFO] [stdout] running 0 tests
[INFO] [stdout] 
[INFO] [stdout] test result: ok. 0 passed; 0 failed; 0 ignored; 0 measured; 0 filtered out; finished in 0.00s
[INFO] [stdout] 
[INFO] [stderr]      Running unittests src/bin/local_tui.rs (/opt/rustwide/target/release/deps/nodeunion_agent_local_tui-3da42ef68c412b9e)
[INFO] [stdout] 
[INFO] [stderr]      Running unittests src/bin/quickstart.rs (/opt/rustwide/target/release/deps/nodeunion_agent_quickstart-19cae0574eb1ffe4)
[INFO] [stdout] running 0 tests
[INFO] [stdout] 
[INFO] [stdout] test result: ok. 0 passed; 0 failed; 0 ignored; 0 measured; 0 filtered out; finished in 0.00s
[INFO] [stdout] 
[INFO] [stdout] 
[INFO] [stdout] running 0 tests
[INFO] [stdout] 
[INFO] [stdout] test result: ok. 0 passed; 0 failed; 0 ignored; 0 measured; 0 filtered out; finished in 0.00s
[INFO] [stdout] 
[INFO] [stderr]      Running tests/api_test.rs (/opt/rustwide/target/release/deps/api_test-80501111e3063d9d)
[INFO] [stdout] 
[INFO] [stdout] running 4 tests
[INFO] [stdout] test stop_endpoint_removes_chunk_from_state ... ignored, requires Docker daemon and a real container to stop
[INFO] [stdout] test run_endpoint_rejects_empty_image ... FAILED
[INFO] [stdout] test health_endpoint_returns_200 ... FAILED
[INFO] [stdout] test stop_endpoint_returns_404_for_unknown_chunk ... FAILED
[INFO] [stdout] 
[INFO] [stdout] failures:
[INFO] [stdout] 
[INFO] [stdout] ---- run_endpoint_rejects_empty_image stdout ----
[INFO] [stdout] 
[INFO] [stdout] thread 'run_endpoint_rejects_empty_image' (2290) panicked at tests/api_test.rs:51:29:
[INFO] [stdout] Docker daemon must be running for integration tests
[INFO] [stdout] stack backtrace:
[INFO] [stdout]    0:     0x57e720815481 - <<std[70759c8f55707aa4]::sys::backtrace::BacktraceLock>::print::DisplayBacktrace as core[df12db4294e9bfd3]::fmt::Display>::fmt
[INFO] [stdout]    1:     0x57e72082cf8a - core[df12db4294e9bfd3]::fmt::write
[INFO] [stdout]    2:     0x57e72081aa1c - <alloc[2182bb758b4b3781]::vec::Vec<u8> as core[df12db4294e9bfd3]::io::write::Write>::write_fmt
[INFO] [stdout]    3:     0x57e7207efce6 - std[70759c8f55707aa4]::panicking::default_hook::{closure#0}
[INFO] [stdout]    4:     0x57e72080d139 - std[70759c8f55707aa4]::panicking::default_hook
[INFO] [stdout]    5:     0x57e72043db40 - test[9d35eded1c95d3be]::test_main_inner::<test[9d35eded1c95d3be]::test_main_static::{closure#0}>::{closure#0}
[INFO] [stdout]    6:     0x57e72080d462 - std[70759c8f55707aa4]::panicking::panic_with_hook
[INFO] [stdout]    7:     0x57e7207efdc4 - std[70759c8f55707aa4]::panicking::panic_handler::{closure#0}
[INFO] [stdout]    8:     0x57e7207e84a9 - std[70759c8f55707aa4]::sys::backtrace::__rust_end_short_backtrace::<std[70759c8f55707aa4]::panicking::panic_handler::{closure#0}, !>
[INFO] [stdout]    9:     0x57e7207f0c8d - __rustc[8fa7c3cbc660c2b3]::rust_begin_unwind
[INFO] [stdout]   10:     0x57e72082d6ec - core[df12db4294e9bfd3]::panicking::panic_fmt
[INFO] [stdout]   11:     0x57e720423b27 - api_test[cee068a6b4d2dc51]::create_test_app_state::{closure#0}::{closure#0}
[INFO] [stdout]   12:     0x57e72042425e - api_test[cee068a6b4d2dc51]::create_test_app_state::{closure#0}
[INFO] [stdout]   13:     0x57e720424815 - api_test[cee068a6b4d2dc51]::run_endpoint_rejects_empty_image::{closure#0}
[INFO] [stdout]   14:     0x57e720428a03 - <tokio[7bdcf8e2d56aaa56]::runtime::scheduler::current_thread::Context>::enter::<core[df12db4294e9bfd3]::task::poll::Poll<()>, <tokio[7bdcf8e2d56aaa56]::runtime::scheduler::current_thread::CoreGuard>::block_on<core[df12db4294e9bfd3]::pin::Pin<&mut core[df12db4294e9bfd3]::pin::Pin<&mut dyn core[df12db4294e9bfd3]::future::future::Future<Output = ()>>>>::{closure#0}::{closure#0}>
[INFO] [stdout]   15:     0x57e7204270cc - <tokio[7bdcf8e2d56aaa56]::runtime::context::scoped::Scoped<tokio[7bdcf8e2d56aaa56]::runtime::scheduler::Context>>::set::<<tokio[7bdcf8e2d56aaa56]::runtime::scheduler::current_thread::CoreGuard>::enter<<tokio[7bdcf8e2d56aaa56]::runtime::scheduler::current_thread::CoreGuard>::block_on<core[df12db4294e9bfd3]::pin::Pin<&mut core[df12db4294e9bfd3]::pin::Pin<&mut dyn core[df12db4294e9bfd3]::future::future::Future<Output = ()>>>>::{closure#0}, core[df12db4294e9bfd3]::option::Option<()>>::{closure#0}, (alloc[2182bb758b4b3781]::boxed::Box<tokio[7bdcf8e2d56aaa56]::runtime::scheduler::current_thread::Core>, core[df12db4294e9bfd3]::option::Option<()>)>
[INFO] [stdout]   16:     0x57e720428d57 - <tokio[7bdcf8e2d56aaa56]::runtime::scheduler::current_thread::CoreGuard>::block_on::<core[df12db4294e9bfd3]::pin::Pin<&mut core[df12db4294e9bfd3]::pin::Pin<&mut dyn core[df12db4294e9bfd3]::future::future::Future<Output = ()>>>>
[INFO] [stdout]   17:     0x57e72042c577 - tokio[7bdcf8e2d56aaa56]::runtime::context::runtime::enter_runtime::<<tokio[7bdcf8e2d56aaa56]::runtime::scheduler::current_thread::CurrentThread>::block_on<core[df12db4294e9bfd3]::pin::Pin<&mut dyn core[df12db4294e9bfd3]::future::future::Future<Output = ()>>>::{closure#0}, ()>
[INFO] [stdout]   18:     0x57e720426fa5 - <tokio[7bdcf8e2d56aaa56]::runtime::runtime::Runtime>::block_on::<core[df12db4294e9bfd3]::pin::Pin<&mut dyn core[df12db4294e9bfd3]::future::future::Future<Output = ()>>>
[INFO] [stdout]   19:     0x57e720426b6e - <api_test[cee068a6b4d2dc51]::run_endpoint_rejects_empty_image::{closure#0} as core[df12db4294e9bfd3]::ops::function::FnOnce<()>>::call_once
[INFO] [stdout]   20:     0x57e720430e2b - test[9d35eded1c95d3be]::__rust_begin_short_backtrace::<core[df12db4294e9bfd3]::result::Result<(), alloc[2182bb758b4b3781]::string::String>, fn() -> core[df12db4294e9bfd3]::result::Result<(), alloc[2182bb758b4b3781]::string::String>>
[INFO] [stdout]   21:     0x57e72043e495 - test[9d35eded1c95d3be]::run_test::{closure#0}
[INFO] [stdout]   22:     0x57e720437d54 - std[70759c8f55707aa4]::sys::backtrace::__rust_begin_short_backtrace::<test[9d35eded1c95d3be]::run_test::{closure#1}, ()>
[INFO] [stdout]   23:     0x57e7204415f2 - <std[70759c8f55707aa4]::thread::lifecycle::spawn_unchecked<test[9d35eded1c95d3be]::run_test::{closure#1}, ()>::{closure#1} as core[df12db4294e9bfd3]::ops::function::FnOnce<()>>::call_once::{shim:vtable#0}
[INFO] [stdout]   24:     0x57e720814759 - <std[70759c8f55707aa4]::sys::thread::unix::Thread>::new::thread_start
[INFO] [stdout]   25:     0x7fd187a30dfa - <unknown>
[INFO] [stdout]   26:     0x7fd187ac43d4 - clone
[INFO] [stdout]   27:                0x0 - <unknown>
[INFO] [stdout] 
[INFO] [stdout] ---- health_endpoint_returns_200 stdout ----
[INFO] [stdout] 
[INFO] [stdout] thread 'health_endpoint_returns_200' (2289) panicked at tests/api_test.rs:51:29:
[INFO] [stdout] Docker daemon must be running for integration tests
[INFO] [stdout] stack backtrace:
[INFO] [stdout]    0:     0x57e720815481 - <<std[70759c8f55707aa4]::sys::backtrace::BacktraceLock>::print::DisplayBacktrace as core[df12db4294e9bfd3]::fmt::Display>::fmt
[INFO] [stdout]    1:     0x57e72082cf8a - core[df12db4294e9bfd3]::fmt::write
[INFO] [stdout]    2:     0x57e72081aa1c - <alloc[2182bb758b4b3781]::vec::Vec<u8> as core[df12db4294e9bfd3]::io::write::Write>::write_fmt
[INFO] [stdout]    3:     0x57e7207efce6 - std[70759c8f55707aa4]::panicking::default_hook::{closure#0}
[INFO] [stdout]    4:     0x57e72080d139 - std[70759c8f55707aa4]::panicking::default_hook
[INFO] [stdout]    5:     0x57e72043db40 - test[9d35eded1c95d3be]::test_main_inner::<test[9d35eded1c95d3be]::test_main_static::{closure#0}>::{closure#0}
[INFO] [stdout]    6:     0x57e72080d462 - std[70759c8f55707aa4]::panicking::panic_with_hook
[INFO] [stdout]    7:     0x57e7207efdc4 - std[70759c8f55707aa4]::panicking::panic_handler::{closure#0}
[INFO] [stdout]    8:     0x57e7207e84a9 - std[70759c8f55707aa4]::sys::backtrace::__rust_end_short_backtrace::<std[70759c8f55707aa4]::panicking::panic_handler::{closure#0}, !>
[INFO] [stdout]    9:     0x57e7207f0c8d - __rustc[8fa7c3cbc660c2b3]::rust_begin_unwind
[INFO] [stdout]   10:     0x57e72082d6ec - core[df12db4294e9bfd3]::panicking::panic_fmt
[INFO] [stdout]   11:     0x57e720423b27 - api_test[cee068a6b4d2dc51]::create_test_app_state::{closure#0}::{closure#0}
[INFO] [stdout]   12:     0x57e72042425e - api_test[cee068a6b4d2dc51]::create_test_app_state::{closure#0}
[INFO] [stdout]   13:     0x57e7204243e5 - api_test[cee068a6b4d2dc51]::health_endpoint_returns_200::{closure#0}
[INFO] [stdout]   14:     0x57e720428a03 - <tokio[7bdcf8e2d56aaa56]::runtime::scheduler::current_thread::Context>::enter::<core[df12db4294e9bfd3]::task::poll::Poll<()>, <tokio[7bdcf8e2d56aaa56]::runtime::scheduler::current_thread::CoreGuard>::block_on<core[df12db4294e9bfd3]::pin::Pin<&mut core[df12db4294e9bfd3]::pin::Pin<&mut dyn core[df12db4294e9bfd3]::future::future::Future<Output = ()>>>>::{closure#0}::{closure#0}>
[INFO] [stdout]   15:     0x57e7204270cc - <tokio[7bdcf8e2d56aaa56]::runtime::context::scoped::Scoped<tokio[7bdcf8e2d56aaa56]::runtime::scheduler::Context>>::set::<<tokio[7bdcf8e2d56aaa56]::runtime::scheduler::current_thread::CoreGuard>::enter<<tokio[7bdcf8e2d56aaa56]::runtime::scheduler::current_thread::CoreGuard>::block_on<core[df12db4294e9bfd3]::pin::Pin<&mut core[df12db4294e9bfd3]::pin::Pin<&mut dyn core[df12db4294e9bfd3]::future::future::Future<Output = ()>>>>::{closure#0}, core[df12db4294e9bfd3]::option::Option<()>>::{closure#0}, (alloc[2182bb758b4b3781]::boxed::Box<tokio[7bdcf8e2d56aaa56]::runtime::scheduler::current_thread::Core>, core[df12db4294e9bfd3]::option::Option<()>)>
[INFO] [stdout]   16:     0x57e720428d57 - <tokio[7bdcf8e2d56aaa56]::runtime::scheduler::current_thread::CoreGuard>::block_on::<core[df12db4294e9bfd3]::pin::Pin<&mut core[df12db4294e9bfd3]::pin::Pin<&mut dyn core[df12db4294e9bfd3]::future::future::Future<Output = ()>>>>
[INFO] [stdout]   17:     0x57e72042c577 - tokio[7bdcf8e2d56aaa56]::runtime::context::runtime::enter_runtime::<<tokio[7bdcf8e2d56aaa56]::runtime::scheduler::current_thread::CurrentThread>::block_on<core[df12db4294e9bfd3]::pin::Pin<&mut dyn core[df12db4294e9bfd3]::future::future::Future<Output = ()>>>::{closure#0}, ()>
[INFO] [stdout]   18:     0x57e720426fa5 - <tokio[7bdcf8e2d56aaa56]::runtime::runtime::Runtime>::block_on::<core[df12db4294e9bfd3]::pin::Pin<&mut dyn core[df12db4294e9bfd3]::future::future::Future<Output = ()>>>
[INFO] [stdout]   19:     0x57e7204269ae - <api_test[cee068a6b4d2dc51]::health_endpoint_returns_200::{closure#0} as core[df12db4294e9bfd3]::ops::function::FnOnce<()>>::call_once
[INFO] [stdout]   20:     0x57e720430e2b - test[9d35eded1c95d3be]::__rust_begin_short_backtrace::<core[df12db4294e9bfd3]::result::Result<(), alloc[2182bb758b4b3781]::string::String>, fn() -> core[df12db4294e9bfd3]::result::Result<(), alloc[2182bb758b4b3781]::string::String>>
[INFO] [stdout]   21:     0x57e72043e495 - test[9d35eded1c95d3be]::run_test::{closure#0}
[INFO] [stdout]   22:     0x57e720437d54 - std[70759c8f55707aa4]::sys::backtrace::__rust_begin_short_backtrace::<test[9d35eded1c95d3be]::run_test::{closure#1}, ()>
[INFO] [stdout]   23:     0x57e7204415f2 - <std[70759c8f55707aa4]::thread::lifecycle::spawn_unchecked<test[9d35eded1c95d3be]::run_test::{closure#1}, ()>::{closure#1} as core[df12db4294e9bfd3]::ops::function::FnOnce<()>>::call_once::{shim:vtable#0}
[INFO] [stdout]   24:     0x57e720814759 - <std[70759c8f55707aa4]::sys::thread::unix::Thread>::new::thread_start
[INFO] [stdout]   25:     0x7fd187a30dfa - <unknown>
[INFO] [stdout]   26:     0x7fd187ac43d4 - clone
[INFO] [stdout]   27:                0x0 - <unknown>
[INFO] [stdout] 
[INFO] [stdout] ---- stop_endpoint_returns_404_for_unknown_chunk stdout ----
[INFO] [stdout] 
[INFO] [stdout] thread 'stop_endpoint_returns_404_for_unknown_chunk' (2291) panicked at tests/api_test.rs:51:29:
[INFO] [stdout] Docker daemon must be running for integration tests
[INFO] [stdout] stack backtrace:
[INFO] [stdout]    0:     0x57e720815481 - <<std[70759c8f55707aa4]::sys::backtrace::BacktraceLock>::print::DisplayBacktrace as core[df12db4294e9bfd3]::fmt::Display>::fmt
[INFO] [stdout]    1:     0x57e72082cf8a - core[df12db4294e9bfd3]::fmt::write
[INFO] [stdout]    2:     0x57e72081aa1c - <alloc[2182bb758b4b3781]::vec::Vec<u8> as core[df12db4294e9bfd3]::io::write::Write>::write_fmt
[INFO] [stdout]    3:     0x57e7207efce6 - std[70759c8f55707aa4]::panicking::default_hook::{closure#0}
[INFO] [stdout]    4:     0x57e72080d139 - std[70759c8f55707aa4]::panicking::default_hook
[INFO] [stdout]    5:     0x57e72043db40 - test[9d35eded1c95d3be]::test_main_inner::<test[9d35eded1c95d3be]::test_main_static::{closure#0}>::{closure#0}
[INFO] [stdout]    6:     0x57e72080d462 - std[70759c8f55707aa4]::panicking::panic_with_hook
[INFO] [stdout]    7:     0x57e7207efdc4 - std[70759c8f55707aa4]::panicking::panic_handler::{closure#0}
[INFO] [stdout]    8:     0x57e7207e84a9 - std[70759c8f55707aa4]::sys::backtrace::__rust_end_short_backtrace::<std[70759c8f55707aa4]::panicking::panic_handler::{closure#0}, !>
[INFO] [stdout]    9:     0x57e7207f0c8d - __rustc[8fa7c3cbc660c2b3]::rust_begin_unwind
[INFO] [stdout]   10:     0x57e72082d6ec - core[df12db4294e9bfd3]::panicking::panic_fmt
[INFO] [stdout]   11:     0x57e720423b27 - api_test[cee068a6b4d2dc51]::create_test_app_state::{closure#0}::{closure#0}
[INFO] [stdout]   12:     0x57e72042425e - api_test[cee068a6b4d2dc51]::create_test_app_state::{closure#0}
[INFO] [stdout]   13:     0x57e7204261a5 - api_test[cee068a6b4d2dc51]::stop_endpoint_returns_404_for_unknown_chunk::{closure#0}
[INFO] [stdout]   14:     0x57e720428a03 - <tokio[7bdcf8e2d56aaa56]::runtime::scheduler::current_thread::Context>::enter::<core[df12db4294e9bfd3]::task::poll::Poll<()>, <tokio[7bdcf8e2d56aaa56]::runtime::scheduler::current_thread::CoreGuard>::block_on<core[df12db4294e9bfd3]::pin::Pin<&mut core[df12db4294e9bfd3]::pin::Pin<&mut dyn core[df12db4294e9bfd3]::future::future::Future<Output = ()>>>>::{closure#0}::{closure#0}>
[INFO] [stdout]   15:     0x57e7204270cc - <tokio[7bdcf8e2d56aaa56]::runtime::context::scoped::Scoped<tokio[7bdcf8e2d56aaa56]::runtime::scheduler::Context>>::set::<<tokio[7bdcf8e2d56aaa56]::runtime::scheduler::current_thread::CoreGuard>::enter<<tokio[7bdcf8e2d56aaa56]::runtime::scheduler::current_thread::CoreGuard>::block_on<core[df12db4294e9bfd3]::pin::Pin<&mut core[df12db4294e9bfd3]::pin::Pin<&mut dyn core[df12db4294e9bfd3]::future::future::Future<Output = ()>>>>::{closure#0}, core[df12db4294e9bfd3]::option::Option<()>>::{closure#0}, (alloc[2182bb758b4b3781]::boxed::Box<tokio[7bdcf8e2d56aaa56]::runtime::scheduler::current_thread::Core>, core[df12db4294e9bfd3]::option::Option<()>)>
[INFO] [stdout]   16:     0x57e720428d57 - <tokio[7bdcf8e2d56aaa56]::runtime::scheduler::current_thread::CoreGuard>::block_on::<core[df12db4294e9bfd3]::pin::Pin<&mut core[df12db4294e9bfd3]::pin::Pin<&mut dyn core[df12db4294e9bfd3]::future::future::Future<Output = ()>>>>
[INFO] [stdout]   17:     0x57e72042c577 - tokio[7bdcf8e2d56aaa56]::runtime::context::runtime::enter_runtime::<<tokio[7bdcf8e2d56aaa56]::runtime::scheduler::current_thread::CurrentThread>::block_on<core[df12db4294e9bfd3]::pin::Pin<&mut dyn core[df12db4294e9bfd3]::future::future::Future<Output = ()>>>::{closure#0}, ()>
[INFO] [stdout]   18:     0x57e720426fa5 - <tokio[7bdcf8e2d56aaa56]::runtime::runtime::Runtime>::block_on::<core[df12db4294e9bfd3]::pin::Pin<&mut dyn core[df12db4294e9bfd3]::future::future::Future<Output = ()>>>
[INFO] [stdout]   19:     0x57e720426e2e - <api_test[cee068a6b4d2dc51]::stop_endpoint_returns_404_for_unknown_chunk::{closure#0} as core[df12db4294e9bfd3]::ops::function::FnOnce<()>>::call_once
[INFO] [stdout]   20:     0x57e720430e2b - test[9d35eded1c95d3be]::__rust_begin_short_backtrace::<core[df12db4294e9bfd3]::result::Result<(), alloc[2182bb758b4b3781]::string::String>, fn() -> core[df12db4294e9bfd3]::result::Result<(), alloc[2182bb758b4b3781]::string::String>>
[INFO] [stdout]   21:     0x57e72043e495 - test[9d35eded1c95d3be]::run_test::{closure#0}
[INFO] [stdout]   22:     0x57e720437d54 - std[70759c8f55707aa4]::sys::backtrace::__rust_begin_short_backtrace::<test[9d35eded1c95d3be]::run_test::{closure#1}, ()>
[INFO] [stdout]   23:     0x57e7204415f2 - <std[70759c8f55707aa4]::thread::lifecycle::spawn_unchecked<test[9d35eded1c95d3be]::run_test::{closure#1}, ()>::{closure#1} as core[df12db4294e9bfd3]::ops::function::FnOnce<()>>::call_once::{shim:vtable#0}
[INFO] [stdout]   24:     0x57e720814759 - <std[70759c8f55707aa4]::sys::thread::unix::Thread>::new::thread_start
[INFO] [stdout]   25:     0x7fd187a30dfa - <unknown>
[INFO] [stdout]   26:     0x7fd187ac43d4 - clone
[INFO] [stdout]   27:                0x0 - <unknown>
[INFO] [stdout] 
[INFO] [stdout] 
[INFO] [stdout] failures:
[INFO] [stdout]     health_endpoint_returns_200
[INFO] [stdout]     run_endpoint_rejects_empty_image
[INFO] [stdout]     stop_endpoint_returns_404_for_unknown_chunk
[INFO] [stdout] 
[INFO] [stdout] test result: FAILED. 0 passed; 3 failed; 1 ignored; 0 measured; 0 filtered out; finished in 0.04s
[INFO] [stdout] 
[INFO] [stderr] error: test failed, to rerun pass `--test api_test`
[INFO] running `Command { std: "docker" "inspect" "e276d9ae11b26cfd51e1cd7509d14facd7ed6bd86d5bc00f66cac22cdea46869", kill_on_drop: false }`
[INFO] running `Command { std: "docker" "rm" "-f" "e276d9ae11b26cfd51e1cd7509d14facd7ed6bd86d5bc00f66cac22cdea46869", kill_on_drop: false }`
[INFO] [stdout] e276d9ae11b26cfd51e1cd7509d14facd7ed6bd86d5bc00f66cac22cdea46869
