[INFO] fetching crate nodedb-client 0.4.0...
[INFO] testing nodedb-client-0.4.0 against 1.99.0-beta.8+cargoflags=--release for beta-release-1.100-2
[INFO] extracting crate nodedb-client 0.4.0 into /workspace/builds/worker-1-tc1/source
[INFO] started tweaking crates.io crate nodedb-client 0.4.0
[INFO] finished tweaking crates.io crate nodedb-client 0.4.0
[INFO] tweaked toml for crates.io crate nodedb-client 0.4.0 written to /workspace/builds/worker-1-tc1/source/Cargo.toml
[INFO] validating manifest of crates.io crate nodedb-client 0.4.0 on toolchain 1.99.0-beta.8
[INFO] running `Command { std: CARGO_HOME="/workspace/cargo-home" RUSTUP_HOME="/workspace/rustup-home" "/workspace/cargo-home/bin/cargo" "+1.99.0-beta.8" "metadata" "--manifest-path" "Cargo.toml" "--no-deps", kill_on_drop: false }`
[INFO] crate crates.io crate nodedb-client 0.4.0 already has a lockfile, it will not be regenerated
[INFO] running `Command { std: CARGO_HOME="/workspace/cargo-home" RUSTUP_HOME="/workspace/rustup-home" "/workspace/cargo-home/bin/cargo" "+1.99.0-beta.8" "fetch" "--manifest-path" "Cargo.toml", kill_on_drop: false }`
[INFO] [stderr]     Updating crates.io index
[INFO] [stderr]  Downloading crates ...
[INFO] [stderr]   Downloaded postgres-protocol v0.6.12
[INFO] [stderr]   Downloaded tokio-postgres v0.7.18
[INFO] [stderr]   Downloaded zerompk_derive v0.6.0
[INFO] [stderr]   Downloaded zerompk v0.6.0
[INFO] [stderr]   Downloaded rkyv_derive v0.8.16
[INFO] [stderr]   Downloaded dtype_dispatch v0.2.1
[INFO] [stderr]   Downloaded better_io v0.2.0
[INFO] [stderr]   Downloaded postgres-types v0.2.14
[INFO] [stderr]   Downloaded nodedb-codec v0.4.0
[INFO] [stderr]   Downloaded rkyv v0.8.16
[INFO] [stderr]   Downloaded pco v1.0.2
[INFO] [stderr]   Downloaded rust_decimal v1.42.0
[INFO] [stderr]   Downloaded sonic-rs v0.5.8
[INFO] [stderr]   Downloaded nodedb-types v0.4.0
[INFO] [stderr]   Downloaded nalgebra v0.33.3
[INFO] running `Command { std: "docker" "create" "-v" "/var/lib/crater-agent-workspace/builds/worker-1-tc1/source:/opt/rustwide/workdir:ro,Z" "-v" "/var/lib/crater-agent-workspace/builds/worker-1-tc1/target:/opt/rustwide/target:rw,Z" "-v" "/var/lib/crater-agent-workspace/cargo-home:/opt/rustwide/cargo-home:ro,Z" "-v" "/var/lib/crater-agent-workspace/rustup-home:/opt/rustwide/rustup-home:ro,Z" "-m" "1610612736" "--network" "none" "ghcr.io/rust-lang/crates-build-env/linux@sha256:77db811e55d90add9212f6832c23229e3de5f1c1f9905e8cb07319ea15df73ac" "sleep" "infinity", kill_on_drop: false }`
[INFO] [stdout] 91def32b7c0a56f61e1c9e77b6401a5096bbe97f6ee12a50973ecb22ee7081a0
[INFO] running `Command { std: "docker" "start" "91def32b7c0a56f61e1c9e77b6401a5096bbe97f6ee12a50973ecb22ee7081a0", kill_on_drop: false }`
[INFO] running `Command { std: "docker" "inspect" "91def32b7c0a56f61e1c9e77b6401a5096bbe97f6ee12a50973ecb22ee7081a0", kill_on_drop: false }`
[INFO] running `Command { std: "docker" "exec" "-e" "SOURCE_DIR=/opt/rustwide/workdir" "-e" "CARGO_HOME=/opt/rustwide/cargo-home" "-e" "RUSTUP_HOME=/opt/rustwide/rustup-home" "-e" "CARGO_TARGET_DIR=/opt/rustwide/target" "-w" "/opt/rustwide/workdir" "--user" "0:0" "91def32b7c0a56f61e1c9e77b6401a5096bbe97f6ee12a50973ecb22ee7081a0" "/opt/rustwide/cargo-home/bin/cargo" "+1.99.0-beta.8" "metadata" "--no-deps" "--format-version=1", kill_on_drop: false }`
[INFO] running `Command { std: "docker" "inspect" "91def32b7c0a56f61e1c9e77b6401a5096bbe97f6ee12a50973ecb22ee7081a0", kill_on_drop: false }`
[INFO] running `Command { std: "docker" "exec" "-e" "SOURCE_DIR=/opt/rustwide/workdir" "-e" "CARGO_HOME=/opt/rustwide/cargo-home" "-e" "RUSTUP_HOME=/opt/rustwide/rustup-home" "-e" "CARGO_TARGET_DIR=/opt/rustwide/target" "-e" "CARGO_INCREMENTAL=0" "-e" "RUST_BACKTRACE=full" "-e" "RUSTFLAGS=--cap-lints=warn" "-e" "RUSTDOCFLAGS=--cap-lints=warn" "-w" "/opt/rustwide/workdir" "--user" "0:0" "91def32b7c0a56f61e1c9e77b6401a5096bbe97f6ee12a50973ecb22ee7081a0" "/opt/rustwide/cargo-home/bin/cargo" "+1.99.0-beta.8" "build" "--frozen" "--message-format=json" "--release", kill_on_drop: false }`
[INFO] [stderr]    Compiling libc v0.2.186
[INFO] [stderr]    Compiling zerocopy v0.8.50
[INFO] [stderr]    Compiling generic-array v0.14.9
[INFO] [stderr]    Compiling num-traits v0.2.19
[INFO] [stderr]    Compiling matrixmultiply v0.3.10
[INFO] [stderr]    Compiling zerocopy-derive v0.8.50
[INFO] [stderr]    Compiling bytemuck_derive v1.10.2
[INFO] [stderr]    Compiling serde_derive v1.0.228
[INFO] [stderr]    Compiling ptr_meta_derive v0.3.1
[INFO] [stderr]    Compiling ref-cast-impl v1.0.25
[INFO] [stderr]    Compiling bytecheck_derive v0.8.2
[INFO] [stderr]    Compiling thiserror-impl v2.0.18
[INFO] [stderr]    Compiling pco v1.0.2
[INFO] [stderr]    Compiling rawpointer v0.2.1
[INFO] [stderr]    Compiling crc32c v0.6.8
[INFO] [stderr]    Compiling zerompk_derive v0.6.0
[INFO] [stderr]    Compiling nalgebra-macros v0.2.2
[INFO] [stderr]    Compiling munge_macro v0.4.7
[INFO] [stderr]    Compiling rust_decimal v1.42.0
[INFO] [stderr]    Compiling ptr_meta v0.3.1
[INFO] [stderr]    Compiling rancor v0.1.1
[INFO] [stderr]    Compiling ref-cast v1.0.25
[INFO] [stderr]    Compiling dtype_dispatch v0.2.1
[INFO] [stderr]    Compiling better_io v0.2.0
[INFO] [stderr]    Compiling bumpalo v3.20.3
[INFO] [stderr]    Compiling memchr v2.8.1
[INFO] [stderr]    Compiling bytecheck v0.8.2
[INFO] [stderr]    Compiling tracing-attributes v0.1.31
[INFO] [stderr]    Compiling rkyv_derive v0.8.16
[INFO] [stderr]    Compiling munge v0.4.7
[INFO] [stderr]    Compiling lz4_flex v0.11.6
[INFO] [stderr]    Compiling inout v0.1.4
[INFO] [stderr]    Compiling block-buffer v0.10.4
[INFO] [stderr]    Compiling jobserver v0.1.34
[INFO] [stderr]    Compiling rend v0.5.3
[INFO] [stderr]    Compiling async-trait v0.1.89
[INFO] [stderr]    Compiling cc v1.2.63
[INFO] [stderr]    Compiling num-complex v0.4.6
[INFO] [stderr]    Compiling approx v0.5.1
[INFO] [stderr]    Compiling num-integer v0.1.46
[INFO] [stderr]    Compiling bytemuck v1.25.0
[INFO] [stderr]    Compiling thiserror v2.0.18
[INFO] [stderr]    Compiling getrandom v0.2.17
[INFO] [stderr]    Compiling getrandom v0.3.4
[INFO] [stderr]    Compiling getrandom v0.4.2
[INFO] [stderr]    Compiling rand_core v0.6.4
[INFO] [stderr]    Compiling safe_arch v0.7.4
[INFO] [stderr]    Compiling rand_core v0.9.5
[INFO] [stderr]    Compiling num-rational v0.4.2
[INFO] [stderr]    Compiling crypto-common v0.1.6
[INFO] [stderr]    Compiling rand_xoshiro v0.6.0
[INFO] [stderr]    Compiling universal-hash v0.5.1
[INFO] [stderr]    Compiling cipher v0.4.4
[INFO] [stderr]    Compiling polyval v0.6.2
[INFO] [stderr]    Compiling digest v0.10.7
[INFO] [stderr]    Compiling aead v0.5.2
[INFO] [stderr]    Compiling zerompk v0.6.0
[INFO] [stderr]    Compiling serde_json v1.0.150
[INFO] [stderr]    Compiling wide v0.7.33
[INFO] [stderr]    Compiling ctr v0.9.2
[INFO] [stderr]    Compiling aes v0.8.4
[INFO] [stderr]    Compiling ghash v0.5.1
[INFO] [stderr]    Compiling sha2 v0.10.9
[INFO] [stderr]    Compiling tracing v0.1.44
[INFO] [stderr]    Compiling uuid v1.23.2
[INFO] [stderr]    Compiling roaring v0.11.4
[INFO] [stderr]    Compiling aes-gcm v0.10.3
[INFO] [stderr]    Compiling zstd-sys v2.0.16+zstd.1.5.7
[INFO] [stderr]    Compiling serde v1.0.228
[INFO] [stderr]    Compiling faststr v0.2.34
[INFO] [stderr]    Compiling simba v0.9.1
[INFO] [stderr]    Compiling rkyv v0.8.16
[INFO] [stderr]    Compiling ppv-lite86 v0.2.21
[INFO] [stderr]    Compiling ahash v0.8.12
[INFO] [stderr]    Compiling half v2.7.1
[INFO] [stderr]    Compiling sonic-rs v0.5.8
[INFO] [stderr]    Compiling rand_chacha v0.3.1
[INFO] [stderr]    Compiling rand_chacha v0.9.0
[INFO] [stderr]    Compiling rand v0.9.4
[INFO] [stderr]    Compiling rand v0.8.6
[INFO] [stderr]    Compiling ulid v1.2.1
[INFO] [stderr]    Compiling nanoid v0.4.0
[INFO] [stderr]    Compiling nalgebra v0.33.3
[INFO] [stderr]    Compiling zstd-safe v7.2.4
[INFO] [stderr]    Compiling zstd v0.13.3
[INFO] [stderr]    Compiling nodedb-codec v0.4.0
[INFO] [stderr]    Compiling nodedb-types v0.4.0
[INFO] [stderr]    Compiling nodedb-client v0.4.0 (/opt/rustwide/workdir)
[INFO] [stderr]     Finished `release` profile [optimized] target(s) in 25.87s
[INFO] running `Command { std: "docker" "inspect" "91def32b7c0a56f61e1c9e77b6401a5096bbe97f6ee12a50973ecb22ee7081a0", kill_on_drop: false }`
[INFO] running `Command { std: "docker" "exec" "-e" "SOURCE_DIR=/opt/rustwide/workdir" "-e" "CARGO_HOME=/opt/rustwide/cargo-home" "-e" "RUSTUP_HOME=/opt/rustwide/rustup-home" "-e" "CARGO_TARGET_DIR=/opt/rustwide/target" "-e" "CARGO_INCREMENTAL=0" "-e" "RUST_BACKTRACE=full" "-e" "RUSTFLAGS=--cap-lints=warn" "-e" "RUSTDOCFLAGS=--cap-lints=warn" "-w" "/opt/rustwide/workdir" "--user" "0:0" "91def32b7c0a56f61e1c9e77b6401a5096bbe97f6ee12a50973ecb22ee7081a0" "/opt/rustwide/cargo-home/bin/cargo" "+1.99.0-beta.8" "test" "--frozen" "--no-run" "--message-format=json" "--release", kill_on_drop: false }`
[INFO] [stderr]    Compiling rand_core v0.6.4
[INFO] [stderr]    Compiling ahash v0.8.12
[INFO] [stderr]    Compiling rand_chacha v0.9.0
[INFO] [stderr]    Compiling getrandom v0.4.2
[INFO] [stderr]    Compiling tokio-macros v2.7.0
[INFO] [stderr]    Compiling parking_lot_core v0.9.12
[INFO] [stderr]    Compiling uuid v1.23.2
[INFO] [stderr]    Compiling crypto-common v0.1.6
[INFO] [stderr]    Compiling rand_chacha v0.3.1
[INFO] [stderr]    Compiling rand_xoshiro v0.6.0
[INFO] [stderr]    Compiling sonic-rs v0.5.8
[INFO] [stderr]    Compiling rand v0.9.4
[INFO] [stderr]    Compiling parking_lot v0.12.5
[INFO] [stderr]    Compiling universal-hash v0.5.1
[INFO] [stderr]    Compiling cipher v0.4.4
[INFO] [stderr]    Compiling aead v0.5.2
[INFO] [stderr]    Compiling digest v0.10.7
[INFO] [stderr]    Compiling polyval v0.6.2
[INFO] [stderr]    Compiling pco v1.0.2
[INFO] [stderr]    Compiling rand v0.8.6
[INFO] [stderr]    Compiling ghash v0.5.1
[INFO] [stderr]    Compiling sha2 v0.10.9
[INFO] [stderr]    Compiling ctr v0.9.2
[INFO] [stderr]    Compiling aes v0.8.4
[INFO] [stderr]    Compiling tokio v1.52.3
[INFO] [stderr]    Compiling ulid v1.2.1
[INFO] [stderr]    Compiling aes-gcm v0.10.3
[INFO] [stderr]    Compiling nanoid v0.4.0
[INFO] [stderr]    Compiling nodedb-codec v0.4.0
[INFO] [stderr]    Compiling nodedb-types v0.4.0
[INFO] [stderr]    Compiling nodedb-client v0.4.0 (/opt/rustwide/workdir)
[INFO] [stderr]     Finished `release` profile [optimized] target(s) in 13.38s
[INFO] running `Command { std: "docker" "inspect" "91def32b7c0a56f61e1c9e77b6401a5096bbe97f6ee12a50973ecb22ee7081a0", kill_on_drop: false }`
[INFO] running `Command { std: "docker" "exec" "-e" "SOURCE_DIR=/opt/rustwide/workdir" "-e" "CARGO_HOME=/opt/rustwide/cargo-home" "-e" "RUSTUP_HOME=/opt/rustwide/rustup-home" "-e" "CARGO_TARGET_DIR=/opt/rustwide/target" "-e" "CARGO_INCREMENTAL=0" "-e" "RUST_BACKTRACE=full" "-e" "RUSTFLAGS=--cap-lints=warn" "-e" "RUSTDOCFLAGS=--cap-lints=warn" "-w" "/opt/rustwide/workdir" "--user" "0:0" "91def32b7c0a56f61e1c9e77b6401a5096bbe97f6ee12a50973ecb22ee7081a0" "/opt/rustwide/cargo-home/bin/cargo" "+1.99.0-beta.8" "test" "--frozen" "--release", kill_on_drop: false }`
[INFO] [stderr]     Finished `release` profile [optimized] target(s) in 0.09s
[INFO] [stderr]      Running unittests src/lib.rs (/opt/rustwide/target/release/deps/nodedb_client-e03afaea091a59f8)
[INFO] [stdout] 
[INFO] [stdout] running 33 tests
[INFO] [stdout] test capabilities::tests::all_bits_set ... ok
[INFO] [stdout] test capabilities::tests::default_is_zero ... ok
[INFO] [stdout] test capabilities::tests::has_arbitrary_bit ... ok
[INFO] [stdout] test capabilities::tests::no_bits_set ... ok
[INFO] [stdout] test capabilities::tests::selective_bits ... ok
[INFO] [stdout] test capabilities::tests::raw_roundtrip ... ok
[INFO] [stdout] test row_decode::dropped_collection::tests::accepts_text_encoded_u64_columns ... ok
[INFO] [stdout] test row_decode::dropped_collection::tests::bulk_decode_returns_all_rows_on_success ... ok
[INFO] [stdout] test row_decode::dropped_collection::tests::bulk_decode_short_circuits_on_bad_row ... ok
[INFO] [stdout] test row_decode::dropped_collection::tests::decodes_well_formed_row ... ok
[INFO] [stdout] test row_decode::dropped_collection::tests::null_owner_projects_to_empty_string ... ok
[INFO] [stdout] test row_decode::dropped_collection::tests::short_row_is_rejected_with_column_count ... ok
[INFO] [stdout] test row_decode::value::tests::value_as_string_decodes_string_and_null ... ok
[INFO] [stdout] test row_decode::value::tests::value_as_string_rejects_non_string_variants ... ok
[INFO] [stdout] test row_decode::value::tests::value_as_u64_accepts_integer ... ok
[INFO] [stdout] test row_decode::value::tests::value_as_u64_accepts_numeric_string ... ok
[INFO] [stdout] test row_decode::value::tests::value_as_u64_rejects_non_numeric_string ... ok
[INFO] [stdout] test row_decode::value::tests::value_as_u64_rejects_unsupported_variants ... ok
[INFO] [stdout] test traits::core::trait_def::tests::capabilities_newtype_smoke ... ok
[INFO] [stdout] test traits::core::trait_def::tests::default_capabilities_is_zero ... ok
[INFO] [stdout] test traits::core::trait_def::tests::default_proto_version_is_zero ... ok
[INFO] [stdout] test traits::core::trait_def::tests::default_limits_all_none ... ok
[INFO] [stdout] test traits::core::trait_def::tests::default_server_version_is_empty ... ok
[INFO] [stdout] test traits::core::trait_def::tests::mock_document_operations ... ok
[INFO] [stdout] test traits::core::trait_def::tests::mock_graph_stats_returns_zero ... ok
[INFO] [stdout] test traits::core::trait_def::tests::mock_graph_operations ... ok
[INFO] [stdout] test traits::core::trait_def::tests::mock_graph_stats_tenant_wide_uses_mock_key ... ok
[INFO] [stdout] test traits::core::trait_def::tests::mock_execute_sql ... ok
[INFO] [stdout] test traits::core::trait_def::tests::trait_is_object_safe ... ok
[INFO] [stdout] test traits::core::trait_def::tests::mock_vector_search ... ok
[INFO] [stdout] test traits::core::trait_def::tests::unified_api_pattern ... ok
[INFO] [stdout] test traits::core::trait_def::tests::mock_vector_insert_and_delete ... ok
[INFO] [stdout] test traits::core::trait_def::tests::trait_works_with_arc ... ok
[INFO] [stdout] 
[INFO] [stdout] test result: ok. 33 passed; 0 failed; 0 ignored; 0 measured; 0 filtered out; finished in 0.00s
[INFO] [stdout] 
[INFO] [stderr]    Doc-tests nodedb_client
[INFO] [stdout] 
[INFO] [stdout] running 1 test
[INFO] [stdout] test src/capabilities.rs - capabilities::Capabilities (line 20) - compile ... FAILED
[INFO] [stdout] 
[INFO] [stdout] failures:
[INFO] [stdout] 
[INFO] [stdout] ---- src/capabilities.rs - capabilities::Capabilities (line 20) stdout ----
[INFO] [stdout] error[E0433]: cannot find `native` in `nodedb_client`
[INFO] [stdout]   --> src/capabilities.rs:22:20
[INFO] [stdout]    |
[INFO] [stdout] 22 | use nodedb_client::native::capabilities::Capabilities;
[INFO] [stdout]    |                    ^^^^^^ could not find `native` in `nodedb_client`
[INFO] [stdout]    |
[INFO] [stdout] note: found an item that was configured out
[INFO] [stdout]   --> src/lib.rs:40:9
[INFO] [stdout]    |
[INFO] [stdout] 39 | #[cfg(feature = "native")]
[INFO] [stdout]    |       ------------------ the item is gated behind the `native` feature
[INFO] [stdout] 40 | pub mod native;
[INFO] [stdout]    |         ^^^^^^
[INFO] [stdout] 
[INFO] [stdout] error: aborting due to 1 previous error
[INFO] [stdout] 
[INFO] [stdout] For more information about this error, try `rustc --explain E0433`.
[INFO] [stdout] Couldn't compile the test.
[INFO] [stdout] 
[INFO] [stdout] failures:
[INFO] [stdout]     src/capabilities.rs - capabilities::Capabilities (line 20)
[INFO] [stdout] 
[INFO] [stdout] test result: FAILED. 0 passed; 1 failed; 0 ignored; 0 measured; 0 filtered out; finished in 0.04s
[INFO] [stdout] 
[INFO] [stdout] all doctests ran in 0.08s; merged doctests compilation took 0.04s
[INFO] [stderr] error: doctest failed, to rerun pass `--doc`
[INFO] running `Command { std: "docker" "inspect" "91def32b7c0a56f61e1c9e77b6401a5096bbe97f6ee12a50973ecb22ee7081a0", kill_on_drop: false }`
[INFO] running `Command { std: "docker" "rm" "-f" "91def32b7c0a56f61e1c9e77b6401a5096bbe97f6ee12a50973ecb22ee7081a0", kill_on_drop: false }`
[INFO] [stdout] 91def32b7c0a56f61e1c9e77b6401a5096bbe97f6ee12a50973ecb22ee7081a0
