[INFO] fetching crate node-semver 2.2.0...
[INFO] testing node-semver-2.2.0 against 1.99.0-beta.8+cargoflags=--release for beta-release-1.100-2
[INFO] extracting crate node-semver 2.2.0 into /workspace/builds/worker-1-tc1/source
[INFO] started tweaking crates.io crate node-semver 2.2.0
[INFO] finished tweaking crates.io crate node-semver 2.2.0
[INFO] tweaked toml for crates.io crate node-semver 2.2.0 written to /workspace/builds/worker-1-tc1/source/Cargo.toml
[INFO] validating manifest of crates.io crate node-semver 2.2.0 on toolchain 1.99.0-beta.8
[INFO] running `Command { std: CARGO_HOME="/workspace/cargo-home" RUSTUP_HOME="/workspace/rustup-home" "/workspace/cargo-home/bin/cargo" "+1.99.0-beta.8" "metadata" "--manifest-path" "Cargo.toml" "--no-deps", kill_on_drop: false }`
[INFO] crate crates.io crate node-semver 2.2.0 already has a lockfile, it will not be regenerated
[INFO] running `Command { std: CARGO_HOME="/workspace/cargo-home" RUSTUP_HOME="/workspace/rustup-home" "/workspace/cargo-home/bin/cargo" "+1.99.0-beta.8" "fetch" "--manifest-path" "Cargo.toml", kill_on_drop: false }`
[INFO] [stderr]     Updating crates.io index
[INFO] [stderr]  Downloading crates ...
[INFO] [stderr]   Downloaded ctor v0.1.26
[INFO] [stderr]   Downloaded output_vt100 v0.1.3
[INFO] [stderr]   Downloaded is-terminal v0.4.15
[INFO] [stderr]   Downloaded oorandom v11.1.4
[INFO] [stderr]   Downloaded difference v2.0.0
[INFO] [stderr]   Downloaded bytecount v0.6.8
[INFO] [stderr]   Downloaded miette-derive v7.5.0
[INFO] [stderr]   Downloaded miette v7.5.0
[INFO] [stderr]   Downloaded clap v4.5.28
[INFO] [stderr]   Downloaded pretty_assertions v0.6.1
[INFO] running `Command { std: "docker" "create" "-v" "/var/lib/crater-agent-workspace/builds/worker-1-tc1/source:/opt/rustwide/workdir:ro,Z" "-v" "/var/lib/crater-agent-workspace/builds/worker-1-tc1/target:/opt/rustwide/target:rw,Z" "-v" "/var/lib/crater-agent-workspace/cargo-home:/opt/rustwide/cargo-home:ro,Z" "-v" "/var/lib/crater-agent-workspace/rustup-home:/opt/rustwide/rustup-home:ro,Z" "-m" "1610612736" "--network" "none" "ghcr.io/rust-lang/crates-build-env/linux@sha256:77db811e55d90add9212f6832c23229e3de5f1c1f9905e8cb07319ea15df73ac" "sleep" "infinity", kill_on_drop: false }`
[INFO] [stdout] fb517e07524c0a62c8b28a5a9c5efafa3174efcfb9febff3112a65f912134a43
[INFO] running `Command { std: "docker" "start" "fb517e07524c0a62c8b28a5a9c5efafa3174efcfb9febff3112a65f912134a43", kill_on_drop: false }`
[INFO] running `Command { std: "docker" "inspect" "fb517e07524c0a62c8b28a5a9c5efafa3174efcfb9febff3112a65f912134a43", kill_on_drop: false }`
[INFO] running `Command { std: "docker" "exec" "-e" "SOURCE_DIR=/opt/rustwide/workdir" "-e" "CARGO_HOME=/opt/rustwide/cargo-home" "-e" "RUSTUP_HOME=/opt/rustwide/rustup-home" "-e" "CARGO_TARGET_DIR=/opt/rustwide/target" "-w" "/opt/rustwide/workdir" "--user" "0:0" "fb517e07524c0a62c8b28a5a9c5efafa3174efcfb9febff3112a65f912134a43" "/opt/rustwide/cargo-home/bin/cargo" "+1.99.0-beta.8" "metadata" "--no-deps" "--format-version=1", kill_on_drop: false }`
[INFO] running `Command { std: "docker" "inspect" "fb517e07524c0a62c8b28a5a9c5efafa3174efcfb9febff3112a65f912134a43", kill_on_drop: false }`
[INFO] running `Command { std: "docker" "exec" "-e" "SOURCE_DIR=/opt/rustwide/workdir" "-e" "CARGO_HOME=/opt/rustwide/cargo-home" "-e" "RUSTUP_HOME=/opt/rustwide/rustup-home" "-e" "CARGO_TARGET_DIR=/opt/rustwide/target" "-e" "CARGO_INCREMENTAL=0" "-e" "RUST_BACKTRACE=full" "-e" "RUSTFLAGS=--cap-lints=warn" "-e" "RUSTDOCFLAGS=--cap-lints=warn" "-w" "/opt/rustwide/workdir" "--user" "0:0" "fb517e07524c0a62c8b28a5a9c5efafa3174efcfb9febff3112a65f912134a43" "/opt/rustwide/cargo-home/bin/cargo" "+1.99.0-beta.8" "build" "--frozen" "--message-format=json" "--release", kill_on_drop: false }`
[INFO] [stderr]    Compiling unicode-ident v1.0.16
[INFO] [stderr]    Compiling serde v1.0.217
[INFO] [stderr]    Compiling minimal-lexical v0.2.1
[INFO] [stderr]    Compiling memchr v2.7.4
[INFO] [stderr]    Compiling bytecount v0.6.8
[INFO] [stderr]    Compiling proc-macro2 v1.0.93
[INFO] [stderr]    Compiling quote v1.0.38
[INFO] [stderr]    Compiling nom v7.1.3
[INFO] [stderr]    Compiling syn v2.0.98
[INFO] [stderr]    Compiling thiserror-impl v1.0.69
[INFO] [stderr]    Compiling miette-derive v7.5.0
[INFO] [stderr]    Compiling thiserror v1.0.69
[INFO] [stderr]    Compiling miette v7.5.0
[INFO] [stderr]    Compiling node-semver v2.2.0 (/opt/rustwide/workdir)
[INFO] [stderr]     Finished `release` profile [optimized] target(s) in 5.91s
[INFO] running `Command { std: "docker" "inspect" "fb517e07524c0a62c8b28a5a9c5efafa3174efcfb9febff3112a65f912134a43", kill_on_drop: false }`
[INFO] running `Command { std: "docker" "exec" "-e" "SOURCE_DIR=/opt/rustwide/workdir" "-e" "CARGO_HOME=/opt/rustwide/cargo-home" "-e" "RUSTUP_HOME=/opt/rustwide/rustup-home" "-e" "CARGO_TARGET_DIR=/opt/rustwide/target" "-e" "CARGO_INCREMENTAL=0" "-e" "RUST_BACKTRACE=full" "-e" "RUSTFLAGS=--cap-lints=warn" "-e" "RUSTDOCFLAGS=--cap-lints=warn" "-w" "/opt/rustwide/workdir" "--user" "0:0" "fb517e07524c0a62c8b28a5a9c5efafa3174efcfb9febff3112a65f912134a43" "/opt/rustwide/cargo-home/bin/cargo" "+1.99.0-beta.8" "test" "--frozen" "--no-run" "--message-format=json" "--release", kill_on_drop: false }`
[INFO] [stderr]    Compiling serde_json v1.0.138
[INFO] [stderr]    Compiling difference v2.0.0
[INFO] [stderr]    Compiling ryu v1.0.19
[INFO] [stderr]    Compiling ansi_term v0.11.0
[INFO] [stderr]    Compiling serde_derive v1.0.217
[INFO] [stderr]    Compiling pretty_assertions v0.6.1
[INFO] [stderr]    Compiling node-semver v2.2.0 (/opt/rustwide/workdir)
[INFO] [stderr]     Finished `release` profile [optimized] target(s) in 4.98s
[INFO] running `Command { std: "docker" "inspect" "fb517e07524c0a62c8b28a5a9c5efafa3174efcfb9febff3112a65f912134a43", kill_on_drop: false }`
[INFO] running `Command { std: "docker" "exec" "-e" "SOURCE_DIR=/opt/rustwide/workdir" "-e" "CARGO_HOME=/opt/rustwide/cargo-home" "-e" "RUSTUP_HOME=/opt/rustwide/rustup-home" "-e" "CARGO_TARGET_DIR=/opt/rustwide/target" "-e" "CARGO_INCREMENTAL=0" "-e" "RUST_BACKTRACE=full" "-e" "RUSTFLAGS=--cap-lints=warn" "-e" "RUSTDOCFLAGS=--cap-lints=warn" "-w" "/opt/rustwide/workdir" "--user" "0:0" "fb517e07524c0a62c8b28a5a9c5efafa3174efcfb9febff3112a65f912134a43" "/opt/rustwide/cargo-home/bin/cargo" "+1.99.0-beta.8" "test" "--frozen" "--release", kill_on_drop: false }`
[INFO] [stderr]     Finished `release` profile [optimized] target(s) in 0.03s
[INFO] [stderr]      Running unittests src/lib.rs (/opt/rustwide/target/release/deps/node_semver-edd5db245caa138e)
[INFO] [stdout] 
[INFO] [stdout] running 128 tests
[INFO] [stdout] test range::allows_all::between_two_and_eight ... ok
[INFO] [stdout] test range::allows_all::eq_123 ... ok
[INFO] [stdout] test range::allows_all::greater_than_eq_123 ... ok
[INFO] [stdout] test range::allows_all::greater_than_123 ... ok
[INFO] [stdout] test range::allows_all::lt_eq_123 ... ok
[INFO] [stdout] test range::allows_all::lt_123 ... ok
[INFO] [stdout] test range::allows_any::between_two_and_eight ... ok
[INFO] [stdout] test range::allows_all::eq_123_or_gt_400 ... ok
[INFO] [stdout] test range::allows_any::eq_123 ... ok
[INFO] [stdout] test range::allows_any::eq_123_or_gt_400 ... ok
[INFO] [stdout] test range::allows_any::greater_than_123 ... ok
[INFO] [stdout] test range::allows_any::greater_than_eq_123 ... ok
[INFO] [stdout] test range::allows_any::lt_123 ... ok
[INFO] [stdout] test range::allows_any::lt_eq_123 ... ok
[INFO] [stdout] test range::difference::eq_123 ... ok
[INFO] [stdout] test range::difference::gt_123 ... ok
[INFO] [stdout] test range::difference::gt_eq_123 ... ok
[INFO] [stdout] test range::difference::lt_123 ... ok
[INFO] [stdout] test range::difference::lt_eq_123 ... ok
[INFO] [stdout] test range::difference::multiple ... ok
[INFO] [stdout] test range::intersection::eq_123 ... ok
[INFO] [stdout] test range::intersection::gt_eq_123 ... ok
[INFO] [stdout] test range::intersection::lt_eq_123 ... ok
[INFO] [stdout] test range::intersection::gt_123 ... ok
[INFO] [stdout] test range::intersection::multiple ... ok
[INFO] [stdout] test range::ranges::one ... ok
[INFO] [stdout] test range::satisfies_ranges_tests::exact ... ok
[INFO] [stdout] test range::min_version_tests::test ... ok
[INFO] [stdout] test range::satisfies_ranges_tests::greater_than_equals ... ok
[INFO] [stdout] test range::satisfies_ranges_tests::greater_than ... ok
[INFO] [stdout] test range::satisfies_ranges_tests::less_than_equals ... ok
[INFO] [stdout] test range::satisfies_ranges_tests::less_than ... ok
[INFO] [stdout] test range::satisfies_ranges_tests::only_major ... ok
[INFO] [stdout] test range::satisfies_ranges_tests::pre_release_range ... ok
[INFO] [stdout] test range::satisfies_ranges_tests::pre_release_version ... ok
[INFO] [stdout] test range::tests::any_version_asterisk ... ok
[INFO] [stdout] test range::satisfies_ranges_tests::pre_release_version_and_range ... ok
[INFO] [stdout] test range::tests::any_version_x ... ok
[INFO] [stdout] test range::tests::beta_tilde ... ok
[INFO] [stdout] test range::tests::beta_4 ... ok
[INFO] [stdout] test range::tests::caret_minor ... ok
[INFO] [stdout] test range::tests::caret_one ... ok
[INFO] [stdout] test range::tests::beta ... ok
[INFO] [stdout] test range::tests::caret_with_patch ... ok
[INFO] [stdout] test range::tests::caret_patch ... ok
[INFO] [stdout] test range::tests::caret_zero ... ok
[INFO] [stdout] test range::intersection::lt_123 ... FAILED
[INFO] [stdout] test range::tests::caret_zero_minor ... ok
[INFO] [stdout] test range::tests::caret_with_patch_2 ... ok
[INFO] [stdout] test range::tests::either_asterisk_version_works ... ok
[INFO] [stdout] test range::tests::consistent ... ok
[INFO] [stdout] test range::tests::either_one_version_or_the_other ... ok
[INFO] [stdout] test range::tests::caret_weird ... ok
[INFO] [stdout] test range::tests::either_x_version_works ... ok
[INFO] [stdout] test range::tests::exact ... ok
[INFO] [stdout] test range::tests::garbage2 ... ok
[INFO] [stdout] test range::tests::consistent2 ... ok
[INFO] [stdout] test range::tests::garbage3 ... ok
[INFO] [stdout] test range::tests::garbage4 ... ok
[INFO] [stdout] test range::tests::grater_than_equals_one ... ok
[INFO] [stdout] test range::tests::either_one_version_range_or_another ... ok
[INFO] [stdout] test range::tests::greater_than_one_dot_two ... ok
[INFO] [stdout] test range::tests::greater_than_one ... ok
[INFO] [stdout] test range::tests::less_than_one_dot_two ... ok
[INFO] [stdout] test range::tests::garbage1 ... ok
[INFO] [stdout] test range::tests::loose_eq1 ... ok
[INFO] [stdout] test range::tests::loose1 ... ok
[INFO] [stdout] test range::tests::major_and_minor ... ok
[INFO] [stdout] test range::tests::loose2 ... ok
[INFO] [stdout] test range::tests::greater_than_with_prerelease ... ok
[INFO] [stdout] test range::tests::major_minor_patch_range ... ok
[INFO] [stdout] test range::tests::loose_eq2 ... ok
[INFO] [stdout] test range::tests::major_dot_x ... ok
[INFO] [stdout] test range::tests::minor_asterisk_patch_asterisk ... ok
[INFO] [stdout] test range::tests::minor_minor_range ... ok
[INFO] [stdout] test range::tests::mixed_major_minor ... ok
[INFO] [stdout] test range::tests::one_two_three_or_greater_than_four ... ok
[INFO] [stdout] test range::tests::mixed_major_minor_2 ... ok
[INFO] [stdout] test range::tests::only_major_and_minor ... ok
[INFO] [stdout] test range::tests::only_major_versions ... ok
[INFO] [stdout] test range::tests::patch_asterisk ... ok
[INFO] [stdout] test range::tests::patch_x ... ok
[INFO] [stdout] test range::tests::pre_release_on_both ... ok
[INFO] [stdout] test range::tests::read_version_req_from_string ... ok
[INFO] [stdout] test range::tests::serialize_a_versionreq_to_string ... ok
[INFO] [stdout] test range::tests::single_sided_lower_bound ... ok
[INFO] [stdout] test range::tests::single_sided_lower_bound_with_pre_release ... ok
[INFO] [stdout] test range::tests::single_sided_lower_equals_bound ... ok
[INFO] [stdout] test range::tests::single_sided_lower_equals_bound_2 ... ok
[INFO] [stdout] test range::tests::single_sided_only_major ... ok
[INFO] [stdout] test range::tests::single_sided_upper_bound ... ok
[INFO] [stdout] test range::tests::single_sided_upper_equals_bound ... ok
[INFO] [stdout] test range::tests::single_sided_upper_equals_bound_with_minor ... ok
[INFO] [stdout] test range::tests::space_separated1 ... ok
[INFO] [stdout] test range::tests::tilde_major_minor_zero ... ok
[INFO] [stdout] test range::tests::tilde_minor ... ok
[INFO] [stdout] test range::tests::tilde_minor_2 ... ok
[INFO] [stdout] test range::tests::tilde_with_greater_than_patch ... ok
[INFO] [stdout] test range::tests::whitespace_1 ... ok
[INFO] [stdout] test range::tests::tilde_one ... ok
[INFO] [stdout] test range::tests::whitespace_10 ... ok
[INFO] [stdout] test range::tests::whitespace_11 ... ok
[INFO] [stdout] test range::tests::whitespace_12 ... ok
[INFO] [stdout] test range::tests::whitespace_13 ... ok
[INFO] [stdout] test range::tests::whitespace_2 ... ok
[INFO] [stdout] test range::tests::whitespace_4 ... ok
[INFO] [stdout] test range::tests::whitespace_5 ... ok
[INFO] [stdout] test range::tests::whitespace_3 ... ok
[INFO] [stdout] test range::tests::whitespace_7 ... ok
[INFO] [stdout] test range::tests::whitespace_6 ... ok
[INFO] [stdout] test range::tests::whitespace_9 ... ok
[INFO] [stdout] test range::tests::x_and_asterisk_version ... ok
[INFO] [stdout] test tests::comparison_with_different_major_version ... ok
[INFO] [stdout] test tests::comparison_with_different_minor_version ... ok
[INFO] [stdout] test range::tests::whitespace_8 ... ok
[INFO] [stdout] test tests::comparison_with_different_patch_version ... ok
[INFO] [stdout] test tests::individual_version_component_has_an_upper_bound ... ok
[INFO] [stdout] test tests::comparison_with_different_pre_release_version ... ok
[INFO] [stdout] test tests::trivial_version_number ... ok
[INFO] [stdout] test tests::version_prefixed_with_v ... ok
[INFO] [stdout] test tests::version_prefixed_with_v_space ... ok
[INFO] [stdout] test tests::read_version_from_string ... ok
[INFO] [stdout] test tests::pre_release_that_could_look_numeric_at_first ... ok
[INFO] [stdout] test tests::version_string_limited_to_256_characters ... ok
[INFO] [stdout] test tests::serialize_a_version_to_string ... ok
[INFO] [stdout] test tests::version_with_build ... ok
[INFO] [stdout] test tests::version_with_pre_release_and_build ... ok
[INFO] [stdout] test tests::version_with_pre_release ... ok
[INFO] [stdout] 
[INFO] [stdout] failures:
[INFO] [stdout] 
[INFO] [stdout] ---- range::intersection::lt_123 stdout ----
[INFO] [stdout] 
[INFO] [stdout] thread 'range::intersection::lt_123' (542) panicked at src/range.rs:1341:13:
[INFO] [stdout] assertion `left == right` failed: <1.2.3 ∩ 1.2.3 := 1.2.3
[INFO] [stdout]   left: Some("1.2.3")
[INFO] [stdout]  right: None
[INFO] [stdout] stack backtrace:
[INFO] [stdout]    0:     0x5c5fceaa42e1 - <<std[70759c8f55707aa4]::sys::backtrace::BacktraceLock>::print::DisplayBacktrace as core[df12db4294e9bfd3]::fmt::Display>::fmt
[INFO] [stdout]    1:     0x5c5fceab8f2a - core[df12db4294e9bfd3]::fmt::write
[INFO] [stdout]    2:     0x5c5fceaa882c - <alloc[2182bb758b4b3781]::vec::Vec<u8> as core[df12db4294e9bfd3]::io::write::Write>::write_fmt
[INFO] [stdout]    3:     0x5c5fcea808d6 - std[70759c8f55707aa4]::panicking::default_hook::{closure#0}
[INFO] [stdout]    4:     0x5c5fcea9ca49 - std[70759c8f55707aa4]::panicking::default_hook
[INFO] [stdout]    5:     0x5c5fcea32850 - test[9d35eded1c95d3be]::test_main_inner::<test[9d35eded1c95d3be]::test_main_static::{closure#0}>::{closure#0}
[INFO] [stdout]    6:     0x5c5fcea9cc02 - std[70759c8f55707aa4]::panicking::panic_with_hook
[INFO] [stdout]    7:     0x5c5fcea80982 - std[70759c8f55707aa4]::panicking::panic_handler::{closure#0}
[INFO] [stdout]    8:     0x5c5fcea796d9 - std[70759c8f55707aa4]::sys::backtrace::__rust_end_short_backtrace::<std[70759c8f55707aa4]::panicking::panic_handler::{closure#0}, !>
[INFO] [stdout]    9:     0x5c5fcea8157d - __rustc[8fa7c3cbc660c2b3]::rust_begin_unwind
[INFO] [stdout]   10:     0x5c5fceab965c - core[df12db4294e9bfd3]::panicking::panic_fmt
[INFO] [stdout]   11:     0x5c5fceab95d3 - core[df12db4294e9bfd3]::panicking::assert_failed_inner
[INFO] [stdout]   12:     0x5c5fcea1c481 - core[df12db4294e9bfd3]::panicking::assert_failed::<core[df12db4294e9bfd3]::option::Option<alloc[2182bb758b4b3781]::string::String>, core[df12db4294e9bfd3]::option::Option<alloc[2182bb758b4b3781]::string::String>>
[INFO] [stdout]   13:     0x5c5fcea1f078 - node_semver[95cafa8440242d2a]::range::intersection::assert_ranges_match
[INFO] [stdout]   14:     0x5c5fcea1f9e7 - node_semver[95cafa8440242d2a]::range::intersection::lt_123
[INFO] [stdout]   15:     0x5c5fcea10869 - <node_semver[95cafa8440242d2a]::range::intersection::lt_123::{closure#0} as core[df12db4294e9bfd3]::ops::function::FnOnce<()>>::call_once
[INFO] [stdout]   16:     0x5c5fcea25b3b - test[9d35eded1c95d3be]::__rust_begin_short_backtrace::<core[df12db4294e9bfd3]::result::Result<(), alloc[2182bb758b4b3781]::string::String>, fn() -> core[df12db4294e9bfd3]::result::Result<(), alloc[2182bb758b4b3781]::string::String>>
[INFO] [stdout]   17:     0x5c5fcea331a5 - test[9d35eded1c95d3be]::run_test::{closure#0}
[INFO] [stdout]   18:     0x5c5fcea2ca64 - std[70759c8f55707aa4]::sys::backtrace::__rust_begin_short_backtrace::<test[9d35eded1c95d3be]::run_test::{closure#1}, ()>
[INFO] [stdout]   19:     0x5c5fcea36302 - <std[70759c8f55707aa4]::thread::lifecycle::spawn_unchecked<test[9d35eded1c95d3be]::run_test::{closure#1}, ()>::{closure#1} as core[df12db4294e9bfd3]::ops::function::FnOnce<()>>::call_once::{shim:vtable#0}
[INFO] [stdout]   20:     0x5c5fceaa3bb9 - <std[70759c8f55707aa4]::sys::thread::unix::Thread>::new::thread_start
[INFO] [stdout]   21:     0x7ac27d08edfa - <unknown>
[INFO] [stdout]   22:     0x7ac27d1223d4 - clone
[INFO] [stdout]   23:                0x0 - <unknown>
[INFO] [stdout] 
[INFO] [stdout] 
[INFO] [stdout] failures:
[INFO] [stdout]     range::intersection::lt_123
[INFO] [stdout] 
[INFO] [stdout] test result: FAILED. 127 passed; 1 failed; 0 ignored; 0 measured; 0 filtered out; finished in 0.01s
[INFO] [stdout] 
[INFO] [stderr] error: test failed, to rerun pass `--lib`
[INFO] running `Command { std: "docker" "inspect" "fb517e07524c0a62c8b28a5a9c5efafa3174efcfb9febff3112a65f912134a43", kill_on_drop: false }`
[INFO] running `Command { std: "docker" "rm" "-f" "fb517e07524c0a62c8b28a5a9c5efafa3174efcfb9febff3112a65f912134a43", kill_on_drop: false }`
[INFO] [stdout] fb517e07524c0a62c8b28a5a9c5efafa3174efcfb9febff3112a65f912134a43
