[INFO] fetching crate node-semver-with-ord 2.1.1-alpha.0...
[INFO] testing node-semver-with-ord-2.1.1-alpha.0 against 1.100.0-beta.1+cargoflags=--release for beta-release-1.100-2
[INFO] extracting crate node-semver-with-ord 2.1.1-alpha.0 into /workspace/builds/worker-0-tc2/source
[INFO] started tweaking crates.io crate node-semver-with-ord 2.1.1-alpha.0
[INFO] finished tweaking crates.io crate node-semver-with-ord 2.1.1-alpha.0
[INFO] tweaked toml for crates.io crate node-semver-with-ord 2.1.1-alpha.0 written to /workspace/builds/worker-0-tc2/source/Cargo.toml
[INFO] validating manifest of crates.io crate node-semver-with-ord 2.1.1-alpha.0 on toolchain 1.100.0-beta.1
[INFO] running `Command { std: CARGO_HOME="/workspace/cargo-home" RUSTUP_HOME="/workspace/rustup-home" "/workspace/cargo-home/bin/cargo" "+1.100.0-beta.1" "metadata" "--manifest-path" "Cargo.toml" "--no-deps", kill_on_drop: false }`
[INFO] crate crates.io crate node-semver-with-ord 2.1.1-alpha.0 already has a lockfile, it will not be regenerated
[INFO] running `Command { std: CARGO_HOME="/workspace/cargo-home" RUSTUP_HOME="/workspace/rustup-home" "/workspace/cargo-home/bin/cargo" "+1.100.0-beta.1" "fetch" "--manifest-path" "Cargo.toml", kill_on_drop: false }`
[INFO] running `Command { std: "docker" "create" "-v" "/var/lib/crater-agent-workspace/builds/worker-0-tc2/source:/opt/rustwide/workdir:ro,Z" "-v" "/var/lib/crater-agent-workspace/builds/worker-0-tc2/target:/opt/rustwide/target:rw,Z" "-v" "/var/lib/crater-agent-workspace/cargo-home:/opt/rustwide/cargo-home:ro,Z" "-v" "/var/lib/crater-agent-workspace/rustup-home:/opt/rustwide/rustup-home:ro,Z" "-m" "1610612736" "--network" "none" "ghcr.io/rust-lang/crates-build-env/linux@sha256:77db811e55d90add9212f6832c23229e3de5f1c1f9905e8cb07319ea15df73ac" "sleep" "infinity", kill_on_drop: false }`
[INFO] [stdout] b139bbb23e263a7e0ae282c59aad9f83672732f5f92550b903d880e0b96f2eaa
[INFO] running `Command { std: "docker" "start" "b139bbb23e263a7e0ae282c59aad9f83672732f5f92550b903d880e0b96f2eaa", kill_on_drop: false }`
[INFO] running `Command { std: "docker" "inspect" "b139bbb23e263a7e0ae282c59aad9f83672732f5f92550b903d880e0b96f2eaa", kill_on_drop: false }`
[INFO] running `Command { std: "docker" "exec" "-e" "SOURCE_DIR=/opt/rustwide/workdir" "-e" "CARGO_HOME=/opt/rustwide/cargo-home" "-e" "RUSTUP_HOME=/opt/rustwide/rustup-home" "-e" "CARGO_TARGET_DIR=/opt/rustwide/target" "-w" "/opt/rustwide/workdir" "--user" "0:0" "b139bbb23e263a7e0ae282c59aad9f83672732f5f92550b903d880e0b96f2eaa" "/opt/rustwide/cargo-home/bin/cargo" "+1.100.0-beta.1" "metadata" "--no-deps" "--format-version=1", kill_on_drop: false }`
[INFO] running `Command { std: "docker" "inspect" "b139bbb23e263a7e0ae282c59aad9f83672732f5f92550b903d880e0b96f2eaa", kill_on_drop: false }`
[INFO] running `Command { std: "docker" "exec" "-e" "SOURCE_DIR=/opt/rustwide/workdir" "-e" "CARGO_HOME=/opt/rustwide/cargo-home" "-e" "RUSTUP_HOME=/opt/rustwide/rustup-home" "-e" "CARGO_TARGET_DIR=/opt/rustwide/target" "-e" "CARGO_INCREMENTAL=0" "-e" "RUST_BACKTRACE=full" "-e" "RUSTFLAGS=--cap-lints=warn" "-e" "RUSTDOCFLAGS=--cap-lints=warn" "-w" "/opt/rustwide/workdir" "--user" "0:0" "b139bbb23e263a7e0ae282c59aad9f83672732f5f92550b903d880e0b96f2eaa" "/opt/rustwide/cargo-home/bin/cargo" "+1.100.0-beta.1" "build" "--frozen" "--message-format=json" "--release", kill_on_drop: false }`
[INFO] [stderr]    Compiling proc-macro2 v1.0.95
[INFO] [stderr]    Compiling unicode-ident v1.0.18
[INFO] [stderr]    Compiling serde v1.0.219
[INFO] [stderr]    Compiling unicode-width v0.1.14
[INFO] [stderr]    Compiling memchr v2.7.5
[INFO] [stderr]    Compiling bytecount v0.6.9
[INFO] [stderr]    Compiling nom v7.1.3
[INFO] [stderr]    Compiling quote v1.0.40
[INFO] [stderr]    Compiling syn v2.0.104
[INFO] [stderr]    Compiling thiserror-impl v1.0.69
[INFO] [stderr]    Compiling miette-derive v5.10.0
[INFO] [stderr]    Compiling thiserror v1.0.69
[INFO] [stderr]    Compiling miette v5.10.0
[INFO] [stderr]    Compiling node-semver-with-ord v2.1.1-alpha.0 (/opt/rustwide/workdir)
[INFO] [stderr]     Finished `release` profile [optimized] target(s) in 3.31s
[INFO] running `Command { std: "docker" "inspect" "b139bbb23e263a7e0ae282c59aad9f83672732f5f92550b903d880e0b96f2eaa", kill_on_drop: false }`
[INFO] running `Command { std: "docker" "exec" "-e" "SOURCE_DIR=/opt/rustwide/workdir" "-e" "CARGO_HOME=/opt/rustwide/cargo-home" "-e" "RUSTUP_HOME=/opt/rustwide/rustup-home" "-e" "CARGO_TARGET_DIR=/opt/rustwide/target" "-e" "CARGO_INCREMENTAL=0" "-e" "RUST_BACKTRACE=full" "-e" "RUSTFLAGS=--cap-lints=warn" "-e" "RUSTDOCFLAGS=--cap-lints=warn" "-w" "/opt/rustwide/workdir" "--user" "0:0" "b139bbb23e263a7e0ae282c59aad9f83672732f5f92550b903d880e0b96f2eaa" "/opt/rustwide/cargo-home/bin/cargo" "+1.100.0-beta.1" "test" "--frozen" "--no-run" "--message-format=json" "--release", kill_on_drop: false }`
[INFO] [stderr]    Compiling serde_json v1.0.140
[INFO] [stderr]    Compiling ryu v1.0.20
[INFO] [stderr]    Compiling difference v2.0.0
[INFO] [stderr]    Compiling itoa v1.0.15
[INFO] [stderr]    Compiling ansi_term v0.11.0
[INFO] [stderr]    Compiling serde_derive v1.0.219
[INFO] [stderr]    Compiling pretty_assertions v0.6.1
[INFO] [stderr]    Compiling node-semver-with-ord v2.1.1-alpha.0 (/opt/rustwide/workdir)
[INFO] [stderr]     Finished `release` profile [optimized] target(s) in 3.48s
[INFO] running `Command { std: "docker" "inspect" "b139bbb23e263a7e0ae282c59aad9f83672732f5f92550b903d880e0b96f2eaa", kill_on_drop: false }`
[INFO] running `Command { std: "docker" "exec" "-e" "SOURCE_DIR=/opt/rustwide/workdir" "-e" "CARGO_HOME=/opt/rustwide/cargo-home" "-e" "RUSTUP_HOME=/opt/rustwide/rustup-home" "-e" "CARGO_TARGET_DIR=/opt/rustwide/target" "-e" "CARGO_INCREMENTAL=0" "-e" "RUST_BACKTRACE=full" "-e" "RUSTFLAGS=--cap-lints=warn" "-e" "RUSTDOCFLAGS=--cap-lints=warn" "-w" "/opt/rustwide/workdir" "--user" "0:0" "b139bbb23e263a7e0ae282c59aad9f83672732f5f92550b903d880e0b96f2eaa" "/opt/rustwide/cargo-home/bin/cargo" "+1.100.0-beta.1" "test" "--frozen" "--release", kill_on_drop: false }`
[INFO] [stderr]     Finished `release` profile [optimized] target(s) in 0.02s
[INFO] [stderr]      Running unittests src/lib.rs (/opt/rustwide/target/release/build/node-semver-with-ord/591db3f8d7d54e75/out/node_semver_with_ord-591db3f8d7d54e75)
[INFO] [stdout] 
[INFO] [stdout] running 123 tests
[INFO] [stdout] test range::allows_all::between_two_and_eight ... ok
[INFO] [stdout] test range::allows_all::eq_123 ... ok
[INFO] [stdout] test range::allows_all::eq_123_or_gt_400 ... ok
[INFO] [stdout] test range::allows_all::greater_than_123 ... ok
[INFO] [stdout] test range::allows_all::greater_than_eq_123 ... ok
[INFO] [stdout] test range::allows_all::lt_123 ... ok
[INFO] [stdout] test range::allows_all::lt_eq_123 ... ok
[INFO] [stdout] test range::allows_any::between_two_and_eight ... ok
[INFO] [stdout] test range::allows_any::eq_123 ... ok
[INFO] [stdout] test range::allows_any::eq_123_or_gt_400 ... ok
[INFO] [stdout] test range::allows_any::greater_than_eq_123 ... ok
[INFO] [stdout] test range::allows_any::greater_than_123 ... ok
[INFO] [stdout] test range::allows_any::lt_123 ... ok
[INFO] [stdout] test range::allows_any::lt_eq_123 ... ok
[INFO] [stdout] test range::difference::eq_123 ... ok
[INFO] [stdout] test range::difference::gt_123 ... ok
[INFO] [stdout] test range::difference::gt_eq_123 ... ok
[INFO] [stdout] test range::difference::lt_123 ... ok
[INFO] [stdout] test range::difference::multiple ... ok
[INFO] [stdout] test range::difference::lt_eq_123 ... ok
[INFO] [stdout] test range::intersection::gt_123 ... ok
[INFO] [stdout] test range::intersection::eq_123 ... ok
[INFO] [stdout] test range::intersection::gt_eq_123 ... ok
[INFO] [stdout] test range::intersection::lt_eq_123 ... ok
[INFO] [stdout] test range::intersection::multiple ... ok
[INFO] [stdout] test range::ranges::one ... ok
[INFO] [stdout] test range::satisfies_ranges_tests::exact ... ok
[INFO] [stdout] test range::satisfies_ranges_tests::greater_than ... ok
[INFO] [stdout] test range::satisfies_ranges_tests::greater_than_equals ... ok
[INFO] [stdout] test range::satisfies_ranges_tests::less_than_equals ... ok
[INFO] [stdout] test range::satisfies_ranges_tests::less_than ... ok
[INFO] [stdout] test range::satisfies_ranges_tests::only_major ... ok
[INFO] [stdout] test range::tests::any_version_asterisk ... ok
[INFO] [stdout] test range::tests::any_version_x ... ok
[INFO] [stdout] test range::tests::beta ... ok
[INFO] [stdout] test range::tests::beta_4 ... ok
[INFO] [stdout] test range::tests::beta_tilde ... ok
[INFO] [stdout] test range::tests::caret_one ... ok
[INFO] [stdout] test range::tests::caret_minor ... ok
[INFO] [stdout] test range::tests::caret_weird ... ok
[INFO] [stdout] test range::tests::caret_patch ... ok
[INFO] [stdout] test range::tests::caret_zero ... ok
[INFO] [stdout] test range::intersection::lt_123 ... FAILED
[INFO] [stdout] test range::tests::caret_with_patch ... ok
[INFO] [stdout] test range::tests::consistent2 ... ok
[INFO] [stdout] test range::tests::either_asterisk_version_works ... ok
[INFO] [stdout] test range::tests::caret_with_patch_2 ... ok
[INFO] [stdout] test range::tests::consistent ... ok
[INFO] [stdout] test range::tests::either_x_version_works ... ok
[INFO] [stdout] test range::tests::either_one_version_or_the_other ... ok
[INFO] [stdout] test range::tests::exact ... ok
[INFO] [stdout] test range::tests::grater_than_equals_one ... ok
[INFO] [stdout] test range::tests::either_one_version_range_or_another ... ok
[INFO] [stdout] test range::tests::greater_than_one ... ok
[INFO] [stdout] test range::tests::caret_zero_minor ... ok
[INFO] [stdout] test range::tests::greater_than_one_dot_two ... ok
[INFO] [stdout] test range::tests::greater_than_with_prerelease ... ok
[INFO] [stdout] test range::tests::garbage1 ... ok
[INFO] [stdout] test range::tests::garbage3 ... ok
[INFO] [stdout] test range::tests::loose1 ... ok
[INFO] [stdout] test range::tests::loose2 ... ok
[INFO] [stdout] test range::tests::major_and_minor ... ok
[INFO] [stdout] test range::tests::major_dot_x ... ok
[INFO] [stdout] test range::tests::garbage4 ... ok
[INFO] [stdout] test range::tests::less_than_one_dot_two ... ok
[INFO] [stdout] test range::tests::minor_minor_range ... ok
[INFO] [stdout] test range::tests::mixed_major_minor ... ok
[INFO] [stdout] test range::tests::garbage2 ... ok
[INFO] [stdout] test range::tests::major_minor_patch_range ... ok
[INFO] [stdout] test range::tests::odd ... ok
[INFO] [stdout] test range::tests::minor_asterisk_patch_asterisk ... ok
[INFO] [stdout] test range::tests::one_two_three_or_greater_than_four ... ok
[INFO] [stdout] test range::tests::only_major_and_minor ... ok
[INFO] [stdout] test range::tests::only_major_versions ... ok
[INFO] [stdout] test range::tests::patch_x ... ok
[INFO] [stdout] test range::tests::mixed_major_minor_2 ... ok
[INFO] [stdout] test range::tests::pre_release_on_both ... ok
[INFO] [stdout] test range::tests::read_version_req_from_string ... ok
[INFO] [stdout] test range::tests::serialize_a_versionreq_to_string ... ok
[INFO] [stdout] test range::tests::single_sided_lower_bound_with_pre_release ... ok
[INFO] [stdout] test range::tests::patch_asterisk ... ok
[INFO] [stdout] test range::tests::single_sided_lower_equals_bound ... ok
[INFO] [stdout] test range::tests::single_sided_lower_equals_bound_2 ... ok
[INFO] [stdout] test range::tests::single_sided_lower_bound ... ok
[INFO] [stdout] test range::tests::single_sided_only_major ... ok
[INFO] [stdout] test range::tests::single_sided_upper_bound ... ok
[INFO] [stdout] test range::tests::single_sided_upper_equals_bound ... ok
[INFO] [stdout] test range::tests::single_sided_upper_equals_bound_with_minor ... ok
[INFO] [stdout] test range::tests::space_separated1 ... ok
[INFO] [stdout] test range::tests::tilde_major_minor_zero ... ok
[INFO] [stdout] test range::tests::tilde_minor ... ok
[INFO] [stdout] test range::tests::tilde_one ... ok
[INFO] [stdout] test range::tests::tilde_minor_2 ... ok
[INFO] [stdout] test range::tests::tilde_with_greater_than_patch ... ok
[INFO] [stdout] test range::tests::whitespace_1 ... ok
[INFO] [stdout] test range::tests::whitespace_10 ... ok
[INFO] [stdout] test range::tests::whitespace_11 ... ok
[INFO] [stdout] test range::tests::whitespace_12 ... ok
[INFO] [stdout] test range::tests::whitespace_13 ... ok
[INFO] [stdout] test range::tests::whitespace_2 ... ok
[INFO] [stdout] test range::tests::whitespace_3 ... ok
[INFO] [stdout] test range::tests::whitespace_5 ... ok
[INFO] [stdout] test range::tests::whitespace_6 ... ok
[INFO] [stdout] test range::tests::whitespace_4 ... ok
[INFO] [stdout] test range::tests::whitespace_8 ... ok
[INFO] [stdout] test range::tests::whitespace_7 ... ok
[INFO] [stdout] test range::tests::x_and_asterisk_version ... ok
[INFO] [stdout] test range::tests::whitespace_9 ... ok
[INFO] [stdout] test tests::comparison_with_different_major_version ... ok
[INFO] [stdout] test tests::comparison_with_different_minor_version ... ok
[INFO] [stdout] test tests::comparison_with_different_patch_version ... ok
[INFO] [stdout] test tests::comparison_with_different_pre_release_version ... ok
[INFO] [stdout] test tests::individual_version_component_has_an_upper_bound ... ok
[INFO] [stdout] test tests::pre_release_that_could_look_numeric_at_first ... ok
[INFO] [stdout] test tests::serialize_a_version_to_string ... ok
[INFO] [stdout] test tests::trivial_version_number ... ok
[INFO] [stdout] test tests::version_prefixed_with_v ... ok
[INFO] [stdout] test tests::version_string_limited_to_256_characters ... ok
[INFO] [stdout] test tests::version_with_build ... ok
[INFO] [stdout] test tests::read_version_from_string ... ok
[INFO] [stdout] test tests::version_with_pre_release ... ok
[INFO] [stdout] test tests::version_with_pre_release_and_build ... ok
[INFO] [stdout] test tests::version_prefixed_with_v_space ... ok
[INFO] [stdout] 
[INFO] [stdout] failures:
[INFO] [stdout] 
[INFO] [stdout] ---- range::intersection::lt_123 stdout ----
[INFO] [stdout] 
[INFO] [stdout] thread 'range::intersection::lt_123' (588) panicked at src/range.rs:1220:13:
[INFO] [stdout] assertion `left == right` failed: <1.2.3 ∩ 1.2.3 := 1.2.3
[INFO] [stdout]   left: Some("1.2.3")
[INFO] [stdout]  right: None
[INFO] [stdout] stack backtrace:
[INFO] [stdout]    0:     0x572402088871 - <<std[617be2ca0a6fd877]::sys::backtrace::BacktraceLock>::print::DisplayBacktrace as core[a373ad73a504971]::fmt::Display>::fmt
[INFO] [stdout]    1:     0x57240209d1da - core[a373ad73a504971]::fmt::write
[INFO] [stdout]    2:     0x57240208cb3c - <alloc[2e1b2a31b91974c5]::vec::Vec<u8> as core[a373ad73a504971]::io::write::Write>::write_fmt
[INFO] [stdout]    3:     0x572402064cd6 - std[617be2ca0a6fd877]::panicking::default_hook::{closure#0}
[INFO] [stdout]    4:     0x572402080f09 - std[617be2ca0a6fd877]::panicking::default_hook
[INFO] [stdout]    5:     0x572402016ec0 - test[aada8e7e76ba119b]::test_main_inner::{closure#0}
[INFO] [stdout]    6:     0x5724020810c2 - std[617be2ca0a6fd877]::panicking::panic_with_hook
[INFO] [stdout]    7:     0x572402064d82 - std[617be2ca0a6fd877]::panicking::panic_handler::{closure#0}
[INFO] [stdout]    8:     0x57240205da69 - std[617be2ca0a6fd877]::sys::backtrace::__rust_end_short_backtrace::<std[617be2ca0a6fd877]::panicking::panic_handler::{closure#0}, !>
[INFO] [stdout]    9:     0x57240206598d - __rustc[ea4f61d10b84890b]::rust_begin_unwind
[INFO] [stdout]   10:     0x57240209d90c - core[a373ad73a504971]::panicking::panic_fmt
[INFO] [stdout]   11:     0x57240209d883 - core[a373ad73a504971]::panicking::assert_failed_inner
[INFO] [stdout]   12:     0x572401ff752d - core[a373ad73a504971]::panicking::assert_failed::<core[a373ad73a504971]::option::Option<alloc[2e1b2a31b91974c5]::string::String>, core[a373ad73a504971]::option::Option<alloc[2e1b2a31b91974c5]::string::String>>
[INFO] [stdout]   13:     0x572401fffd0a - node_semver_with_ord[e12205a8bfb226ca]::range::intersection::assert_ranges_match
[INFO] [stdout]   14:     0x572402001a5c - <node_semver_with_ord[e12205a8bfb226ca]::range::intersection::lt_123::{closure#0} as core[a373ad73a504971]::ops::function::FnOnce<()>>::call_once
[INFO] [stdout]   15:     0x57240200a30b - test[aada8e7e76ba119b]::__rust_begin_short_backtrace::<core[a373ad73a504971]::result::Result<(), alloc[2e1b2a31b91974c5]::string::String>, fn() -> core[a373ad73a504971]::result::Result<(), alloc[2e1b2a31b91974c5]::string::String>>
[INFO] [stdout]   16:     0x5724020174e5 - test[aada8e7e76ba119b]::run_test::{closure#0}
[INFO] [stdout]   17:     0x572402010dd4 - std[617be2ca0a6fd877]::sys::backtrace::__rust_begin_short_backtrace::<test[aada8e7e76ba119b]::run_test::{closure#1}, ()>
[INFO] [stdout]   18:     0x57240201a572 - <std[617be2ca0a6fd877]::thread::lifecycle::spawn_unchecked<test[aada8e7e76ba119b]::run_test::{closure#1}, ()>::{closure#1} as core[a373ad73a504971]::ops::function::FnOnce<()>>::call_once::{shim:vtable#0}
[INFO] [stdout]   19:     0x5724020880cf - <std[617be2ca0a6fd877]::sys::thread::unix::Thread>::new::thread_start
[INFO] [stdout]   20:     0x7e4d9c1f6dfa - <unknown>
[INFO] [stdout]   21:     0x7e4d9c28a3d4 - clone
[INFO] [stdout]   22:                0x0 - <unknown>
[INFO] [stdout] 
[INFO] [stdout] 
[INFO] [stdout] failures:
[INFO] [stdout]     range::intersection::lt_123
[INFO] [stdout] 
[INFO] [stdout] test result: FAILED. 122 passed; 1 failed; 0 ignored; 0 measured; 0 filtered out; finished in 0.01s
[INFO] [stdout] 
[INFO] [stderr] error: test failed, to rerun pass `--lib`
[INFO] running `Command { std: "docker" "inspect" "b139bbb23e263a7e0ae282c59aad9f83672732f5f92550b903d880e0b96f2eaa", kill_on_drop: false }`
[INFO] running `Command { std: "docker" "rm" "-f" "b139bbb23e263a7e0ae282c59aad9f83672732f5f92550b903d880e0b96f2eaa", kill_on_drop: false }`
[INFO] [stdout] b139bbb23e263a7e0ae282c59aad9f83672732f5f92550b903d880e0b96f2eaa
