[INFO] fetching crate node-js-release-info 2.0.0...
[INFO] testing node-js-release-info-2.0.0 against 1.99.0-beta.8+cargoflags=--release for beta-release-1.100-2
[INFO] extracting crate node-js-release-info 2.0.0 into /workspace/builds/worker-3-tc1/source
[INFO] started tweaking crates.io crate node-js-release-info 2.0.0
[INFO] removed 0 missing tests
[INFO] finished tweaking crates.io crate node-js-release-info 2.0.0
[INFO] tweaked toml for crates.io crate node-js-release-info 2.0.0 written to /workspace/builds/worker-3-tc1/source/Cargo.toml
[INFO] validating manifest of crates.io crate node-js-release-info 2.0.0 on toolchain 1.99.0-beta.8
[INFO] running `Command { std: CARGO_HOME="/workspace/cargo-home" RUSTUP_HOME="/workspace/rustup-home" "/workspace/cargo-home/bin/cargo" "+1.99.0-beta.8" "metadata" "--manifest-path" "Cargo.toml" "--no-deps", kill_on_drop: false }`
[INFO] crate crates.io crate node-js-release-info 2.0.0 already has a lockfile, it will not be regenerated
[INFO] running `Command { std: CARGO_HOME="/workspace/cargo-home" RUSTUP_HOME="/workspace/rustup-home" "/workspace/cargo-home/bin/cargo" "+1.99.0-beta.8" "fetch" "--manifest-path" "Cargo.toml", kill_on_drop: false }`
[INFO] [stderr]     Updating crates.io index
[INFO] [stderr]  Downloading crates ...
[INFO] [stderr]   Downloaded cc v1.4.2
[INFO] [stderr]   Downloaded find-msvc-tools v0.1.10
[INFO] [stderr]   Downloaded mockito v1.7.2
[INFO] running `Command { std: "docker" "create" "-v" "/var/lib/crater-agent-workspace/builds/worker-3-tc1/source:/opt/rustwide/workdir:ro,Z" "-v" "/var/lib/crater-agent-workspace/builds/worker-3-tc1/target:/opt/rustwide/target:rw,Z" "-v" "/var/lib/crater-agent-workspace/cargo-home:/opt/rustwide/cargo-home:ro,Z" "-v" "/var/lib/crater-agent-workspace/rustup-home:/opt/rustwide/rustup-home:ro,Z" "-m" "1610612736" "--network" "none" "ghcr.io/rust-lang/crates-build-env/linux@sha256:77db811e55d90add9212f6832c23229e3de5f1c1f9905e8cb07319ea15df73ac" "sleep" "infinity", kill_on_drop: false }`
[INFO] [stdout] 23eb59e8981d7a5f31252e49b1b2006375ead3fd5ccb89aab377a70a80a12814
[INFO] running `Command { std: "docker" "start" "23eb59e8981d7a5f31252e49b1b2006375ead3fd5ccb89aab377a70a80a12814", kill_on_drop: false }`
[INFO] running `Command { std: "docker" "inspect" "23eb59e8981d7a5f31252e49b1b2006375ead3fd5ccb89aab377a70a80a12814", kill_on_drop: false }`
[INFO] running `Command { std: "docker" "exec" "-e" "SOURCE_DIR=/opt/rustwide/workdir" "-e" "CARGO_HOME=/opt/rustwide/cargo-home" "-e" "RUSTUP_HOME=/opt/rustwide/rustup-home" "-e" "CARGO_TARGET_DIR=/opt/rustwide/target" "-w" "/opt/rustwide/workdir" "--user" "0:0" "23eb59e8981d7a5f31252e49b1b2006375ead3fd5ccb89aab377a70a80a12814" "/opt/rustwide/cargo-home/bin/cargo" "+1.99.0-beta.8" "metadata" "--no-deps" "--format-version=1", kill_on_drop: false }`
[INFO] running `Command { std: "docker" "inspect" "23eb59e8981d7a5f31252e49b1b2006375ead3fd5ccb89aab377a70a80a12814", kill_on_drop: false }`
[INFO] running `Command { std: "docker" "exec" "-e" "SOURCE_DIR=/opt/rustwide/workdir" "-e" "CARGO_HOME=/opt/rustwide/cargo-home" "-e" "RUSTUP_HOME=/opt/rustwide/rustup-home" "-e" "CARGO_TARGET_DIR=/opt/rustwide/target" "-e" "CARGO_INCREMENTAL=0" "-e" "RUST_BACKTRACE=full" "-e" "RUSTFLAGS=--cap-lints=warn" "-e" "RUSTDOCFLAGS=--cap-lints=warn" "-w" "/opt/rustwide/workdir" "--user" "0:0" "23eb59e8981d7a5f31252e49b1b2006375ead3fd5ccb89aab377a70a80a12814" "/opt/rustwide/cargo-home/bin/cargo" "+1.99.0-beta.8" "build" "--frozen" "--message-format=json" "--release", kill_on_drop: false }`
[INFO] [stderr]    Compiling find-msvc-tools v0.1.10
[INFO] [stderr]    Compiling aws-lc-rs v1.18.0
[INFO] [stderr]    Compiling rustls-pki-types v1.15.1
[INFO] [stderr]    Compiling http v1.5.0
[INFO] [stderr]    Compiling futures-task v0.3.34
[INFO] [stderr]    Compiling rustls v0.23.43
[INFO] [stderr]    Compiling syn v3.0.3
[INFO] [stderr]    Compiling syn v2.0.119
[INFO] [stderr]    Compiling mio v1.2.2
[INFO] [stderr]    Compiling futures-channel v0.3.34
[INFO] [stderr]    Compiling form_urlencoded v1.2.2
[INFO] [stderr]    Compiling sync_wrapper v1.0.2
[INFO] [stderr]    Compiling ipnet v2.12.1
[INFO] [stderr]    Compiling bitflags v2.13.1
[INFO] [stderr]    Compiling semver v1.0.28
[INFO] [stderr]    Compiling futures-util v0.3.34
[INFO] [stderr]    Compiling cc v1.4.2
[INFO] [stderr]    Compiling rustls-native-certs v0.8.4
[INFO] [stderr]    Compiling http-body v1.1.0
[INFO] [stderr]    Compiling http-body-util v0.1.4
[INFO] [stderr]    Compiling cmake v0.1.58
[INFO] [stderr]    Compiling aws-lc-sys v0.44.0
[INFO] [stderr]    Compiling synstructure v0.13.2
[INFO] [stderr]    Compiling zerovec-derive v0.11.3
[INFO] [stderr]    Compiling zerofrom-derive v0.1.7
[INFO] [stderr]    Compiling yoke-derive v0.8.2
[INFO] [stderr]    Compiling zerofrom v0.1.8
[INFO] [stderr]    Compiling yoke v0.8.3
[INFO] [stderr]    Compiling displaydoc v0.2.7
[INFO] [stderr]    Compiling tokio-macros v2.7.2
[INFO] [stderr]    Compiling zerovec v0.11.6
[INFO] [stderr]    Compiling zerotrie v0.2.4
[INFO] [stderr]    Compiling tokio v1.53.1
[INFO] [stderr]    Compiling tinystr v0.8.3
[INFO] [stderr]    Compiling potential_utf v0.1.5
[INFO] [stderr]    Compiling icu_collections v2.2.0
[INFO] [stderr]    Compiling icu_locale_core v2.2.0
[INFO] [stderr]    Compiling icu_provider v2.2.0
[INFO] [stderr]    Compiling icu_normalizer v2.2.0
[INFO] [stderr]    Compiling icu_properties v2.2.0
[INFO] [stderr]    Compiling idna_adapter v1.2.2
[INFO] [stderr]    Compiling idna v1.1.0
[INFO] [stderr]    Compiling url v2.5.8
[INFO] [stderr]    Compiling tokio-util v0.7.19
[INFO] [stderr]    Compiling tower v0.5.3
[INFO] [stderr]    Compiling h2 v0.4.15
[INFO] [stderr]    Compiling tower-http v0.6.11
[INFO] [stderr]    Compiling hyper v1.11.0
[INFO] [stderr]    Compiling hyper-util v0.1.20
[INFO] [stderr]    Compiling rustls-webpki v0.103.14
[INFO] [stderr]    Compiling tokio-rustls v0.26.4
[INFO] [stderr]    Compiling rustls-platform-verifier v0.7.0
[INFO] [stderr]    Compiling hyper-rustls v0.27.9
[INFO] [stderr]    Compiling reqwest v0.13.4
[INFO] [stderr]    Compiling node-js-release-info v2.0.0 (/opt/rustwide/workdir)
[INFO] [stderr]     Finished `release` profile [optimized] target(s) in 36.09s
[INFO] running `Command { std: "docker" "inspect" "23eb59e8981d7a5f31252e49b1b2006375ead3fd5ccb89aab377a70a80a12814", kill_on_drop: false }`
[INFO] running `Command { std: "docker" "exec" "-e" "SOURCE_DIR=/opt/rustwide/workdir" "-e" "CARGO_HOME=/opt/rustwide/cargo-home" "-e" "RUSTUP_HOME=/opt/rustwide/rustup-home" "-e" "CARGO_TARGET_DIR=/opt/rustwide/target" "-e" "CARGO_INCREMENTAL=0" "-e" "RUST_BACKTRACE=full" "-e" "RUSTFLAGS=--cap-lints=warn" "-e" "RUSTDOCFLAGS=--cap-lints=warn" "-w" "/opt/rustwide/workdir" "--user" "0:0" "23eb59e8981d7a5f31252e49b1b2006375ead3fd5ccb89aab377a70a80a12814" "/opt/rustwide/cargo-home/bin/cargo" "+1.99.0-beta.8" "test" "--frozen" "--no-run" "--message-format=json" "--release", kill_on_drop: false }`
[INFO] [stderr]    Compiling parking_lot_core v0.9.12
[INFO] [stderr]    Compiling serde_core v1.0.229
[INFO] [stderr]    Compiling getrandom v0.3.4
[INFO] [stderr]    Compiling zerocopy v0.8.56
[INFO] [stderr]    Compiling serde v1.0.229
[INFO] [stderr]    Compiling serde_json v1.0.151
[INFO] [stderr]    Compiling aho-corasick v1.1.5
[INFO] [stderr]    Compiling similar v2.7.0
[INFO] [stderr]    Compiling colored v3.1.1
[INFO] [stderr]    Compiling url v2.5.8
[INFO] [stderr]    Compiling parking_lot v0.12.5
[INFO] [stderr]    Compiling rand_core v0.9.5
[INFO] [stderr]    Compiling tokio v1.53.1
[INFO] [stderr]    Compiling regex-automata v0.4.18
[INFO] [stderr]    Compiling serde_urlencoded v0.7.1
[INFO] [stderr]    Compiling assert-json-diff v2.0.2
[INFO] [stderr]    Compiling regex v1.13.1
[INFO] [stderr]    Compiling ppv-lite86 v0.2.21
[INFO] [stderr]    Compiling rand_chacha v0.9.0
[INFO] [stderr]    Compiling tokio-util v0.7.19
[INFO] [stderr]    Compiling tokio-rustls v0.26.4
[INFO] [stderr]    Compiling tower v0.5.3
[INFO] [stderr]    Compiling rand v0.9.5
[INFO] [stderr]    Compiling h2 v0.4.15
[INFO] [stderr]    Compiling tower-http v0.6.11
[INFO] [stderr]    Compiling hyper v1.11.0
[INFO] [stderr]    Compiling hyper-util v0.1.20
[INFO] [stderr]    Compiling hyper-rustls v0.27.9
[INFO] [stderr]    Compiling mockito v1.7.2
[INFO] [stderr]    Compiling reqwest v0.13.4
[INFO] [stderr]    Compiling node-js-release-info v2.0.0 (/opt/rustwide/workdir)
[INFO] [stderr]     Finished `release` profile [optimized] target(s) in 18.12s
[INFO] running `Command { std: "docker" "inspect" "23eb59e8981d7a5f31252e49b1b2006375ead3fd5ccb89aab377a70a80a12814", kill_on_drop: false }`
[INFO] running `Command { std: "docker" "exec" "-e" "SOURCE_DIR=/opt/rustwide/workdir" "-e" "CARGO_HOME=/opt/rustwide/cargo-home" "-e" "RUSTUP_HOME=/opt/rustwide/rustup-home" "-e" "CARGO_TARGET_DIR=/opt/rustwide/target" "-e" "CARGO_INCREMENTAL=0" "-e" "RUST_BACKTRACE=full" "-e" "RUSTFLAGS=--cap-lints=warn" "-e" "RUSTDOCFLAGS=--cap-lints=warn" "-w" "/opt/rustwide/workdir" "--user" "0:0" "23eb59e8981d7a5f31252e49b1b2006375ead3fd5ccb89aab377a70a80a12814" "/opt/rustwide/cargo-home/bin/cargo" "+1.99.0-beta.8" "test" "--frozen" "--release", kill_on_drop: false }`
[INFO] [stderr]     Finished `release` profile [optimized] target(s) in 0.10s
[INFO] [stderr]      Running unittests src/lib.rs (/opt/rustwide/target/release/deps/node_js_release_info-17982862317c41b3)
[INFO] [stdout] 
[INFO] [stdout] running 58 tests
[INFO] [stdout] test arch::tests::it_initializes ... ok
[INFO] [stdout] test arch::tests::it_fails_when_arch_is_unrecognized ... ok
[INFO] [stdout] test arch::tests::it_serializes_to_str ... ok
[INFO] [stdout] test arch::tests::it_initializes_with_defaults ... ok
[INFO] [stdout] test arch::tests::it_initializes_from_str ... ok
[INFO] [stdout] test arch::tests::it_initializes_using_current_environment ... ok
[INFO] [stdout] test error::tests::it_prints_expected_message_when_arch_is_unrecognized ... ok
[INFO] [stdout] test error::tests::it_prints_expected_message_when_configuration_is_unrecognized ... ok
[INFO] [stdout] test error::tests::it_prints_expected_message_when_extension_is_unrecognized ... ok
[INFO] [stdout] test error::tests::it_prints_expected_message_when_os_is_unrecognized ... ok
[INFO] [stdout] test error::tests::it_prints_expected_message_when_version_is_invalid ... ok
[INFO] [stdout] test ext::tests::it_initializes ... ok
[INFO] [stdout] test ext::tests::it_fails_when_ext_is_unrecognized ... ok
[INFO] [stdout] test ext::tests::it_initializes_from_str ... ok
[INFO] [stdout] test ext::tests::it_initializes_with_defaults ... ok
[INFO] [stdout] test error::tests::it_prints_expected_message_when_version_is_unrecognized ... ok
[INFO] [stdout] test ext::tests::it_serializes_to_str ... ok
[INFO] [stdout] test os::tests::it_fails_when_os_cannot_be_determined_from_str ... ok
[INFO] [stdout] test os::tests::it_initializes ... ok
[INFO] [stdout] test os::tests::it_initializes_from_str ... ok
[INFO] [stdout] test os::tests::it_initializes_using_current_environment ... ok
[INFO] [stdout] test os::tests::it_initializes_with_defaults ... ok
[INFO] [stdout] test os::tests::it_serializes_to_str ... ok
[INFO] [stdout] test specs::tests::it_handles_empty_data_when_parsing_node_js_specs ... ok
[INFO] [stdout] test specs::tests::it_ignores_invalid_data_when_parsing_node_js_specs ... ok
[INFO] [stdout] test specs::tests::it_ignores_malformed_filename_when_parsing_node_js_specs ... ok
[INFO] [stdout] test specs::tests::it_ignores_unknown_ext_when_parsing_node_js_specs ... ok
[INFO] [stdout] test specs::tests::it_ignores_missing_ext_when_parsing_node_js_specs ... ok
[INFO] [stdout] test specs::tests::it_ignores_unknown_os_when_parsing_node_js_specs ... ok
[INFO] [stdout] test specs::tests::it_ignores_unknown_file_when_parsing_node_js_specs ... ok
[INFO] [stdout] test specs::tests::it_ignores_unknown_arch_when_parsing_node_js_specs ... ok
[INFO] [stdout] test specs::tests::it_validates_a_version_string ... ok
[INFO] [stdout] test specs::tests::it_parses_node_js_specs ... ok
[INFO] [stdout] test tests::it_fails_to_fetch_info_when_version_is_invalid ... ok
[INFO] [stdout] test specs::tests::it_ignores_unknown_filename_when_parsing_node_js_specs ... ok
[INFO] [stdout] test tests::it_clones ... ok
[INFO] [stdout] test tests::it_formats_filename ... ok
[INFO] [stdout] test tests::it_initializes_using_current_environment_on_macos ... ignored
[INFO] [stdout] test tests::it_initializes_using_current_environment_on_windows ... ignored
[INFO] [stdout] test tests::it_initializes_using_current_environment_on_linux ... ok
[INFO] [stdout] test tests::it_initializes_with_defaults ... ok
[INFO] [stdout] test tests::it_sets_arch ... ok
[INFO] [stdout] test tests::it_sets_ext ... ok
[INFO] [stdout] test tests::it_sets_os ... ok
[INFO] [stdout] test url::tests::it_formats_url_for_node_js_package ... ok
[INFO] [stdout] test url::tests::it_formats_url_for_node_js_release_info ... ok
[INFO] [stdout] test url::tests::it_initializes ... ok
[INFO] [stdout] test url::tests::it_initializes_with_defaults ... ok
[INFO] [stdout] test tests::it_initializes ... ok
[INFO] [stdout] test error::tests::it_prints_expected_message_upon_http_error ... ok
[INFO] [stdout] test specs::tests::it_fetches_node_js_specs ... ok
[INFO] [stdout] test tests::it_fails_to_fetch_all_supported_node_js_configurations_when_version_is_unrecognized ... ok
[INFO] [stdout] test tests::it_fetches_node_js_release_info_when_ext_is_msi ... ok
[INFO] [stdout] test tests::it_fails_to_fetch_info_when_configuration_is_unrecognized ... ok
[INFO] [stdout] test specs::tests::it_fails_to_fetch_node_js_specs_when_version_is_unrecognized ... ok
[INFO] [stdout] test tests::it_fetches_node_js_release_info ... ok
[INFO] [stdout] test tests::it_fails_to_fetch_info_when_version_is_unrecognized ... ok
[INFO] [stdout] test tests::it_fetches_all_supported_node_js_configurations ... ok
[INFO] [stdout] 
[INFO] [stdout] test result: ok. 56 passed; 0 failed; 2 ignored; 0 measured; 0 filtered out; finished in 0.06s
[INFO] [stdout] 
[INFO] [stderr]      Running tests/integration.rs (/opt/rustwide/target/release/deps/integration-2e6128e14669fcf9)
[INFO] [stdout] 
[INFO] [stdout] running 3 tests
[INFO] [stdout] test it_provides_expected_resources ... ok
[INFO] [stdout] test it_fetches_node_js_release_info_for_all_supported_configurations ... FAILED
[INFO] [stdout] test it_fetches_node_js_release_info_for_a_given_configuration ... FAILED
[INFO] [stdout] 
[INFO] [stdout] failures:
[INFO] [stdout] 
[INFO] [stdout] ---- it_fetches_node_js_release_info_for_all_supported_configurations stdout ----
[INFO] [stdout] 
[INFO] [stdout] thread 'it_fetches_node_js_release_info_for_all_supported_configurations' (3129) panicked at tests/integration.rs:41:41:
[INFO] [stdout] called `Result::unwrap()` on an `Err` value: HttpError(reqwest::Error { kind: Request, url: "https://nodejs.org/download/release/v24.19.0/SHASUMS256.txt", source: hyper_util::client::legacy::Error(Connect, ConnectError("dns error", Custom { kind: Uncategorized, error: "failed to lookup address information: Temporary failure in name resolution" })) })
[INFO] [stdout] stack backtrace:
[INFO] [stdout]    0:     0x5f8101a489d1 - <<std[70759c8f55707aa4]::sys::backtrace::BacktraceLock>::print::DisplayBacktrace as core[df12db4294e9bfd3]::fmt::Display>::fmt
[INFO] [stdout]    1:     0x5f8101a5f19a - core[df12db4294e9bfd3]::fmt::write
[INFO] [stdout]    2:     0x5f8101a4d98c - <alloc[2182bb758b4b3781]::vec::Vec<u8> as core[df12db4294e9bfd3]::io::write::Write>::write_fmt
[INFO] [stdout]    3:     0x5f8101a23416 - std[70759c8f55707aa4]::panicking::default_hook::{closure#0}
[INFO] [stdout]    4:     0x5f8101a40169 - std[70759c8f55707aa4]::panicking::default_hook
[INFO] [stdout]    5:     0x5f81015e73f0 - test[9d35eded1c95d3be]::test_main_inner::<test[9d35eded1c95d3be]::test_main_static::{closure#0}>::{closure#0}
[INFO] [stdout]    6:     0x5f8101a40492 - std[70759c8f55707aa4]::panicking::panic_with_hook
[INFO] [stdout]    7:     0x5f8101a234c2 - std[70759c8f55707aa4]::panicking::panic_handler::{closure#0}
[INFO] [stdout]    8:     0x5f8101a1c0c9 - std[70759c8f55707aa4]::sys::backtrace::__rust_end_short_backtrace::<std[70759c8f55707aa4]::panicking::panic_handler::{closure#0}, !>
[INFO] [stdout]    9:     0x5f8101a242ad - __rustc[8fa7c3cbc660c2b3]::rust_begin_unwind
[INFO] [stdout]   10:     0x5f8101a5f8fc - core[df12db4294e9bfd3]::panicking::panic_fmt
[INFO] [stdout]   11:     0x5f8101a5f6d2 - core[df12db4294e9bfd3]::result::unwrap_failed
[INFO] [stdout]   12:     0x5f81015d0649 - integration[1391f89bc101b106]::it_fetches_node_js_release_info_for_all_supported_configurations::{closure#0}
[INFO] [stdout]   13:     0x5f81015d2693 - <tokio[4f8055325ca57597]::runtime::scheduler::current_thread::Context>::enter::<core[df12db4294e9bfd3]::task::poll::Poll<()>, <tokio[4f8055325ca57597]::runtime::scheduler::current_thread::CoreGuard>::block_on<core[df12db4294e9bfd3]::pin::Pin<&mut core[df12db4294e9bfd3]::pin::Pin<&mut dyn core[df12db4294e9bfd3]::future::future::Future<Output = ()>>>>::{closure#0}::{closure#0}>
[INFO] [stdout]   14:     0x5f81015d4e2c - <tokio[4f8055325ca57597]::runtime::context::scoped::Scoped<tokio[4f8055325ca57597]::runtime::scheduler::Context>>::set::<<tokio[4f8055325ca57597]::runtime::scheduler::current_thread::CoreGuard>::enter<<tokio[4f8055325ca57597]::runtime::scheduler::current_thread::CoreGuard>::block_on<core[df12db4294e9bfd3]::pin::Pin<&mut core[df12db4294e9bfd3]::pin::Pin<&mut dyn core[df12db4294e9bfd3]::future::future::Future<Output = ()>>>>::{closure#0}, core[df12db4294e9bfd3]::option::Option<()>>::{closure#0}, (alloc[2182bb758b4b3781]::boxed::Box<tokio[4f8055325ca57597]::runtime::scheduler::current_thread::Core>, core[df12db4294e9bfd3]::option::Option<()>)>
[INFO] [stdout]   15:     0x5f81015d2a97 - <tokio[4f8055325ca57597]::runtime::scheduler::current_thread::CoreGuard>::block_on::<core[df12db4294e9bfd3]::pin::Pin<&mut core[df12db4294e9bfd3]::pin::Pin<&mut dyn core[df12db4294e9bfd3]::future::future::Future<Output = ()>>>>
[INFO] [stdout]   16:     0x5f81015d80dd - tokio[4f8055325ca57597]::runtime::context::runtime::enter_runtime::<<tokio[4f8055325ca57597]::runtime::scheduler::current_thread::CurrentThread>::block_on<core[df12db4294e9bfd3]::pin::Pin<&mut dyn core[df12db4294e9bfd3]::future::future::Future<Output = ()>>>::{closure#0}, ()>
[INFO] [stdout]   17:     0x5f81015d2575 - <tokio[4f8055325ca57597]::runtime::runtime::Runtime>::block_on::<core[df12db4294e9bfd3]::pin::Pin<&mut dyn core[df12db4294e9bfd3]::future::future::Future<Output = ()>>>
[INFO] [stdout]   18:     0x5f81015d238e - <integration[1391f89bc101b106]::it_fetches_node_js_release_info_for_all_supported_configurations::{closure#0} as core[df12db4294e9bfd3]::ops::function::FnOnce<()>>::call_once
[INFO] [stdout]   19:     0x5f81015da6db - test[9d35eded1c95d3be]::__rust_begin_short_backtrace::<core[df12db4294e9bfd3]::result::Result<(), alloc[2182bb758b4b3781]::string::String>, fn() -> core[df12db4294e9bfd3]::result::Result<(), alloc[2182bb758b4b3781]::string::String>>
[INFO] [stdout]   20:     0x5f81015e7d45 - test[9d35eded1c95d3be]::run_test::{closure#0}
[INFO] [stdout]   21:     0x5f81015e1604 - std[70759c8f55707aa4]::sys::backtrace::__rust_begin_short_backtrace::<test[9d35eded1c95d3be]::run_test::{closure#1}, ()>
[INFO] [stdout]   22:     0x5f81015eaea2 - <std[70759c8f55707aa4]::thread::lifecycle::spawn_unchecked<test[9d35eded1c95d3be]::run_test::{closure#1}, ()>::{closure#1} as core[df12db4294e9bfd3]::ops::function::FnOnce<()>>::call_once::{shim:vtable#0}
[INFO] [stdout]   23:     0x5f8101a47ef9 - <std[70759c8f55707aa4]::sys::thread::unix::Thread>::new::thread_start
[INFO] [stdout]   24:     0x7eee70896dfa - <unknown>
[INFO] [stdout]   25:     0x7eee7092a3d4 - clone
[INFO] [stdout]   26:                0x0 - <unknown>
[INFO] [stdout] 
[INFO] [stdout] ---- it_fetches_node_js_release_info_for_a_given_configuration stdout ----
[INFO] [stdout] 
[INFO] [stdout] thread 'it_fetches_node_js_release_info_for_a_given_configuration' (3128) panicked at tests/integration.rs:32:10:
[INFO] [stdout] called `Result::unwrap()` on an `Err` value: HttpError(reqwest::Error { kind: Request, url: "https://nodejs.org/download/release/v24.19.0/SHASUMS256.txt", source: hyper_util::client::legacy::Error(Connect, ConnectError("dns error", Custom { kind: Uncategorized, error: "failed to lookup address information: Temporary failure in name resolution" })) })
[INFO] [stdout] stack backtrace:
[INFO] [stdout]    0:     0x5f8101a489d1 - <<std[70759c8f55707aa4]::sys::backtrace::BacktraceLock>::print::DisplayBacktrace as core[df12db4294e9bfd3]::fmt::Display>::fmt
[INFO] [stdout]    1:     0x5f8101a5f19a - core[df12db4294e9bfd3]::fmt::write
[INFO] [stdout]    2:     0x5f8101a4d98c - <alloc[2182bb758b4b3781]::vec::Vec<u8> as core[df12db4294e9bfd3]::io::write::Write>::write_fmt
[INFO] [stdout]    3:     0x5f8101a23416 - std[70759c8f55707aa4]::panicking::default_hook::{closure#0}
[INFO] [stdout]    4:     0x5f8101a40169 - std[70759c8f55707aa4]::panicking::default_hook
[INFO] [stdout]    5:     0x5f81015e73f0 - test[9d35eded1c95d3be]::test_main_inner::<test[9d35eded1c95d3be]::test_main_static::{closure#0}>::{closure#0}
[INFO] [stdout]    6:     0x5f8101a40492 - std[70759c8f55707aa4]::panicking::panic_with_hook
[INFO] [stdout]    7:     0x5f8101a234c2 - std[70759c8f55707aa4]::panicking::panic_handler::{closure#0}
[INFO] [stdout]    8:     0x5f8101a1c0c9 - std[70759c8f55707aa4]::sys::backtrace::__rust_end_short_backtrace::<std[70759c8f55707aa4]::panicking::panic_handler::{closure#0}, !>
[INFO] [stdout]    9:     0x5f8101a242ad - __rustc[8fa7c3cbc660c2b3]::rust_begin_unwind
[INFO] [stdout]   10:     0x5f8101a5f8fc - core[df12db4294e9bfd3]::panicking::panic_fmt
[INFO] [stdout]   11:     0x5f8101a5f6d2 - core[df12db4294e9bfd3]::result::unwrap_failed
[INFO] [stdout]   12:     0x5f81015cfa08 - integration[1391f89bc101b106]::it_fetches_node_js_release_info_for_a_given_configuration::{closure#0}
[INFO] [stdout]   13:     0x5f81015d2693 - <tokio[4f8055325ca57597]::runtime::scheduler::current_thread::Context>::enter::<core[df12db4294e9bfd3]::task::poll::Poll<()>, <tokio[4f8055325ca57597]::runtime::scheduler::current_thread::CoreGuard>::block_on<core[df12db4294e9bfd3]::pin::Pin<&mut core[df12db4294e9bfd3]::pin::Pin<&mut dyn core[df12db4294e9bfd3]::future::future::Future<Output = ()>>>>::{closure#0}::{closure#0}>
[INFO] [stdout]   14:     0x5f81015d4e2c - <tokio[4f8055325ca57597]::runtime::context::scoped::Scoped<tokio[4f8055325ca57597]::runtime::scheduler::Context>>::set::<<tokio[4f8055325ca57597]::runtime::scheduler::current_thread::CoreGuard>::enter<<tokio[4f8055325ca57597]::runtime::scheduler::current_thread::CoreGuard>::block_on<core[df12db4294e9bfd3]::pin::Pin<&mut core[df12db4294e9bfd3]::pin::Pin<&mut dyn core[df12db4294e9bfd3]::future::future::Future<Output = ()>>>>::{closure#0}, core[df12db4294e9bfd3]::option::Option<()>>::{closure#0}, (alloc[2182bb758b4b3781]::boxed::Box<tokio[4f8055325ca57597]::runtime::scheduler::current_thread::Core>, core[df12db4294e9bfd3]::option::Option<()>)>
[INFO] [stdout]   15:     0x5f81015d2a97 - <tokio[4f8055325ca57597]::runtime::scheduler::current_thread::CoreGuard>::block_on::<core[df12db4294e9bfd3]::pin::Pin<&mut core[df12db4294e9bfd3]::pin::Pin<&mut dyn core[df12db4294e9bfd3]::future::future::Future<Output = ()>>>>
[INFO] [stdout]   16:     0x5f81015d80dd - tokio[4f8055325ca57597]::runtime::context::runtime::enter_runtime::<<tokio[4f8055325ca57597]::runtime::scheduler::current_thread::CurrentThread>::block_on<core[df12db4294e9bfd3]::pin::Pin<&mut dyn core[df12db4294e9bfd3]::future::future::Future<Output = ()>>>::{closure#0}, ()>
[INFO] [stdout]   17:     0x5f81015d2575 - <tokio[4f8055325ca57597]::runtime::runtime::Runtime>::block_on::<core[df12db4294e9bfd3]::pin::Pin<&mut dyn core[df12db4294e9bfd3]::future::future::Future<Output = ()>>>
[INFO] [stdout]   18:     0x5f81015d221e - <integration[1391f89bc101b106]::it_fetches_node_js_release_info_for_a_given_configuration::{closure#0} as core[df12db4294e9bfd3]::ops::function::FnOnce<()>>::call_once
[INFO] [stdout]   19:     0x5f81015da6db - test[9d35eded1c95d3be]::__rust_begin_short_backtrace::<core[df12db4294e9bfd3]::result::Result<(), alloc[2182bb758b4b3781]::string::String>, fn() -> core[df12db4294e9bfd3]::result::Result<(), alloc[2182bb758b4b3781]::string::String>>
[INFO] [stdout]   20:     0x5f81015e7d45 - test[9d35eded1c95d3be]::run_test::{closure#0}
[INFO] [stdout]   21:     0x5f81015e1604 - std[70759c8f55707aa4]::sys::backtrace::__rust_begin_short_backtrace::<test[9d35eded1c95d3be]::run_test::{closure#1}, ()>
[INFO] [stdout]   22:     0x5f81015eaea2 - <std[70759c8f55707aa4]::thread::lifecycle::spawn_unchecked<test[9d35eded1c95d3be]::run_test::{closure#1}, ()>::{closure#1} as core[df12db4294e9bfd3]::ops::function::FnOnce<()>>::call_once::{shim:vtable#0}
[INFO] [stdout]   23:     0x5f8101a47ef9 - <std[70759c8f55707aa4]::sys::thread::unix::Thread>::new::thread_start
[INFO] [stdout]   24:     0x7eee70896dfa - <unknown>
[INFO] [stdout]   25:     0x7eee7092a3d4 - clone
[INFO] [stdout]   26:                0x0 - <unknown>
[INFO] [stdout] 
[INFO] [stdout] 
[INFO] [stdout] failures:
[INFO] [stdout]     it_fetches_node_js_release_info_for_a_given_configuration
[INFO] [stdout]     it_fetches_node_js_release_info_for_all_supported_configurations
[INFO] [stdout] 
[INFO] [stdout] test result: FAILED. 1 passed; 2 failed; 0 ignored; 0 measured; 0 filtered out; finished in 0.01s
[INFO] [stdout] 
[INFO] [stderr] error: test failed, to rerun pass `--test integration`
[INFO] running `Command { std: "docker" "inspect" "23eb59e8981d7a5f31252e49b1b2006375ead3fd5ccb89aab377a70a80a12814", kill_on_drop: false }`
[INFO] running `Command { std: "docker" "rm" "-f" "23eb59e8981d7a5f31252e49b1b2006375ead3fd5ccb89aab377a70a80a12814", kill_on_drop: false }`
[INFO] [stdout] 23eb59e8981d7a5f31252e49b1b2006375ead3fd5ccb89aab377a70a80a12814
