[INFO] fetching crate nodarium_utils 0.1.0...
[INFO] testing nodarium_utils-0.1.0 against 1.100.0-beta.1+cargoflags=--release for beta-release-1.100-2
[INFO] extracting crate nodarium_utils 0.1.0 into /workspace/builds/worker-4-tc2/source
[INFO] started tweaking crates.io crate nodarium_utils 0.1.0
[INFO] finished tweaking crates.io crate nodarium_utils 0.1.0
[INFO] tweaked toml for crates.io crate nodarium_utils 0.1.0 written to /workspace/builds/worker-4-tc2/source/Cargo.toml
[INFO] validating manifest of crates.io crate nodarium_utils 0.1.0 on toolchain 1.100.0-beta.1
[INFO] running `Command { std: CARGO_HOME="/workspace/cargo-home" RUSTUP_HOME="/workspace/rustup-home" "/workspace/cargo-home/bin/cargo" "+1.100.0-beta.1" "metadata" "--manifest-path" "Cargo.toml" "--no-deps", kill_on_drop: false }`
[INFO] crate crates.io crate nodarium_utils 0.1.0 already has a lockfile, it will not be regenerated
[INFO] running `Command { std: CARGO_HOME="/workspace/cargo-home" RUSTUP_HOME="/workspace/rustup-home" "/workspace/cargo-home/bin/cargo" "+1.100.0-beta.1" "fetch" "--manifest-path" "Cargo.toml", kill_on_drop: false }`
[INFO] running `Command { std: "docker" "create" "-v" "/var/lib/crater-agent-workspace/builds/worker-4-tc2/source:/opt/rustwide/workdir:ro,Z" "-v" "/var/lib/crater-agent-workspace/builds/worker-4-tc2/target:/opt/rustwide/target:rw,Z" "-v" "/var/lib/crater-agent-workspace/cargo-home:/opt/rustwide/cargo-home:ro,Z" "-v" "/var/lib/crater-agent-workspace/rustup-home:/opt/rustwide/rustup-home:ro,Z" "-m" "1610612736" "--network" "none" "ghcr.io/rust-lang/crates-build-env/linux@sha256:77db811e55d90add9212f6832c23229e3de5f1c1f9905e8cb07319ea15df73ac" "sleep" "infinity", kill_on_drop: false }`
[INFO] [stdout] eddece11d3539de88692fe78a09a5b65972cd5769e8bd3040efb22cc4f1fc252
[INFO] running `Command { std: "docker" "start" "eddece11d3539de88692fe78a09a5b65972cd5769e8bd3040efb22cc4f1fc252", kill_on_drop: false }`
[INFO] running `Command { std: "docker" "inspect" "eddece11d3539de88692fe78a09a5b65972cd5769e8bd3040efb22cc4f1fc252", kill_on_drop: false }`
[INFO] running `Command { std: "docker" "exec" "-e" "SOURCE_DIR=/opt/rustwide/workdir" "-e" "CARGO_HOME=/opt/rustwide/cargo-home" "-e" "RUSTUP_HOME=/opt/rustwide/rustup-home" "-e" "CARGO_TARGET_DIR=/opt/rustwide/target" "-w" "/opt/rustwide/workdir" "--user" "0:0" "eddece11d3539de88692fe78a09a5b65972cd5769e8bd3040efb22cc4f1fc252" "/opt/rustwide/cargo-home/bin/cargo" "+1.100.0-beta.1" "metadata" "--no-deps" "--format-version=1", kill_on_drop: false }`
[INFO] running `Command { std: "docker" "inspect" "eddece11d3539de88692fe78a09a5b65972cd5769e8bd3040efb22cc4f1fc252", kill_on_drop: false }`
[INFO] running `Command { std: "docker" "exec" "-e" "SOURCE_DIR=/opt/rustwide/workdir" "-e" "CARGO_HOME=/opt/rustwide/cargo-home" "-e" "RUSTUP_HOME=/opt/rustwide/rustup-home" "-e" "CARGO_TARGET_DIR=/opt/rustwide/target" "-e" "CARGO_INCREMENTAL=0" "-e" "RUST_BACKTRACE=full" "-e" "RUSTFLAGS=--cap-lints=warn" "-e" "RUSTDOCFLAGS=--cap-lints=warn" "-w" "/opt/rustwide/workdir" "--user" "0:0" "eddece11d3539de88692fe78a09a5b65972cd5769e8bd3040efb22cc4f1fc252" "/opt/rustwide/cargo-home/bin/cargo" "+1.100.0-beta.1" "build" "--frozen" "--message-format=json" "--release", kill_on_drop: false }`
[INFO] [stderr]    Compiling proc-macro2 v1.0.81
[INFO] [stderr]    Compiling unicode-ident v1.0.12
[INFO] [stderr]    Compiling wasm-bindgen-shared v0.2.92
[INFO] [stderr]    Compiling once_cell v1.19.0
[INFO] [stderr]    Compiling bumpalo v3.16.0
[INFO] [stderr]    Compiling log v0.4.21
[INFO] [stderr]    Compiling wasm-bindgen v0.2.92
[INFO] [stderr]    Compiling autocfg v1.2.0
[INFO] [stderr]    Compiling cfg-if v1.0.0
[INFO] [stderr]    Compiling serde v1.0.198
[INFO] [stderr]    Compiling rand_core v0.6.4
[INFO] [stderr]    Compiling serde_json v1.0.116
[INFO] [stderr]    Compiling ryu v1.0.17
[INFO] [stderr]    Compiling itoa v1.0.11
[INFO] [stderr]    Compiling glam v0.27.0
[INFO] [stderr]    Compiling rand_xorshift v0.3.0
[INFO] [stderr]    Compiling rand v0.8.5
[INFO] [stderr]    Compiling num-traits v0.2.18
[INFO] [stderr]    Compiling quote v1.0.36
[INFO] [stderr]    Compiling syn v2.0.60
[INFO] [stderr]    Compiling noise v0.9.0
[INFO] [stderr]    Compiling wasm-bindgen-backend v0.2.92
[INFO] [stderr]    Compiling serde_derive v1.0.198
[INFO] [stderr]    Compiling wasm-bindgen-macro-support v0.2.92
[INFO] [stderr]    Compiling wasm-bindgen-macro v0.2.92
[INFO] [stderr]    Compiling js-sys v0.3.69
[INFO] [stderr]    Compiling console_error_panic_hook v0.1.7
[INFO] [stderr]    Compiling web-sys v0.3.69
[INFO] [stderr]    Compiling nodarium_utils v0.1.0 (/opt/rustwide/workdir)
[INFO] [stdout] warning: hiding a lifetime that's elided elsewhere is confusing
[INFO] [stdout]   --> src/geometry/geometry_data.rs:40:37
[INFO] [stdout]    |
[INFO] [stdout] 40 | pub fn wrap_geometry_data(geometry: &mut [i32]) -> GeometryData {
[INFO] [stdout]    |                                     ^^^^^^^^^^     ^^^^^^^^^^^^ the same lifetime is hidden here
[INFO] [stdout]    |                                     |
[INFO] [stdout]    |                                     the lifetime is elided here
[INFO] [stdout]    |
[INFO] [stdout]    = help: the same lifetime is referred to in inconsistent ways, making the signature confusing
[INFO] [stdout]    = note: `#[warn(mismatched_lifetime_syntaxes)]` on by default
[INFO] [stdout] help: use `'_` for type paths
[INFO] [stdout]    |
[INFO] [stdout] 40 | pub fn wrap_geometry_data(geometry: &mut [i32]) -> GeometryData<'_> {
[INFO] [stdout]    |                                                                ++++
[INFO] [stdout] 
[INFO] [stdout] 
[INFO] [stdout] warning: hiding a lifetime that's elided elsewhere is confusing
[INFO] [stdout]    --> src/geometry/path_data.rs:123:25
[INFO] [stdout]     |
[INFO] [stdout] 123 | pub fn wrap_path(input: &[i32]) -> PathData {
[INFO] [stdout]     |                         ^^^^^^     ^^^^^^^^ the same lifetime is hidden here
[INFO] [stdout]     |                         |
[INFO] [stdout]     |                         the lifetime is elided here
[INFO] [stdout]     |
[INFO] [stdout]     = help: the same lifetime is referred to in inconsistent ways, making the signature confusing
[INFO] [stdout] help: use `'_` for type paths
[INFO] [stdout]     |
[INFO] [stdout] 123 | pub fn wrap_path(input: &[i32]) -> PathData<'_> {
[INFO] [stdout]     |                                            ++++
[INFO] [stdout] 
[INFO] [stdout] 
[INFO] [stdout] warning: unused import: `create_path`
[INFO] [stdout]  --> src/main.rs:2:39
[INFO] [stdout]   |
[INFO] [stdout] 2 |     geometry::{create_multiple_paths, create_path, wrap_multiple_paths},
[INFO] [stdout]   |                                       ^^^^^^^^^^^
[INFO] [stdout]   |
[INFO] [stdout]   = note: `#[warn(unused_imports)]` (part of `#[warn(unused)]`) on by default
[INFO] [stdout] 
[INFO] [stdout] 
[INFO] [stderr] warning: unused dependency `serde_json`
[INFO] [stderr]   --> Cargo.toml:15:15
[INFO] [stderr]    |
[INFO] [stderr] 15 | [dependencies.serde_json]
[INFO] [stderr]    |               ^^^^^^^^^^^
[INFO] [stderr]    |
[INFO] [stderr]    = note: `cargo::unused_dependencies` is set to `warn` by default
[INFO] [stderr] help: consider removing the dependency on `serde_json`
[INFO] [stderr] warning: unused dependency `web-sys`
[INFO] [stderr]   --> Cargo.toml:23:15
[INFO] [stderr]    |
[INFO] [stderr] 23 | [dependencies.web-sys]
[INFO] [stderr]    |               ^^^^^^^^
[INFO] [stderr]    |
[INFO] [stderr] help: consider removing the dependency on `web-sys`
[INFO] [stderr] warning: `nodarium_utils` (manifest) generated 2 warnings
[INFO] [stderr]     Finished `release` profile [optimized] target(s) in 10.99s
[INFO] running `Command { std: "docker" "inspect" "eddece11d3539de88692fe78a09a5b65972cd5769e8bd3040efb22cc4f1fc252", kill_on_drop: false }`
[INFO] running `Command { std: "docker" "exec" "-e" "SOURCE_DIR=/opt/rustwide/workdir" "-e" "CARGO_HOME=/opt/rustwide/cargo-home" "-e" "RUSTUP_HOME=/opt/rustwide/rustup-home" "-e" "CARGO_TARGET_DIR=/opt/rustwide/target" "-e" "CARGO_INCREMENTAL=0" "-e" "RUST_BACKTRACE=full" "-e" "RUSTFLAGS=--cap-lints=warn" "-e" "RUSTDOCFLAGS=--cap-lints=warn" "-w" "/opt/rustwide/workdir" "--user" "0:0" "eddece11d3539de88692fe78a09a5b65972cd5769e8bd3040efb22cc4f1fc252" "/opt/rustwide/cargo-home/bin/cargo" "+1.100.0-beta.1" "test" "--frozen" "--no-run" "--message-format=json" "--release", kill_on_drop: false }`
[INFO] [stdout] warning: hiding a lifetime that's elided elsewhere is confusing
[INFO] [stdout]   --> src/geometry/geometry_data.rs:40:37
[INFO] [stdout]    |
[INFO] [stdout] 40 | pub fn wrap_geometry_data(geometry: &mut [i32]) -> GeometryData {
[INFO] [stdout]    |                                     ^^^^^^^^^^     ^^^^^^^^^^^^ the same lifetime is hidden here
[INFO] [stdout]    |                                     |
[INFO] [stdout]    |                                     the lifetime is elided here
[INFO] [stdout]    |
[INFO] [stdout]    = help: the same lifetime is referred to in inconsistent ways, making the signature confusing
[INFO] [stdout]    = note: `#[warn(mismatched_lifetime_syntaxes)]` on by default
[INFO] [stdout] help: use `'_` for type paths
[INFO] [stdout]    |
[INFO] [stdout] 40 | pub fn wrap_geometry_data(geometry: &mut [i32]) -> GeometryData<'_> {
[INFO] [stdout]    |                                                                ++++
[INFO] [stdout] 
[INFO] [stdout] 
[INFO] [stdout] warning: hiding a lifetime that's elided elsewhere is confusing
[INFO] [stdout]    --> src/geometry/path_data.rs:123:25
[INFO] [stdout]     |
[INFO] [stdout] 123 | pub fn wrap_path(input: &[i32]) -> PathData {
[INFO] [stdout]     |                         ^^^^^^     ^^^^^^^^ the same lifetime is hidden here
[INFO] [stdout]     |                         |
[INFO] [stdout]     |                         the lifetime is elided here
[INFO] [stdout]     |
[INFO] [stdout]     = help: the same lifetime is referred to in inconsistent ways, making the signature confusing
[INFO] [stdout] help: use `'_` for type paths
[INFO] [stdout]     |
[INFO] [stdout] 123 | pub fn wrap_path(input: &[i32]) -> PathData<'_> {
[INFO] [stdout]     |                                            ++++
[INFO] [stdout] 
[INFO] [stdout] 
[INFO] [stderr]    Compiling nodarium_utils v0.1.0 (/opt/rustwide/workdir)
[INFO] [stdout] warning: unused import: `create_path`
[INFO] [stdout]  --> src/main.rs:2:39
[INFO] [stdout]   |
[INFO] [stdout] 2 |     geometry::{create_multiple_paths, create_path, wrap_multiple_paths},
[INFO] [stdout]   |                                       ^^^^^^^^^^^
[INFO] [stdout]   |
[INFO] [stdout]   = note: `#[warn(unused_imports)]` (part of `#[warn(unused)]`) on by default
[INFO] [stdout] 
[INFO] [stdout] 
[INFO] [stdout] warning: use of deprecated constant `std::f32::INFINITY`: replaced by the `INFINITY` associated constant on `f32`
[INFO] [stdout]   --> src/encoding.rs:24:23
[INFO] [stdout]    |
[INFO] [stdout] 24 |             std::f32::INFINITY,
[INFO] [stdout]    |                       ^^^^^^^^
[INFO] [stdout]    |
[INFO] [stdout]    = note: `#[warn(deprecated)]` on by default
[INFO] [stdout] 
[INFO] [stdout] 
[INFO] [stdout] warning: use of deprecated constant `std::f32::NEG_INFINITY`: replaced by the `NEG_INFINITY` associated constant on `f32`
[INFO] [stdout]   --> src/encoding.rs:25:23
[INFO] [stdout]    |
[INFO] [stdout] 25 |             std::f32::NEG_INFINITY,
[INFO] [stdout]    |                       ^^^^^^^^^^^^
[INFO] [stdout] 
[INFO] [stdout] 
[INFO] [stdout] warning: hiding a lifetime that's elided elsewhere is confusing
[INFO] [stdout]   --> src/geometry/geometry_data.rs:40:37
[INFO] [stdout]    |
[INFO] [stdout] 40 | pub fn wrap_geometry_data(geometry: &mut [i32]) -> GeometryData {
[INFO] [stdout]    |                                     ^^^^^^^^^^     ^^^^^^^^^^^^ the same lifetime is hidden here
[INFO] [stdout]    |                                     |
[INFO] [stdout]    |                                     the lifetime is elided here
[INFO] [stdout]    |
[INFO] [stdout]    = help: the same lifetime is referred to in inconsistent ways, making the signature confusing
[INFO] [stdout]    = note: `#[warn(mismatched_lifetime_syntaxes)]` on by default
[INFO] [stdout] help: use `'_` for type paths
[INFO] [stdout]    |
[INFO] [stdout] 40 | pub fn wrap_geometry_data(geometry: &mut [i32]) -> GeometryData<'_> {
[INFO] [stdout]    |                                                                ++++
[INFO] [stdout] 
[INFO] [stdout] 
[INFO] [stdout] warning: hiding a lifetime that's elided elsewhere is confusing
[INFO] [stdout]    --> src/geometry/path_data.rs:123:25
[INFO] [stdout]     |
[INFO] [stdout] 123 | pub fn wrap_path(input: &[i32]) -> PathData {
[INFO] [stdout]     |                         ^^^^^^     ^^^^^^^^ the same lifetime is hidden here
[INFO] [stdout]     |                         |
[INFO] [stdout]     |                         the lifetime is elided here
[INFO] [stdout]     |
[INFO] [stdout]     = help: the same lifetime is referred to in inconsistent ways, making the signature confusing
[INFO] [stdout] help: use `'_` for type paths
[INFO] [stdout]     |
[INFO] [stdout] 123 | pub fn wrap_path(input: &[i32]) -> PathData<'_> {
[INFO] [stdout]     |                                            ++++
[INFO] [stdout] 
[INFO] [stdout] 
[INFO] [stderr] warning: unused dependency `serde_json`
[INFO] [stderr]   --> Cargo.toml:15:15
[INFO] [stderr]    |
[INFO] [stderr] 15 | [dependencies.serde_json]
[INFO] [stderr]    |               ^^^^^^^^^^^
[INFO] [stderr]    |
[INFO] [stderr]    = note: `cargo::unused_dependencies` is set to `warn` by default
[INFO] [stderr] help: consider removing the dependency on `serde_json`
[INFO] [stderr] warning: unused dependency `web-sys`
[INFO] [stderr]   --> Cargo.toml:23:15
[INFO] [stderr]    |
[INFO] [stderr] 23 | [dependencies.web-sys]
[INFO] [stderr]    |               ^^^^^^^^
[INFO] [stderr]    |
[INFO] [stderr] help: consider removing the dependency on `web-sys`
[INFO] [stderr] warning: `nodarium_utils` (manifest) generated 2 warnings
[INFO] [stderr]     Finished `release` profile [optimized] target(s) in 0.46s
[INFO] running `Command { std: "docker" "inspect" "eddece11d3539de88692fe78a09a5b65972cd5769e8bd3040efb22cc4f1fc252", kill_on_drop: false }`
[INFO] running `Command { std: "docker" "exec" "-e" "SOURCE_DIR=/opt/rustwide/workdir" "-e" "CARGO_HOME=/opt/rustwide/cargo-home" "-e" "RUSTUP_HOME=/opt/rustwide/rustup-home" "-e" "CARGO_TARGET_DIR=/opt/rustwide/target" "-e" "CARGO_INCREMENTAL=0" "-e" "RUST_BACKTRACE=full" "-e" "RUSTFLAGS=--cap-lints=warn" "-e" "RUSTDOCFLAGS=--cap-lints=warn" "-w" "/opt/rustwide/workdir" "--user" "0:0" "eddece11d3539de88692fe78a09a5b65972cd5769e8bd3040efb22cc4f1fc252" "/opt/rustwide/cargo-home/bin/cargo" "+1.100.0-beta.1" "test" "--frozen" "--release", kill_on_drop: false }`
[INFO] [stderr] warning: hiding a lifetime that's elided elsewhere is confusing
[INFO] [stderr]   --> src/geometry/geometry_data.rs:40:37
[INFO] [stderr]    |
[INFO] [stderr] 40 | pub fn wrap_geometry_data(geometry: &mut [i32]) -> GeometryData {
[INFO] [stderr]    |                                     ^^^^^^^^^^     ^^^^^^^^^^^^ the same lifetime is hidden here
[INFO] [stderr]    |                                     |
[INFO] [stderr]    |                                     the lifetime is elided here
[INFO] [stderr]    |
[INFO] [stderr]    = help: the same lifetime is referred to in inconsistent ways, making the signature confusing
[INFO] [stderr]    = note: `#[warn(mismatched_lifetime_syntaxes)]` on by default
[INFO] [stderr] help: use `'_` for type paths
[INFO] [stderr]    |
[INFO] [stderr] 40 | pub fn wrap_geometry_data(geometry: &mut [i32]) -> GeometryData<'_> {
[INFO] [stderr]    |                                                                ++++
[INFO] [stderr] 
[INFO] [stderr] warning: hiding a lifetime that's elided elsewhere is confusing
[INFO] [stderr]    --> src/geometry/path_data.rs:123:25
[INFO] [stderr]     |
[INFO] [stderr] 123 | pub fn wrap_path(input: &[i32]) -> PathData {
[INFO] [stderr]     |                         ^^^^^^     ^^^^^^^^ the same lifetime is hidden here
[INFO] [stderr]     |                         |
[INFO] [stderr]     |                         the lifetime is elided here
[INFO] [stderr]     |
[INFO] [stderr]     = help: the same lifetime is referred to in inconsistent ways, making the signature confusing
[INFO] [stderr] help: use `'_` for type paths
[INFO] [stderr]     |
[INFO] [stderr] 123 | pub fn wrap_path(input: &[i32]) -> PathData<'_> {
[INFO] [stderr]     |                                            ++++
[INFO] [stderr] 
[INFO] [stderr] warning: use of deprecated constant `std::f32::INFINITY`: replaced by the `INFINITY` associated constant on `f32`
[INFO] [stderr]   --> src/encoding.rs:24:23
[INFO] [stderr]    |
[INFO] [stderr] 24 |             std::f32::INFINITY,
[INFO] [stderr]    |                       ^^^^^^^^
[INFO] [stderr]    |
[INFO] [stderr]    = note: `#[warn(deprecated)]` on by default
[INFO] [stderr] 
[INFO] [stderr] warning: use of deprecated constant `std::f32::NEG_INFINITY`: replaced by the `NEG_INFINITY` associated constant on `f32`
[INFO] [stderr]   --> src/encoding.rs:25:23
[INFO] [stderr]    |
[INFO] [stderr] 25 |             std::f32::NEG_INFINITY,
[INFO] [stderr]    |                       ^^^^^^^^^^^^
[INFO] [stderr] 
[INFO] [stderr] warning: `nodarium_utils` (lib) generated 2 warnings (run `cargo fix --lib -p nodarium_utils` to apply 2 suggestions)
[INFO] [stderr] warning: `nodarium_utils` (lib test) generated 4 warnings (2 duplicates)
[INFO] [stderr] warning: unused import: `create_path`
[INFO] [stderr]  --> src/main.rs:2:39
[INFO] [stderr]   |
[INFO] [stderr] 2 |     geometry::{create_multiple_paths, create_path, wrap_multiple_paths},
[INFO] [stderr]   |                                       ^^^^^^^^^^^
[INFO] [stderr]   |
[INFO] [stderr]   = note: `#[warn(unused_imports)]` (part of `#[warn(unused)]`) on by default
[INFO] [stderr] 
[INFO] [stderr] warning: `nodarium_utils` (bin "nodarium_utils" test) generated 1 warning (run `cargo fix --bin "nodarium_utils" -p nodarium_utils --tests` to apply 1 suggestion)
[INFO] [stderr] warning: unused dependency `serde_json`
[INFO] [stderr]   --> Cargo.toml:15:15
[INFO] [stderr]    |
[INFO] [stderr] 15 | [dependencies.serde_json]
[INFO] [stderr]    |               ^^^^^^^^^^^
[INFO] [stderr]    |
[INFO] [stderr]    = note: `cargo::unused_dependencies` is set to `warn` by default
[INFO] [stderr] help: consider removing the dependency on `serde_json`
[INFO] [stderr] warning: unused dependency `web-sys`
[INFO] [stderr]   --> Cargo.toml:23:15
[INFO] [stderr]    |
[INFO] [stderr] 23 | [dependencies.web-sys]
[INFO] [stderr]    |               ^^^^^^^^
[INFO] [stderr]    |
[INFO] [stderr] help: consider removing the dependency on `web-sys`
[INFO] [stderr] warning: `nodarium_utils` (manifest) generated 2 warnings
[INFO] [stderr]     Finished `release` profile [optimized] target(s) in 0.05s
[INFO] [stderr]      Running unittests src/lib.rs (/opt/rustwide/target/release/build/nodarium_utils/7f3561644e24f086/out/nodarium_utils-7f3561644e24f086)
[INFO] [stdout] 
[INFO] [stdout] running 6 tests
[INFO] [stdout] test encoding::tests::test_decode_float_simple ... ok
[INFO] [stdout] test tree::tests::test_recursive_evaluation ... ok
[INFO] [stdout] test tree::tests::test_get_args_input_a ... FAILED
[INFO] [stdout] test tree::tests::test_get_args_input_b ... FAILED
[INFO] [stdout] test tree::tests::test_get_args_nested_inputs ... FAILED
[INFO] [stdout] test tree::tests::test_split_args ... FAILED
[INFO] [stdout] 
[INFO] [stdout] failures:
[INFO] [stdout] 
[INFO] [stdout] ---- tree::tests::test_get_args_input_a stdout ----
[INFO] [stdout] 
[INFO] [stdout] thread 'tree::tests::test_get_args_input_a' (788) panicked at src/tree.rs:14:38:
[INFO] [stdout] index out of bounds: the len is 16 but the index is 16
[INFO] [stdout] stack backtrace:
[INFO] [stdout]    0:     0x601d6cbe4b01 - <<std[617be2ca0a6fd877]::sys::backtrace::BacktraceLock>::print::DisplayBacktrace as core[a373ad73a504971]::fmt::Display>::fmt
[INFO] [stdout]    1:     0x601d6cbf950a - core[a373ad73a504971]::fmt::write
[INFO] [stdout]    2:     0x601d6cbe8d1c - <alloc[2e1b2a31b91974c5]::vec::Vec<u8> as core[a373ad73a504971]::io::write::Write>::write_fmt
[INFO] [stdout]    3:     0x601d6cbc0f66 - std[617be2ca0a6fd877]::panicking::default_hook::{closure#0}
[INFO] [stdout]    4:     0x601d6cbdd199 - std[617be2ca0a6fd877]::panicking::default_hook
[INFO] [stdout]    5:     0x601d6cb794f0 - test[aada8e7e76ba119b]::test_main_inner::{closure#0}
[INFO] [stdout]    6:     0x601d6cbdd352 - std[617be2ca0a6fd877]::panicking::panic_with_hook
[INFO] [stdout]    7:     0x601d6cbc1012 - std[617be2ca0a6fd877]::panicking::panic_handler::{closure#0}
[INFO] [stdout]    8:     0x601d6cbb9d29 - std[617be2ca0a6fd877]::sys::backtrace::__rust_end_short_backtrace::<std[617be2ca0a6fd877]::panicking::panic_handler::{closure#0}, !>
[INFO] [stdout]    9:     0x601d6cbc1c1d - __rustc[ea4f61d10b84890b]::rust_begin_unwind
[INFO] [stdout]   10:     0x601d6cbf9c3c - core[a373ad73a504971]::panicking::panic_fmt
[INFO] [stdout]   11:     0x601d6cbf9a8c - core[a373ad73a504971]::panicking::panic_bounds_check
[INFO] [stdout]   12:     0x601d6cb6b2d8 - nodarium_utils[72bfdfe341a8b42b]::tree::split_args
[INFO] [stdout]   13:     0x601d6cb6c180 - <nodarium_utils[72bfdfe341a8b42b]::tree::tests::test_get_args_input_a::{closure#0} as core[a373ad73a504971]::ops::function::FnOnce<()>>::call_once
[INFO] [stdout]   14:     0x601d6cb6c93b - test[aada8e7e76ba119b]::__rust_begin_short_backtrace::<core[a373ad73a504971]::result::Result<(), alloc[2e1b2a31b91974c5]::string::String>, fn() -> core[a373ad73a504971]::result::Result<(), alloc[2e1b2a31b91974c5]::string::String>>
[INFO] [stdout]   15:     0x601d6cb79b15 - test[aada8e7e76ba119b]::run_test::{closure#0}
[INFO] [stdout]   16:     0x601d6cb73404 - std[617be2ca0a6fd877]::sys::backtrace::__rust_begin_short_backtrace::<test[aada8e7e76ba119b]::run_test::{closure#1}, ()>
[INFO] [stdout]   17:     0x601d6cb7cba2 - <std[617be2ca0a6fd877]::thread::lifecycle::spawn_unchecked<test[aada8e7e76ba119b]::run_test::{closure#1}, ()>::{closure#1} as core[a373ad73a504971]::ops::function::FnOnce<()>>::call_once::{shim:vtable#0}
[INFO] [stdout]   18:     0x601d6cbe435f - <std[617be2ca0a6fd877]::sys::thread::unix::Thread>::new::thread_start
[INFO] [stdout]   19:     0x75628a783dfa - <unknown>
[INFO] [stdout]   20:     0x75628a8173d4 - clone
[INFO] [stdout]   21:                0x0 - <unknown>
[INFO] [stdout] 
[INFO] [stdout] ---- tree::tests::test_get_args_input_b stdout ----
[INFO] [stdout] 
[INFO] [stdout] thread 'tree::tests::test_get_args_input_b' (789) panicked at src/tree.rs:262:9:
[INFO] [stdout] assertion `left == right` failed
[INFO] [stdout]   left: [0, 4, 4, 2, 4, 1, 2]
[INFO] [stdout]  right: [0, 4, 4, 2, 4]
[INFO] [stdout] stack backtrace:
[INFO] [stdout]    0:     0x601d6cbe4b01 - <<std[617be2ca0a6fd877]::sys::backtrace::BacktraceLock>::print::DisplayBacktrace as core[a373ad73a504971]::fmt::Display>::fmt
[INFO] [stdout]    1:     0x601d6cbf950a - core[a373ad73a504971]::fmt::write
[INFO] [stdout]    2:     0x601d6cbe8d1c - <alloc[2e1b2a31b91974c5]::vec::Vec<u8> as core[a373ad73a504971]::io::write::Write>::write_fmt
[INFO] [stdout]    3:     0x601d6cbc0f66 - std[617be2ca0a6fd877]::panicking::default_hook::{closure#0}
[INFO] [stdout]    4:     0x601d6cbdd199 - std[617be2ca0a6fd877]::panicking::default_hook
[INFO] [stdout]    5:     0x601d6cb794f0 - test[aada8e7e76ba119b]::test_main_inner::{closure#0}
[INFO] [stdout]    6:     0x601d6cbdd352 - std[617be2ca0a6fd877]::panicking::panic_with_hook
[INFO] [stdout]    7:     0x601d6cbc1012 - std[617be2ca0a6fd877]::panicking::panic_handler::{closure#0}
[INFO] [stdout]    8:     0x601d6cbb9d29 - std[617be2ca0a6fd877]::sys::backtrace::__rust_end_short_backtrace::<std[617be2ca0a6fd877]::panicking::panic_handler::{closure#0}, !>
[INFO] [stdout]    9:     0x601d6cbc1c1d - __rustc[ea4f61d10b84890b]::rust_begin_unwind
[INFO] [stdout]   10:     0x601d6cbf9c3c - core[a373ad73a504971]::panicking::panic_fmt
[INFO] [stdout]   11:     0x601d6cbf9b53 - core[a373ad73a504971]::panicking::assert_failed_inner
[INFO] [stdout]   12:     0x601d6cb6ae13 - core[a373ad73a504971]::panicking::assert_failed::<&[i32], [i32; 5usize]>
[INFO] [stdout]   13:     0x601d6cb6c4e6 - <nodarium_utils[72bfdfe341a8b42b]::tree::tests::test_get_args_input_b::{closure#0} as core[a373ad73a504971]::ops::function::FnOnce<()>>::call_once
[INFO] [stdout]   14:     0x601d6cb6c93b - test[aada8e7e76ba119b]::__rust_begin_short_backtrace::<core[a373ad73a504971]::result::Result<(), alloc[2e1b2a31b91974c5]::string::String>, fn() -> core[a373ad73a504971]::result::Result<(), alloc[2e1b2a31b91974c5]::string::String>>
[INFO] [stdout]   15:     0x601d6cb79b15 - test[aada8e7e76ba119b]::run_test::{closure#0}
[INFO] [stdout]   16:     0x601d6cb73404 - std[617be2ca0a6fd877]::sys::backtrace::__rust_begin_short_backtrace::<test[aada8e7e76ba119b]::run_test::{closure#1}, ()>
[INFO] [stdout]   17:     0x601d6cb7cba2 - <std[617be2ca0a6fd877]::thread::lifecycle::spawn_unchecked<test[aada8e7e76ba119b]::run_test::{closure#1}, ()>::{closure#1} as core[a373ad73a504971]::ops::function::FnOnce<()>>::call_once::{shim:vtable#0}
[INFO] [stdout]   18:     0x601d6cbe435f - <std[617be2ca0a6fd877]::sys::thread::unix::Thread>::new::thread_start
[INFO] [stdout]   19:     0x75628a783dfa - <unknown>
[INFO] [stdout]   20:     0x75628a8173d4 - clone
[INFO] [stdout]   21:                0x0 - <unknown>
[INFO] [stdout] 
[INFO] [stdout] ---- tree::tests::test_get_args_nested_inputs stdout ----
[INFO] [stdout] 
[INFO] [stdout] thread 'tree::tests::test_get_args_nested_inputs' (790) panicked at src/tree.rs:285:9:
[INFO] [stdout] assertion `left == right` failed
[INFO] [stdout]   left: [0, 3, 0, 128, 1, 1]
[INFO] [stdout]  right: [0, 3, 0, 128]
[INFO] [stdout] stack backtrace:
[INFO] [stdout]    0:     0x601d6cbe4b01 - <<std[617be2ca0a6fd877]::sys::backtrace::BacktraceLock>::print::DisplayBacktrace as core[a373ad73a504971]::fmt::Display>::fmt
[INFO] [stdout]    1:     0x601d6cbf950a - core[a373ad73a504971]::fmt::write
[INFO] [stdout]    2:     0x601d6cbe8d1c - <alloc[2e1b2a31b91974c5]::vec::Vec<u8> as core[a373ad73a504971]::io::write::Write>::write_fmt
[INFO] [stdout]    3:     0x601d6cbc0f66 - std[617be2ca0a6fd877]::panicking::default_hook::{closure#0}
[INFO] [stdout]    4:     0x601d6cbdd199 - std[617be2ca0a6fd877]::panicking::default_hook
[INFO] [stdout]    5:     0x601d6cb794f0 - test[aada8e7e76ba119b]::test_main_inner::{closure#0}
[INFO] [stdout]    6:     0x601d6cbdd352 - std[617be2ca0a6fd877]::panicking::panic_with_hook
[INFO] [stdout]    7:     0x601d6cbc1012 - std[617be2ca0a6fd877]::panicking::panic_handler::{closure#0}
[INFO] [stdout]    8:     0x601d6cbb9d29 - std[617be2ca0a6fd877]::sys::backtrace::__rust_end_short_backtrace::<std[617be2ca0a6fd877]::panicking::panic_handler::{closure#0}, !>
[INFO] [stdout]    9:     0x601d6cbc1c1d - __rustc[ea4f61d10b84890b]::rust_begin_unwind
[INFO] [stdout]   10:     0x601d6cbf9c3c - core[a373ad73a504971]::panicking::panic_fmt
[INFO] [stdout]   11:     0x601d6cbf9b53 - core[a373ad73a504971]::panicking::assert_failed_inner
[INFO] [stdout]   12:     0x601d6cb6add3 - core[a373ad73a504971]::panicking::assert_failed::<&[i32], [i32; 4usize]>
[INFO] [stdout]   13:     0x601d6cb6c818 - <nodarium_utils[72bfdfe341a8b42b]::tree::tests::test_get_args_nested_inputs::{closure#0} as core[a373ad73a504971]::ops::function::FnOnce<()>>::call_once
[INFO] [stdout]   14:     0x601d6cb6c93b - test[aada8e7e76ba119b]::__rust_begin_short_backtrace::<core[a373ad73a504971]::result::Result<(), alloc[2e1b2a31b91974c5]::string::String>, fn() -> core[a373ad73a504971]::result::Result<(), alloc[2e1b2a31b91974c5]::string::String>>
[INFO] [stdout]   15:     0x601d6cb79b15 - test[aada8e7e76ba119b]::run_test::{closure#0}
[INFO] [stdout]   16:     0x601d6cb73404 - std[617be2ca0a6fd877]::sys::backtrace::__rust_begin_short_backtrace::<test[aada8e7e76ba119b]::run_test::{closure#1}, ()>
[INFO] [stdout]   17:     0x601d6cb7cba2 - <std[617be2ca0a6fd877]::thread::lifecycle::spawn_unchecked<test[aada8e7e76ba119b]::run_test::{closure#1}, ()>::{closure#1} as core[a373ad73a504971]::ops::function::FnOnce<()>>::call_once::{shim:vtable#0}
[INFO] [stdout]   18:     0x601d6cbe435f - <std[617be2ca0a6fd877]::sys::thread::unix::Thread>::new::thread_start
[INFO] [stdout]   19:     0x75628a783dfa - <unknown>
[INFO] [stdout]   20:     0x75628a8173d4 - clone
[INFO] [stdout]   21:                0x0 - <unknown>
[INFO] [stdout] 
[INFO] [stdout] ---- tree::tests::test_split_args stdout ----
[INFO] [stdout] [0, 28, 0, 2, 1048576000, 0, 20, 0, 4, 0, 0, 1073741824, 0, 9, 0, 5, 0, 0, 1073741824, 1073741824, 1, 1, 1, 0, 1, 1, 1, 4, 1041865114, 1, 5]
[INFO] [stdout] 
[INFO] [stdout] thread 'tree::tests::test_split_args' (792) panicked at src/tree.rs:217:9:
[INFO] [stdout] assertion `left == right` failed
[INFO] [stdout]   left: 31
[INFO] [stdout]  right: 29
[INFO] [stdout] stack backtrace:
[INFO] [stdout]    0:     0x601d6cbe4b01 - <<std[617be2ca0a6fd877]::sys::backtrace::BacktraceLock>::print::DisplayBacktrace as core[a373ad73a504971]::fmt::Display>::fmt
[INFO] [stdout]    1:     0x601d6cbf950a - core[a373ad73a504971]::fmt::write
[INFO] [stdout]    2:     0x601d6cbe8d1c - <alloc[2e1b2a31b91974c5]::vec::Vec<u8> as core[a373ad73a504971]::io::write::Write>::write_fmt
[INFO] [stdout]    3:     0x601d6cbc0f66 - std[617be2ca0a6fd877]::panicking::default_hook::{closure#0}
[INFO] [stdout]    4:     0x601d6cbdd199 - std[617be2ca0a6fd877]::panicking::default_hook
[INFO] [stdout]    5:     0x601d6cb794f0 - test[aada8e7e76ba119b]::test_main_inner::{closure#0}
[INFO] [stdout]    6:     0x601d6cbdd352 - std[617be2ca0a6fd877]::panicking::panic_with_hook
[INFO] [stdout]    7:     0x601d6cbc1012 - std[617be2ca0a6fd877]::panicking::panic_handler::{closure#0}
[INFO] [stdout]    8:     0x601d6cbb9d29 - std[617be2ca0a6fd877]::sys::backtrace::__rust_end_short_backtrace::<std[617be2ca0a6fd877]::panicking::panic_handler::{closure#0}, !>
[INFO] [stdout]    9:     0x601d6cbc1c1d - __rustc[ea4f61d10b84890b]::rust_begin_unwind
[INFO] [stdout]   10:     0x601d6cbf9c3c - core[a373ad73a504971]::panicking::panic_fmt
[INFO] [stdout]   11:     0x601d6cbf9b53 - core[a373ad73a504971]::panicking::assert_failed_inner
[INFO] [stdout]   12:     0x601d6cbf58f8 - core[a373ad73a504971]::panicking::assert_failed::<usize, usize>
[INFO] [stdout]   13:     0x601d6cb6c073 - <nodarium_utils[72bfdfe341a8b42b]::tree::tests::test_split_args::{closure#0} as core[a373ad73a504971]::ops::function::FnOnce<()>>::call_once
[INFO] [stdout]   14:     0x601d6cb6c93b - test[aada8e7e76ba119b]::__rust_begin_short_backtrace::<core[a373ad73a504971]::result::Result<(), alloc[2e1b2a31b91974c5]::string::String>, fn() -> core[a373ad73a504971]::result::Result<(), alloc[2e1b2a31b91974c5]::string::String>>
[INFO] [stdout]   15:     0x601d6cb79b15 - test[aada8e7e76ba119b]::run_test::{closure#0}
[INFO] [stdout]   16:     0x601d6cb73404 - std[617be2ca0a6fd877]::sys::backtrace::__rust_begin_short_backtrace::<test[aada8e7e76ba119b]::run_test::{closure#1}, ()>
[INFO] [stdout]   17:     0x601d6cb7cba2 - <std[617be2ca0a6fd877]::thread::lifecycle::spawn_unchecked<test[aada8e7e76ba119b]::run_test::{closure#1}, ()>::{closure#1} as core[a373ad73a504971]::ops::function::FnOnce<()>>::call_once::{shim:vtable#0}
[INFO] [stdout]   18:     0x601d6cbe435f - <std[617be2ca0a6fd877]::sys::thread::unix::Thread>::new::thread_start
[INFO] [stdout]   19:     0x75628a783dfa - <unknown>
[INFO] [stdout]   20:     0x75628a8173d4 - clone
[INFO] [stdout]   21:                0x0 - <unknown>
[INFO] [stdout] 
[INFO] [stdout] 
[INFO] [stdout] failures:
[INFO] [stdout]     tree::tests::test_get_args_input_a
[INFO] [stdout]     tree::tests::test_get_args_input_b
[INFO] [stdout]     tree::tests::test_get_args_nested_inputs
[INFO] [stdout]     tree::tests::test_split_args
[INFO] [stdout] 
[INFO] [stdout] test result: FAILED. 2 passed; 4 failed; 0 ignored; 0 measured; 0 filtered out; finished in 0.00s
[INFO] [stdout] 
[INFO] [stderr] error: test failed, to rerun pass `--lib`
[INFO] running `Command { std: "docker" "inspect" "eddece11d3539de88692fe78a09a5b65972cd5769e8bd3040efb22cc4f1fc252", kill_on_drop: false }`
[INFO] running `Command { std: "docker" "rm" "-f" "eddece11d3539de88692fe78a09a5b65972cd5769e8bd3040efb22cc4f1fc252", kill_on_drop: false }`
[INFO] [stdout] eddece11d3539de88692fe78a09a5b65972cd5769e8bd3040efb22cc4f1fc252
