[INFO] fetching crate nocompile 0.9.2...
[INFO] testing nocompile-0.9.2 against 1.100.0-beta.1+cargoflags=--release for beta-release-1.100-2
[INFO] extracting crate nocompile 0.9.2 into /workspace/builds/worker-5-tc2/source
[INFO] started tweaking crates.io crate nocompile 0.9.2
[INFO] removed 0 missing tests
[INFO] finished tweaking crates.io crate nocompile 0.9.2
[INFO] tweaked toml for crates.io crate nocompile 0.9.2 written to /workspace/builds/worker-5-tc2/source/Cargo.toml
[INFO] validating manifest of crates.io crate nocompile 0.9.2 on toolchain 1.100.0-beta.1
[INFO] running `Command { std: CARGO_HOME="/workspace/cargo-home" RUSTUP_HOME="/workspace/rustup-home" "/workspace/cargo-home/bin/cargo" "+1.100.0-beta.1" "metadata" "--manifest-path" "Cargo.toml" "--no-deps", kill_on_drop: false }`
[INFO] crate crates.io crate nocompile 0.9.2 already has a lockfile, it will not be regenerated
[INFO] running `Command { std: CARGO_HOME="/workspace/cargo-home" RUSTUP_HOME="/workspace/rustup-home" "/workspace/cargo-home/bin/cargo" "+1.100.0-beta.1" "fetch" "--manifest-path" "Cargo.toml", kill_on_drop: false }`
[INFO] running `Command { std: "docker" "create" "-v" "/var/lib/crater-agent-workspace/builds/worker-5-tc2/source:/opt/rustwide/workdir:ro,Z" "-v" "/var/lib/crater-agent-workspace/builds/worker-5-tc2/target:/opt/rustwide/target:rw,Z" "-v" "/var/lib/crater-agent-workspace/cargo-home:/opt/rustwide/cargo-home:ro,Z" "-v" "/var/lib/crater-agent-workspace/rustup-home:/opt/rustwide/rustup-home:ro,Z" "-m" "1610612736" "--network" "none" "ghcr.io/rust-lang/crates-build-env/linux@sha256:77db811e55d90add9212f6832c23229e3de5f1c1f9905e8cb07319ea15df73ac" "sleep" "infinity", kill_on_drop: false }`
[INFO] [stdout] e5d365b1377bc4a88946b1f3c08ab13a99ddbf0dd44d4c64223245f301d0cc4d
[INFO] running `Command { std: "docker" "start" "e5d365b1377bc4a88946b1f3c08ab13a99ddbf0dd44d4c64223245f301d0cc4d", kill_on_drop: false }`
[INFO] running `Command { std: "docker" "inspect" "e5d365b1377bc4a88946b1f3c08ab13a99ddbf0dd44d4c64223245f301d0cc4d", kill_on_drop: false }`
[INFO] running `Command { std: "docker" "exec" "-e" "SOURCE_DIR=/opt/rustwide/workdir" "-e" "CARGO_HOME=/opt/rustwide/cargo-home" "-e" "RUSTUP_HOME=/opt/rustwide/rustup-home" "-e" "CARGO_TARGET_DIR=/opt/rustwide/target" "-w" "/opt/rustwide/workdir" "--user" "0:0" "e5d365b1377bc4a88946b1f3c08ab13a99ddbf0dd44d4c64223245f301d0cc4d" "/opt/rustwide/cargo-home/bin/cargo" "+1.100.0-beta.1" "metadata" "--no-deps" "--format-version=1", kill_on_drop: false }`
[INFO] running `Command { std: "docker" "inspect" "e5d365b1377bc4a88946b1f3c08ab13a99ddbf0dd44d4c64223245f301d0cc4d", kill_on_drop: false }`
[INFO] running `Command { std: "docker" "exec" "-e" "SOURCE_DIR=/opt/rustwide/workdir" "-e" "CARGO_HOME=/opt/rustwide/cargo-home" "-e" "RUSTUP_HOME=/opt/rustwide/rustup-home" "-e" "CARGO_TARGET_DIR=/opt/rustwide/target" "-e" "CARGO_INCREMENTAL=0" "-e" "RUST_BACKTRACE=full" "-e" "RUSTFLAGS=--cap-lints=warn" "-e" "RUSTDOCFLAGS=--cap-lints=warn" "-w" "/opt/rustwide/workdir" "--user" "0:0" "e5d365b1377bc4a88946b1f3c08ab13a99ddbf0dd44d4c64223245f301d0cc4d" "/opt/rustwide/cargo-home/bin/cargo" "+1.100.0-beta.1" "build" "--frozen" "--message-format=json" "--release", kill_on_drop: false }`
[INFO] [stderr]    Compiling nocompile v0.9.2 (/opt/rustwide/workdir)
[INFO] [stderr]     Finished `release` profile [optimized] target(s) in 1.67s
[INFO] running `Command { std: "docker" "inspect" "e5d365b1377bc4a88946b1f3c08ab13a99ddbf0dd44d4c64223245f301d0cc4d", kill_on_drop: false }`
[INFO] running `Command { std: "docker" "exec" "-e" "SOURCE_DIR=/opt/rustwide/workdir" "-e" "CARGO_HOME=/opt/rustwide/cargo-home" "-e" "RUSTUP_HOME=/opt/rustwide/rustup-home" "-e" "CARGO_TARGET_DIR=/opt/rustwide/target" "-e" "CARGO_INCREMENTAL=0" "-e" "RUST_BACKTRACE=full" "-e" "RUSTFLAGS=--cap-lints=warn" "-e" "RUSTDOCFLAGS=--cap-lints=warn" "-w" "/opt/rustwide/workdir" "--user" "0:0" "e5d365b1377bc4a88946b1f3c08ab13a99ddbf0dd44d4c64223245f301d0cc4d" "/opt/rustwide/cargo-home/bin/cargo" "+1.100.0-beta.1" "test" "--frozen" "--no-run" "--message-format=json" "--release", kill_on_drop: false }`
[INFO] [stderr]    Compiling nocompile v0.9.2 (/opt/rustwide/workdir)
[INFO] [stderr]     Finished `release` profile [optimized] target(s) in 5.34s
[INFO] running `Command { std: "docker" "inspect" "e5d365b1377bc4a88946b1f3c08ab13a99ddbf0dd44d4c64223245f301d0cc4d", kill_on_drop: false }`
[INFO] running `Command { std: "docker" "exec" "-e" "SOURCE_DIR=/opt/rustwide/workdir" "-e" "CARGO_HOME=/opt/rustwide/cargo-home" "-e" "RUSTUP_HOME=/opt/rustwide/rustup-home" "-e" "CARGO_TARGET_DIR=/opt/rustwide/target" "-e" "CARGO_INCREMENTAL=0" "-e" "RUST_BACKTRACE=full" "-e" "RUSTFLAGS=--cap-lints=warn" "-e" "RUSTDOCFLAGS=--cap-lints=warn" "-w" "/opt/rustwide/workdir" "--user" "0:0" "e5d365b1377bc4a88946b1f3c08ab13a99ddbf0dd44d4c64223245f301d0cc4d" "/opt/rustwide/cargo-home/bin/cargo" "+1.100.0-beta.1" "test" "--frozen" "--release", kill_on_drop: false }`
[INFO] [stderr]     Finished `release` profile [optimized] target(s) in 0.03s
[INFO] [stderr]      Running unittests src/lib.rs (/opt/rustwide/target/release/build/nocompile/fd06938edd5381b0/out/nocompile-fd06938edd5381b0)
[INFO] [stdout] 
[INFO] [stdout] running 227 tests
[INFO] [stdout] test cases::tests::a_dependency_declared_twice_the_same_way_is_one_dependency ... ok
[INFO] [stdout] test cases::tests::a_non_utf8_fixture_path_is_refused_rather_than_converted_lossily ... ok
[INFO] [stdout] test cases::tests::an_empty_dependency_name_is_refused ... ok
[INFO] [stdout] test cases::tests::a_fixture_registered_under_both_kinds_is_refused_by_name ... ok
[INFO] [stdout] test cases::tests::raw_manifest_lines_must_open_with_a_table_header ... ok
[INFO] [stdout] test cases::tests::any_other_value_or_no_variable_does_not_bless ... ok
[INFO] [stdout] test cases::tests::dir_registration_records_a_readable_error_rather_than_panicking ... ok
[INFO] [stdout] test cases::tests::a_golden_that_cannot_be_written_is_a_failure_naming_it ... ok
[INFO] [stdout] test cases::tests::relative_to_keeps_paths_outside_the_base_whole ... ok
[INFO] [stdout] test cases::tests::the_overwrite_variable_blesses_in_any_case ... ok
[INFO] [stdout] test cases::tests::a_dependency_declared_twice_differently_is_refused ... ok
[INFO] [stdout] test cases::tests::the_golden_sits_beside_the_fixture ... ok
[INFO] [stdout] test cases::tests::fixtures_are_registered_in_file_name_order ... FAILED
[INFO] [stdout] test cases::tests::a_dependency_named_like_a_reserved_placeholder_is_refused ... ok
[INFO] [stdout] test compare::tests::brief_ignores_gutter_width ... ok
[INFO] [stdout] test compare::tests::brief_keeps_a_message_rustc_printed_over_more_than_one_line ... ok
[INFO] [stdout] test cases::tests::relative_to_uses_forward_slashes ... ok
[INFO] [stdout] test compare::tests::brief_local_accepts_a_brief_golden ... ok
[INFO] [stdout] test compare::tests::brief_keeps_a_message_past_a_blank_line_in_it ... ok
[INFO] [stdout] test cases::tests::an_explicit_setting_outranks_the_variable_either_way ... ok
[INFO] [stdout] test cases::tests::a_fixture_registered_twice_under_one_kind_is_one_case ... ok
[INFO] [stdout] test cases::tests::implementor_lists_are_not_elided_by_default ... ok
[INFO] [stdout] test compare::tests::brief_keeps_messages_and_spans_only ... ok
[INFO] [stdout] test compare::tests::brief_local_does_not_take_a_longer_name_for_the_fixture ... ok
[INFO] [stdout] test compare::tests::brief_is_idempotent_so_filtering_both_sides_is_safe ... ok
[INFO] [stdout] test cases::tests::a_refused_dependency_stops_the_run_before_the_build ... ok
[INFO] [stdout] test cases::tests::a_non_utf8_dependency_path_is_refused ... ok
[INFO] [stdout] test compare::tests::brief_keeps_warnings ... ok
[INFO] [stdout] test compare::tests::brief_local_is_idempotent ... ok
[INFO] [stdout] test compare::tests::brief_drops_the_blank_line_that_ends_a_diagnostic ... ok
[INFO] [stdout] test compare::tests::brief_drops_indented_error_text_inside_a_snippet ... ok
[INFO] [stdout] test compare::tests::a_bare_carriage_return_is_left_alone ... ok
[INFO] [stdout] test compare::tests::brief_local_ignores_where_the_crate_under_test_keeps_its_code ... ok
[INFO] [stdout] test compare::tests::brief_local_keeps_only_the_fixtures_own_spans ... ok
[INFO] [stdout] test cases::tests::a_golden_is_written_only_when_its_content_changes ... ok
[INFO] [stdout] test compare::tests::brief_local_still_sees_a_different_message_or_fixture_span ... ok
[INFO] [stdout] test compare::tests::brief_local_keeps_a_message_line_beginning_with_an_arrow ... ok
[INFO] [stdout] test compare::tests::brief_measures_the_padding_against_the_headings_own_prefix ... ok
[INFO] [stdout] test compare::tests::brief_on_a_message_line_beginning_with_an_arrow_is_idempotent ... ok
[INFO] [stdout] test compare::tests::brief_reads_a_message_line_beginning_with_an_arrow_as_text ... ok
[INFO] [stdout] test compare::tests::brief_on_a_message_with_a_blank_line_is_idempotent ... ok
[INFO] [stdout] test compare::tests::brief_on_a_multi_line_message_is_idempotent ... ok
[INFO] [stdout] test compare::tests::brief_sees_a_change_after_a_blank_line_in_a_message ... ok
[INFO] [stdout] test compare::tests::brief_reads_a_padded_blank_line_in_a_message_as_a_blank_one ... ok
[INFO] [stdout] test compare::tests::brief_stops_keeping_indented_lines_at_the_span_header ... ok
[INFO] [stdout] test compare::tests::crlf_line_endings_are_unified_before_comparison ... ok
[INFO] [stdout] test compare::tests::exact_is_the_identity ... ok
[INFO] [stdout] test compile::tests::a_broken_cargo_message_still_fails_the_run ... ok
[INFO] [stdout] test compile::tests::a_debug_printed_map_at_the_start_of_a_line_is_skipped ... ok
[INFO] [stdout] test compare::tests::mode_default_is_exact ... ok
[INFO] [stdout] test compile::tests::a_dependency_failure_is_reported_rather_than_discarded ... ok
[INFO] [stdout] test compile::tests::a_forged_artifact_without_our_manifest_is_ignored ... ok
[INFO] [stdout] test compile::tests::a_message_behind_brace_led_output_is_still_read ... ok
[INFO] [stdout] test compile::tests::a_message_with_something_in_front_of_it_is_still_read ... ok
[INFO] [stdout] test compile::tests::a_mismatch_is_not_claimed_when_something_was_attributed ... FAILED
[INFO] [stdout] test compile::tests::a_line_that_is_not_cargos_json_is_skipped ... ok
[INFO] [stdout] test compile::tests::another_packages_artifact_is_not_evidence_about_a_fixture ... ok
[INFO] [stdout] test compile::tests::another_packages_diagnostic_does_not_reach_a_fixture ... ok
[INFO] [stdout] test compile::tests::a_run_that_waits_on_another_process_says_so_and_then_takes_it ... FAILED
[INFO] [stdout] test compile::tests::an_artifact_is_what_proves_a_target_compiled ... ok
[INFO] [stdout] test compile::tests::another_packages_manifest_is_not_a_mismatch ... ok
[INFO] [stdout] test compile::tests::build_finished_is_what_says_cargo_got_that_far ... ok
[INFO] [stdout] test compile::tests::every_profile_key_is_swept_whatever_its_profile_or_setting ... ok
[INFO] [stdout] test compile::tests::drops_the_explain_footer ... ok
[INFO] [stdout] test compile::tests::files_a_diagnostic_under_its_own_target ... ok
[INFO] [stdout] test compile::tests::nothing_built_stays_quiet_when_something_was ... ok
[INFO] [stdout] test diff::tests::a_truncated_text_differs_at_the_first_missing_line ... ok
[INFO] [stdout] test compile::tests::nothing_built_stays_quiet_when_no_other_package_explains_it ... ok
[INFO] [stdout] test compile::tests::other_text_that_is_not_a_message_is_still_skipped ... ok
[INFO] [stdout] test compile::tests::output_that_only_resembles_a_message_is_skipped_rather_than_failing ... ok
[INFO] [stdout] test compile::tests::one_manifest_under_two_spellings_is_recognized ... FAILED
[INFO] [stdout] test compile::tests::unknown_reasons_are_ignored ... ok
[INFO] [stdout] test diff::tests::diff_marks_a_replaced_line ... ok
[INFO] [stdout] test diff::tests::diff_marks_an_inserted_line ... ok
[INFO] [stdout] test diff::tests::identical_texts_have_no_first_difference ... ok
[INFO] [stdout] test diff::tests::first_difference_is_one_based ... ok
[INFO] [stdout] test diff::tests::lcs_prefers_a_common_subsequence_over_wholesale_replacement ... ok
[INFO] [stdout] test compile::tests::variables_that_are_not_profile_settings_are_left_alone ... ok
[INFO] [stdout] test compile::tests::the_fixture_build_clears_every_inherited_flag_and_profile_key ... ok
[INFO] [stdout] test compile::tests::the_fixture_build_leaves_the_toolchain_to_inherit ... ok
[INFO] [stdout] test json::tests::accepts_an_escaped_nul_and_rejects_a_raw_one ... ok
[INFO] [stdout] test compile::tests::the_fixtures_are_built_for_the_suites_target ... ok
[INFO] [stdout] test json::tests::a_missing_path_is_none_rather_than_an_error ... ok
[INFO] [stdout] test diff::tests::long_unchanged_runs_are_collapsed ... ok
[INFO] [stdout] test compile::tests::runs_in_one_process_queue_silently ... FAILED
[INFO] [stdout] test diff::tests::an_empty_golden_is_called_out ... ok
[INFO] [stdout] test json::tests::accepts_every_shape_of_value ... ok
[INFO] [stdout] test json::tests::a_rendered_diagnostic_survives_verbatim ... ok
[INFO] [stdout] test compile::tests::the_fixture_build_clears_flags_it_was_not_told_about ... ok
[INFO] [stdout] test json::tests::a_value_inside_an_array_is_held_to_the_same_grammar ... ok
[INFO] [stdout] test compile::tests::the_fixture_build_compiles_every_fixture_into_the_scratch_target_dir ... ok
[INFO] [stdout] test json::tests::accepts_empty_containers_and_the_empty_string ... ok
[INFO] [stdout] test json::tests::keeps_non_ascii_that_was_not_escaped ... ok
[INFO] [stdout] test json::tests::rejects_malformed_input ... ok
[INFO] [stdout] test json::tests::a_multi_byte_character_after_a_backslash_is_an_error ... ok
[INFO] [stdout] test json::tests::a_multi_byte_character_may_end_a_copied_run ... ok
[INFO] [stdout] test json::tests::parses_a_basic_multilingual_plane_escape ... ok
[INFO] [stdout] test json::tests::parses_the_shape_cargo_emits ... ok
[INFO] [stdout] test json::tests::unescapes_every_two_character_escape ... ok
[INFO] [stdout] test json::tests::skipped_values_are_consumed_exactly ... ok
[INFO] [stdout] test normalize::tests::a_diagnostic_without_a_snippet_has_no_gutter_to_re_align ... ok
[INFO] [stdout] test normalize::tests::a_cargo_home_with_a_trailing_separator_still_matches ... ok
[INFO] [stdout] test normalize::tests::a_foreign_snippet_loses_its_gutter_line_numbers ... ok
[INFO] [stdout] test normalize::tests::a_dependency_inside_the_host_crate_stays_under_dir ... ok
[INFO] [stdout] test normalize::tests::a_free_standing_note_re_aligns_on_its_own ... ok
[INFO] [stdout] test normalize::tests::a_line_without_a_commit_path_keeps_its_backslashes ... ok
[INFO] [stdout] test normalize::tests::a_match_inside_a_longer_path_is_left_alone ... ok
[INFO] [stdout] test json::tests::accepts_nesting_well_past_what_cargo_emits ... ok
[INFO] [stdout] test json::tests::accepts_whitespace_between_every_token ... ok
[INFO] [stdout] test json::tests::joins_a_surrogate_pair ... ok
[INFO] [stdout] test normalize::tests::a_root_cargo_home_keeps_its_registry_and_claims_nothing_else ... ok
[INFO] [stdout] test normalize::tests::a_gutter_the_fixtures_own_numbers_need_is_left_alone ... ok
[INFO] [stdout] test normalize::tests::a_row_padded_unlike_rustc_cannot_have_its_digits_eaten ... ok
[INFO] [stdout] test normalize::tests::a_path_that_only_looks_like_a_commit_directory_is_left_alone ... ok
[INFO] [stdout] test normalize::tests::a_sibling_directory_sharing_a_name_prefix_is_left_alone ... ok
[INFO] [stdout] test normalize::tests::a_sibling_sharing_a_prefix_with_a_known_dir_keeps_its_backslashes ... ok
[INFO] [stdout] test normalize::tests::a_sibling_whose_name_extends_this_one_past_a_space_is_left_alone ... ok
[INFO] [stdout] test normalize::tests::a_span_target_that_only_shares_a_prefix_with_the_fixture_is_foreign ... ok
[INFO] [stdout] test normalize::tests::a_sysroot_src_layout_is_replaced_whole ... ok
[INFO] [stdout] test normalize::tests::a_sysroot_under_a_name_with_a_space_is_replaced_whole ... ok
[INFO] [stdout] test normalize::tests::a_dependency_outside_the_host_crate_gets_a_placeholder ... ok
[INFO] [stdout] test normalize::tests::a_sub_diagnostic_message_over_two_lines_still_re_aligns ... ok
[INFO] [stdout] test json::tests::an_error_names_where_it_stopped ... ok
[INFO] [stdout] test json::tests::duplicate_keys_keep_the_first ... ok
[INFO] [stdout] test normalize::tests::a_dependencys_line_count_does_not_widen_the_fixtures_gutter ... ok
[INFO] [stdout] test normalize::tests::an_elision_marker_does_not_end_a_foreign_snippet ... ok
[INFO] [stdout] test normalize::tests::an_unknown_sysroot_keeps_the_prose_before_it ... ok
[INFO] [stdout] test json::tests::refuses_input_nested_past_the_limit ... ok
[INFO] [stdout] test normalize::tests::a_wrapped_note_moves_with_the_gutter ... ok
[INFO] [stdout] test normalize::tests::an_empty_line_inside_a_sub_diagnostic_message_leaves_its_diagnostic_alone ... ok
[INFO] [stdout] test normalize::tests::blanking_a_gutter_stops_at_the_next_diagnostic ... ok
[INFO] [stdout] test normalize::tests::a_message_spanning_several_lines_still_re_aligns ... ok
[INFO] [stdout] test normalize::tests::a_nested_dependency_wins_over_the_one_containing_it ... ok
[INFO] [stdout] test normalize::tests::eliding_collapses_a_list_past_the_summary_threshold ... ok
[INFO] [stdout] test normalize::tests::a_suggestion_diff_moves_with_the_gutter ... ok
[INFO] [stdout] test normalize::tests::eliding_keeps_the_heading_that_names_the_trait ... ok
[INFO] [stdout] test normalize::tests::eliding_leaves_a_help_that_is_not_an_implementor_heading_alone ... ok
[INFO] [stdout] test normalize::tests::eliding_collapses_a_list_rustc_printed_in_full ... ok
[INFO] [stdout] test diff::tests::two_separated_changes_interleave_rather_than_bulk_replace ... ok
[INFO] [stdout] test normalize::tests::a_rule_that_leaves_trailing_whitespace_does_not_break_idempotence ... ok
[INFO] [stdout] test normalize::tests::eliding_collapses_a_summary_rustc_wrote_itself ... ok
[INFO] [stdout] test normalize::tests::a_secondary_span_back_into_the_fixture_keeps_its_position ... ok
[INFO] [stdout] test normalize::tests::eliding_collapses_each_list_independently ... ok
[INFO] [stdout] test normalize::tests::a_secondary_span_is_treated_like_a_primary_one ... ok
[INFO] [stdout] test normalize::tests::eliding_places_the_placeholder_where_the_entries_were ... ok
[INFO] [stdout] test normalize::tests::folds_a_windows_sysroot_path ... ok
[INFO] [stdout] test normalize::tests::ends_with_exactly_one_newline ... ok
[INFO] [stdout] test normalize::tests::hides_the_count_of_unlisted_implementors ... ok
[INFO] [stdout] test normalize::tests::folds_a_windows_path_that_contains_a_space ... ok
[INFO] [stdout] test normalize::tests::folds_and_replaces_a_windows_sysroot_with_a_space ... ok
[INFO] [stdout] test normalize::tests::an_unknown_sysroot_still_falls_back_to_the_marker ... ok
[INFO] [stdout] test normalize::tests::every_reserved_placeholder_is_one_a_dependency_name_can_spell ... ok
[INFO] [stdout] test normalize::tests::folds_a_windows_path_under_the_manifest_dir ... ok
[INFO] [stdout] test normalize::tests::does_not_summarize_lines_outside_an_implementor_list ... ok
[INFO] [stdout] test normalize::tests::keeps_an_implementor_list_rustc_did_not_elide ... ok
[INFO] [stdout] test normalize::tests::leaves_a_list_indented_short_of_an_entry_alone ... ok
[INFO] [stdout] test normalize::tests::empty_input_stays_empty ... ok
[INFO] [stdout] test normalize::tests::leaves_a_backslash_in_fixture_source_alone ... ok
[INFO] [stdout] test normalize::tests::an_unknown_windows_sysroot_is_replaced_with_its_drive ... ok
[INFO] [stdout] test normalize::tests::leaves_an_others_line_without_a_count_alone ... ok
[INFO] [stdout] test normalize::tests::an_unrecognized_row_leaves_its_whole_diagnostic_alone ... ok
[INFO] [stdout] test normalize::tests::leaves_the_fixtures_own_source_text_alone ... ok
[INFO] [stdout] test normalize::tests::dependency_placeholders_uppercase_and_underscore_the_name ... ok
[INFO] [stdout] test normalize::tests::leaves_a_character_escape_alone ... ok
[INFO] [stdout] test normalize::tests::folds_an_escape_sharing_a_line_with_a_path ... ok
[INFO] [stdout] test normalize::tests::folds_the_windows_scratch_main_to_the_fixture ... ok
[INFO] [stdout] test normalize::tests::keeps_a_summary_rustc_wrote_itself ... ok
[INFO] [stdout] test normalize::tests::leaves_a_dependencys_own_main_alone ... ok
[INFO] [stdout] test normalize::tests::registry_paths_without_a_trailing_component_keep_their_text ... ok
[INFO] [stdout] test normalize::tests::path_start_stops_at_a_label_colon_but_not_a_drive_colon ... ok
[INFO] [stdout] test normalize::tests::replace_dir_anchors_on_a_component_boundary ... ok
[INFO] [stdout] test normalize::tests::rewrites_a_commit_path_whose_tail_uses_windows_separators ... ok
[INFO] [stdout] test normalize::tests::rewrites_a_rustup_toolchain_path_to_rust ... ok
[INFO] [stdout] test normalize::tests::rewrites_the_generated_crate_name ... ok
[INFO] [stdout] test normalize::tests::rewrites_the_older_toolchain_source_layout_to_rust ... ok
[INFO] [stdout] test normalize::tests::rewrites_registry_paths_without_their_index_hash ... ok
[INFO] [stdout] test normalize::tests::rewrites_a_commit_path_with_a_sha256_commit ... ok
[INFO] [stdout] test normalize::tests::summarizes_a_list_under_the_narrowest_gutter_rustc_prints ... ok
[INFO] [stdout] test normalize::tests::rewrites_a_distributed_toolchain_commit_path_to_rust ... ok
[INFO] [stdout] test normalize::tests::replace_dir_anchors_on_both_sides ... ok
[INFO] [stdout] test normalize::tests::rewrites_the_host_manifest_dir ... ok
[INFO] [stdout] test normalize::tests::rewrites_the_scratch_root_before_the_manifest_dir ... ok
[INFO] [stdout] test normalize::tests::rewrites_the_scratch_main_to_the_fixture ... ok
[INFO] [stdout] test normalize::tests::rewrites_other_cargo_home_paths ... ok
[INFO] [stdout] test normalize::tests::summarizes_an_implementor_list_rustc_printed_in_full ... ok
[INFO] [stdout] test normalize::tests::the_default_leaves_every_implementor_list_exactly_as_it_was ... ok
[INFO] [stdout] test normalize::tests::rewrites_the_absolute_scratch_main_to_the_fixture ... ok
[INFO] [stdout] test normalize::tests::rewrites_the_generated_bin_path_outside_a_span_header ... ok
[INFO] [stdout] test normalize::tests::strips_trailing_whitespace_and_carriage_returns ... ok
[INFO] [stdout] test normalize::tests::two_diagnostics_re_align_independently ... ok
[INFO] [stdout] test normalize::tests::summarizes_at_the_column_rustc_uses ... ok
[INFO] [stdout] test normalize::tests::the_elision_marker_keeps_its_place_when_the_gutter_shrinks ... ok
[INFO] [stdout] test normalize::tests::the_fixtures_own_snippet_keeps_its_gutter_line_numbers ... ok
[INFO] [stdout] test outcome::tests::a_passing_run_that_wrote_nothing_is_one_line ... ok
[INFO] [stdout] test outcome::tests::a_setup_failure_beside_cases_that_ran_leads_with_the_setup_failure ... ok
[INFO] [stdout] test outcome::tests::a_setup_failure_with_nothing_run_does_not_lead_with_a_count ... ok
[INFO] [stdout] test outcome::tests::only_a_case_that_held_up_can_report_a_blessed_golden ... ok
[INFO] [stdout] test path::tests::folds_an_absolute_path_it_was_handed ... ok
[INFO] [stdout] test path::tests::keeps_a_parent_component_it_cannot_cancel ... ok
[INFO] [stdout] test outcome::tests::a_failing_bless_still_lists_the_goldens_it_wrote ... ok
[INFO] [stdout] test path::tests::a_parent_component_stops_at_the_root ... ok
[INFO] [stdout] test path::tests::keeps_absolute_paths ... ok
[INFO] [stdout] test scratch::tests::a_bin_name_depends_on_nothing_but_its_own_path ... ok
[INFO] [stdout] test scratch::tests::a_bin_name_is_readable_and_derived_from_the_path ... ok
[INFO] [stdout] test scratch::tests::a_deep_fixture_path_stays_inside_a_file_name_limit ... ok
[INFO] [stdout] test scratch::tests::a_layout_never_carries_a_parent_component ... ok
[INFO] [stdout] test outcome::tests::a_passing_bless_lists_the_goldens_it_wrote_in_registration_order ... ok
[INFO] [stdout] test path::tests::folds_parent_components ... ok
[INFO] [stdout] test scratch::tests::a_relative_target_dir_defers_to_the_binary_cargo_built ... ok
[INFO] [stdout] test scratch::tests::a_relative_target_dir_falls_back_to_the_manifest_dir ... ok
[INFO] [stdout] test scratch::tests::an_absolute_target_dir_wins_without_walking ... ok
[INFO] [stdout] test scratch::tests::appends_raw_manifest_lines ... ok
[INFO] [stdout] test scratch::tests::declares_one_bin_target_per_fixture ... ok
[INFO] [stdout] test scratch::tests::disables_bin_auto_discovery ... ok
[INFO] [stdout] test scratch::tests::escapes_paths_that_need_it ... ok
[INFO] [stdout] test scratch::tests::layout_keeps_the_package_name_to_one_component ... ok
[INFO] [stdout] test scratch::tests::layout_separates_the_project_from_its_target_dir ... ok
[INFO] [stdout] test scratch::tests::the_empty_workspace_table_is_present ... ok
[INFO] [stdout] test scratch::tests::the_walk_finds_the_target_dir_this_binary_was_built_into ... FAILED
[INFO] [stdout] test scratch::tests::paths_that_sanitize_alike_still_get_different_names ... ok
[INFO] [stdout] test scratch::tests::quotes_keys_that_are_not_bare ... ok
[INFO] [stdout] test scratch::tests::writes_a_dependencys_features_and_default_features ... ok
[INFO] [stdout] test scratch::tests::with_nothing_configured_or_tagged_the_target_dir_is_the_packages_own ... ok
[INFO] [stdout] test scratch::tests::writes_path_dependencies ... ok
[INFO] [stdout] test cases::tests::the_scratch_project_takes_the_host_workspace_lockfile ... ok
[INFO] [stdout] test normalize::tests::new_does_not_elide_implementors ... ok
[INFO] [stdout] test normalize::tests::new_reads_the_paths_it_is_given ... ok
[INFO] [stdout] 
[INFO] [stdout] failures:
[INFO] [stdout] 
[INFO] [stdout] ---- cases::tests::fixtures_are_registered_in_file_name_order stdout ----
[INFO] [stdout] 
[INFO] [stdout] thread 'cases::tests::fixtures_are_registered_in_file_name_order' (319) panicked at src/cases.rs:1481:44:
[INFO] [stdout] called `Result::unwrap()` on an `Err` value: Os { code: 30, kind: ReadOnlyFilesystem, message: "Read-only file system" }
[INFO] [stdout] stack backtrace:
[INFO] [stdout]    0:     0x5eac0c578031 - <<std[617be2ca0a6fd877]::sys::backtrace::BacktraceLock>::print::DisplayBacktrace as core[a373ad73a504971]::fmt::Display>::fmt
[INFO] [stdout]    1:     0x5eac0c58ce2a - core[a373ad73a504971]::fmt::write
[INFO] [stdout]    2:     0x5eac0c57c85c - <alloc[2e1b2a31b91974c5]::vec::Vec<u8> as core[a373ad73a504971]::io::write::Write>::write_fmt
[INFO] [stdout]    3:     0x5eac0c550a86 - std[617be2ca0a6fd877]::panicking::default_hook::{closure#0}
[INFO] [stdout]    4:     0x5eac0c56f2a9 - std[617be2ca0a6fd877]::panicking::default_hook
[INFO] [stdout]    5:     0x5eac0c508320 - test[aada8e7e76ba119b]::test_main_inner::{closure#0}
[INFO] [stdout]    6:     0x5eac0c56f462 - std[617be2ca0a6fd877]::panicking::panic_with_hook
[INFO] [stdout]    7:     0x5eac0c550b32 - std[617be2ca0a6fd877]::panicking::panic_handler::{closure#0}
[INFO] [stdout]    8:     0x5eac0c549499 - std[617be2ca0a6fd877]::sys::backtrace::__rust_end_short_backtrace::<std[617be2ca0a6fd877]::panicking::panic_handler::{closure#0}, !>
[INFO] [stdout]    9:     0x5eac0c55182d - __rustc[ea4f61d10b84890b]::rust_begin_unwind
[INFO] [stdout]   10:     0x5eac0c58d55c - core[a373ad73a504971]::panicking::panic_fmt
[INFO] [stdout]   11:     0x5eac0c58d332 - core[a373ad73a504971]::result::unwrap_failed
[INFO] [stdout]   12:     0x5eac0c4f768f - <nocompile[4f34bb1059203dd5]::cases::tests::fixtures_are_registered_in_file_name_order::{closure#0} as core[a373ad73a504971]::ops::function::FnOnce<()>>::call_once
[INFO] [stdout]   13:     0x5eac0c4fb76b - test[aada8e7e76ba119b]::__rust_begin_short_backtrace::<core[a373ad73a504971]::result::Result<(), alloc[2e1b2a31b91974c5]::string::String>, fn() -> core[a373ad73a504971]::result::Result<(), alloc[2e1b2a31b91974c5]::string::String>>
[INFO] [stdout]   14:     0x5eac0c508945 - test[aada8e7e76ba119b]::run_test::{closure#0}
[INFO] [stdout]   15:     0x5eac0c502234 - std[617be2ca0a6fd877]::sys::backtrace::__rust_begin_short_backtrace::<test[aada8e7e76ba119b]::run_test::{closure#1}, ()>
[INFO] [stdout]   16:     0x5eac0c50b9d2 - <std[617be2ca0a6fd877]::thread::lifecycle::spawn_unchecked<test[aada8e7e76ba119b]::run_test::{closure#1}, ()>::{closure#1} as core[a373ad73a504971]::ops::function::FnOnce<()>>::call_once::{shim:vtable#0}
[INFO] [stdout]   17:     0x5eac0c57703f - <std[617be2ca0a6fd877]::sys::thread::unix::Thread>::new::thread_start
[INFO] [stdout]   18:     0x7a13e5019dfa - <unknown>
[INFO] [stdout]   19:     0x7a13e50ad3d4 - clone
[INFO] [stdout]   20:                0x0 - <unknown>
[INFO] [stdout] 
[INFO] [stdout] ---- compile::tests::a_mismatch_is_not_claimed_when_something_was_attributed stdout ----
[INFO] [stdout] 
[INFO] [stdout] thread 'compile::tests::a_mismatch_is_not_claimed_when_something_was_attributed' (362) panicked at src/compile.rs:1022:39:
[INFO] [stdout] create the scratch project directory: Os { code: 30, kind: ReadOnlyFilesystem, message: "Read-only file system" }
[INFO] [stdout] stack backtrace:
[INFO] [stdout]    0:     0x5eac0c578031 - <<std[617be2ca0a6fd877]::sys::backtrace::BacktraceLock>::print::DisplayBacktrace as core[a373ad73a504971]::fmt::Display>::fmt
[INFO] [stdout]    1:     0x5eac0c58ce2a - core[a373ad73a504971]::fmt::write
[INFO] [stdout]    2:     0x5eac0c57c85c - <alloc[2e1b2a31b91974c5]::vec::Vec<u8> as core[a373ad73a504971]::io::write::Write>::write_fmt
[INFO] [stdout]    3:     0x5eac0c550a86 - std[617be2ca0a6fd877]::panicking::default_hook::{closure#0}
[INFO] [stdout]    4:     0x5eac0c56f2a9 - std[617be2ca0a6fd877]::panicking::default_hook
[INFO] [stdout]    5:     0x5eac0c508320 - test[aada8e7e76ba119b]::test_main_inner::{closure#0}
[INFO] [stdout]    6:     0x5eac0c56f462 - std[617be2ca0a6fd877]::panicking::panic_with_hook
[INFO] [stdout]    7:     0x5eac0c550b32 - std[617be2ca0a6fd877]::panicking::panic_handler::{closure#0}
[INFO] [stdout]    8:     0x5eac0c549499 - std[617be2ca0a6fd877]::sys::backtrace::__rust_end_short_backtrace::<std[617be2ca0a6fd877]::panicking::panic_handler::{closure#0}, !>
[INFO] [stdout]    9:     0x5eac0c55182d - __rustc[ea4f61d10b84890b]::rust_begin_unwind
[INFO] [stdout]   10:     0x5eac0c58d55c - core[a373ad73a504971]::panicking::panic_fmt
[INFO] [stdout]   11:     0x5eac0c58d332 - core[a373ad73a504971]::result::unwrap_failed
[INFO] [stdout]   12:     0x5eac0c4ae330 - nocompile[4f34bb1059203dd5]::compile::tests::scratch_manifest
[INFO] [stdout]   13:     0x5eac0c4b410d - <nocompile[4f34bb1059203dd5]::compile::tests::a_mismatch_is_not_claimed_when_something_was_attributed::{closure#0} as core[a373ad73a504971]::ops::function::FnOnce<()>>::call_once
[INFO] [stdout]   14:     0x5eac0c4fb76b - test[aada8e7e76ba119b]::__rust_begin_short_backtrace::<core[a373ad73a504971]::result::Result<(), alloc[2e1b2a31b91974c5]::string::String>, fn() -> core[a373ad73a504971]::result::Result<(), alloc[2e1b2a31b91974c5]::string::String>>
[INFO] [stdout]   15:     0x5eac0c508945 - test[aada8e7e76ba119b]::run_test::{closure#0}
[INFO] [stdout]   16:     0x5eac0c502234 - std[617be2ca0a6fd877]::sys::backtrace::__rust_begin_short_backtrace::<test[aada8e7e76ba119b]::run_test::{closure#1}, ()>
[INFO] [stdout]   17:     0x5eac0c50b9d2 - <std[617be2ca0a6fd877]::thread::lifecycle::spawn_unchecked<test[aada8e7e76ba119b]::run_test::{closure#1}, ()>::{closure#1} as core[a373ad73a504971]::ops::function::FnOnce<()>>::call_once::{shim:vtable#0}
[INFO] [stdout]   18:     0x5eac0c57703f - <std[617be2ca0a6fd877]::sys::thread::unix::Thread>::new::thread_start
[INFO] [stdout]   19:     0x7a13e5019dfa - <unknown>
[INFO] [stdout]   20:     0x7a13e50ad3d4 - clone
[INFO] [stdout]   21:                0x0 - <unknown>
[INFO] [stdout] 
[INFO] [stdout] ---- compile::tests::a_run_that_waits_on_another_process_says_so_and_then_takes_it stdout ----
[INFO] [stdout] 
[INFO] [stdout] thread 'compile::tests::a_run_that_waits_on_another_process_says_so_and_then_takes_it' (363) panicked at src/compile.rs:1072:56:
[INFO] [stdout] an uncontended lock: Os { code: 30, kind: ReadOnlyFilesystem, message: "Read-only file system" }
[INFO] [stdout] stack backtrace:
[INFO] [stdout]    0:     0x5eac0c578031 - <<std[617be2ca0a6fd877]::sys::backtrace::BacktraceLock>::print::DisplayBacktrace as core[a373ad73a504971]::fmt::Display>::fmt
[INFO] [stdout]    1:     0x5eac0c58ce2a - core[a373ad73a504971]::fmt::write
[INFO] [stdout]    2:     0x5eac0c57c85c - <alloc[2e1b2a31b91974c5]::vec::Vec<u8> as core[a373ad73a504971]::io::write::Write>::write_fmt
[INFO] [stdout]    3:     0x5eac0c550a86 - std[617be2ca0a6fd877]::panicking::default_hook::{closure#0}
[INFO] [stdout]    4:     0x5eac0c56f2a9 - std[617be2ca0a6fd877]::panicking::default_hook
[INFO] [stdout]    5:     0x5eac0c508320 - test[aada8e7e76ba119b]::test_main_inner::{closure#0}
[INFO] [stdout]    6:     0x5eac0c56f462 - std[617be2ca0a6fd877]::panicking::panic_with_hook
[INFO] [stdout]    7:     0x5eac0c550b32 - std[617be2ca0a6fd877]::panicking::panic_handler::{closure#0}
[INFO] [stdout]    8:     0x5eac0c549499 - std[617be2ca0a6fd877]::sys::backtrace::__rust_end_short_backtrace::<std[617be2ca0a6fd877]::panicking::panic_handler::{closure#0}, !>
[INFO] [stdout]    9:     0x5eac0c55182d - __rustc[ea4f61d10b84890b]::rust_begin_unwind
[INFO] [stdout]   10:     0x5eac0c58d55c - core[a373ad73a504971]::panicking::panic_fmt
[INFO] [stdout]   11:     0x5eac0c58d332 - core[a373ad73a504971]::result::unwrap_failed
[INFO] [stdout]   12:     0x5eac0c4b58a5 - <nocompile[4f34bb1059203dd5]::compile::tests::a_run_that_waits_on_another_process_says_so_and_then_takes_it::{closure#0} as core[a373ad73a504971]::ops::function::FnOnce<()>>::call_once
[INFO] [stdout]   13:     0x5eac0c4fb76b - test[aada8e7e76ba119b]::__rust_begin_short_backtrace::<core[a373ad73a504971]::result::Result<(), alloc[2e1b2a31b91974c5]::string::String>, fn() -> core[a373ad73a504971]::result::Result<(), alloc[2e1b2a31b91974c5]::string::String>>
[INFO] [stdout]   14:     0x5eac0c508945 - test[aada8e7e76ba119b]::run_test::{closure#0}
[INFO] [stdout]   15:     0x5eac0c502234 - std[617be2ca0a6fd877]::sys::backtrace::__rust_begin_short_backtrace::<test[aada8e7e76ba119b]::run_test::{closure#1}, ()>
[INFO] [stdout]   16:     0x5eac0c50b9d2 - <std[617be2ca0a6fd877]::thread::lifecycle::spawn_unchecked<test[aada8e7e76ba119b]::run_test::{closure#1}, ()>::{closure#1} as core[a373ad73a504971]::ops::function::FnOnce<()>>::call_once::{shim:vtable#0}
[INFO] [stdout]   17:     0x5eac0c57703f - <std[617be2ca0a6fd877]::sys::thread::unix::Thread>::new::thread_start
[INFO] [stdout]   18:     0x7a13e5019dfa - <unknown>
[INFO] [stdout]   19:     0x7a13e50ad3d4 - clone
[INFO] [stdout]   20:                0x0 - <unknown>
[INFO] [stdout] 
[INFO] [stdout] ---- compile::tests::one_manifest_under_two_spellings_is_recognized stdout ----
[INFO] [stdout] 
[INFO] [stdout] thread 'compile::tests::one_manifest_under_two_spellings_is_recognized' (374) panicked at src/compile.rs:1022:39:
[INFO] [stdout] create the scratch project directory: Os { code: 30, kind: ReadOnlyFilesystem, message: "Read-only file system" }
[INFO] [stdout] stack backtrace:
[INFO] [stdout]    0:     0x5eac0c578031 - <<std[617be2ca0a6fd877]::sys::backtrace::BacktraceLock>::print::DisplayBacktrace as core[a373ad73a504971]::fmt::Display>::fmt
[INFO] [stdout]    1:     0x5eac0c58ce2a - core[a373ad73a504971]::fmt::write
[INFO] [stdout]    2:     0x5eac0c57c85c - <alloc[2e1b2a31b91974c5]::vec::Vec<u8> as core[a373ad73a504971]::io::write::Write>::write_fmt
[INFO] [stdout]    3:     0x5eac0c550a86 - std[617be2ca0a6fd877]::panicking::default_hook::{closure#0}
[INFO] [stdout]    4:     0x5eac0c56f2a9 - std[617be2ca0a6fd877]::panicking::default_hook
[INFO] [stdout]    5:     0x5eac0c508320 - test[aada8e7e76ba119b]::test_main_inner::{closure#0}
[INFO] [stdout]    6:     0x5eac0c56f462 - std[617be2ca0a6fd877]::panicking::panic_with_hook
[INFO] [stdout]    7:     0x5eac0c550b32 - std[617be2ca0a6fd877]::panicking::panic_handler::{closure#0}
[INFO] [stdout]    8:     0x5eac0c549499 - std[617be2ca0a6fd877]::sys::backtrace::__rust_end_short_backtrace::<std[617be2ca0a6fd877]::panicking::panic_handler::{closure#0}, !>
[INFO] [stdout]    9:     0x5eac0c55182d - __rustc[ea4f61d10b84890b]::rust_begin_unwind
[INFO] [stdout]   10:     0x5eac0c58d55c - core[a373ad73a504971]::panicking::panic_fmt
[INFO] [stdout]   11:     0x5eac0c58d332 - core[a373ad73a504971]::result::unwrap_failed
[INFO] [stdout]   12:     0x5eac0c4ae330 - nocompile[4f34bb1059203dd5]::compile::tests::scratch_manifest
[INFO] [stdout]   13:     0x5eac0c4b1832 - <nocompile[4f34bb1059203dd5]::compile::tests::one_manifest_under_two_spellings_is_recognized::{closure#0} as core[a373ad73a504971]::ops::function::FnOnce<()>>::call_once
[INFO] [stdout]   14:     0x5eac0c4fb76b - test[aada8e7e76ba119b]::__rust_begin_short_backtrace::<core[a373ad73a504971]::result::Result<(), alloc[2e1b2a31b91974c5]::string::String>, fn() -> core[a373ad73a504971]::result::Result<(), alloc[2e1b2a31b91974c5]::string::String>>
[INFO] [stdout]   15:     0x5eac0c508945 - test[aada8e7e76ba119b]::run_test::{closure#0}
[INFO] [stdout]   16:     0x5eac0c502234 - std[617be2ca0a6fd877]::sys::backtrace::__rust_begin_short_backtrace::<test[aada8e7e76ba119b]::run_test::{closure#1}, ()>
[INFO] [stdout]   17:     0x5eac0c50b9d2 - <std[617be2ca0a6fd877]::thread::lifecycle::spawn_unchecked<test[aada8e7e76ba119b]::run_test::{closure#1}, ()>::{closure#1} as core[a373ad73a504971]::ops::function::FnOnce<()>>::call_once::{shim:vtable#0}
[INFO] [stdout]   18:     0x5eac0c57703f - <std[617be2ca0a6fd877]::sys::thread::unix::Thread>::new::thread_start
[INFO] [stdout]   19:     0x7a13e5019dfa - <unknown>
[INFO] [stdout]   20:     0x7a13e50ad3d4 - clone
[INFO] [stdout]   21:                0x0 - <unknown>
[INFO] [stdout] 
[INFO] [stdout] ---- compile::tests::runs_in_one_process_queue_silently stdout ----
[INFO] [stdout] 
[INFO] [stdout] thread 'compile::tests::runs_in_one_process_queue_silently' (377) panicked at src/compile.rs:1126:62:
[INFO] [stdout] an uncontended lock: Os { code: 30, kind: ReadOnlyFilesystem, message: "Read-only file system" }
[INFO] [stdout] stack backtrace:
[INFO] [stdout]    0:     0x5eac0c578031 - <<std[617be2ca0a6fd877]::sys::backtrace::BacktraceLock>::print::DisplayBacktrace as core[a373ad73a504971]::fmt::Display>::fmt
[INFO] [stdout]    1:     0x5eac0c58ce2a - core[a373ad73a504971]::fmt::write
[INFO] [stdout]    2:     0x5eac0c57c85c - <alloc[2e1b2a31b91974c5]::vec::Vec<u8> as core[a373ad73a504971]::io::write::Write>::write_fmt
[INFO] [stdout]    3:     0x5eac0c550a86 - std[617be2ca0a6fd877]::panicking::default_hook::{closure#0}
[INFO] [stdout]    4:     0x5eac0c56f2a9 - std[617be2ca0a6fd877]::panicking::default_hook
[INFO] [stdout]    5:     0x5eac0c508320 - test[aada8e7e76ba119b]::test_main_inner::{closure#0}
[INFO] [stdout]    6:     0x5eac0c56f462 - std[617be2ca0a6fd877]::panicking::panic_with_hook
[INFO] [stdout]    7:     0x5eac0c550b32 - std[617be2ca0a6fd877]::panicking::panic_handler::{closure#0}
[INFO] [stdout]    8:     0x5eac0c549499 - std[617be2ca0a6fd877]::sys::backtrace::__rust_end_short_backtrace::<std[617be2ca0a6fd877]::panicking::panic_handler::{closure#0}, !>
[INFO] [stdout]    9:     0x5eac0c55182d - __rustc[ea4f61d10b84890b]::rust_begin_unwind
[INFO] [stdout]   10:     0x5eac0c58d55c - core[a373ad73a504971]::panicking::panic_fmt
[INFO] [stdout]   11:     0x5eac0c58d332 - core[a373ad73a504971]::result::unwrap_failed
[INFO] [stdout]   12:     0x5eac0c4af77a - <nocompile[4f34bb1059203dd5]::compile::tests::runs_in_one_process_queue_silently::{closure#0} as core[a373ad73a504971]::ops::function::FnOnce<()>>::call_once
[INFO] [stdout]   13:     0x5eac0c4fb76b - test[aada8e7e76ba119b]::__rust_begin_short_backtrace::<core[a373ad73a504971]::result::Result<(), alloc[2e1b2a31b91974c5]::string::String>, fn() -> core[a373ad73a504971]::result::Result<(), alloc[2e1b2a31b91974c5]::string::String>>
[INFO] [stdout]   14:     0x5eac0c508945 - test[aada8e7e76ba119b]::run_test::{closure#0}
[INFO] [stdout]   15:     0x5eac0c502234 - std[617be2ca0a6fd877]::sys::backtrace::__rust_begin_short_backtrace::<test[aada8e7e76ba119b]::run_test::{closure#1}, ()>
[INFO] [stdout]   16:     0x5eac0c50b9d2 - <std[617be2ca0a6fd877]::thread::lifecycle::spawn_unchecked<test[aada8e7e76ba119b]::run_test::{closure#1}, ()>::{closure#1} as core[a373ad73a504971]::ops::function::FnOnce<()>>::call_once::{shim:vtable#0}
[INFO] [stdout]   17:     0x5eac0c57703f - <std[617be2ca0a6fd877]::sys::thread::unix::Thread>::new::thread_start
[INFO] [stdout]   18:     0x7a13e5019dfa - <unknown>
[INFO] [stdout]   19:     0x7a13e50ad3d4 - clone
[INFO] [stdout]   20:                0x0 - <unknown>
[INFO] [stdout] 
[INFO] [stdout] ---- scratch::tests::the_walk_finds_the_target_dir_this_binary_was_built_into stdout ----
[INFO] [stdout] 
[INFO] [stdout] thread 'scratch::tests::the_walk_finds_the_target_dir_this_binary_was_built_into' (539) panicked at src/scratch.rs:517:44:
[INFO] [stdout] a CACHEDIR.TAG above the test binary
[INFO] [stdout] stack backtrace:
[INFO] [stdout]    0:     0x5eac0c578031 - <<std[617be2ca0a6fd877]::sys::backtrace::BacktraceLock>::print::DisplayBacktrace as core[a373ad73a504971]::fmt::Display>::fmt
[INFO] [stdout]    1:     0x5eac0c58ce2a - core[a373ad73a504971]::fmt::write
[INFO] [stdout]    2:     0x5eac0c57c85c - <alloc[2e1b2a31b91974c5]::vec::Vec<u8> as core[a373ad73a504971]::io::write::Write>::write_fmt
[INFO] [stdout]    3:     0x5eac0c550a86 - std[617be2ca0a6fd877]::panicking::default_hook::{closure#0}
[INFO] [stdout]    4:     0x5eac0c56f2a9 - std[617be2ca0a6fd877]::panicking::default_hook
[INFO] [stdout]    5:     0x5eac0c508320 - test[aada8e7e76ba119b]::test_main_inner::{closure#0}
[INFO] [stdout]    6:     0x5eac0c56f462 - std[617be2ca0a6fd877]::panicking::panic_with_hook
[INFO] [stdout]    7:     0x5eac0c550b32 - std[617be2ca0a6fd877]::panicking::panic_handler::{closure#0}
[INFO] [stdout]    8:     0x5eac0c549499 - std[617be2ca0a6fd877]::sys::backtrace::__rust_end_short_backtrace::<std[617be2ca0a6fd877]::panicking::panic_handler::{closure#0}, !>
[INFO] [stdout]    9:     0x5eac0c55182d - __rustc[ea4f61d10b84890b]::rust_begin_unwind
[INFO] [stdout]   10:     0x5eac0c58d55c - core[a373ad73a504971]::panicking::panic_fmt
[INFO] [stdout]   11:     0x5eac0c58d2b4 - core[a373ad73a504971]::option::expect_failed
[INFO] [stdout]   12:     0x5eac0c4db634 - <nocompile[4f34bb1059203dd5]::scratch::tests::the_walk_finds_the_target_dir_this_binary_was_built_into::{closure#0} as core[a373ad73a504971]::ops::function::FnOnce<()>>::call_once
[INFO] [stdout]   13:     0x5eac0c4fb76b - test[aada8e7e76ba119b]::__rust_begin_short_backtrace::<core[a373ad73a504971]::result::Result<(), alloc[2e1b2a31b91974c5]::string::String>, fn() -> core[a373ad73a504971]::result::Result<(), alloc[2e1b2a31b91974c5]::string::String>>
[INFO] [stdout]   14:     0x5eac0c508945 - test[aada8e7e76ba119b]::run_test::{closure#0}
[INFO] [stdout]   15:     0x5eac0c502234 - std[617be2ca0a6fd877]::sys::backtrace::__rust_begin_short_backtrace::<test[aada8e7e76ba119b]::run_test::{closure#1}, ()>
[INFO] [stdout]   16:     0x5eac0c50b9d2 - <std[617be2ca0a6fd877]::thread::lifecycle::spawn_unchecked<test[aada8e7e76ba119b]::run_test::{closure#1}, ()>::{closure#1} as core[a373ad73a504971]::ops::function::FnOnce<()>>::call_once::{shim:vtable#0}
[INFO] [stdout]   17:     0x5eac0c57703f - <std[617be2ca0a6fd877]::sys::thread::unix::Thread>::new::thread_start
[INFO] [stdout]   18:     0x7a13e5019dfa - <unknown>
[INFO] [stdout]   19:     0x7a13e50ad3d4 - clone
[INFO] [stdout]   20:                0x0 - <unknown>
[INFO] [stdout] 
[INFO] [stdout] 
[INFO] [stdout] failures:
[INFO] [stdout]     cases::tests::fixtures_are_registered_in_file_name_order
[INFO] [stdout]     compile::tests::a_mismatch_is_not_claimed_when_something_was_attributed
[INFO] [stdout]     compile::tests::a_run_that_waits_on_another_process_says_so_and_then_takes_it
[INFO] [stdout]     compile::tests::one_manifest_under_two_spellings_is_recognized
[INFO] [stdout]     compile::tests::runs_in_one_process_queue_silently
[INFO] [stdout]     scratch::tests::the_walk_finds_the_target_dir_this_binary_was_built_into
[INFO] [stdout] 
[INFO] [stdout] test result: FAILED. 221 passed; 6 failed; 0 ignored; 0 measured; 0 filtered out; finished in 0.08s
[INFO] [stdout] 
[INFO] [stderr] error: test failed, to rerun pass `--lib`
[INFO] running `Command { std: "docker" "inspect" "e5d365b1377bc4a88946b1f3c08ab13a99ddbf0dd44d4c64223245f301d0cc4d", kill_on_drop: false }`
[INFO] running `Command { std: "docker" "rm" "-f" "e5d365b1377bc4a88946b1f3c08ab13a99ddbf0dd44d4c64223245f301d0cc4d", kill_on_drop: false }`
[INFO] [stdout] e5d365b1377bc4a88946b1f3c08ab13a99ddbf0dd44d4c64223245f301d0cc4d
