[INFO] fetching crate noalloc 0.0.1...
[INFO] testing noalloc-0.0.1 against 1.100.0-beta.1+cargoflags=--release for beta-release-1.100-2
[INFO] extracting crate noalloc 0.0.1 into /workspace/builds/worker-7-tc2/source
[INFO] started tweaking crates.io crate noalloc 0.0.1
[INFO] finished tweaking crates.io crate noalloc 0.0.1
[INFO] tweaked toml for crates.io crate noalloc 0.0.1 written to /workspace/builds/worker-7-tc2/source/Cargo.toml
[INFO] validating manifest of crates.io crate noalloc 0.0.1 on toolchain 1.100.0-beta.1
[INFO] running `Command { std: CARGO_HOME="/workspace/cargo-home" RUSTUP_HOME="/workspace/rustup-home" "/workspace/cargo-home/bin/cargo" "+1.100.0-beta.1" "metadata" "--manifest-path" "Cargo.toml" "--no-deps", kill_on_drop: false }`
[INFO] crate crates.io crate noalloc 0.0.1 already has a lockfile, it will not be regenerated
[INFO] running `Command { std: CARGO_HOME="/workspace/cargo-home" RUSTUP_HOME="/workspace/rustup-home" "/workspace/cargo-home/bin/cargo" "+1.100.0-beta.1" "fetch" "--manifest-path" "Cargo.toml", kill_on_drop: false }`
[INFO] running `Command { std: "docker" "create" "-v" "/var/lib/crater-agent-workspace/builds/worker-7-tc2/source:/opt/rustwide/workdir:ro,Z" "-v" "/var/lib/crater-agent-workspace/builds/worker-7-tc2/target:/opt/rustwide/target:rw,Z" "-v" "/var/lib/crater-agent-workspace/cargo-home:/opt/rustwide/cargo-home:ro,Z" "-v" "/var/lib/crater-agent-workspace/rustup-home:/opt/rustwide/rustup-home:ro,Z" "-m" "1610612736" "--network" "none" "ghcr.io/rust-lang/crates-build-env/linux@sha256:77db811e55d90add9212f6832c23229e3de5f1c1f9905e8cb07319ea15df73ac" "sleep" "infinity", kill_on_drop: false }`
[INFO] [stdout] 5f4603127616681f120f89e2c335fb78a145b6afc2ff78429427b8bc1d777418
[INFO] running `Command { std: "docker" "start" "5f4603127616681f120f89e2c335fb78a145b6afc2ff78429427b8bc1d777418", kill_on_drop: false }`
[INFO] running `Command { std: "docker" "inspect" "5f4603127616681f120f89e2c335fb78a145b6afc2ff78429427b8bc1d777418", kill_on_drop: false }`
[INFO] running `Command { std: "docker" "exec" "-e" "SOURCE_DIR=/opt/rustwide/workdir" "-e" "CARGO_HOME=/opt/rustwide/cargo-home" "-e" "RUSTUP_HOME=/opt/rustwide/rustup-home" "-e" "CARGO_TARGET_DIR=/opt/rustwide/target" "-w" "/opt/rustwide/workdir" "--user" "0:0" "5f4603127616681f120f89e2c335fb78a145b6afc2ff78429427b8bc1d777418" "/opt/rustwide/cargo-home/bin/cargo" "+1.100.0-beta.1" "metadata" "--no-deps" "--format-version=1", kill_on_drop: false }`
[INFO] running `Command { std: "docker" "inspect" "5f4603127616681f120f89e2c335fb78a145b6afc2ff78429427b8bc1d777418", kill_on_drop: false }`
[INFO] running `Command { std: "docker" "exec" "-e" "SOURCE_DIR=/opt/rustwide/workdir" "-e" "CARGO_HOME=/opt/rustwide/cargo-home" "-e" "RUSTUP_HOME=/opt/rustwide/rustup-home" "-e" "CARGO_TARGET_DIR=/opt/rustwide/target" "-e" "CARGO_INCREMENTAL=0" "-e" "RUST_BACKTRACE=full" "-e" "RUSTFLAGS=--cap-lints=warn" "-e" "RUSTDOCFLAGS=--cap-lints=warn" "-w" "/opt/rustwide/workdir" "--user" "0:0" "5f4603127616681f120f89e2c335fb78a145b6afc2ff78429427b8bc1d777418" "/opt/rustwide/cargo-home/bin/cargo" "+1.100.0-beta.1" "build" "--frozen" "--message-format=json" "--release", kill_on_drop: false }`
[INFO] [stderr]    Compiling noalloc v0.0.1 (/opt/rustwide/workdir)
[INFO] [stderr]     Finished `release` profile [optimized] target(s) in 0.18s
[INFO] running `Command { std: "docker" "inspect" "5f4603127616681f120f89e2c335fb78a145b6afc2ff78429427b8bc1d777418", kill_on_drop: false }`
[INFO] running `Command { std: "docker" "exec" "-e" "SOURCE_DIR=/opt/rustwide/workdir" "-e" "CARGO_HOME=/opt/rustwide/cargo-home" "-e" "RUSTUP_HOME=/opt/rustwide/rustup-home" "-e" "CARGO_TARGET_DIR=/opt/rustwide/target" "-e" "CARGO_INCREMENTAL=0" "-e" "RUST_BACKTRACE=full" "-e" "RUSTFLAGS=--cap-lints=warn" "-e" "RUSTDOCFLAGS=--cap-lints=warn" "-w" "/opt/rustwide/workdir" "--user" "0:0" "5f4603127616681f120f89e2c335fb78a145b6afc2ff78429427b8bc1d777418" "/opt/rustwide/cargo-home/bin/cargo" "+1.100.0-beta.1" "test" "--frozen" "--no-run" "--message-format=json" "--release", kill_on_drop: false }`
[INFO] [stderr]    Compiling noalloc v0.0.1 (/opt/rustwide/workdir)
[INFO] [stderr]     Finished `release` profile [optimized] target(s) in 0.39s
[INFO] running `Command { std: "docker" "inspect" "5f4603127616681f120f89e2c335fb78a145b6afc2ff78429427b8bc1d777418", kill_on_drop: false }`
[INFO] running `Command { std: "docker" "exec" "-e" "SOURCE_DIR=/opt/rustwide/workdir" "-e" "CARGO_HOME=/opt/rustwide/cargo-home" "-e" "RUSTUP_HOME=/opt/rustwide/rustup-home" "-e" "CARGO_TARGET_DIR=/opt/rustwide/target" "-e" "CARGO_INCREMENTAL=0" "-e" "RUST_BACKTRACE=full" "-e" "RUSTFLAGS=--cap-lints=warn" "-e" "RUSTDOCFLAGS=--cap-lints=warn" "-w" "/opt/rustwide/workdir" "--user" "0:0" "5f4603127616681f120f89e2c335fb78a145b6afc2ff78429427b8bc1d777418" "/opt/rustwide/cargo-home/bin/cargo" "+1.100.0-beta.1" "test" "--frozen" "--release", kill_on_drop: false }`
[INFO] [stderr]     Finished `release` profile [optimized] target(s) in 0.03s
[INFO] [stderr]      Running unittests src/lib.rs (/opt/rustwide/target/release/build/noalloc/a835f3145a810abf/out/noalloc-a835f3145a810abf)
[INFO] [stdout] 
[INFO] [stdout] running 3 tests
[INFO] [stdout] test ringbuf::tests::test_push_rollover ... ok
[INFO] [stdout] test ringbuf::tests::test_is_empty ... ok
[INFO] [stderr]    Doc-tests noalloc
[INFO] [stdout] test ringbuf::tests::test_push ... ok
[INFO] [stdout] 
[INFO] [stdout] test result: ok. 3 passed; 0 failed; 0 ignored; 0 measured; 0 filtered out; finished in 0.01s
[INFO] [stdout] 
[INFO] [stdout] 
[INFO] [stdout] running 17 tests
[INFO] [stdout] test src/vec.rs - vec::ArrayVec<T,N>::is_empty (line 100) ... FAILED
[INFO] [stdout] test src/vec.rs - vec::ArrayVec<T,N>::new (line 30) ... FAILED
[INFO] [stdout] test src/vec.rs - vec::ArrayVec<T,N>::iter_mut (line 178) ... FAILED
[INFO] [stdout] test src/vec.rs - vec::ArrayVec<T,N>::reverse (line 200) ... FAILED
[INFO] [stdout] test src/vec.rs - vec::ArrayVec<T,N>::as_slice (line 116) ... FAILED
[INFO] [stdout] test src/vec.rs - vec::ArrayVec<T,N>::index (line 298) ... FAILED
[INFO] [stdout] test src/vec.rs - vec::ArrayVec<T,N>::as_mut_slice (line 136) ... FAILED
[INFO] [stdout] test src/vec.rs - vec::ArrayVec<T,N>::iter (line 156) ... FAILED
[INFO] [stdout] test src/vec.rs - vec::ArrayVec<T,N>::try_push (line 52) ... FAILED
[INFO] [stdout] test src/vec.rs - vec::ArrayVec<T,N>::index_mut (line 330) ... FAILED
[INFO] [stdout] test src/vec.rs - vec::ArrayVec<T,N>::len (line 82) ... FAILED
[INFO] [stdout] test src/vec.rs - vec::ArrayVec<T,U>::sort_unstable (line 266) ... FAILED
[INFO] [stdout] test src/ringbuf.rs - ringbuf::RingBuf<T,N>::is_empty (line 41) ... ok
[INFO] [stdout] test src/vec.rs - vec::ArrayVec<T,U>::contains (line 239) ... FAILED
[INFO] [stdout] test src/ringbuf.rs - ringbuf::RingBuf<T,N>::len (line 59) ... ok
[INFO] [stdout] test src/ringbuf.rs - ringbuf::RingBuf<T,N>::is_full (line 81) ... ok
[INFO] [stdout] test src/ringbuf.rs - ringbuf::RingBuf<T,N>::new (line 23) ... ok
[INFO] [stdout] 
[INFO] [stdout] failures:
[INFO] [stdout] 
[INFO] [stdout] ---- src/vec.rs - vec::ArrayVec<T,N>::is_empty (line 100) stdout ----
[INFO] [stdout] error[E0433]: cannot find module or crate `no_alloc` in this scope
[INFO] [stdout]    --> src/vec.rs:101:5
[INFO] [stdout]     |
[INFO] [stdout] 101 | use no_alloc::vec::ArrayVec;
[INFO] [stdout]     |     ^^^^^^^^ use of unresolved module or unlinked crate `no_alloc`
[INFO] [stdout]     |
[INFO] [stdout] help: there is a crate or module with a similar name
[INFO] [stdout]     |
[INFO] [stdout] 101 - use no_alloc::vec::ArrayVec;
[INFO] [stdout] 101 + use noalloc::vec::ArrayVec;
[INFO] [stdout]     |
[INFO] [stdout] 
[INFO] [stdout] error: aborting due to 1 previous error
[INFO] [stdout] 
[INFO] [stdout] For more information about this error, try `rustc --explain E0433`.
[INFO] [stdout] Couldn't compile the test.
[INFO] [stdout] ---- src/vec.rs - vec::ArrayVec<T,N>::new (line 30) stdout ----
[INFO] [stdout] error[E0433]: cannot find module or crate `no_alloc` in this scope
[INFO] [stdout]   --> src/vec.rs:31:5
[INFO] [stdout]    |
[INFO] [stdout] 31 | use no_alloc::vec::ArrayVec;
[INFO] [stdout]    |     ^^^^^^^^ use of unresolved module or unlinked crate `no_alloc`
[INFO] [stdout]    |
[INFO] [stdout] help: there is a crate or module with a similar name
[INFO] [stdout]    |
[INFO] [stdout] 31 - use no_alloc::vec::ArrayVec;
[INFO] [stdout] 31 + use noalloc::vec::ArrayVec;
[INFO] [stdout]    |
[INFO] [stdout] 
[INFO] [stdout] error: aborting due to 1 previous error
[INFO] [stdout] 
[INFO] [stdout] For more information about this error, try `rustc --explain E0433`.
[INFO] [stdout] Couldn't compile the test.
[INFO] [stdout] ---- src/vec.rs - vec::ArrayVec<T,N>::iter_mut (line 178) stdout ----
[INFO] [stdout] error[E0433]: cannot find module or crate `no_alloc` in this scope
[INFO] [stdout]    --> src/vec.rs:179:5
[INFO] [stdout]     |
[INFO] [stdout] 179 | use no_alloc::vec::ArrayVec;
[INFO] [stdout]     |     ^^^^^^^^ use of unresolved module or unlinked crate `no_alloc`
[INFO] [stdout]     |
[INFO] [stdout] help: there is a crate or module with a similar name
[INFO] [stdout]     |
[INFO] [stdout] 179 - use no_alloc::vec::ArrayVec;
[INFO] [stdout] 179 + use noalloc::vec::ArrayVec;
[INFO] [stdout]     |
[INFO] [stdout] 
[INFO] [stdout] error: aborting due to 1 previous error
[INFO] [stdout] 
[INFO] [stdout] For more information about this error, try `rustc --explain E0433`.
[INFO] [stdout] Couldn't compile the test.
[INFO] [stdout] ---- src/vec.rs - vec::ArrayVec<T,N>::reverse (line 200) stdout ----
[INFO] [stdout] error[E0433]: cannot find module or crate `no_alloc` in this scope
[INFO] [stdout]    --> src/vec.rs:201:5
[INFO] [stdout]     |
[INFO] [stdout] 201 | use no_alloc::vec::ArrayVec;
[INFO] [stdout]     |     ^^^^^^^^ use of unresolved module or unlinked crate `no_alloc`
[INFO] [stdout]     |
[INFO] [stdout] help: there is a crate or module with a similar name
[INFO] [stdout]     |
[INFO] [stdout] 201 - use no_alloc::vec::ArrayVec;
[INFO] [stdout] 201 + use noalloc::vec::ArrayVec;
[INFO] [stdout]     |
[INFO] [stdout] 
[INFO] [stdout] error: aborting due to 1 previous error
[INFO] [stdout] 
[INFO] [stdout] For more information about this error, try `rustc --explain E0433`.
[INFO] [stdout] Couldn't compile the test.
[INFO] [stdout] ---- src/vec.rs - vec::ArrayVec<T,N>::as_slice (line 116) stdout ----
[INFO] [stdout] error[E0433]: cannot find module or crate `no_alloc` in this scope
[INFO] [stdout]    --> src/vec.rs:117:5
[INFO] [stdout]     |
[INFO] [stdout] 117 | use no_alloc::vec::ArrayVec;
[INFO] [stdout]     |     ^^^^^^^^ use of unresolved module or unlinked crate `no_alloc`
[INFO] [stdout]     |
[INFO] [stdout] help: there is a crate or module with a similar name
[INFO] [stdout]     |
[INFO] [stdout] 117 - use no_alloc::vec::ArrayVec;
[INFO] [stdout] 117 + use noalloc::vec::ArrayVec;
[INFO] [stdout]     |
[INFO] [stdout] 
[INFO] [stdout] error: aborting due to 1 previous error
[INFO] [stdout] 
[INFO] [stdout] For more information about this error, try `rustc --explain E0433`.
[INFO] [stdout] Couldn't compile the test.
[INFO] [stdout] ---- src/vec.rs - vec::ArrayVec<T,N>::index (line 298) stdout ----
[INFO] [stdout] error[E0433]: cannot find module or crate `no_alloc` in this scope
[INFO] [stdout]    --> src/vec.rs:299:5
[INFO] [stdout]     |
[INFO] [stdout] 299 | use no_alloc::vec::ArrayVec;
[INFO] [stdout]     |     ^^^^^^^^ use of unresolved module or unlinked crate `no_alloc`
[INFO] [stdout]     |
[INFO] [stdout] help: there is a crate or module with a similar name
[INFO] [stdout]     |
[INFO] [stdout] 299 - use no_alloc::vec::ArrayVec;
[INFO] [stdout] 299 + use noalloc::vec::ArrayVec;
[INFO] [stdout]     |
[INFO] [stdout] 
[INFO] [stdout] error: aborting due to 1 previous error
[INFO] [stdout] 
[INFO] [stdout] For more information about this error, try `rustc --explain E0433`.
[INFO] [stdout] Couldn't compile the test.
[INFO] [stdout] ---- src/vec.rs - vec::ArrayVec<T,N>::as_mut_slice (line 136) stdout ----
[INFO] [stdout] error[E0433]: cannot find module or crate `no_alloc` in this scope
[INFO] [stdout]    --> src/vec.rs:137:5
[INFO] [stdout]     |
[INFO] [stdout] 137 | use no_alloc::vec::ArrayVec;
[INFO] [stdout]     |     ^^^^^^^^ use of unresolved module or unlinked crate `no_alloc`
[INFO] [stdout]     |
[INFO] [stdout] help: there is a crate or module with a similar name
[INFO] [stdout]     |
[INFO] [stdout] 137 - use no_alloc::vec::ArrayVec;
[INFO] [stdout] 137 + use noalloc::vec::ArrayVec;
[INFO] [stdout]     |
[INFO] [stdout] 
[INFO] [stdout] error: aborting due to 1 previous error
[INFO] [stdout] 
[INFO] [stdout] For more information about this error, try `rustc --explain E0433`.
[INFO] [stdout] Couldn't compile the test.
[INFO] [stdout] ---- src/vec.rs - vec::ArrayVec<T,N>::iter (line 156) stdout ----
[INFO] [stdout] error[E0433]: cannot find module or crate `no_alloc` in this scope
[INFO] [stdout]    --> src/vec.rs:157:5
[INFO] [stdout]     |
[INFO] [stdout] 157 | use no_alloc::vec::ArrayVec;
[INFO] [stdout]     |     ^^^^^^^^ use of unresolved module or unlinked crate `no_alloc`
[INFO] [stdout]     |
[INFO] [stdout] help: there is a crate or module with a similar name
[INFO] [stdout]     |
[INFO] [stdout] 157 - use no_alloc::vec::ArrayVec;
[INFO] [stdout] 157 + use noalloc::vec::ArrayVec;
[INFO] [stdout]     |
[INFO] [stdout] 
[INFO] [stdout] error: aborting due to 1 previous error
[INFO] [stdout] 
[INFO] [stdout] For more information about this error, try `rustc --explain E0433`.
[INFO] [stdout] Couldn't compile the test.
[INFO] [stdout] ---- src/vec.rs - vec::ArrayVec<T,N>::try_push (line 52) stdout ----
[INFO] [stdout] error[E0433]: cannot find module or crate `no_alloc` in this scope
[INFO] [stdout]   --> src/vec.rs:53:5
[INFO] [stdout]    |
[INFO] [stdout] 53 | use no_alloc::vec::ArrayVec;
[INFO] [stdout]    |     ^^^^^^^^ use of unresolved module or unlinked crate `no_alloc`
[INFO] [stdout]    |
[INFO] [stdout] help: there is a crate or module with a similar name
[INFO] [stdout]    |
[INFO] [stdout] 53 - use no_alloc::vec::ArrayVec;
[INFO] [stdout] 53 + use noalloc::vec::ArrayVec;
[INFO] [stdout]    |
[INFO] [stdout] 
[INFO] [stdout] error: aborting due to 1 previous error
[INFO] [stdout] 
[INFO] [stdout] For more information about this error, try `rustc --explain E0433`.
[INFO] [stdout] Couldn't compile the test.
[INFO] [stdout] ---- src/vec.rs - vec::ArrayVec<T,N>::index_mut (line 330) stdout ----
[INFO] [stdout] error[E0433]: cannot find module or crate `no_alloc` in this scope
[INFO] [stdout]    --> src/vec.rs:331:5
[INFO] [stdout]     |
[INFO] [stdout] 331 | use no_alloc::vec::ArrayVec;
[INFO] [stdout]     |     ^^^^^^^^ use of unresolved module or unlinked crate `no_alloc`
[INFO] [stdout]     |
[INFO] [stdout] help: there is a crate or module with a similar name
[INFO] [stdout]     |
[INFO] [stdout] 331 - use no_alloc::vec::ArrayVec;
[INFO] [stdout] 331 + use noalloc::vec::ArrayVec;
[INFO] [stdout]     |
[INFO] [stdout] 
[INFO] [stdout] error: aborting due to 1 previous error
[INFO] [stdout] 
[INFO] [stdout] For more information about this error, try `rustc --explain E0433`.
[INFO] [stdout] Couldn't compile the test.
[INFO] [stdout] ---- src/vec.rs - vec::ArrayVec<T,N>::len (line 82) stdout ----
[INFO] [stdout] error[E0433]: cannot find module or crate `no_alloc` in this scope
[INFO] [stdout]   --> src/vec.rs:83:5
[INFO] [stdout]    |
[INFO] [stdout] 83 | use no_alloc::vec::ArrayVec;
[INFO] [stdout]    |     ^^^^^^^^ use of unresolved module or unlinked crate `no_alloc`
[INFO] [stdout]    |
[INFO] [stdout] help: there is a crate or module with a similar name
[INFO] [stdout]    |
[INFO] [stdout] 83 - use no_alloc::vec::ArrayVec;
[INFO] [stdout] 83 + use noalloc::vec::ArrayVec;
[INFO] [stdout]    |
[INFO] [stdout] 
[INFO] [stdout] error: aborting due to 1 previous error
[INFO] [stdout] 
[INFO] [stdout] For more information about this error, try `rustc --explain E0433`.
[INFO] [stdout] Couldn't compile the test.
[INFO] [stdout] ---- src/vec.rs - vec::ArrayVec<T,U>::sort_unstable (line 266) stdout ----
[INFO] [stdout] error[E0433]: cannot find module or crate `no_alloc` in this scope
[INFO] [stdout]    --> src/vec.rs:267:5
[INFO] [stdout]     |
[INFO] [stdout] 267 | use no_alloc::vec::ArrayVec;
[INFO] [stdout]     |     ^^^^^^^^ use of unresolved module or unlinked crate `no_alloc`
[INFO] [stdout]     |
[INFO] [stdout] help: there is a crate or module with a similar name
[INFO] [stdout]     |
[INFO] [stdout] 267 - use no_alloc::vec::ArrayVec;
[INFO] [stdout] 267 + use noalloc::vec::ArrayVec;
[INFO] [stdout]     |
[INFO] [stdout] 
[INFO] [stdout] error: aborting due to 1 previous error
[INFO] [stdout] 
[INFO] [stdout] For more information about this error, try `rustc --explain E0433`.
[INFO] [stdout] Couldn't compile the test.
[INFO] [stdout] ---- src/vec.rs - vec::ArrayVec<T,U>::contains (line 239) stdout ----
[INFO] [stdout] error[E0433]: cannot find module or crate `no_alloc` in this scope
[INFO] [stdout]    --> src/vec.rs:240:5
[INFO] [stdout]     |
[INFO] [stdout] 240 | use no_alloc::vec::ArrayVec;
[INFO] [stdout]     |     ^^^^^^^^ use of unresolved module or unlinked crate `no_alloc`
[INFO] [stdout]     |
[INFO] [stdout] help: there is a crate or module with a similar name
[INFO] [stdout]     |
[INFO] [stdout] 240 - use no_alloc::vec::ArrayVec;
[INFO] [stdout] 240 + use noalloc::vec::ArrayVec;
[INFO] [stdout]     |
[INFO] [stdout] 
[INFO] [stdout] error: aborting due to 1 previous error
[INFO] [stdout] 
[INFO] [stdout] For more information about this error, try `rustc --explain E0433`.
[INFO] [stdout] Couldn't compile the test.
[INFO] [stdout] 
[INFO] [stdout] failures:
[INFO] [stdout]     src/vec.rs - vec::ArrayVec<T,N>::as_mut_slice (line 136)
[INFO] [stdout]     src/vec.rs - vec::ArrayVec<T,N>::as_slice (line 116)
[INFO] [stdout]     src/vec.rs - vec::ArrayVec<T,N>::index (line 298)
[INFO] [stdout]     src/vec.rs - vec::ArrayVec<T,N>::index_mut (line 330)
[INFO] [stdout]     src/vec.rs - vec::ArrayVec<T,N>::is_empty (line 100)
[INFO] [stdout]     src/vec.rs - vec::ArrayVec<T,N>::iter (line 156)
[INFO] [stdout]     src/vec.rs - vec::ArrayVec<T,N>::iter_mut (line 178)
[INFO] [stdout]     src/vec.rs - vec::ArrayVec<T,N>::len (line 82)
[INFO] [stdout]     src/vec.rs - vec::ArrayVec<T,N>::new (line 30)
[INFO] [stdout]     src/vec.rs - vec::ArrayVec<T,N>::reverse (line 200)
[INFO] [stdout]     src/vec.rs - vec::ArrayVec<T,N>::try_push (line 52)
[INFO] [stdout]     src/vec.rs - vec::ArrayVec<T,U>::contains (line 239)
[INFO] [stdout]     src/vec.rs - vec::ArrayVec<T,U>::sort_unstable (line 266)
[INFO] [stdout] 
[INFO] [stdout] test result: FAILED. 4 passed; 13 failed; 0 ignored; 0 measured; 0 filtered out; finished in 0.47s
[INFO] [stdout] 
[INFO] [stdout] all doctests ran in 0.56s; merged doctests compilation took 0.08s
[INFO] [stderr] error: doctest failed, to rerun pass `--doc`
[INFO] running `Command { std: "docker" "inspect" "5f4603127616681f120f89e2c335fb78a145b6afc2ff78429427b8bc1d777418", kill_on_drop: false }`
[INFO] running `Command { std: "docker" "rm" "-f" "5f4603127616681f120f89e2c335fb78a145b6afc2ff78429427b8bc1d777418", kill_on_drop: false }`
[INFO] [stdout] 5f4603127616681f120f89e2c335fb78a145b6afc2ff78429427b8bc1d777418
