[INFO] fetching crate no-panics 0.0.1...
[INFO] testing no-panics-0.0.1 against 1.100.0-beta.1+cargoflags=--release for beta-release-1.100-2
[INFO] extracting crate no-panics 0.0.1 into /workspace/builds/worker-0-tc2/source
[INFO] started tweaking crates.io crate no-panics 0.0.1
[INFO] finished tweaking crates.io crate no-panics 0.0.1
[INFO] tweaked toml for crates.io crate no-panics 0.0.1 written to /workspace/builds/worker-0-tc2/source/Cargo.toml
[INFO] validating manifest of crates.io crate no-panics 0.0.1 on toolchain 1.100.0-beta.1
[INFO] running `Command { std: CARGO_HOME="/workspace/cargo-home" RUSTUP_HOME="/workspace/rustup-home" "/workspace/cargo-home/bin/cargo" "+1.100.0-beta.1" "metadata" "--manifest-path" "Cargo.toml" "--no-deps", kill_on_drop: false }`
[INFO] running `Command { std: CARGO_HOME="/workspace/cargo-home" RUSTUP_HOME="/workspace/rustup-home" "/workspace/cargo-home/bin/cargo" "+1.100.0-beta.1" "generate-lockfile" "--manifest-path" "Cargo.toml", kill_on_drop: false }`
[INFO] [stderr]     Updating crates.io index
[INFO] [stderr]      Locking 40 packages to highest compatible versions
[INFO] [stderr]       Adding syn v1.0.109 (available: v3.0.9)
[INFO] running `Command { std: CARGO_HOME="/workspace/cargo-home" RUSTUP_HOME="/workspace/rustup-home" "/workspace/cargo-home/bin/cargo" "+1.100.0-beta.1" "fetch" "--manifest-path" "Cargo.toml", kill_on_drop: false }`
[INFO] running `Command { std: "docker" "create" "-v" "/var/lib/crater-agent-workspace/builds/worker-0-tc2/source:/opt/rustwide/workdir:ro,Z" "-v" "/var/lib/crater-agent-workspace/builds/worker-0-tc2/target:/opt/rustwide/target:rw,Z" "-v" "/var/lib/crater-agent-workspace/cargo-home:/opt/rustwide/cargo-home:ro,Z" "-v" "/var/lib/crater-agent-workspace/rustup-home:/opt/rustwide/rustup-home:ro,Z" "-m" "1610612736" "--network" "none" "ghcr.io/rust-lang/crates-build-env/linux@sha256:77db811e55d90add9212f6832c23229e3de5f1c1f9905e8cb07319ea15df73ac" "sleep" "infinity", kill_on_drop: false }`
[INFO] [stdout] bb2d290e5e39b39ba8210ee47b5868b652d3e3a1a339bbf661edb62989e3ba10
[INFO] running `Command { std: "docker" "start" "bb2d290e5e39b39ba8210ee47b5868b652d3e3a1a339bbf661edb62989e3ba10", kill_on_drop: false }`
[INFO] running `Command { std: "docker" "inspect" "bb2d290e5e39b39ba8210ee47b5868b652d3e3a1a339bbf661edb62989e3ba10", kill_on_drop: false }`
[INFO] running `Command { std: "docker" "exec" "-e" "SOURCE_DIR=/opt/rustwide/workdir" "-e" "CARGO_HOME=/opt/rustwide/cargo-home" "-e" "RUSTUP_HOME=/opt/rustwide/rustup-home" "-e" "CARGO_TARGET_DIR=/opt/rustwide/target" "-w" "/opt/rustwide/workdir" "--user" "0:0" "bb2d290e5e39b39ba8210ee47b5868b652d3e3a1a339bbf661edb62989e3ba10" "/opt/rustwide/cargo-home/bin/cargo" "+1.100.0-beta.1" "metadata" "--no-deps" "--format-version=1", kill_on_drop: false }`
[INFO] running `Command { std: "docker" "inspect" "bb2d290e5e39b39ba8210ee47b5868b652d3e3a1a339bbf661edb62989e3ba10", kill_on_drop: false }`
[INFO] running `Command { std: "docker" "exec" "-e" "SOURCE_DIR=/opt/rustwide/workdir" "-e" "CARGO_HOME=/opt/rustwide/cargo-home" "-e" "RUSTUP_HOME=/opt/rustwide/rustup-home" "-e" "CARGO_TARGET_DIR=/opt/rustwide/target" "-e" "CARGO_INCREMENTAL=0" "-e" "RUST_BACKTRACE=full" "-e" "RUSTFLAGS=--cap-lints=warn" "-e" "RUSTDOCFLAGS=--cap-lints=warn" "-w" "/opt/rustwide/workdir" "--user" "0:0" "bb2d290e5e39b39ba8210ee47b5868b652d3e3a1a339bbf661edb62989e3ba10" "/opt/rustwide/cargo-home/bin/cargo" "+1.100.0-beta.1" "build" "--frozen" "--message-format=json" "--release", kill_on_drop: false }`
[INFO] [stderr]    Compiling syn v1.0.109
[INFO] [stderr]    Compiling no-panics v0.0.1 (/opt/rustwide/workdir)
[INFO] [stderr]     Finished `release` profile [optimized] target(s) in 6.82s
[INFO] running `Command { std: "docker" "inspect" "bb2d290e5e39b39ba8210ee47b5868b652d3e3a1a339bbf661edb62989e3ba10", kill_on_drop: false }`
[INFO] running `Command { std: "docker" "exec" "-e" "SOURCE_DIR=/opt/rustwide/workdir" "-e" "CARGO_HOME=/opt/rustwide/cargo-home" "-e" "RUSTUP_HOME=/opt/rustwide/rustup-home" "-e" "CARGO_TARGET_DIR=/opt/rustwide/target" "-e" "CARGO_INCREMENTAL=0" "-e" "RUST_BACKTRACE=full" "-e" "RUSTFLAGS=--cap-lints=warn" "-e" "RUSTDOCFLAGS=--cap-lints=warn" "-w" "/opt/rustwide/workdir" "--user" "0:0" "bb2d290e5e39b39ba8210ee47b5868b652d3e3a1a339bbf661edb62989e3ba10" "/opt/rustwide/cargo-home/bin/cargo" "+1.100.0-beta.1" "test" "--frozen" "--no-run" "--message-format=json" "--release", kill_on_drop: false }`
[INFO] [stderr]    Compiling libc v0.2.191
[INFO] [stderr]    Compiling serde_core v1.0.229
[INFO] [stderr]    Compiling target-tuple v1.0.2
[INFO] [stderr]    Compiling winnow v1.0.4
[INFO] [stderr]    Compiling serde_json v1.0.154
[INFO] [stderr]    Compiling getrandom v0.4.3
[INFO] [stderr]    Compiling rustix v1.1.5
[INFO] [stderr]    Compiling bitflags v2.13.2
[INFO] [stderr]    Compiling linux-raw-sys v0.12.1
[INFO] [stderr]    Compiling unicode-ident v1.0.27
[INFO] [stderr]    Compiling syn v3.0.9
[INFO] [stderr]    Compiling toml_writer v1.1.3+spec-1.1.0
[INFO] [stderr]    Compiling cfg-if v1.0.5
[INFO] [stderr]    Compiling serde_spanned v1.1.2
[INFO] [stderr]    Compiling toml_parser v1.1.5+spec-1.1.0
[INFO] [stderr]    Compiling toml_datetime v1.1.2+spec-1.1.0
[INFO] [stderr]    Compiling serde v1.0.229
[INFO] [stderr]    Compiling once_cell v1.21.4
[INFO] [stderr]    Compiling proc-macro2 v1.0.107
[INFO] [stderr]    Compiling glob v0.3.4
[INFO] [stderr]    Compiling dissimilar v1.0.11
[INFO] [stderr]    Compiling fastrand v2.5.0
[INFO] [stderr]    Compiling termcolor v1.4.1
[INFO] [stderr]    Compiling no-panics v0.0.1 (/opt/rustwide/workdir)
[INFO] [stderr]    Compiling syn v1.0.109
[INFO] [stderr]    Compiling toml v1.1.8+spec-1.1.0
[INFO] [stderr]    Compiling quote v1.0.47
[INFO] [stderr]    Compiling tempfile v3.27.0
[INFO] [stderr]    Compiling serde_derive v1.0.229
[INFO] [stderr]    Compiling trybuild v1.0.122
[INFO] [stderr]     Finished `release` profile [optimized] target(s) in 41.77s
[INFO] running `Command { std: "docker" "inspect" "bb2d290e5e39b39ba8210ee47b5868b652d3e3a1a339bbf661edb62989e3ba10", kill_on_drop: false }`
[INFO] running `Command { std: "docker" "exec" "-e" "SOURCE_DIR=/opt/rustwide/workdir" "-e" "CARGO_HOME=/opt/rustwide/cargo-home" "-e" "RUSTUP_HOME=/opt/rustwide/rustup-home" "-e" "CARGO_TARGET_DIR=/opt/rustwide/target" "-e" "CARGO_INCREMENTAL=0" "-e" "RUST_BACKTRACE=full" "-e" "RUSTFLAGS=--cap-lints=warn" "-e" "RUSTDOCFLAGS=--cap-lints=warn" "-w" "/opt/rustwide/workdir" "--user" "0:0" "bb2d290e5e39b39ba8210ee47b5868b652d3e3a1a339bbf661edb62989e3ba10" "/opt/rustwide/cargo-home/bin/cargo" "+1.100.0-beta.1" "test" "--frozen" "--release", kill_on_drop: false }`
[INFO] [stderr]     Finished `release` profile [optimized] target(s) in 0.07s
[INFO] [stderr]      Running unittests src/lib.rs (/opt/rustwide/target/release/build/no-panics/07a4d3fb9a2f03fe/out/no_panics-07a4d3fb9a2f03fe)
[INFO] [stdout] 
[INFO] [stdout] running 0 tests
[INFO] [stdout] 
[INFO] [stdout] test result: ok. 0 passed; 0 failed; 0 ignored; 0 measured; 0 filtered out; finished in 0.00s
[INFO] [stdout] 
[INFO] [stderr]      Running tests/test.rs (/opt/rustwide/target/release/build/no-panics/430d2695544c9023/out/test-430d2695544c9023)
[INFO] [stdout] 
[INFO] [stdout] running 15 tests
[INFO] [stderr]    Compiling proc-macro2 v1.0.107
[INFO] [stderr]    Compiling quote v1.0.47
[INFO] [stderr]    Compiling unicode-ident v1.0.27
[INFO] [stderr]    Compiling syn v1.0.109
[INFO] [stderr]    Compiling proc-macro2 v1.0.107
[INFO] [stderr]    Compiling quote v1.0.47
[INFO] [stderr]    Compiling syn v1.0.109
[INFO] [stderr]    Compiling libc v0.2.191
[INFO] [stderr]    Compiling unicode-ident v1.0.27
[INFO] [stderr]    Compiling rustix v1.1.5
[INFO] [stderr]    Compiling getrandom v0.4.3
[INFO] [stderr]     Checking bitflags v2.13.2
[INFO] [stderr]     Checking linux-raw-sys v0.12.1
[INFO] [stderr]     Checking cfg-if v1.0.5
[INFO] [stderr]     Checking fastrand v2.5.0
[INFO] [stderr]     Checking once_cell v1.21.4
[INFO] [stderr]     Checking tempfile v3.27.0
[INFO] [stderr]    Compiling no-panics v0.0.1 (/opt/rustwide/workdir)
[INFO] [stderr]    Compiling no-panics v0.0.1 (/opt/rustwide/workdir)
[INFO] [stderr]     Finished `dev` profile [unoptimized + debuginfo] target(s) in 7.96s
[INFO] [stderr] error: extern location for no_panic does not exist: target/debug/libno_panic.so
[INFO] [stderr]  --> /tmp/.tmpb6CJb9/test_ref_mut_argument.rs:1:5
[INFO] [stderr]   |
[INFO] [stderr] 1 | use no_panic::no_panic;#[no_panic] fn demo(ref mut i: i32) -> i32 { *i += 1; *i } fn main()
[INFO] [stderr]   |     ^^^^^^^^
[INFO] [stderr] 
[INFO] [stderr] error: extern location for no_panic does not exist: target/debug/libno_panic.so
[INFO] [stderr]  --> /tmp/.tmpX3ZYXd/test_receiver_lifetime_elision.rs:1:5
[INFO] [stderr]   |
[INFO] [stderr] 1 | use no_panic::no_panic;struct Buffer { bytes: [u8; 24], } impl Buffer
[INFO] [stderr]   |     ^^^^^^^^
[INFO] [stderr] 
[INFO] [stderr] error: extern location for no_panic does not exist: target/debug/libno_panic.so
[INFO] [stderr]  --> /tmp/.tmpcltpsg/test_lifetime_elision.rs:1:5
[INFO] [stderr]   |
[INFO] [stderr] 1 | use no_panic::no_panic;struct Buffer { bytes: [u8; 24], } #[no_panic] fn demo(buffer: &mut Buffer) ->
[INFO] [stderr]   |     ^^^^^^^^
[INFO] [stderr] 
[INFO] [stderr] error: extern location for no_panic does not exist: target/debug/libno_panic.so
[INFO] [stderr]  --> /tmp/.tmpjpyy75/test_self_in_macro.rs:1:5
[INFO] [stderr]   |
[INFO] [stderr] 1 | use no_panic::no_panic;struct S { data: usize, } macro_rules! id { ($expr:expr) => { $expr }; } impl
[INFO] [stderr]   |     ^^^^^^^^
[INFO] [stderr] 
[INFO] [stderr] error: aborting due to 1 previous error
[INFO] [stderr] 
[INFO] [stderr] error: aborting due to 1 previous error
[INFO] [stderr] 
[INFO] [stderr] error: extern location for no_panic does not exist: target/debug/libno_panic.so
[INFO] [stderr]  --> /tmp/.tmphWOFy7/test_async_await_return_values.rs:1:5
[INFO] [stderr]   |
[INFO] [stderr] 1 | use no_panic::no_panic;pub struct S; #[no_panic] async fn f1() -> i32 { 123 } #[no_panic] async fn
[INFO] [stderr]   |     ^^^^^^^^
[INFO] [stderr] 
[INFO] [stderr] error: aborting due to 1 previous error
[INFO] [stderr] 
[INFO] [stderr] error: aborting due to 1 previous error
[INFO] [stderr] 
[INFO] [stderr] error: aborting due to 1 previous error
[INFO] [stderr] 
[INFO] [stderr] error: extern location for no_panic does not exist: target/debug/libno_panic.so
[INFO] [stderr]  --> /tmp/.tmpNAlbcH/test_ref_argument.rs:1:5
[INFO] [stderr]   |
[INFO] [stderr] 1 | use no_panic::no_panic;#[no_panic] fn demo(ref i: i32) -> i32 { *i } fn main()
[INFO] [stderr]   |     ^^^^^^^^
[INFO] [stderr] 
[INFO] [stderr] error: aborting due to 1 previous error
[INFO] [stderr] 
[INFO] [stderr] error: extern location for no_panic does not exist: target/debug/libno_panic.so
[INFO] [stderr]  --> /tmp/.tmpPcjiJi/test_method_in_impl.rs:1:5
[INFO] [stderr]   |
[INFO] [stderr] 1 | use no_panic::no_panic;struct S; impl S { #[no_panic] fn demo(self) -> &'static str { "test" } } fn
[INFO] [stderr]   |     ^^^^^^^^
[INFO] [stderr] 
[INFO] [stdout] test no_panic::test_async_await_return_values ... FAILED
[INFO] [stderr] error: aborting due to 1 previous error
[INFO] [stdout] test no_panic::test_lifetime_elision ... FAILED
[INFO] [stderr] 
[INFO] [stdout] test no_panic::test_ref_argument ... FAILED
[INFO] [stderr] error: extern location for no_panic does not exist: target/debug/libno_panic.so
[INFO] [stderr]  --> /tmp/.tmpyOtwDk/test_self_with_std_pin.rs:1:5
[INFO] [stderr]   |
[INFO] [stderr] 1 | use no_panic::no_panic;use std::pin::Pin; pub struct S; impl S
[INFO] [stderr]   |     ^^^^^^^^
[INFO] [stderr] 
[INFO] [stderr] error: aborting due to 1 previous error
[INFO] [stderr] 
[INFO] [stdout] test no_panic::test_ref_mut_argument ... FAILED
[INFO] [stdout] test no_panic::test_method_in_impl ... FAILED
[INFO] [stdout] test no_panic::test_self_with_std_pin ... FAILED
[INFO] [stderr] error: extern location for no_panic does not exist: target/debug/libno_panic.so
[INFO] [stderr]  --> /tmp/.tmpUVFM5X/test_self_in_macro_containing_fn.rs:1:5
[INFO] [stderr]   |
[INFO] [stderr] 1 | use no_panic::no_panic;pub struct S { data: usize, } macro_rules! emit
[INFO] [stderr]   |     ^^^^^^^^
[INFO] [stderr] 
[INFO] [stderr] error: extern location for no_panic does not exist: target/debug/libno_panic.so
[INFO] [stderr]  --> /tmp/.tmpY3usWD/test_async_fn.rs:1:5
[INFO] [stderr]   |
[INFO] [stderr] 1 | use no_panic::no_panic;#[no_panic] async fn f() { g().await; } #[no_panic] async fn g() {} fn main()
[INFO] [stderr]   |     ^^^^^^^^
[INFO] [stderr] 
[INFO] [stderr] error: aborting due to 1 previous error
[INFO] [stderr] 
[INFO] [stdout] test no_panic::test_receiver_lifetime_elision ... FAILED
[INFO] [stderr] error: aborting due to 1 previous error
[INFO] [stderr] 
[INFO] [stderr] error: extern location for no_panic does not exist: target/debug/libno_panic.so
[INFO] [stderr]  --> /tmp/.tmp4aN5Vj/test_borrow_from_mut_self.rs:1:5
[INFO] [stderr]   |
[INFO] [stderr] 1 | use no_panic::no_panic;struct S { data: usize, } impl S
[INFO] [stderr]   |     ^^^^^^^^
[INFO] [stderr] 
[INFO] [stderr] error: aborting due to 1 previous error
[INFO] [stderr] 
[INFO] [stdout] test no_panic::test_self_in_macro_containing_fn ... FAILED
[INFO] [stdout] test no_panic::test_self_in_macro ... FAILED
[INFO] [stdout] test no_panic::test_async_fn ... FAILED
[INFO] [stdout] test no_panic::test_borrow_from_mut_self ... FAILED
[INFO] [stderr] error: extern location for no_panic does not exist: target/debug/libno_panic.so
[INFO] [stderr]  --> /tmp/.tmpFvYebl/test_readme.rs:1:5
[INFO] [stderr]   |
[INFO] [stderr] 1 | use no_panic::no_panic;#[no_panic] fn demo(s: &str) -> &str { &s[1..] } fn main()
[INFO] [stderr]   |     ^^^^^^^^
[INFO] [stderr] 
[INFO] [stderr] error: aborting due to 1 previous error
[INFO] [stderr] 
[INFO] [stderr] error: extern location for no_panic does not exist: target/debug/libno_panic.so
[INFO] [stderr]  --> /tmp/.tmpewuJdp/test_readme.rs:1:5
[INFO] [stderr]   |
[INFO] [stderr] 1 | use no_panic::no_panic;#[no_panic] fn demo(s: &str) -> &str { &s[1..] } fn main()
[INFO] [stderr]   |     ^^^^^^^^
[INFO] [stderr] 
[INFO] [stderr] error: aborting due to 1 previous error
[INFO] [stderr] 
[INFO] [stdout] test no_panic::test_readme ... FAILED
[INFO] [stdout] test link_error::test_readme ... FAILED
[INFO] [stderr] error: extern location for no_panic does not exist: target/debug/libno_panic.so
[INFO] [stderr]  --> /tmp/.tmpdauh9S/test_mut_argument.rs:1:5
[INFO] [stderr]   |
[INFO] [stderr] 1 | use no_panic::no_panic;#[no_panic] fn demo(mut i: i32) -> i32 { i += 1; i } fn main()
[INFO] [stderr]   |     ^^^^^^^^
[INFO] [stderr] 
[INFO] [stderr] error: aborting due to 1 previous error
[INFO] [stderr] 
[INFO] [stdout] test no_panic::test_mut_argument ... FAILED
[INFO] [stderr]     Checking no-panics-tests v0.0.0 (/opt/rustwide/target/tests/trybuild/no-panics)
[INFO] [stderr]     Finished `dev` profile [unoptimized + debuginfo] target(s) in 8.23s
[INFO] [stderr] 
[INFO] [stderr] 
[INFO] [stdout] test ui ... FAILED
[INFO] [stderr] test tests/ui/trait-fn.rs ... mismatch
[INFO] [stdout] 
[INFO] [stderr] 
[INFO] [stdout] failures:
[INFO] [stderr] EXPECTED:
[INFO] [stdout] 
[INFO] [stderr] ┈┈┈┈┈┈┈┈┈┈┈┈┈┈┈┈┈┈┈┈┈┈┈┈┈┈┈┈┈┈┈┈┈┈┈┈┈┈┈┈┈┈┈┈┈┈┈┈┈┈┈┈┈┈┈┈┈┈┈┈
[INFO] [stdout] ---- no_panic::test_async_await_return_values stdout ----
[INFO] [stderr] error: expected curly braces
[INFO] [stdout] 
[INFO] [stderr]  --> tests/ui/trait-fn.rs:5:11
[INFO] [stdout] thread 'no_panic::test_async_await_return_values' (889) panicked at tests/compiletest/mod.rs:44:5:
[INFO] [stderr]   |
[INFO] [stdout] assertion failed: status.success()
[INFO] [stderr] 5 |     fn f();
[INFO] [stdout] stack backtrace:
[INFO] [stderr]   |           ^
[INFO] [stdout]    0:     0x650721922e21 - <<std[617be2ca0a6fd877]::sys::backtrace::BacktraceLock>::print::DisplayBacktrace as core[a373ad73a504971]::fmt::Display>::fmt
[INFO] [stderr] ┈┈┈┈┈┈┈┈┈┈┈┈┈┈┈┈┈┈┈┈┈┈┈┈┈┈┈┈┈┈┈┈┈┈┈┈┈┈┈┈┈┈┈┈┈┈┈┈┈┈┈┈┈┈┈┈┈┈┈┈
[INFO] [stdout]    1:     0x65072193922a - core[a373ad73a504971]::fmt::write
[INFO] [stderr] 
[INFO] [stdout]    2:     0x65072192766c - <alloc[2e1b2a31b91974c5]::vec::Vec<u8> as core[a373ad73a504971]::io::write::Write>::write_fmt
[INFO] [stderr] ACTUAL OUTPUT:
[INFO] [stdout]    3:     0x6507218fb9b6 - std[617be2ca0a6fd877]::panicking::default_hook::{closure#0}
[INFO] [stderr] ┈┈┈┈┈┈┈┈┈┈┈┈┈┈┈┈┈┈┈┈┈┈┈┈┈┈┈┈┈┈┈┈┈┈┈┈┈┈┈┈┈┈┈┈┈┈┈┈┈┈┈┈┈┈┈┈┈┈┈┈
[INFO] [stdout]    4:     0x650721919ca9 - std[617be2ca0a6fd877]::panicking::default_hook
[INFO] [stderr] error[E0432]: unresolved import `no_panic`
[INFO] [stdout]    5:     0x6507218b3090 - test[aada8e7e76ba119b]::test_main_inner::{closure#0}
[INFO] [stderr]  --> tests/ui/trait-fn.rs:1:5
[INFO] [stdout]    6:     0x650721919e62 - std[617be2ca0a6fd877]::panicking::panic_with_hook
[INFO] [stderr]   |
[INFO] [stdout]    7:     0x6507218fba94 - std[617be2ca0a6fd877]::panicking::panic_handler::{closure#0}
[INFO] [stderr] 1 | use no_panic::no_panic;
[INFO] [stdout]    8:     0x6507218f42b9 - std[617be2ca0a6fd877]::sys::backtrace::__rust_end_short_backtrace::<std[617be2ca0a6fd877]::panicking::panic_handler::{closure#0}, !>
[INFO] [stderr]   |     ^^^^^^^^ use of unresolved module or unlinked crate `no_panic`
[INFO] [stdout]    9:     0x6507218fc66d - __rustc[ea4f61d10b84890b]::rust_begin_unwind
[INFO] [stderr]   |
[INFO] [stdout]   10:     0x65072193999c - core[a373ad73a504971]::panicking::panic_fmt
[INFO] [stderr] help: there is a crate or module with a similar name
[INFO] [stdout]   11:     0x650721939962 - core[a373ad73a504971]::panicking::panic
[INFO] [stderr]   |
[INFO] [stdout]   12:     0x6507217f8473 - test[e1ba4257395fa25e]::compiletest::contains_panic
[INFO] [stderr] 1 | use no_panics::no_panic;
[INFO] [stdout]   13:     0x6507217f8ccf - <test[e1ba4257395fa25e]::no_panic::test_async_await_return_values::{closure#0} as core[a373ad73a504971]::ops::function::FnOnce<()>>::call_once
[INFO] [stderr]   |             +
[INFO] [stdout]   14:     0x6507218a64db - test[aada8e7e76ba119b]::__rust_begin_short_backtrace::<core[a373ad73a504971]::result::Result<(), alloc[2e1b2a31b91974c5]::string::String>, fn() -> core[a373ad73a504971]::result::Result<(), alloc[2e1b2a31b91974c5]::string::String>>
[INFO] [stderr] ┈┈┈┈┈┈┈┈┈┈┈┈┈┈┈┈┈┈┈┈┈┈┈┈┈┈┈┈┈┈┈┈┈┈┈┈┈┈┈┈┈┈┈┈┈┈┈┈┈┈┈┈┈┈┈┈┈┈┈┈
[INFO] [stdout]   15:     0x6507218b36b5 - test[aada8e7e76ba119b]::run_test::{closure#0}
[INFO] [stderr] note: If the actual output is the correct output you can bless it by rerunning
[INFO] [stdout]   16:     0x6507218acfa4 - std[617be2ca0a6fd877]::sys::backtrace::__rust_begin_short_backtrace::<test[aada8e7e76ba119b]::run_test::{closure#1}, ()>
[INFO] [stderr]       your test with the environment variable TRYBUILD=overwrite
[INFO] [stdout]   17:     0x6507218b6742 - <std[617be2ca0a6fd877]::thread::lifecycle::spawn_unchecked<test[aada8e7e76ba119b]::run_test::{closure#1}, ()>::{closure#1} as core[a373ad73a504971]::ops::function::FnOnce<()>>::call_once::{shim:vtable#0}
[INFO] [stderr] 
[INFO] [stdout]   18:     0x65072192207f - <std[617be2ca0a6fd877]::sys::thread::unix::Thread>::new::thread_start
[INFO] [stderr] 
[INFO] [stdout]   19:     0x76945537cdfa - <unknown>
[INFO] [stderr] 
[INFO] [stdout]   20:     0x7694554103d4 - clone
[INFO] [stderr] error: test failed, to rerun pass `--test test`
[INFO] [stdout]   21:                0x0 - <unknown>
[INFO] [stdout] 
[INFO] [stdout] ---- no_panic::test_lifetime_elision stdout ----
[INFO] [stdout] 
[INFO] [stdout] thread 'no_panic::test_lifetime_elision' (892) panicked at tests/compiletest/mod.rs:44:5:
[INFO] [stdout] assertion failed: status.success()
[INFO] [stdout] stack backtrace:
[INFO] [stdout]    0:     0x650721922e21 - <<std[617be2ca0a6fd877]::sys::backtrace::BacktraceLock>::print::DisplayBacktrace as core[a373ad73a504971]::fmt::Display>::fmt
[INFO] [stdout]    1:     0x65072193922a - core[a373ad73a504971]::fmt::write
[INFO] [stdout]    2:     0x65072192766c - <alloc[2e1b2a31b91974c5]::vec::Vec<u8> as core[a373ad73a504971]::io::write::Write>::write_fmt
[INFO] [stdout]    3:     0x6507218fb9b6 - std[617be2ca0a6fd877]::panicking::default_hook::{closure#0}
[INFO] [stdout]    4:     0x650721919ca9 - std[617be2ca0a6fd877]::panicking::default_hook
[INFO] [stdout]    5:     0x6507218b3090 - test[aada8e7e76ba119b]::test_main_inner::{closure#0}
[INFO] [stdout]    6:     0x650721919e62 - std[617be2ca0a6fd877]::panicking::panic_with_hook
[INFO] [stdout]    7:     0x6507218fba94 - std[617be2ca0a6fd877]::panicking::panic_handler::{closure#0}
[INFO] [stdout]    8:     0x6507218f42b9 - std[617be2ca0a6fd877]::sys::backtrace::__rust_end_short_backtrace::<std[617be2ca0a6fd877]::panicking::panic_handler::{closure#0}, !>
[INFO] [stdout]    9:     0x6507218fc66d - __rustc[ea4f61d10b84890b]::rust_begin_unwind
[INFO] [stdout]   10:     0x65072193999c - core[a373ad73a504971]::panicking::panic_fmt
[INFO] [stdout]   11:     0x650721939962 - core[a373ad73a504971]::panicking::panic
[INFO] [stdout]   12:     0x6507217f8473 - test[e1ba4257395fa25e]::compiletest::contains_panic
[INFO] [stdout]   13:     0x6507217f8a8f - <test[e1ba4257395fa25e]::no_panic::test_lifetime_elision::{closure#0} as core[a373ad73a504971]::ops::function::FnOnce<()>>::call_once
[INFO] [stdout]   14:     0x6507218a64db - test[aada8e7e76ba119b]::__rust_begin_short_backtrace::<core[a373ad73a504971]::result::Result<(), alloc[2e1b2a31b91974c5]::string::String>, fn() -> core[a373ad73a504971]::result::Result<(), alloc[2e1b2a31b91974c5]::string::String>>
[INFO] [stdout]   15:     0x6507218b36b5 - test[aada8e7e76ba119b]::run_test::{closure#0}
[INFO] [stdout]   16:     0x6507218acfa4 - std[617be2ca0a6fd877]::sys::backtrace::__rust_begin_short_backtrace::<test[aada8e7e76ba119b]::run_test::{closure#1}, ()>
[INFO] [stdout]   17:     0x6507218b6742 - <std[617be2ca0a6fd877]::thread::lifecycle::spawn_unchecked<test[aada8e7e76ba119b]::run_test::{closure#1}, ()>::{closure#1} as core[a373ad73a504971]::ops::function::FnOnce<()>>::call_once::{shim:vtable#0}
[INFO] [stdout]   18:     0x65072192207f - <std[617be2ca0a6fd877]::sys::thread::unix::Thread>::new::thread_start
[INFO] [stdout]   19:     0x76945537cdfa - <unknown>
[INFO] [stdout]   20:     0x7694554103d4 - clone
[INFO] [stdout]   21:                0x0 - <unknown>
[INFO] [stdout] 
[INFO] [stdout] ---- no_panic::test_ref_argument stdout ----
[INFO] [stdout] 
[INFO] [stdout] thread 'no_panic::test_ref_argument' (898) panicked at tests/compiletest/mod.rs:44:5:
[INFO] [stdout] assertion failed: status.success()
[INFO] [stdout] stack backtrace:
[INFO] [stdout]    0:     0x650721922e21 - <<std[617be2ca0a6fd877]::sys::backtrace::BacktraceLock>::print::DisplayBacktrace as core[a373ad73a504971]::fmt::Display>::fmt
[INFO] [stdout]    1:     0x65072193922a - core[a373ad73a504971]::fmt::write
[INFO] [stdout]    2:     0x65072192766c - <alloc[2e1b2a31b91974c5]::vec::Vec<u8> as core[a373ad73a504971]::io::write::Write>::write_fmt
[INFO] [stdout]    3:     0x6507218fb9b6 - std[617be2ca0a6fd877]::panicking::default_hook::{closure#0}
[INFO] [stdout]    4:     0x650721919ca9 - std[617be2ca0a6fd877]::panicking::default_hook
[INFO] [stdout]    5:     0x6507218b3090 - test[aada8e7e76ba119b]::test_main_inner::{closure#0}
[INFO] [stdout]    6:     0x650721919e62 - std[617be2ca0a6fd877]::panicking::panic_with_hook
[INFO] [stdout]    7:     0x6507218fba94 - std[617be2ca0a6fd877]::panicking::panic_handler::{closure#0}
[INFO] [stdout]    8:     0x6507218f42b9 - std[617be2ca0a6fd877]::sys::backtrace::__rust_end_short_backtrace::<std[617be2ca0a6fd877]::panicking::panic_handler::{closure#0}, !>
[INFO] [stdout]    9:     0x6507218fc66d - __rustc[ea4f61d10b84890b]::rust_begin_unwind
[INFO] [stdout]   10:     0x65072193999c - core[a373ad73a504971]::panicking::panic_fmt
[INFO] [stdout]   11:     0x650721939962 - core[a373ad73a504971]::panicking::panic
[INFO] [stdout]   12:     0x6507217f8473 - test[e1ba4257395fa25e]::compiletest::contains_panic
[INFO] [stdout]   13:     0x6507217f88df - <test[e1ba4257395fa25e]::no_panic::test_ref_argument::{closure#0} as core[a373ad73a504971]::ops::function::FnOnce<()>>::call_once
[INFO] [stdout]   14:     0x6507218a64db - test[aada8e7e76ba119b]::__rust_begin_short_backtrace::<core[a373ad73a504971]::result::Result<(), alloc[2e1b2a31b91974c5]::string::String>, fn() -> core[a373ad73a504971]::result::Result<(), alloc[2e1b2a31b91974c5]::string::String>>
[INFO] [stdout]   15:     0x6507218b36b5 - test[aada8e7e76ba119b]::run_test::{closure#0}
[INFO] [stdout]   16:     0x6507218acfa4 - std[617be2ca0a6fd877]::sys::backtrace::__rust_begin_short_backtrace::<test[aada8e7e76ba119b]::run_test::{closure#1}, ()>
[INFO] [stdout]   17:     0x6507218b6742 - <std[617be2ca0a6fd877]::thread::lifecycle::spawn_unchecked<test[aada8e7e76ba119b]::run_test::{closure#1}, ()>::{closure#1} as core[a373ad73a504971]::ops::function::FnOnce<()>>::call_once::{shim:vtable#0}
[INFO] [stdout]   18:     0x65072192207f - <std[617be2ca0a6fd877]::sys::thread::unix::Thread>::new::thread_start
[INFO] [stdout]   19:     0x76945537cdfa - <unknown>
[INFO] [stdout]   20:     0x7694554103d4 - clone
[INFO] [stdout]   21:                0x0 - <unknown>
[INFO] [stdout] 
[INFO] [stdout] ---- no_panic::test_ref_mut_argument stdout ----
[INFO] [stdout] 
[INFO] [stdout] thread 'no_panic::test_ref_mut_argument' (899) panicked at tests/compiletest/mod.rs:44:5:
[INFO] [stdout] assertion failed: status.success()
[INFO] [stdout] stack backtrace:
[INFO] [stdout]    0:     0x650721922e21 - <<std[617be2ca0a6fd877]::sys::backtrace::BacktraceLock>::print::DisplayBacktrace as core[a373ad73a504971]::fmt::Display>::fmt
[INFO] [stdout]    1:     0x65072193922a - core[a373ad73a504971]::fmt::write
[INFO] [stdout]    2:     0x65072192766c - <alloc[2e1b2a31b91974c5]::vec::Vec<u8> as core[a373ad73a504971]::io::write::Write>::write_fmt
[INFO] [stdout]    3:     0x6507218fb9b6 - std[617be2ca0a6fd877]::panicking::default_hook::{closure#0}
[INFO] [stdout]    4:     0x650721919ca9 - std[617be2ca0a6fd877]::panicking::default_hook
[INFO] [stdout]    5:     0x6507218b3090 - test[aada8e7e76ba119b]::test_main_inner::{closure#0}
[INFO] [stdout]    6:     0x650721919e62 - std[617be2ca0a6fd877]::panicking::panic_with_hook
[INFO] [stdout]    7:     0x6507218fba94 - std[617be2ca0a6fd877]::panicking::panic_handler::{closure#0}
[INFO] [stdout]    8:     0x6507218f42b9 - std[617be2ca0a6fd877]::sys::backtrace::__rust_end_short_backtrace::<std[617be2ca0a6fd877]::panicking::panic_handler::{closure#0}, !>
[INFO] [stdout]    9:     0x6507218fc66d - __rustc[ea4f61d10b84890b]::rust_begin_unwind
[INFO] [stdout]   10:     0x65072193999c - core[a373ad73a504971]::panicking::panic_fmt
[INFO] [stdout]   11:     0x650721939962 - core[a373ad73a504971]::panicking::panic
[INFO] [stdout]   12:     0x6507217f8473 - test[e1ba4257395fa25e]::compiletest::contains_panic
[INFO] [stdout]   13:     0x6507217f8b1f - <test[e1ba4257395fa25e]::no_panic::test_ref_mut_argument::{closure#0} as core[a373ad73a504971]::ops::function::FnOnce<()>>::call_once
[INFO] [stdout]   14:     0x6507218a64db - test[aada8e7e76ba119b]::__rust_begin_short_backtrace::<core[a373ad73a504971]::result::Result<(), alloc[2e1b2a31b91974c5]::string::String>, fn() -> core[a373ad73a504971]::result::Result<(), alloc[2e1b2a31b91974c5]::string::String>>
[INFO] [stdout]   15:     0x6507218b36b5 - test[aada8e7e76ba119b]::run_test::{closure#0}
[INFO] [stdout]   16:     0x6507218acfa4 - std[617be2ca0a6fd877]::sys::backtrace::__rust_begin_short_backtrace::<test[aada8e7e76ba119b]::run_test::{closure#1}, ()>
[INFO] [stdout]   17:     0x6507218b6742 - <std[617be2ca0a6fd877]::thread::lifecycle::spawn_unchecked<test[aada8e7e76ba119b]::run_test::{closure#1}, ()>::{closure#1} as core[a373ad73a504971]::ops::function::FnOnce<()>>::call_once::{shim:vtable#0}
[INFO] [stdout]   18:     0x65072192207f - <std[617be2ca0a6fd877]::sys::thread::unix::Thread>::new::thread_start
[INFO] [stdout]   19:     0x76945537cdfa - <unknown>
[INFO] [stdout]   20:     0x7694554103d4 - clone
[INFO] [stdout]   21:                0x0 - <unknown>
[INFO] [stdout] 
[INFO] [stdout] ---- no_panic::test_method_in_impl stdout ----
[INFO] [stdout] 
[INFO] [stdout] thread 'no_panic::test_method_in_impl' (893) panicked at tests/compiletest/mod.rs:44:5:
[INFO] [stdout] assertion failed: status.success()
[INFO] [stdout] stack backtrace:
[INFO] [stdout]    0:     0x650721922e21 - <<std[617be2ca0a6fd877]::sys::backtrace::BacktraceLock>::print::DisplayBacktrace as core[a373ad73a504971]::fmt::Display>::fmt
[INFO] [stdout]    1:     0x65072193922a - core[a373ad73a504971]::fmt::write
[INFO] [stdout]    2:     0x65072192766c - <alloc[2e1b2a31b91974c5]::vec::Vec<u8> as core[a373ad73a504971]::io::write::Write>::write_fmt
[INFO] [stdout]    3:     0x6507218fb9b6 - std[617be2ca0a6fd877]::panicking::default_hook::{closure#0}
[INFO] [stdout]    4:     0x650721919ca9 - std[617be2ca0a6fd877]::panicking::default_hook
[INFO] [stdout]    5:     0x6507218b3090 - test[aada8e7e76ba119b]::test_main_inner::{closure#0}
[INFO] [stdout]    6:     0x650721919e62 - std[617be2ca0a6fd877]::panicking::panic_with_hook
[INFO] [stdout]    7:     0x6507218fba94 - std[617be2ca0a6fd877]::panicking::panic_handler::{closure#0}
[INFO] [stdout]    8:     0x6507218f42b9 - std[617be2ca0a6fd877]::sys::backtrace::__rust_end_short_backtrace::<std[617be2ca0a6fd877]::panicking::panic_handler::{closure#0}, !>
[INFO] [stdout]    9:     0x6507218fc66d - __rustc[ea4f61d10b84890b]::rust_begin_unwind
[INFO] [stdout]   10:     0x65072193999c - core[a373ad73a504971]::panicking::panic_fmt
[INFO] [stdout]   11:     0x650721939962 - core[a373ad73a504971]::panicking::panic
[INFO] [stdout]   12:     0x6507217f8473 - test[e1ba4257395fa25e]::compiletest::contains_panic
[INFO] [stdout]   13:     0x6507217f89ff - <test[e1ba4257395fa25e]::no_panic::test_method_in_impl::{closure#0} as core[a373ad73a504971]::ops::function::FnOnce<()>>::call_once
[INFO] [stdout]   14:     0x6507218a64db - test[aada8e7e76ba119b]::__rust_begin_short_backtrace::<core[a373ad73a504971]::result::Result<(), alloc[2e1b2a31b91974c5]::string::String>, fn() -> core[a373ad73a504971]::result::Result<(), alloc[2e1b2a31b91974c5]::string::String>>
[INFO] [stdout]   15:     0x6507218b36b5 - test[aada8e7e76ba119b]::run_test::{closure#0}
[INFO] [stdout]   16:     0x6507218acfa4 - std[617be2ca0a6fd877]::sys::backtrace::__rust_begin_short_backtrace::<test[aada8e7e76ba119b]::run_test::{closure#1}, ()>
[INFO] [stdout]   17:     0x6507218b6742 - <std[617be2ca0a6fd877]::thread::lifecycle::spawn_unchecked<test[aada8e7e76ba119b]::run_test::{closure#1}, ()>::{closure#1} as core[a373ad73a504971]::ops::function::FnOnce<()>>::call_once::{shim:vtable#0}
[INFO] [stdout]   18:     0x65072192207f - <std[617be2ca0a6fd877]::sys::thread::unix::Thread>::new::thread_start
[INFO] [stdout]   19:     0x76945537cdfa - <unknown>
[INFO] [stdout]   20:     0x7694554103d4 - clone
[INFO] [stdout]   21:                0x0 - <unknown>
[INFO] [stdout] 
[INFO] [stdout] ---- no_panic::test_self_with_std_pin stdout ----
[INFO] [stdout] 
[INFO] [stdout] thread 'no_panic::test_self_with_std_pin' (902) panicked at tests/compiletest/mod.rs:44:5:
[INFO] [stdout] assertion failed: status.success()
[INFO] [stdout] stack backtrace:
[INFO] [stdout]    0:     0x650721922e21 - <<std[617be2ca0a6fd877]::sys::backtrace::BacktraceLock>::print::DisplayBacktrace as core[a373ad73a504971]::fmt::Display>::fmt
[INFO] [stdout]    1:     0x65072193922a - core[a373ad73a504971]::fmt::write
[INFO] [stdout]    2:     0x65072192766c - <alloc[2e1b2a31b91974c5]::vec::Vec<u8> as core[a373ad73a504971]::io::write::Write>::write_fmt
[INFO] [stdout]    3:     0x6507218fb9b6 - std[617be2ca0a6fd877]::panicking::default_hook::{closure#0}
[INFO] [stdout]    4:     0x650721919ca9 - std[617be2ca0a6fd877]::panicking::default_hook
[INFO] [stdout]    5:     0x6507218b3090 - test[aada8e7e76ba119b]::test_main_inner::{closure#0}
[INFO] [stdout]    6:     0x650721919e62 - std[617be2ca0a6fd877]::panicking::panic_with_hook
[INFO] [stdout]    7:     0x6507218fba94 - std[617be2ca0a6fd877]::panicking::panic_handler::{closure#0}
[INFO] [stdout]    8:     0x6507218f42b9 - std[617be2ca0a6fd877]::sys::backtrace::__rust_end_short_backtrace::<std[617be2ca0a6fd877]::panicking::panic_handler::{closure#0}, !>
[INFO] [stdout]    9:     0x6507218fc66d - __rustc[ea4f61d10b84890b]::rust_begin_unwind
[INFO] [stdout]   10:     0x65072193999c - core[a373ad73a504971]::panicking::panic_fmt
[INFO] [stdout]   11:     0x650721939962 - core[a373ad73a504971]::panicking::panic
[INFO] [stdout]   12:     0x6507217f8473 - test[e1ba4257395fa25e]::compiletest::contains_panic
[INFO] [stdout]   13:     0x6507217f8baf - <test[e1ba4257395fa25e]::no_panic::test_self_with_std_pin::{closure#0} as core[a373ad73a504971]::ops::function::FnOnce<()>>::call_once
[INFO] [stdout]   14:     0x6507218a64db - test[aada8e7e76ba119b]::__rust_begin_short_backtrace::<core[a373ad73a504971]::result::Result<(), alloc[2e1b2a31b91974c5]::string::String>, fn() -> core[a373ad73a504971]::result::Result<(), alloc[2e1b2a31b91974c5]::string::String>>
[INFO] [stdout]   15:     0x6507218b36b5 - test[aada8e7e76ba119b]::run_test::{closure#0}
[INFO] [stdout]   16:     0x6507218acfa4 - std[617be2ca0a6fd877]::sys::backtrace::__rust_begin_short_backtrace::<test[aada8e7e76ba119b]::run_test::{closure#1}, ()>
[INFO] [stdout]   17:     0x6507218b6742 - <std[617be2ca0a6fd877]::thread::lifecycle::spawn_unchecked<test[aada8e7e76ba119b]::run_test::{closure#1}, ()>::{closure#1} as core[a373ad73a504971]::ops::function::FnOnce<()>>::call_once::{shim:vtable#0}
[INFO] [stdout]   18:     0x65072192207f - <std[617be2ca0a6fd877]::sys::thread::unix::Thread>::new::thread_start
[INFO] [stdout]   19:     0x76945537cdfa - <unknown>
[INFO] [stdout]   20:     0x7694554103d4 - clone
[INFO] [stdout]   21:                0x0 - <unknown>
[INFO] [stdout] 
[INFO] [stdout] ---- no_panic::test_receiver_lifetime_elision stdout ----
[INFO] [stdout] 
[INFO] [stdout] thread 'no_panic::test_receiver_lifetime_elision' (897) panicked at tests/compiletest/mod.rs:44:5:
[INFO] [stdout] assertion failed: status.success()
[INFO] [stdout] stack backtrace:
[INFO] [stdout]    0:     0x650721922e21 - <<std[617be2ca0a6fd877]::sys::backtrace::BacktraceLock>::print::DisplayBacktrace as core[a373ad73a504971]::fmt::Display>::fmt
[INFO] [stdout]    1:     0x65072193922a - core[a373ad73a504971]::fmt::write
[INFO] [stdout]    2:     0x65072192766c - <alloc[2e1b2a31b91974c5]::vec::Vec<u8> as core[a373ad73a504971]::io::write::Write>::write_fmt
[INFO] [stdout]    3:     0x6507218fb9b6 - std[617be2ca0a6fd877]::panicking::default_hook::{closure#0}
[INFO] [stdout]    4:     0x650721919ca9 - std[617be2ca0a6fd877]::panicking::default_hook
[INFO] [stdout]    5:     0x6507218b3090 - test[aada8e7e76ba119b]::test_main_inner::{closure#0}
[INFO] [stdout]    6:     0x650721919e62 - std[617be2ca0a6fd877]::panicking::panic_with_hook
[INFO] [stdout]    7:     0x6507218fba94 - std[617be2ca0a6fd877]::panicking::panic_handler::{closure#0}
[INFO] [stdout]    8:     0x6507218f42b9 - std[617be2ca0a6fd877]::sys::backtrace::__rust_end_short_backtrace::<std[617be2ca0a6fd877]::panicking::panic_handler::{closure#0}, !>
[INFO] [stdout]    9:     0x6507218fc66d - __rustc[ea4f61d10b84890b]::rust_begin_unwind
[INFO] [stdout]   10:     0x65072193999c - core[a373ad73a504971]::panicking::panic_fmt
[INFO] [stdout]   11:     0x650721939962 - core[a373ad73a504971]::panicking::panic
[INFO] [stdout]   12:     0x6507217f8473 - test[e1ba4257395fa25e]::compiletest::contains_panic
[INFO] [stdout]   13:     0x6507217f8d5f - <test[e1ba4257395fa25e]::no_panic::test_receiver_lifetime_elision::{closure#0} as core[a373ad73a504971]::ops::function::FnOnce<()>>::call_once
[INFO] [stdout]   14:     0x6507218a64db - test[aada8e7e76ba119b]::__rust_begin_short_backtrace::<core[a373ad73a504971]::result::Result<(), alloc[2e1b2a31b91974c5]::string::String>, fn() -> core[a373ad73a504971]::result::Result<(), alloc[2e1b2a31b91974c5]::string::String>>
[INFO] [stdout]   15:     0x6507218b36b5 - test[aada8e7e76ba119b]::run_test::{closure#0}
[INFO] [stdout]   16:     0x6507218acfa4 - std[617be2ca0a6fd877]::sys::backtrace::__rust_begin_short_backtrace::<test[aada8e7e76ba119b]::run_test::{closure#1}, ()>
[INFO] [stdout]   17:     0x6507218b6742 - <std[617be2ca0a6fd877]::thread::lifecycle::spawn_unchecked<test[aada8e7e76ba119b]::run_test::{closure#1}, ()>::{closure#1} as core[a373ad73a504971]::ops::function::FnOnce<()>>::call_once::{shim:vtable#0}
[INFO] [stdout]   18:     0x65072192207f - <std[617be2ca0a6fd877]::sys::thread::unix::Thread>::new::thread_start
[INFO] [stdout]   19:     0x76945537cdfa - <unknown>
[INFO] [stdout]   20:     0x7694554103d4 - clone
[INFO] [stdout]   21:                0x0 - <unknown>
[INFO] [stdout] 
[INFO] [stdout] ---- no_panic::test_self_in_macro_containing_fn stdout ----
[INFO] [stdout] 
[INFO] [stdout] thread 'no_panic::test_self_in_macro_containing_fn' (901) panicked at tests/compiletest/mod.rs:44:5:
[INFO] [stdout] assertion failed: status.success()
[INFO] [stdout] stack backtrace:
[INFO] [stdout]    0:     0x650721922e21 - <<std[617be2ca0a6fd877]::sys::backtrace::BacktraceLock>::print::DisplayBacktrace as core[a373ad73a504971]::fmt::Display>::fmt
[INFO] [stdout]    1:     0x65072193922a - core[a373ad73a504971]::fmt::write
[INFO] [stdout]    2:     0x65072192766c - <alloc[2e1b2a31b91974c5]::vec::Vec<u8> as core[a373ad73a504971]::io::write::Write>::write_fmt
[INFO] [stdout]    3:     0x6507218fb9b6 - std[617be2ca0a6fd877]::panicking::default_hook::{closure#0}
[INFO] [stdout]    4:     0x650721919ca9 - std[617be2ca0a6fd877]::panicking::default_hook
[INFO] [stdout]    5:     0x6507218b3090 - test[aada8e7e76ba119b]::test_main_inner::{closure#0}
[INFO] [stdout]    6:     0x650721919e62 - std[617be2ca0a6fd877]::panicking::panic_with_hook
[INFO] [stdout]    7:     0x6507218fba94 - std[617be2ca0a6fd877]::panicking::panic_handler::{closure#0}
[INFO] [stdout]    8:     0x6507218f42b9 - std[617be2ca0a6fd877]::sys::backtrace::__rust_end_short_backtrace::<std[617be2ca0a6fd877]::panicking::panic_handler::{closure#0}, !>
[INFO] [stdout]    9:     0x6507218fc66d - __rustc[ea4f61d10b84890b]::rust_begin_unwind
[INFO] [stdout]   10:     0x65072193999c - core[a373ad73a504971]::panicking::panic_fmt
[INFO] [stdout]   11:     0x650721939962 - core[a373ad73a504971]::panicking::panic
[INFO] [stdout]   12:     0x6507217f8473 - test[e1ba4257395fa25e]::compiletest::contains_panic
[INFO] [stdout]   13:     0x6507217f8def - <test[e1ba4257395fa25e]::no_panic::test_self_in_macro_containing_fn::{closure#0} as core[a373ad73a504971]::ops::function::FnOnce<()>>::call_once
[INFO] [stdout]   14:     0x6507218a64db - test[aada8e7e76ba119b]::__rust_begin_short_backtrace::<core[a373ad73a504971]::result::Result<(), alloc[2e1b2a31b91974c5]::string::String>, fn() -> core[a373ad73a504971]::result::Result<(), alloc[2e1b2a31b91974c5]::string::String>>
[INFO] [stdout]   15:     0x6507218b36b5 - test[aada8e7e76ba119b]::run_test::{closure#0}
[INFO] [stdout]   16:     0x6507218acfa4 - std[617be2ca0a6fd877]::sys::backtrace::__rust_begin_short_backtrace::<test[aada8e7e76ba119b]::run_test::{closure#1}, ()>
[INFO] [stdout]   17:     0x6507218b6742 - <std[617be2ca0a6fd877]::thread::lifecycle::spawn_unchecked<test[aada8e7e76ba119b]::run_test::{closure#1}, ()>::{closure#1} as core[a373ad73a504971]::ops::function::FnOnce<()>>::call_once::{shim:vtable#0}
[INFO] [stdout]   18:     0x65072192207f - <std[617be2ca0a6fd877]::sys::thread::unix::Thread>::new::thread_start
[INFO] [stdout]   19:     0x76945537cdfa - <unknown>
[INFO] [stdout]   20:     0x7694554103d4 - clone
[INFO] [stdout]   21:                0x0 - <unknown>
[INFO] [stdout] 
[INFO] [stdout] ---- no_panic::test_self_in_macro stdout ----
[INFO] [stdout] 
[INFO] [stdout] thread 'no_panic::test_self_in_macro' (900) panicked at tests/compiletest/mod.rs:44:5:
[INFO] [stdout] assertion failed: status.success()
[INFO] [stdout] stack backtrace:
[INFO] [stdout]    0:     0x650721922e21 - <<std[617be2ca0a6fd877]::sys::backtrace::BacktraceLock>::print::DisplayBacktrace as core[a373ad73a504971]::fmt::Display>::fmt
[INFO] [stdout]    1:     0x65072193922a - core[a373ad73a504971]::fmt::write
[INFO] [stdout]    2:     0x65072192766c - <alloc[2e1b2a31b91974c5]::vec::Vec<u8> as core[a373ad73a504971]::io::write::Write>::write_fmt
[INFO] [stdout]    3:     0x6507218fb9b6 - std[617be2ca0a6fd877]::panicking::default_hook::{closure#0}
[INFO] [stdout]    4:     0x650721919ca9 - std[617be2ca0a6fd877]::panicking::default_hook
[INFO] [stdout]    5:     0x6507218b3090 - test[aada8e7e76ba119b]::test_main_inner::{closure#0}
[INFO] [stdout]    6:     0x650721919e62 - std[617be2ca0a6fd877]::panicking::panic_with_hook
[INFO] [stdout]    7:     0x6507218fba94 - std[617be2ca0a6fd877]::panicking::panic_handler::{closure#0}
[INFO] [stdout]    8:     0x6507218f42b9 - std[617be2ca0a6fd877]::sys::backtrace::__rust_end_short_backtrace::<std[617be2ca0a6fd877]::panicking::panic_handler::{closure#0}, !>
[INFO] [stdout]    9:     0x6507218fc66d - __rustc[ea4f61d10b84890b]::rust_begin_unwind
[INFO] [stdout]   10:     0x65072193999c - core[a373ad73a504971]::panicking::panic_fmt
[INFO] [stdout]   11:     0x650721939962 - core[a373ad73a504971]::panicking::panic
[INFO] [stdout]   12:     0x6507217f8473 - test[e1ba4257395fa25e]::compiletest::contains_panic
[INFO] [stdout]   13:     0x6507217f896f - <test[e1ba4257395fa25e]::no_panic::test_self_in_macro::{closure#0} as core[a373ad73a504971]::ops::function::FnOnce<()>>::call_once
[INFO] [stdout]   14:     0x6507218a64db - test[aada8e7e76ba119b]::__rust_begin_short_backtrace::<core[a373ad73a504971]::result::Result<(), alloc[2e1b2a31b91974c5]::string::String>, fn() -> core[a373ad73a504971]::result::Result<(), alloc[2e1b2a31b91974c5]::string::String>>
[INFO] [stdout]   15:     0x6507218b36b5 - test[aada8e7e76ba119b]::run_test::{closure#0}
[INFO] [stdout]   16:     0x6507218acfa4 - std[617be2ca0a6fd877]::sys::backtrace::__rust_begin_short_backtrace::<test[aada8e7e76ba119b]::run_test::{closure#1}, ()>
[INFO] [stdout]   17:     0x6507218b6742 - <std[617be2ca0a6fd877]::thread::lifecycle::spawn_unchecked<test[aada8e7e76ba119b]::run_test::{closure#1}, ()>::{closure#1} as core[a373ad73a504971]::ops::function::FnOnce<()>>::call_once::{shim:vtable#0}
[INFO] [stdout]   18:     0x65072192207f - <std[617be2ca0a6fd877]::sys::thread::unix::Thread>::new::thread_start
[INFO] [stdout]   19:     0x76945537cdfa - <unknown>
[INFO] [stdout]   20:     0x7694554103d4 - clone
[INFO] [stdout]   21:                0x0 - <unknown>
[INFO] [stdout] 
[INFO] [stdout] ---- no_panic::test_async_fn stdout ----
[INFO] [stdout] 
[INFO] [stdout] thread 'no_panic::test_async_fn' (890) panicked at tests/compiletest/mod.rs:44:5:
[INFO] [stdout] assertion failed: status.success()
[INFO] [stdout] stack backtrace:
[INFO] [stdout]    0:     0x650721922e21 - <<std[617be2ca0a6fd877]::sys::backtrace::BacktraceLock>::print::DisplayBacktrace as core[a373ad73a504971]::fmt::Display>::fmt
[INFO] [stdout]    1:     0x65072193922a - core[a373ad73a504971]::fmt::write
[INFO] [stdout]    2:     0x65072192766c - <alloc[2e1b2a31b91974c5]::vec::Vec<u8> as core[a373ad73a504971]::io::write::Write>::write_fmt
[INFO] [stdout]    3:     0x6507218fb9b6 - std[617be2ca0a6fd877]::panicking::default_hook::{closure#0}
[INFO] [stdout]    4:     0x650721919ca9 - std[617be2ca0a6fd877]::panicking::default_hook
[INFO] [stdout]    5:     0x6507218b3090 - test[aada8e7e76ba119b]::test_main_inner::{closure#0}
[INFO] [stdout]    6:     0x650721919e62 - std[617be2ca0a6fd877]::panicking::panic_with_hook
[INFO] [stdout]    7:     0x6507218fba94 - std[617be2ca0a6fd877]::panicking::panic_handler::{closure#0}
[INFO] [stdout]    8:     0x6507218f42b9 - std[617be2ca0a6fd877]::sys::backtrace::__rust_end_short_backtrace::<std[617be2ca0a6fd877]::panicking::panic_handler::{closure#0}, !>
[INFO] [stdout]    9:     0x6507218fc66d - __rustc[ea4f61d10b84890b]::rust_begin_unwind
[INFO] [stdout]   10:     0x65072193999c - core[a373ad73a504971]::panicking::panic_fmt
[INFO] [stdout]   11:     0x650721939962 - core[a373ad73a504971]::panicking::panic
[INFO] [stdout]   12:     0x6507217f8473 - test[e1ba4257395fa25e]::compiletest::contains_panic
[INFO] [stdout]   13:     0x6507217f87bf - <test[e1ba4257395fa25e]::no_panic::test_async_fn::{closure#0} as core[a373ad73a504971]::ops::function::FnOnce<()>>::call_once
[INFO] [stdout]   14:     0x6507218a64db - test[aada8e7e76ba119b]::__rust_begin_short_backtrace::<core[a373ad73a504971]::result::Result<(), alloc[2e1b2a31b91974c5]::string::String>, fn() -> core[a373ad73a504971]::result::Result<(), alloc[2e1b2a31b91974c5]::string::String>>
[INFO] [stdout]   15:     0x6507218b36b5 - test[aada8e7e76ba119b]::run_test::{closure#0}
[INFO] [stdout]   16:     0x6507218acfa4 - std[617be2ca0a6fd877]::sys::backtrace::__rust_begin_short_backtrace::<test[aada8e7e76ba119b]::run_test::{closure#1}, ()>
[INFO] [stdout]   17:     0x6507218b6742 - <std[617be2ca0a6fd877]::thread::lifecycle::spawn_unchecked<test[aada8e7e76ba119b]::run_test::{closure#1}, ()>::{closure#1} as core[a373ad73a504971]::ops::function::FnOnce<()>>::call_once::{shim:vtable#0}
[INFO] [stdout]   18:     0x65072192207f - <std[617be2ca0a6fd877]::sys::thread::unix::Thread>::new::thread_start
[INFO] [stdout]   19:     0x76945537cdfa - <unknown>
[INFO] [stdout]   20:     0x7694554103d4 - clone
[INFO] [stdout]   21:                0x0 - <unknown>
[INFO] [stdout] 
[INFO] [stdout] ---- no_panic::test_borrow_from_mut_self stdout ----
[INFO] [stdout] 
[INFO] [stdout] thread 'no_panic::test_borrow_from_mut_self' (891) panicked at tests/compiletest/mod.rs:44:5:
[INFO] [stdout] assertion failed: status.success()
[INFO] [stdout] stack backtrace:
[INFO] [stdout]    0:     0x650721922e21 - <<std[617be2ca0a6fd877]::sys::backtrace::BacktraceLock>::print::DisplayBacktrace as core[a373ad73a504971]::fmt::Display>::fmt
[INFO] [stdout]    1:     0x65072193922a - core[a373ad73a504971]::fmt::write
[INFO] [stdout]    2:     0x65072192766c - <alloc[2e1b2a31b91974c5]::vec::Vec<u8> as core[a373ad73a504971]::io::write::Write>::write_fmt
[INFO] [stdout]    3:     0x6507218fb9b6 - std[617be2ca0a6fd877]::panicking::default_hook::{closure#0}
[INFO] [stdout]    4:     0x650721919ca9 - std[617be2ca0a6fd877]::panicking::default_hook
[INFO] [stdout]    5:     0x6507218b3090 - test[aada8e7e76ba119b]::test_main_inner::{closure#0}
[INFO] [stdout]    6:     0x650721919e62 - std[617be2ca0a6fd877]::panicking::panic_with_hook
[INFO] [stdout]    7:     0x6507218fba94 - std[617be2ca0a6fd877]::panicking::panic_handler::{closure#0}
[INFO] [stdout]    8:     0x6507218f42b9 - std[617be2ca0a6fd877]::sys::backtrace::__rust_end_short_backtrace::<std[617be2ca0a6fd877]::panicking::panic_handler::{closure#0}, !>
[INFO] [stdout]    9:     0x6507218fc66d - __rustc[ea4f61d10b84890b]::rust_begin_unwind
[INFO] [stdout]   10:     0x65072193999c - core[a373ad73a504971]::panicking::panic_fmt
[INFO] [stdout]   11:     0x650721939962 - core[a373ad73a504971]::panicking::panic
[INFO] [stdout]   12:     0x6507217f8473 - test[e1ba4257395fa25e]::compiletest::contains_panic
[INFO] [stdout]   13:     0x6507217f8c3f - <test[e1ba4257395fa25e]::no_panic::test_borrow_from_mut_self::{closure#0} as core[a373ad73a504971]::ops::function::FnOnce<()>>::call_once
[INFO] [stdout]   14:     0x6507218a64db - test[aada8e7e76ba119b]::__rust_begin_short_backtrace::<core[a373ad73a504971]::result::Result<(), alloc[2e1b2a31b91974c5]::string::String>, fn() -> core[a373ad73a504971]::result::Result<(), alloc[2e1b2a31b91974c5]::string::String>>
[INFO] [stdout]   15:     0x6507218b36b5 - test[aada8e7e76ba119b]::run_test::{closure#0}
[INFO] [stdout]   16:     0x6507218acfa4 - std[617be2ca0a6fd877]::sys::backtrace::__rust_begin_short_backtrace::<test[aada8e7e76ba119b]::run_test::{closure#1}, ()>
[INFO] [stdout]   17:     0x6507218b6742 - <std[617be2ca0a6fd877]::thread::lifecycle::spawn_unchecked<test[aada8e7e76ba119b]::run_test::{closure#1}, ()>::{closure#1} as core[a373ad73a504971]::ops::function::FnOnce<()>>::call_once::{shim:vtable#0}
[INFO] [stdout]   18:     0x65072192207f - <std[617be2ca0a6fd877]::sys::thread::unix::Thread>::new::thread_start
[INFO] [stdout]   19:     0x76945537cdfa - <unknown>
[INFO] [stdout]   20:     0x7694554103d4 - clone
[INFO] [stdout]   21:                0x0 - <unknown>
[INFO] [stdout] 
[INFO] [stdout] ---- no_panic::test_readme stdout ----
[INFO] [stdout] 
[INFO] [stdout] thread 'no_panic::test_readme' (896) panicked at tests/compiletest/mod.rs:44:5:
[INFO] [stdout] assertion failed: status.success()
[INFO] [stdout] stack backtrace:
[INFO] [stdout]    0:     0x650721922e21 - <<std[617be2ca0a6fd877]::sys::backtrace::BacktraceLock>::print::DisplayBacktrace as core[a373ad73a504971]::fmt::Display>::fmt
[INFO] [stdout]    1:     0x65072193922a - core[a373ad73a504971]::fmt::write
[INFO] [stdout]    2:     0x65072192766c - <alloc[2e1b2a31b91974c5]::vec::Vec<u8> as core[a373ad73a504971]::io::write::Write>::write_fmt
[INFO] [stdout]    3:     0x6507218fb9b6 - std[617be2ca0a6fd877]::panicking::default_hook::{closure#0}
[INFO] [stdout]    4:     0x650721919ca9 - std[617be2ca0a6fd877]::panicking::default_hook
[INFO] [stdout]    5:     0x6507218b3090 - test[aada8e7e76ba119b]::test_main_inner::{closure#0}
[INFO] [stdout]    6:     0x650721919e62 - std[617be2ca0a6fd877]::panicking::panic_with_hook
[INFO] [stdout]    7:     0x6507218fba94 - std[617be2ca0a6fd877]::panicking::panic_handler::{closure#0}
[INFO] [stdout]    8:     0x6507218f42b9 - std[617be2ca0a6fd877]::sys::backtrace::__rust_end_short_backtrace::<std[617be2ca0a6fd877]::panicking::panic_handler::{closure#0}, !>
[INFO] [stdout]    9:     0x6507218fc66d - __rustc[ea4f61d10b84890b]::rust_begin_unwind
[INFO] [stdout]   10:     0x65072193999c - core[a373ad73a504971]::panicking::panic_fmt
[INFO] [stdout]   11:     0x650721939962 - core[a373ad73a504971]::panicking::panic
[INFO] [stdout]   12:     0x6507217f8473 - test[e1ba4257395fa25e]::compiletest::contains_panic
[INFO] [stdout]   13:     0x6507217f872f - <test[e1ba4257395fa25e]::no_panic::test_readme::{closure#0} as core[a373ad73a504971]::ops::function::FnOnce<()>>::call_once
[INFO] [stdout]   14:     0x6507218a64db - test[aada8e7e76ba119b]::__rust_begin_short_backtrace::<core[a373ad73a504971]::result::Result<(), alloc[2e1b2a31b91974c5]::string::String>, fn() -> core[a373ad73a504971]::result::Result<(), alloc[2e1b2a31b91974c5]::string::String>>
[INFO] [stdout]   15:     0x6507218b36b5 - test[aada8e7e76ba119b]::run_test::{closure#0}
[INFO] [stdout]   16:     0x6507218acfa4 - std[617be2ca0a6fd877]::sys::backtrace::__rust_begin_short_backtrace::<test[aada8e7e76ba119b]::run_test::{closure#1}, ()>
[INFO] [stdout]   17:     0x6507218b6742 - <std[617be2ca0a6fd877]::thread::lifecycle::spawn_unchecked<test[aada8e7e76ba119b]::run_test::{closure#1}, ()>::{closure#1} as core[a373ad73a504971]::ops::function::FnOnce<()>>::call_once::{shim:vtable#0}
[INFO] [stdout]   18:     0x65072192207f - <std[617be2ca0a6fd877]::sys::thread::unix::Thread>::new::thread_start
[INFO] [stdout]   19:     0x76945537cdfa - <unknown>
[INFO] [stdout]   20:     0x7694554103d4 - clone
[INFO] [stdout]   21:                0x0 - <unknown>
[INFO] [stdout] 
[INFO] [stdout] ---- link_error::test_readme stdout ----
[INFO] [stdout] 
[INFO] [stdout] thread 'link_error::test_readme' (888) panicked at tests/compiletest/mod.rs:44:5:
[INFO] [stdout] assertion failed: status.success()
[INFO] [stdout] stack backtrace:
[INFO] [stdout]    0:     0x650721922e21 - <<std[617be2ca0a6fd877]::sys::backtrace::BacktraceLock>::print::DisplayBacktrace as core[a373ad73a504971]::fmt::Display>::fmt
[INFO] [stdout]    1:     0x65072193922a - core[a373ad73a504971]::fmt::write
[INFO] [stdout]    2:     0x65072192766c - <alloc[2e1b2a31b91974c5]::vec::Vec<u8> as core[a373ad73a504971]::io::write::Write>::write_fmt
[INFO] [stdout]    3:     0x6507218fb9b6 - std[617be2ca0a6fd877]::panicking::default_hook::{closure#0}
[INFO] [stdout]    4:     0x650721919ca9 - std[617be2ca0a6fd877]::panicking::default_hook
[INFO] [stdout]    5:     0x6507218b3090 - test[aada8e7e76ba119b]::test_main_inner::{closure#0}
[INFO] [stdout]    6:     0x650721919e62 - std[617be2ca0a6fd877]::panicking::panic_with_hook
[INFO] [stdout]    7:     0x6507218fba94 - std[617be2ca0a6fd877]::panicking::panic_handler::{closure#0}
[INFO] [stdout]    8:     0x6507218f42b9 - std[617be2ca0a6fd877]::sys::backtrace::__rust_end_short_backtrace::<std[617be2ca0a6fd877]::panicking::panic_handler::{closure#0}, !>
[INFO] [stdout]    9:     0x6507218fc66d - __rustc[ea4f61d10b84890b]::rust_begin_unwind
[INFO] [stdout]   10:     0x65072193999c - core[a373ad73a504971]::panicking::panic_fmt
[INFO] [stdout]   11:     0x650721939962 - core[a373ad73a504971]::panicking::panic
[INFO] [stdout]   12:     0x6507217f8473 - test[e1ba4257395fa25e]::compiletest::contains_panic
[INFO] [stdout]   13:     0x6507217f869f - <test[e1ba4257395fa25e]::link_error::test_readme::{closure#0} as core[a373ad73a504971]::ops::function::FnOnce<()>>::call_once
[INFO] [stdout]   14:     0x6507218a64db - test[aada8e7e76ba119b]::__rust_begin_short_backtrace::<core[a373ad73a504971]::result::Result<(), alloc[2e1b2a31b91974c5]::string::String>, fn() -> core[a373ad73a504971]::result::Result<(), alloc[2e1b2a31b91974c5]::string::String>>
[INFO] [stdout]   15:     0x6507218b36b5 - test[aada8e7e76ba119b]::run_test::{closure#0}
[INFO] [stdout]   16:     0x6507218acfa4 - std[617be2ca0a6fd877]::sys::backtrace::__rust_begin_short_backtrace::<test[aada8e7e76ba119b]::run_test::{closure#1}, ()>
[INFO] [stdout]   17:     0x6507218b6742 - <std[617be2ca0a6fd877]::thread::lifecycle::spawn_unchecked<test[aada8e7e76ba119b]::run_test::{closure#1}, ()>::{closure#1} as core[a373ad73a504971]::ops::function::FnOnce<()>>::call_once::{shim:vtable#0}
[INFO] [stdout]   18:     0x65072192207f - <std[617be2ca0a6fd877]::sys::thread::unix::Thread>::new::thread_start
[INFO] [stdout]   19:     0x76945537cdfa - <unknown>
[INFO] [stdout]   20:     0x7694554103d4 - clone
[INFO] [stdout]   21:                0x0 - <unknown>
[INFO] [stdout] 
[INFO] [stdout] ---- no_panic::test_mut_argument stdout ----
[INFO] [stdout] 
[INFO] [stdout] thread 'no_panic::test_mut_argument' (894) panicked at tests/compiletest/mod.rs:44:5:
[INFO] [stdout] assertion failed: status.success()
[INFO] [stdout] stack backtrace:
[INFO] [stdout]    0:     0x650721922e21 - <<std[617be2ca0a6fd877]::sys::backtrace::BacktraceLock>::print::DisplayBacktrace as core[a373ad73a504971]::fmt::Display>::fmt
[INFO] [stdout]    1:     0x65072193922a - core[a373ad73a504971]::fmt::write
[INFO] [stdout]    2:     0x65072192766c - <alloc[2e1b2a31b91974c5]::vec::Vec<u8> as core[a373ad73a504971]::io::write::Write>::write_fmt
[INFO] [stdout]    3:     0x6507218fb9b6 - std[617be2ca0a6fd877]::panicking::default_hook::{closure#0}
[INFO] [stdout]    4:     0x650721919ca9 - std[617be2ca0a6fd877]::panicking::default_hook
[INFO] [stdout]    5:     0x6507218b3090 - test[aada8e7e76ba119b]::test_main_inner::{closure#0}
[INFO] [stdout]    6:     0x650721919e62 - std[617be2ca0a6fd877]::panicking::panic_with_hook
[INFO] [stdout]    7:     0x6507218fba94 - std[617be2ca0a6fd877]::panicking::panic_handler::{closure#0}
[INFO] [stdout]    8:     0x6507218f42b9 - std[617be2ca0a6fd877]::sys::backtrace::__rust_end_short_backtrace::<std[617be2ca0a6fd877]::panicking::panic_handler::{closure#0}, !>
[INFO] [stdout]    9:     0x6507218fc66d - __rustc[ea4f61d10b84890b]::rust_begin_unwind
[INFO] [stdout]   10:     0x65072193999c - core[a373ad73a504971]::panicking::panic_fmt
[INFO] [stdout]   11:     0x650721939962 - core[a373ad73a504971]::panicking::panic
[INFO] [stdout]   12:     0x6507217f8473 - test[e1ba4257395fa25e]::compiletest::contains_panic
[INFO] [stdout]   13:     0x6507217f884f - <test[e1ba4257395fa25e]::no_panic::test_mut_argument::{closure#0} as core[a373ad73a504971]::ops::function::FnOnce<()>>::call_once
[INFO] [stdout]   14:     0x6507218a64db - test[aada8e7e76ba119b]::__rust_begin_short_backtrace::<core[a373ad73a504971]::result::Result<(), alloc[2e1b2a31b91974c5]::string::String>, fn() -> core[a373ad73a504971]::result::Result<(), alloc[2e1b2a31b91974c5]::string::String>>
[INFO] [stdout]   15:     0x6507218b36b5 - test[aada8e7e76ba119b]::run_test::{closure#0}
[INFO] [stdout]   16:     0x6507218acfa4 - std[617be2ca0a6fd877]::sys::backtrace::__rust_begin_short_backtrace::<test[aada8e7e76ba119b]::run_test::{closure#1}, ()>
[INFO] [stdout]   17:     0x6507218b6742 - <std[617be2ca0a6fd877]::thread::lifecycle::spawn_unchecked<test[aada8e7e76ba119b]::run_test::{closure#1}, ()>::{closure#1} as core[a373ad73a504971]::ops::function::FnOnce<()>>::call_once::{shim:vtable#0}
[INFO] [stdout]   18:     0x65072192207f - <std[617be2ca0a6fd877]::sys::thread::unix::Thread>::new::thread_start
[INFO] [stdout]   19:     0x76945537cdfa - <unknown>
[INFO] [stdout]   20:     0x7694554103d4 - clone
[INFO] [stdout]   21:                0x0 - <unknown>
[INFO] [stdout] 
[INFO] [stdout] ---- ui stdout ----
[INFO] [stdout] 
[INFO] [stdout] thread 'ui' (903) panicked at /opt/rustwide/cargo-home/registry/src/index.crates.io-1949cf8c6b5b557f/trybuild-1.0.122/src/run.rs:103:13:
[INFO] [stdout] 1 of 1 tests failed
[INFO] [stdout] stack backtrace:
[INFO] [stdout]    0:     0x650721922e21 - <<std[617be2ca0a6fd877]::sys::backtrace::BacktraceLock>::print::DisplayBacktrace as core[a373ad73a504971]::fmt::Display>::fmt
[INFO] [stdout]    1:     0x65072193922a - core[a373ad73a504971]::fmt::write
[INFO] [stdout]    2:     0x65072192766c - <alloc[2e1b2a31b91974c5]::vec::Vec<u8> as core[a373ad73a504971]::io::write::Write>::write_fmt
[INFO] [stdout]    3:     0x6507218fb9b6 - std[617be2ca0a6fd877]::panicking::default_hook::{closure#0}
[INFO] [stdout]    4:     0x650721919ca9 - std[617be2ca0a6fd877]::panicking::default_hook
[INFO] [stdout]    5:     0x6507218b3090 - test[aada8e7e76ba119b]::test_main_inner::{closure#0}
[INFO] [stdout]    6:     0x650721919e62 - std[617be2ca0a6fd877]::panicking::panic_with_hook
[INFO] [stdout]    7:     0x6507218fba62 - std[617be2ca0a6fd877]::panicking::panic_handler::{closure#0}
[INFO] [stdout]    8:     0x6507218f42b9 - std[617be2ca0a6fd877]::sys::backtrace::__rust_end_short_backtrace::<std[617be2ca0a6fd877]::panicking::panic_handler::{closure#0}, !>
[INFO] [stdout]    9:     0x6507218fc66d - __rustc[ea4f61d10b84890b]::rust_begin_unwind
[INFO] [stdout]   10:     0x65072193999c - core[a373ad73a504971]::panicking::panic_fmt
[INFO] [stdout]   11:     0x6507217ff0fb - <trybuild[5deb2765056c9bba]::Runner>::run
[INFO] [stdout]   12:     0x650721802370 - <trybuild[5deb2765056c9bba]::TestCases as core[a373ad73a504971]::ops::drop::Drop>::drop
[INFO] [stdout]   13:     0x6507217f7528 - test[e1ba4257395fa25e]::ui
[INFO] [stdout]   14:     0x6507217f8659 - <test[e1ba4257395fa25e]::ui::{closure#0} as core[a373ad73a504971]::ops::function::FnOnce<()>>::call_once
[INFO] [stdout]   15:     0x6507218a64db - test[aada8e7e76ba119b]::__rust_begin_short_backtrace::<core[a373ad73a504971]::result::Result<(), alloc[2e1b2a31b91974c5]::string::String>, fn() -> core[a373ad73a504971]::result::Result<(), alloc[2e1b2a31b91974c5]::string::String>>
[INFO] [stdout]   16:     0x6507218b36b5 - test[aada8e7e76ba119b]::run_test::{closure#0}
[INFO] [stdout]   17:     0x6507218acfa4 - std[617be2ca0a6fd877]::sys::backtrace::__rust_begin_short_backtrace::<test[aada8e7e76ba119b]::run_test::{closure#1}, ()>
[INFO] [stdout]   18:     0x6507218b6742 - <std[617be2ca0a6fd877]::thread::lifecycle::spawn_unchecked<test[aada8e7e76ba119b]::run_test::{closure#1}, ()>::{closure#1} as core[a373ad73a504971]::ops::function::FnOnce<()>>::call_once::{shim:vtable#0}
[INFO] [stdout]   19:     0x65072192207f - <std[617be2ca0a6fd877]::sys::thread::unix::Thread>::new::thread_start
[INFO] [stdout]   20:     0x76945537cdfa - <unknown>
[INFO] [stdout]   21:     0x7694554103d4 - clone
[INFO] [stdout]   22:                0x0 - <unknown>
[INFO] [stdout] 
[INFO] [stdout] 
[INFO] [stdout] failures:
[INFO] [stdout]     link_error::test_readme
[INFO] [stdout]     no_panic::test_async_await_return_values
[INFO] [stdout]     no_panic::test_async_fn
[INFO] [stdout]     no_panic::test_borrow_from_mut_self
[INFO] [stdout]     no_panic::test_lifetime_elision
[INFO] [stdout]     no_panic::test_method_in_impl
[INFO] [stdout]     no_panic::test_mut_argument
[INFO] [stdout]     no_panic::test_readme
[INFO] [stdout]     no_panic::test_receiver_lifetime_elision
[INFO] [stdout]     no_panic::test_ref_argument
[INFO] [stdout]     no_panic::test_ref_mut_argument
[INFO] [stdout]     no_panic::test_self_in_macro
[INFO] [stdout]     no_panic::test_self_in_macro_containing_fn
[INFO] [stdout]     no_panic::test_self_with_std_pin
[INFO] [stdout]     ui
[INFO] [stdout] 
[INFO] [stdout] test result: FAILED. 0 passed; 15 failed; 0 ignored; 0 measured; 0 filtered out; finished in 11.55s
[INFO] [stdout] 
[INFO] running `Command { std: "docker" "inspect" "bb2d290e5e39b39ba8210ee47b5868b652d3e3a1a339bbf661edb62989e3ba10", kill_on_drop: false }`
[INFO] running `Command { std: "docker" "rm" "-f" "bb2d290e5e39b39ba8210ee47b5868b652d3e3a1a339bbf661edb62989e3ba10", kill_on_drop: false }`
[INFO] [stdout] bb2d290e5e39b39ba8210ee47b5868b652d3e3a1a339bbf661edb62989e3ba10
