[INFO] fetching crate no-panic-const 0.1.37-const-0...
[INFO] testing no-panic-const-0.1.37-const-0 against 1.99.0-beta.8+cargoflags=--release for beta-release-1.100-2
[INFO] extracting crate no-panic-const 0.1.37-const-0 into /workspace/builds/worker-2-tc1/source
[INFO] started tweaking crates.io crate no-panic-const 0.1.37-const-0
[INFO] removed 0 missing tests
[INFO] finished tweaking crates.io crate no-panic-const 0.1.37-const-0
[INFO] tweaked toml for crates.io crate no-panic-const 0.1.37-const-0 written to /workspace/builds/worker-2-tc1/source/Cargo.toml
[INFO] validating manifest of crates.io crate no-panic-const 0.1.37-const-0 on toolchain 1.99.0-beta.8
[INFO] running `Command { std: CARGO_HOME="/workspace/cargo-home" RUSTUP_HOME="/workspace/rustup-home" "/workspace/cargo-home/bin/cargo" "+1.99.0-beta.8" "metadata" "--manifest-path" "Cargo.toml" "--no-deps", kill_on_drop: false }`
[INFO] crate crates.io crate no-panic-const 0.1.37-const-0 already has a lockfile, it will not be regenerated
[INFO] running `Command { std: CARGO_HOME="/workspace/cargo-home" RUSTUP_HOME="/workspace/rustup-home" "/workspace/cargo-home/bin/cargo" "+1.99.0-beta.8" "fetch" "--manifest-path" "Cargo.toml", kill_on_drop: false }`
[INFO] [stderr]  Downloading crates ...
[INFO] [stderr]   Downloaded target-triple v1.0.0
[INFO] [stderr]   Downloaded trybuild v1.0.116
[INFO] [stderr]   Downloaded syn v3.0.1
[INFO] running `Command { std: "docker" "create" "-v" "/var/lib/crater-agent-workspace/builds/worker-2-tc1/source:/opt/rustwide/workdir:ro,Z" "-v" "/var/lib/crater-agent-workspace/builds/worker-2-tc1/target:/opt/rustwide/target:rw,Z" "-v" "/var/lib/crater-agent-workspace/cargo-home:/opt/rustwide/cargo-home:ro,Z" "-v" "/var/lib/crater-agent-workspace/rustup-home:/opt/rustwide/rustup-home:ro,Z" "-m" "1610612736" "--network" "none" "ghcr.io/rust-lang/crates-build-env/linux@sha256:77db811e55d90add9212f6832c23229e3de5f1c1f9905e8cb07319ea15df73ac" "sleep" "infinity", kill_on_drop: false }`
[INFO] [stdout] 391a25f4189f140fc520a8db3bd5688f574a248cd8bacbaaf07bf80982e5bfa6
[INFO] running `Command { std: "docker" "start" "391a25f4189f140fc520a8db3bd5688f574a248cd8bacbaaf07bf80982e5bfa6", kill_on_drop: false }`
[INFO] running `Command { std: "docker" "inspect" "391a25f4189f140fc520a8db3bd5688f574a248cd8bacbaaf07bf80982e5bfa6", kill_on_drop: false }`
[INFO] running `Command { std: "docker" "exec" "-e" "SOURCE_DIR=/opt/rustwide/workdir" "-e" "CARGO_HOME=/opt/rustwide/cargo-home" "-e" "RUSTUP_HOME=/opt/rustwide/rustup-home" "-e" "CARGO_TARGET_DIR=/opt/rustwide/target" "-w" "/opt/rustwide/workdir" "--user" "0:0" "391a25f4189f140fc520a8db3bd5688f574a248cd8bacbaaf07bf80982e5bfa6" "/opt/rustwide/cargo-home/bin/cargo" "+1.99.0-beta.8" "metadata" "--no-deps" "--format-version=1", kill_on_drop: false }`
[INFO] running `Command { std: "docker" "inspect" "391a25f4189f140fc520a8db3bd5688f574a248cd8bacbaaf07bf80982e5bfa6", kill_on_drop: false }`
[INFO] running `Command { std: "docker" "exec" "-e" "SOURCE_DIR=/opt/rustwide/workdir" "-e" "CARGO_HOME=/opt/rustwide/cargo-home" "-e" "RUSTUP_HOME=/opt/rustwide/rustup-home" "-e" "CARGO_TARGET_DIR=/opt/rustwide/target" "-e" "CARGO_INCREMENTAL=0" "-e" "RUST_BACKTRACE=full" "-e" "RUSTFLAGS=--cap-lints=warn" "-e" "RUSTDOCFLAGS=--cap-lints=warn" "-w" "/opt/rustwide/workdir" "--user" "0:0" "391a25f4189f140fc520a8db3bd5688f574a248cd8bacbaaf07bf80982e5bfa6" "/opt/rustwide/cargo-home/bin/cargo" "+1.99.0-beta.8" "build" "--frozen" "--message-format=json" "--release", kill_on_drop: false }`
[INFO] [stderr]    Compiling quote v1.0.45
[INFO] [stderr]    Compiling no-panic-const v0.1.37-const-0 (/opt/rustwide/workdir)
[INFO] [stderr]    Compiling syn v3.0.1
[INFO] [stderr]     Finished `release` profile [optimized] target(s) in 7.45s
[INFO] running `Command { std: "docker" "inspect" "391a25f4189f140fc520a8db3bd5688f574a248cd8bacbaaf07bf80982e5bfa6", kill_on_drop: false }`
[INFO] running `Command { std: "docker" "exec" "-e" "SOURCE_DIR=/opt/rustwide/workdir" "-e" "CARGO_HOME=/opt/rustwide/cargo-home" "-e" "RUSTUP_HOME=/opt/rustwide/rustup-home" "-e" "CARGO_TARGET_DIR=/opt/rustwide/target" "-e" "CARGO_INCREMENTAL=0" "-e" "RUST_BACKTRACE=full" "-e" "RUSTFLAGS=--cap-lints=warn" "-e" "RUSTDOCFLAGS=--cap-lints=warn" "-w" "/opt/rustwide/workdir" "--user" "0:0" "391a25f4189f140fc520a8db3bd5688f574a248cd8bacbaaf07bf80982e5bfa6" "/opt/rustwide/cargo-home/bin/cargo" "+1.99.0-beta.8" "test" "--frozen" "--no-run" "--message-format=json" "--release", kill_on_drop: false }`
[INFO] [stderr]    Compiling zmij v1.0.21
[INFO] [stderr]    Compiling serde_core v1.0.228
[INFO] [stderr]    Compiling target-triple v1.0.0
[INFO] [stderr]    Compiling serde_json v1.0.150
[INFO] [stderr]    Compiling scratch v1.0.9
[INFO] [stderr]    Compiling rustversion v1.0.22
[INFO] [stderr]    Compiling winnow v1.0.3
[INFO] [stderr]    Compiling memchr v2.8.1
[INFO] [stderr]    Compiling unicode-ident v1.0.24
[INFO] [stderr]    Compiling proc-macro2 v1.0.106
[INFO] [stderr]    Compiling serde v1.0.228
[INFO] [stderr]    Compiling toml_writer v1.1.1+spec-1.1.0
[INFO] [stderr]    Compiling toml_datetime v1.1.1+spec-1.1.0
[INFO] [stderr]    Compiling serde_spanned v1.1.1
[INFO] [stderr]    Compiling syn v2.0.117
[INFO] [stderr]    Compiling no-panic-const v0.1.37-const-0 (/opt/rustwide/workdir)
[INFO] [stderr]    Compiling quote v1.0.45
[INFO] [stderr]    Compiling termcolor v1.4.1
[INFO] [stderr]    Compiling glob v0.3.3
[INFO] [stderr]    Compiling dissimilar v1.0.11
[INFO] [stderr]    Compiling toml_parser v1.1.2+spec-1.1.0
[INFO] [stderr]    Compiling syn v3.0.1
[INFO] [stderr]    Compiling toml v1.1.2+spec-1.1.0
[INFO] [stderr]    Compiling serde_derive v1.0.228
[INFO] [stderr]    Compiling trybuild v1.0.116
[INFO] [stderr]     Finished `release` profile [optimized] target(s) in 36.68s
[INFO] running `Command { std: "docker" "inspect" "391a25f4189f140fc520a8db3bd5688f574a248cd8bacbaaf07bf80982e5bfa6", kill_on_drop: false }`
[INFO] running `Command { std: "docker" "exec" "-e" "SOURCE_DIR=/opt/rustwide/workdir" "-e" "CARGO_HOME=/opt/rustwide/cargo-home" "-e" "RUSTUP_HOME=/opt/rustwide/rustup-home" "-e" "CARGO_TARGET_DIR=/opt/rustwide/target" "-e" "CARGO_INCREMENTAL=0" "-e" "RUST_BACKTRACE=full" "-e" "RUSTFLAGS=--cap-lints=warn" "-e" "RUSTDOCFLAGS=--cap-lints=warn" "-w" "/opt/rustwide/workdir" "--user" "0:0" "391a25f4189f140fc520a8db3bd5688f574a248cd8bacbaaf07bf80982e5bfa6" "/opt/rustwide/cargo-home/bin/cargo" "+1.99.0-beta.8" "test" "--frozen" "--release", kill_on_drop: false }`
[INFO] [stderr]     Finished `release` profile [optimized] target(s) in 0.09s
[INFO] [stderr]      Running unittests src/lib.rs (/opt/rustwide/target/release/deps/no_panic_const-df5499b32208c83c)
[INFO] [stdout] 
[INFO] [stdout] running 0 tests
[INFO] [stdout] 
[INFO] [stdout] test result: ok. 0 passed; 0 failed; 0 ignored; 0 measured; 0 filtered out; finished in 0.00s
[INFO] [stdout] 
[INFO] [stderr]      Running tests/test.rs (/opt/rustwide/target/release/deps/test-cf350a662d3e940c)
[INFO] [stdout] 
[INFO] [stdout] running 18 tests
[INFO] [stderr]    Compiling proc-macro2 v1.0.106
[INFO] [stderr]    Compiling unicode-ident v1.0.24
[INFO] [stderr]    Compiling quote v1.0.45
[INFO] [stderr]    Compiling no-panic-const v0.1.37-const-0 (/opt/rustwide/workdir)
[INFO] [stderr]    Compiling syn v3.0.1
[INFO] [stderr]     Finished `dev` profile [unoptimized + debuginfo] target(s) in 5.86s
[INFO] [stderr] error: extern location for no_panic does not exist: target/debug/libno_panic.so
[INFO] [stderr]  --> /opt/rustwide/target/release/build/scratch-0f48206c520642e7/out/no-panic/test_argument_attribute/test_argument_attribute.rs:1:5
[INFO] [stderr]   |
[INFO] [stderr] 1 | use no_panic::no_panic;#[deny(unused_variables)] #[no_panic] pub fn
[INFO] [stderr]   |     ^^^^^^^^
[INFO] [stderr] 
[INFO] [stderr] error: aborting due to 1 previous error
[INFO] [stderr] 
[INFO] [stderr] error: extern location for no_panic does not exist: target/debug/libno_panic.so
[INFO] [stderr]  --> /opt/rustwide/target/release/build/scratch-0f48206c520642e7/out/no-panic/test_method_in_impl/test_method_in_impl.rs:1:5
[INFO] [stderr]   |
[INFO] [stderr] 1 | use no_panic::no_panic;struct S; impl S { #[no_panic] fn demo(self) -> &'static str { "test" } } fn
[INFO] [stderr]   |     ^^^^^^^^
[INFO] [stderr] 
[INFO] [stderr] error: aborting due to 1 previous error
[INFO] [stderr] 
[INFO] [stdout] test no_panic::test_argument_attribute ... FAILED
[INFO] [stdout] test no_panic::test_method_in_impl ... FAILED
[INFO] [stdout] test ui ... ignored, requires nightly
[INFO] [stderr] error: extern location for no_panic does not exist: target/debug/libno_panic.so
[INFO] [stderr]  --> /opt/rustwide/target/release/build/scratch-0f48206c520642e7/out/no-panic/test_self_in_macro_containing_fn/test_self_in_macro_containing_fn.rs:1:5
[INFO] [stderr]   |
[INFO] [stderr] 1 | use no_panic::no_panic;pub struct S { data: usize, } macro_rules! emit
[INFO] [stderr]   |     ^^^^^^^^
[INFO] [stderr] 
[INFO] [stderr] error: aborting due to 1 previous error
[INFO] [stderr] 
[INFO] [stdout] test no_panic::test_self_in_macro_containing_fn ... FAILED
[INFO] [stderr] error: extern location for no_panic does not exist: target/debug/libno_panic.so
[INFO] [stderr]  --> /opt/rustwide/target/release/build/scratch-0f48206c520642e7/out/no-panic/test_ref_mut_argument/test_ref_mut_argument.rs:1:5
[INFO] [stderr]   |
[INFO] [stderr] 1 | use no_panic::no_panic;#[no_panic] fn demo(ref mut i: i32) -> i32 { *i += 1; *i } fn main()
[INFO] [stderr]   |     ^^^^^^^^
[INFO] [stderr] 
[INFO] [stderr] error: aborting due to 1 previous error
[INFO] [stderr] 
[INFO] [stderr] error: extern location for no_panic does not exist: target/debug/libno_panic.so
[INFO] [stderr]  --> /opt/rustwide/target/release/build/scratch-0f48206c520642e7/out/no-panic/test_conditional_return_macro/test_conditional_return_macro.rs:1:5
[INFO] [stderr]   |
[INFO] [stderr] 1 | use no_panic::no_panic;macro_rules! return_if_negative { ($e:expr) => { if $e < 0 { return; } }; }
[INFO] [stderr]   |     ^^^^^^^^
[INFO] [stderr] 
[INFO] [stderr] error: aborting due to 1 previous error
[INFO] [stderr] 
[INFO] [stdout] test no_panic::test_conditional_return_macro ... FAILED
[INFO] [stdout] test no_panic::test_ref_mut_argument ... FAILED
[INFO] [stderr] error: extern location for no_panic does not exist: target/debug/libno_panic.so
[INFO] [stderr]  --> /opt/rustwide/target/release/build/scratch-0f48206c520642e7/out/no-panic/test_conditional_return/test_conditional_return.rs:1:5
[INFO] [stderr]   |
[INFO] [stderr] 1 | use no_panic::no_panic;#[no_panic] pub fn f(i: i32) { if i < 0 { return; } } fn main()
[INFO] [stderr]   |     ^^^^^^^^
[INFO] [stderr] 
[INFO] [stderr] error: aborting due to 1 previous error
[INFO] [stderr] 
[INFO] [stderr] error: extern location for no_panic does not exist: target/debug/libno_panic.so
[INFO] [stderr]  --> /opt/rustwide/target/release/build/scratch-0f48206c520642e7/out/no-panic/test_return_impl_trait/test_return_impl_trait.rs:1:5
[INFO] [stderr]   |
[INFO] [stderr] 1 | use no_panic::no_panic;use std::io; #[no_panic] pub fn f() -> io::Result<impl io::Write>
[INFO] [stderr]   |     ^^^^^^^^
[INFO] [stderr] 
[INFO] [stderr] error: extern location for no_panic does not exist: target/debug/libno_panic.so
[INFO] [stderr]  --> /opt/rustwide/target/release/build/scratch-0f48206c520642e7/out/no-panic/test_lifetime_elision/test_lifetime_elision.rs:1:5
[INFO] [stderr]   |
[INFO] [stderr] 1 | use no_panic::no_panic;struct Buffer { bytes: [u8; 24], } #[no_panic] fn demo(buffer: &mut Buffer) ->
[INFO] [stderr]   |     ^^^^^^^^
[INFO] [stderr] 
[INFO] [stderr] error: aborting due to 1 previous error
[INFO] [stderr] 
[INFO] [stderr] error: aborting due to 1 previous error
[INFO] [stderr] 
[INFO] [stderr] error: extern location for no_panic does not exist: target/debug/libno_panic.so
[INFO] [stderr]  --> /opt/rustwide/target/release/build/scratch-0f48206c520642e7/out/no-panic/test_self_in_macro/test_self_in_macro.rs:1:5
[INFO] [stderr]   |
[INFO] [stderr] 1 | use no_panic::no_panic;struct S { data: usize, } macro_rules! id { ($expr:expr) => { $expr }; } impl
[INFO] [stderr]   |     ^^^^^^^^
[INFO] [stderr] 
[INFO] [stderr] error: extern location for no_panic does not exist: target/debug/libno_panic.so
[INFO] [stderr]  --> /opt/rustwide/target/release/build/scratch-0f48206c520642e7/out/no-panic/test_readme_bad/test_readme_bad.rs:1:5
[INFO] [stderr]   |
[INFO] [stderr] 1 | use no_panic::no_panic;#[no_panic] fn demo(s: &str) -> &str { &s[1..] } fn main()
[INFO] [stderr]   |     ^^^^^^^^
[INFO] [stderr] 
[INFO] [stdout] test no_panic::test_return_impl_trait ... FAILED
[INFO] [stdout] test no_panic::test_conditional_return ... FAILED
[INFO] [stdout] test no_panic::test_lifetime_elision ... FAILED
[INFO] [stderr] error: aborting due to 1 previous error
[INFO] [stderr] 
[INFO] [stderr] error: extern location for no_panic does not exist: target/debug/libno_panic.so
[INFO] [stderr]  --> /opt/rustwide/target/release/build/scratch-0f48206c520642e7/out/no-panic/test_borrow_from_mut_self/test_borrow_from_mut_self.rs:1:5
[INFO] [stderr]   |
[INFO] [stderr] 1 | use no_panic::no_panic;struct S { data: usize, } impl S
[INFO] [stderr]   |     ^^^^^^^^
[INFO] [stderr] 
[INFO] [stderr] error: extern location for no_panic does not exist: target/debug/libno_panic.so
[INFO] [stderr]  --> /opt/rustwide/target/release/build/scratch-0f48206c520642e7/out/no-panic/test_readme/test_readme.rs:1:5
[INFO] [stderr]   |
[INFO] [stderr] 1 | use no_panic::no_panic;#[no_panic] fn demo(s: &str) -> &str { &s[1..] } fn main()
[INFO] [stderr]   |     ^^^^^^^^
[INFO] [stderr] 
[INFO] [stderr] error: aborting due to 1 previous error
[INFO] [stderr] 
[INFO] [stdout] test no_panic::test_readme ... FAILED
[INFO] [stderr] error: extern location for no_panic does not exist: target/debug/libno_panic.so
[INFO] [stderr]  --> /opt/rustwide/target/release/build/scratch-0f48206c520642e7/out/no-panic/test_mut_argument/test_mut_argument.rs:1:5
[INFO] [stderr]   |
[INFO] [stderr] 1 | use no_panic::no_panic;#[no_panic] fn demo(mut i: i32) -> i32 { i += 1; i } fn main()
[INFO] [stderr]   |     ^^^^^^^^
[INFO] [stderr] 
[INFO] [stderr] error: aborting due to 1 previous error
[INFO] [stderr] 
[INFO] [stderr] error: aborting due to 1 previous error
[INFO] [stderr] 
[INFO] [stdout] test no_panic::test_mut_argument ... FAILED
[INFO] [stderr] error: extern location for no_panic does not exist: target/debug/libno_panic.so
[INFO] [stderr]  --> /opt/rustwide/target/release/build/scratch-0f48206c520642e7/out/no-panic/test_deref_coercion/test_deref_coercion.rs:1:5
[INFO] [stderr]   |
[INFO] [stderr] 1 | use no_panic::no_panic;#[no_panic] pub fn f(s: &str) -> &str { &s } fn main() {}
[INFO] [stderr]   |     ^^^^^^^^
[INFO] [stderr] 
[INFO] [stderr] error: aborting due to 1 previous error
[INFO] [stderr] 
[INFO] [stderr] error: aborting due to 1 previous error
[INFO] [stderr] 
[INFO] [stderr] error: extern location for no_panic does not exist: target/debug/libno_panic.so
[INFO] [stdout] test link_error::test_readme_bad ... FAILED
[INFO] [stderr]  --> /opt/rustwide/target/release/build/scratch-0f48206c520642e7/out/no-panic/test_receiver_lifetime_elision/test_receiver_lifetime_elision.rs:1:5
[INFO] [stderr]   |
[INFO] [stderr] 1 | use no_panic::no_panic;struct Buffer { bytes: [u8; 24], } impl Buffer
[INFO] [stderr]   |     ^^^^^^^^
[INFO] [stderr] 
[INFO] [stderr] error: aborting due to 1 previous error
[INFO] [stderr] 
[INFO] [stdout] test no_panic::test_deref_coercion ... FAILED
[INFO] [stdout] test no_panic::test_receiver_lifetime_elision ... FAILED
[INFO] [stdout] test no_panic::test_self_in_macro ... FAILED
[INFO] [stdout] test no_panic::test_borrow_from_mut_self ... FAILED
[INFO] [stderr] error: extern location for no_panic does not exist: target/debug/libno_panic.so
[INFO] [stderr]  --> /opt/rustwide/target/release/build/scratch-0f48206c520642e7/out/no-panic/test_self_with_std_pin/test_self_with_std_pin.rs:1:5
[INFO] [stderr]   |
[INFO] [stderr] 1 | use no_panic::no_panic;use std::pin::Pin; pub struct S; impl S
[INFO] [stderr]   |     ^^^^^^^^
[INFO] [stderr] 
[INFO] [stderr] error: extern location for no_panic does not exist: target/debug/libno_panic.so
[INFO] [stderr]  --> /opt/rustwide/target/release/build/scratch-0f48206c520642e7/out/no-panic/test_ref_argument/test_ref_argument.rs:1:5
[INFO] [stderr]   |
[INFO] [stderr] 1 | use no_panic::no_panic;#[no_panic] fn demo(ref i: i32) -> i32 { *i } fn main()
[INFO] [stderr]   |     ^^^^^^^^
[INFO] [stderr] 
[INFO] [stderr] error: aborting due to 1 previous error
[INFO] [stderr] 
[INFO] [stdout] test no_panic::test_self_with_std_pin ... FAILED
[INFO] [stderr] error: aborting due to 1 previous error
[INFO] [stderr] 
[INFO] [stdout] test no_panic::test_ref_argument ... FAILED
[INFO] [stderr] error: test failed, to rerun pass `--test test`
[INFO] [stdout] 
[INFO] [stdout] failures:
[INFO] [stdout] 
[INFO] [stdout] ---- no_panic::test_argument_attribute stdout ----
[INFO] [stdout] 
[INFO] [stdout] thread 'no_panic::test_argument_attribute' (1042) panicked at tests/compiletest/mod.rs:52:5:
[INFO] [stdout] assertion failed: status.success()
[INFO] [stdout] stack backtrace:
[INFO] [stdout]    0:     0x621db6bd8991 - <<std[70759c8f55707aa4]::sys::backtrace::BacktraceLock>::print::DisplayBacktrace as core[df12db4294e9bfd3]::fmt::Display>::fmt
[INFO] [stdout]    1:     0x621db6bef04a - core[df12db4294e9bfd3]::fmt::write
[INFO] [stdout]    2:     0x621db6bdd45c - <alloc[2182bb758b4b3781]::vec::Vec<u8> as core[df12db4294e9bfd3]::io::write::Write>::write_fmt
[INFO] [stdout]    3:     0x621db6bb1e76 - std[70759c8f55707aa4]::panicking::default_hook::{closure#0}
[INFO] [stdout]    4:     0x621db6bd0009 - std[70759c8f55707aa4]::panicking::default_hook
[INFO] [stdout]    5:     0x621db6b692e0 - test[9d35eded1c95d3be]::test_main_inner::<test[9d35eded1c95d3be]::test_main_static::{closure#0}>::{closure#0}
[INFO] [stdout]    6:     0x621db6bd01c2 - std[70759c8f55707aa4]::panicking::panic_with_hook
[INFO] [stdout]    7:     0x621db6bb1f54 - std[70759c8f55707aa4]::panicking::panic_handler::{closure#0}
[INFO] [stdout]    8:     0x621db6baa7e9 - std[70759c8f55707aa4]::sys::backtrace::__rust_end_short_backtrace::<std[70759c8f55707aa4]::panicking::panic_handler::{closure#0}, !>
[INFO] [stdout]    9:     0x621db6bb2b1d - __rustc[8fa7c3cbc660c2b3]::rust_begin_unwind
[INFO] [stdout]   10:     0x621db6bef7bc - core[df12db4294e9bfd3]::panicking::panic_fmt
[INFO] [stdout]   11:     0x621db6bef782 - core[df12db4294e9bfd3]::panicking::panic
[INFO] [stdout]   12:     0x621db6aad492 - test[8d8295298c23b161]::compiletest::contains_panic
[INFO] [stdout]   13:     0x621db6aadd4f - <test[8d8295298c23b161]::no_panic::test_argument_attribute::{closure#0} as core[df12db4294e9bfd3]::ops::function::FnOnce<()>>::call_once
[INFO] [stdout]   14:     0x621db6b5c5cb - test[9d35eded1c95d3be]::__rust_begin_short_backtrace::<core[df12db4294e9bfd3]::result::Result<(), alloc[2182bb758b4b3781]::string::String>, fn() -> core[df12db4294e9bfd3]::result::Result<(), alloc[2182bb758b4b3781]::string::String>>
[INFO] [stdout]   15:     0x621db6b69c35 - test[9d35eded1c95d3be]::run_test::{closure#0}
[INFO] [stdout]   16:     0x621db6b634f4 - std[70759c8f55707aa4]::sys::backtrace::__rust_begin_short_backtrace::<test[9d35eded1c95d3be]::run_test::{closure#1}, ()>
[INFO] [stdout]   17:     0x621db6b6cd92 - <std[70759c8f55707aa4]::thread::lifecycle::spawn_unchecked<test[9d35eded1c95d3be]::run_test::{closure#1}, ()>::{closure#1} as core[df12db4294e9bfd3]::ops::function::FnOnce<()>>::call_once::{shim:vtable#0}
[INFO] [stdout]   18:     0x621db6bd7c49 - <std[70759c8f55707aa4]::sys::thread::unix::Thread>::new::thread_start
[INFO] [stdout]   19:     0x797df253bdfa - <unknown>
[INFO] [stdout]   20:     0x797df25cf3d4 - clone
[INFO] [stdout]   21:                0x0 - <unknown>
[INFO] [stdout] 
[INFO] [stdout] ---- no_panic::test_method_in_impl stdout ----
[INFO] [stdout] 
[INFO] [stdout] thread 'no_panic::test_method_in_impl' (1049) panicked at tests/compiletest/mod.rs:52:5:
[INFO] [stdout] assertion failed: status.success()
[INFO] [stdout] stack backtrace:
[INFO] [stdout]    0:     0x621db6bd8991 - <<std[70759c8f55707aa4]::sys::backtrace::BacktraceLock>::print::DisplayBacktrace as core[df12db4294e9bfd3]::fmt::Display>::fmt
[INFO] [stdout]    1:     0x621db6bef04a - core[df12db4294e9bfd3]::fmt::write
[INFO] [stdout]    2:     0x621db6bdd45c - <alloc[2182bb758b4b3781]::vec::Vec<u8> as core[df12db4294e9bfd3]::io::write::Write>::write_fmt
[INFO] [stdout]    3:     0x621db6bb1e76 - std[70759c8f55707aa4]::panicking::default_hook::{closure#0}
[INFO] [stdout]    4:     0x621db6bd0009 - std[70759c8f55707aa4]::panicking::default_hook
[INFO] [stdout]    5:     0x621db6b692e0 - test[9d35eded1c95d3be]::test_main_inner::<test[9d35eded1c95d3be]::test_main_static::{closure#0}>::{closure#0}
[INFO] [stdout]    6:     0x621db6bd01c2 - std[70759c8f55707aa4]::panicking::panic_with_hook
[INFO] [stdout]    7:     0x621db6bb1f54 - std[70759c8f55707aa4]::panicking::panic_handler::{closure#0}
[INFO] [stdout]    8:     0x621db6baa7e9 - std[70759c8f55707aa4]::sys::backtrace::__rust_end_short_backtrace::<std[70759c8f55707aa4]::panicking::panic_handler::{closure#0}, !>
[INFO] [stdout]    9:     0x621db6bb2b1d - __rustc[8fa7c3cbc660c2b3]::rust_begin_unwind
[INFO] [stdout]   10:     0x621db6bef7bc - core[df12db4294e9bfd3]::panicking::panic_fmt
[INFO] [stdout]   11:     0x621db6bef782 - core[df12db4294e9bfd3]::panicking::panic
[INFO] [stdout]   12:     0x621db6aad492 - test[8d8295298c23b161]::compiletest::contains_panic
[INFO] [stdout]   13:     0x621db6aada7f - <test[8d8295298c23b161]::no_panic::test_method_in_impl::{closure#0} as core[df12db4294e9bfd3]::ops::function::FnOnce<()>>::call_once
[INFO] [stdout]   14:     0x621db6b5c5cb - test[9d35eded1c95d3be]::__rust_begin_short_backtrace::<core[df12db4294e9bfd3]::result::Result<(), alloc[2182bb758b4b3781]::string::String>, fn() -> core[df12db4294e9bfd3]::result::Result<(), alloc[2182bb758b4b3781]::string::String>>
[INFO] [stdout]   15:     0x621db6b69c35 - test[9d35eded1c95d3be]::run_test::{closure#0}
[INFO] [stdout]   16:     0x621db6b634f4 - std[70759c8f55707aa4]::sys::backtrace::__rust_begin_short_backtrace::<test[9d35eded1c95d3be]::run_test::{closure#1}, ()>
[INFO] [stdout]   17:     0x621db6b6cd92 - <std[70759c8f55707aa4]::thread::lifecycle::spawn_unchecked<test[9d35eded1c95d3be]::run_test::{closure#1}, ()>::{closure#1} as core[df12db4294e9bfd3]::ops::function::FnOnce<()>>::call_once::{shim:vtable#0}
[INFO] [stdout]   18:     0x621db6bd7c49 - <std[70759c8f55707aa4]::sys::thread::unix::Thread>::new::thread_start
[INFO] [stdout]   19:     0x797df253bdfa - <unknown>
[INFO] [stdout]   20:     0x797df25cf3d4 - clone
[INFO] [stdout]   21:                0x0 - <unknown>
[INFO] [stdout] 
[INFO] [stdout] ---- no_panic::test_self_in_macro_containing_fn stdout ----
[INFO] [stdout] 
[INFO] [stdout] thread 'no_panic::test_self_in_macro_containing_fn' (1057) panicked at tests/compiletest/mod.rs:52:5:
[INFO] [stdout] assertion failed: status.success()
[INFO] [stdout] stack backtrace:
[INFO] [stdout]    0:     0x621db6bd8991 - <<std[70759c8f55707aa4]::sys::backtrace::BacktraceLock>::print::DisplayBacktrace as core[df12db4294e9bfd3]::fmt::Display>::fmt
[INFO] [stdout]    1:     0x621db6bef04a - core[df12db4294e9bfd3]::fmt::write
[INFO] [stdout]    2:     0x621db6bdd45c - <alloc[2182bb758b4b3781]::vec::Vec<u8> as core[df12db4294e9bfd3]::io::write::Write>::write_fmt
[INFO] [stdout]    3:     0x621db6bb1e76 - std[70759c8f55707aa4]::panicking::default_hook::{closure#0}
[INFO] [stdout]    4:     0x621db6bd0009 - std[70759c8f55707aa4]::panicking::default_hook
[INFO] [stdout]    5:     0x621db6b692e0 - test[9d35eded1c95d3be]::test_main_inner::<test[9d35eded1c95d3be]::test_main_static::{closure#0}>::{closure#0}
[INFO] [stdout]    6:     0x621db6bd01c2 - std[70759c8f55707aa4]::panicking::panic_with_hook
[INFO] [stdout]    7:     0x621db6bb1f54 - std[70759c8f55707aa4]::panicking::panic_handler::{closure#0}
[INFO] [stdout]    8:     0x621db6baa7e9 - std[70759c8f55707aa4]::sys::backtrace::__rust_end_short_backtrace::<std[70759c8f55707aa4]::panicking::panic_handler::{closure#0}, !>
[INFO] [stdout]    9:     0x621db6bb2b1d - __rustc[8fa7c3cbc660c2b3]::rust_begin_unwind
[INFO] [stdout]   10:     0x621db6bef7bc - core[df12db4294e9bfd3]::panicking::panic_fmt
[INFO] [stdout]   11:     0x621db6bef782 - core[df12db4294e9bfd3]::panicking::panic
[INFO] [stdout]   12:     0x621db6aad492 - test[8d8295298c23b161]::compiletest::contains_panic
[INFO] [stdout]   13:     0x621db6aae01f - <test[8d8295298c23b161]::no_panic::test_self_in_macro_containing_fn::{closure#0} as core[df12db4294e9bfd3]::ops::function::FnOnce<()>>::call_once
[INFO] [stdout]   14:     0x621db6b5c5cb - test[9d35eded1c95d3be]::__rust_begin_short_backtrace::<core[df12db4294e9bfd3]::result::Result<(), alloc[2182bb758b4b3781]::string::String>, fn() -> core[df12db4294e9bfd3]::result::Result<(), alloc[2182bb758b4b3781]::string::String>>
[INFO] [stdout]   15:     0x621db6b69c35 - test[9d35eded1c95d3be]::run_test::{closure#0}
[INFO] [stdout]   16:     0x621db6b634f4 - std[70759c8f55707aa4]::sys::backtrace::__rust_begin_short_backtrace::<test[9d35eded1c95d3be]::run_test::{closure#1}, ()>
[INFO] [stdout]   17:     0x621db6b6cd92 - <std[70759c8f55707aa4]::thread::lifecycle::spawn_unchecked<test[9d35eded1c95d3be]::run_test::{closure#1}, ()>::{closure#1} as core[df12db4294e9bfd3]::ops::function::FnOnce<()>>::call_once::{shim:vtable#0}
[INFO] [stdout]   18:     0x621db6bd7c49 - <std[70759c8f55707aa4]::sys::thread::unix::Thread>::new::thread_start
[INFO] [stdout]   19:     0x797df253bdfa - <unknown>
[INFO] [stdout]   20:     0x797df25cf3d4 - clone
[INFO] [stdout]   21:                0x0 - <unknown>
[INFO] [stdout] 
[INFO] [stdout] ---- no_panic::test_conditional_return_macro stdout ----
[INFO] [stdout] 
[INFO] [stdout] thread 'no_panic::test_conditional_return_macro' (1045) panicked at tests/compiletest/mod.rs:52:5:
[INFO] [stdout] assertion failed: status.success()
[INFO] [stdout] stack backtrace:
[INFO] [stdout]    0:     0x621db6bd8991 - <<std[70759c8f55707aa4]::sys::backtrace::BacktraceLock>::print::DisplayBacktrace as core[df12db4294e9bfd3]::fmt::Display>::fmt
[INFO] [stdout]    1:     0x621db6bef04a - core[df12db4294e9bfd3]::fmt::write
[INFO] [stdout]    2:     0x621db6bdd45c - <alloc[2182bb758b4b3781]::vec::Vec<u8> as core[df12db4294e9bfd3]::io::write::Write>::write_fmt
[INFO] [stdout]    3:     0x621db6bb1e76 - std[70759c8f55707aa4]::panicking::default_hook::{closure#0}
[INFO] [stdout]    4:     0x621db6bd0009 - std[70759c8f55707aa4]::panicking::default_hook
[INFO] [stdout]    5:     0x621db6b692e0 - test[9d35eded1c95d3be]::test_main_inner::<test[9d35eded1c95d3be]::test_main_static::{closure#0}>::{closure#0}
[INFO] [stdout]    6:     0x621db6bd01c2 - std[70759c8f55707aa4]::panicking::panic_with_hook
[INFO] [stdout]    7:     0x621db6bb1f54 - std[70759c8f55707aa4]::panicking::panic_handler::{closure#0}
[INFO] [stdout]    8:     0x621db6baa7e9 - std[70759c8f55707aa4]::sys::backtrace::__rust_end_short_backtrace::<std[70759c8f55707aa4]::panicking::panic_handler::{closure#0}, !>
[INFO] [stdout]    9:     0x621db6bb2b1d - __rustc[8fa7c3cbc660c2b3]::rust_begin_unwind
[INFO] [stdout]   10:     0x621db6bef7bc - core[df12db4294e9bfd3]::panicking::panic_fmt
[INFO] [stdout]   11:     0x621db6bef782 - core[df12db4294e9bfd3]::panicking::panic
[INFO] [stdout]   12:     0x621db6aad492 - test[8d8295298c23b161]::compiletest::contains_panic
[INFO] [stdout]   13:     0x621db6aadeff - <test[8d8295298c23b161]::no_panic::test_conditional_return_macro::{closure#0} as core[df12db4294e9bfd3]::ops::function::FnOnce<()>>::call_once
[INFO] [stdout]   14:     0x621db6b5c5cb - test[9d35eded1c95d3be]::__rust_begin_short_backtrace::<core[df12db4294e9bfd3]::result::Result<(), alloc[2182bb758b4b3781]::string::String>, fn() -> core[df12db4294e9bfd3]::result::Result<(), alloc[2182bb758b4b3781]::string::String>>
[INFO] [stdout]   15:     0x621db6b69c35 - test[9d35eded1c95d3be]::run_test::{closure#0}
[INFO] [stdout]   16:     0x621db6b634f4 - std[70759c8f55707aa4]::sys::backtrace::__rust_begin_short_backtrace::<test[9d35eded1c95d3be]::run_test::{closure#1}, ()>
[INFO] [stdout]   17:     0x621db6b6cd92 - <std[70759c8f55707aa4]::thread::lifecycle::spawn_unchecked<test[9d35eded1c95d3be]::run_test::{closure#1}, ()>::{closure#1} as core[df12db4294e9bfd3]::ops::function::FnOnce<()>>::call_once::{shim:vtable#0}
[INFO] [stdout]   18:     0x621db6bd7c49 - <std[70759c8f55707aa4]::sys::thread::unix::Thread>::new::thread_start
[INFO] [stdout]   19:     0x797df253bdfa - <unknown>
[INFO] [stdout]   20:     0x797df25cf3d4 - clone
[INFO] [stdout]   21:                0x0 - <unknown>
[INFO] [stdout] 
[INFO] [stdout] ---- no_panic::test_ref_mut_argument stdout ----
[INFO] [stdout] 
[INFO] [stdout] thread 'no_panic::test_ref_mut_argument' (1054) panicked at tests/compiletest/mod.rs:52:5:
[INFO] [stdout] assertion failed: status.success()
[INFO] [stdout] stack backtrace:
[INFO] [stdout]    0:     0x621db6bd8991 - <<std[70759c8f55707aa4]::sys::backtrace::BacktraceLock>::print::DisplayBacktrace as core[df12db4294e9bfd3]::fmt::Display>::fmt
[INFO] [stdout]    1:     0x621db6bef04a - core[df12db4294e9bfd3]::fmt::write
[INFO] [stdout]    2:     0x621db6bdd45c - <alloc[2182bb758b4b3781]::vec::Vec<u8> as core[df12db4294e9bfd3]::io::write::Write>::write_fmt
[INFO] [stdout]    3:     0x621db6bb1e76 - std[70759c8f55707aa4]::panicking::default_hook::{closure#0}
[INFO] [stdout]    4:     0x621db6bd0009 - std[70759c8f55707aa4]::panicking::default_hook
[INFO] [stdout]    5:     0x621db6b692e0 - test[9d35eded1c95d3be]::test_main_inner::<test[9d35eded1c95d3be]::test_main_static::{closure#0}>::{closure#0}
[INFO] [stdout]    6:     0x621db6bd01c2 - std[70759c8f55707aa4]::panicking::panic_with_hook
[INFO] [stdout]    7:     0x621db6bb1f54 - std[70759c8f55707aa4]::panicking::panic_handler::{closure#0}
[INFO] [stdout]    8:     0x621db6baa7e9 - std[70759c8f55707aa4]::sys::backtrace::__rust_end_short_backtrace::<std[70759c8f55707aa4]::panicking::panic_handler::{closure#0}, !>
[INFO] [stdout]    9:     0x621db6bb2b1d - __rustc[8fa7c3cbc660c2b3]::rust_begin_unwind
[INFO] [stdout]   10:     0x621db6bef7bc - core[df12db4294e9bfd3]::panicking::panic_fmt
[INFO] [stdout]   11:     0x621db6bef782 - core[df12db4294e9bfd3]::panicking::panic
[INFO] [stdout]   12:     0x621db6aad492 - test[8d8295298c23b161]::compiletest::contains_panic
[INFO] [stdout]   13:     0x621db6aadb9f - <test[8d8295298c23b161]::no_panic::test_ref_mut_argument::{closure#0} as core[df12db4294e9bfd3]::ops::function::FnOnce<()>>::call_once
[INFO] [stdout]   14:     0x621db6b5c5cb - test[9d35eded1c95d3be]::__rust_begin_short_backtrace::<core[df12db4294e9bfd3]::result::Result<(), alloc[2182bb758b4b3781]::string::String>, fn() -> core[df12db4294e9bfd3]::result::Result<(), alloc[2182bb758b4b3781]::string::String>>
[INFO] [stdout]   15:     0x621db6b69c35 - test[9d35eded1c95d3be]::run_test::{closure#0}
[INFO] [stdout]   16:     0x621db6b634f4 - std[70759c8f55707aa4]::sys::backtrace::__rust_begin_short_backtrace::<test[9d35eded1c95d3be]::run_test::{closure#1}, ()>
[INFO] [stdout]   17:     0x621db6b6cd92 - <std[70759c8f55707aa4]::thread::lifecycle::spawn_unchecked<test[9d35eded1c95d3be]::run_test::{closure#1}, ()>::{closure#1} as core[df12db4294e9bfd3]::ops::function::FnOnce<()>>::call_once::{shim:vtable#0}
[INFO] [stdout]   18:     0x621db6bd7c49 - <std[70759c8f55707aa4]::sys::thread::unix::Thread>::new::thread_start
[INFO] [stdout]   19:     0x797df253bdfa - <unknown>
[INFO] [stdout]   20:     0x797df25cf3d4 - clone
[INFO] [stdout]   21:                0x0 - <unknown>
[INFO] [stdout] 
[INFO] [stdout] ---- no_panic::test_return_impl_trait stdout ----
[INFO] [stdout] 
[INFO] [stdout] thread 'no_panic::test_return_impl_trait' (1055) panicked at tests/compiletest/mod.rs:52:5:
[INFO] [stdout] assertion failed: status.success()
[INFO] [stdout] stack backtrace:
[INFO] [stdout]    0:     0x621db6bd8991 - <<std[70759c8f55707aa4]::sys::backtrace::BacktraceLock>::print::DisplayBacktrace as core[df12db4294e9bfd3]::fmt::Display>::fmt
[INFO] [stdout]    1:     0x621db6bef04a - core[df12db4294e9bfd3]::fmt::write
[INFO] [stdout]    2:     0x621db6bdd45c - <alloc[2182bb758b4b3781]::vec::Vec<u8> as core[df12db4294e9bfd3]::io::write::Write>::write_fmt
[INFO] [stdout]    3:     0x621db6bb1e76 - std[70759c8f55707aa4]::panicking::default_hook::{closure#0}
[INFO] [stdout]    4:     0x621db6bd0009 - std[70759c8f55707aa4]::panicking::default_hook
[INFO] [stdout]    5:     0x621db6b692e0 - test[9d35eded1c95d3be]::test_main_inner::<test[9d35eded1c95d3be]::test_main_static::{closure#0}>::{closure#0}
[INFO] [stdout]    6:     0x621db6bd01c2 - std[70759c8f55707aa4]::panicking::panic_with_hook
[INFO] [stdout]    7:     0x621db6bb1f54 - std[70759c8f55707aa4]::panicking::panic_handler::{closure#0}
[INFO] [stdout]    8:     0x621db6baa7e9 - std[70759c8f55707aa4]::sys::backtrace::__rust_end_short_backtrace::<std[70759c8f55707aa4]::panicking::panic_handler::{closure#0}, !>
[INFO] [stdout]    9:     0x621db6bb2b1d - __rustc[8fa7c3cbc660c2b3]::rust_begin_unwind
[INFO] [stdout]   10:     0x621db6bef7bc - core[df12db4294e9bfd3]::panicking::panic_fmt
[INFO] [stdout]   11:     0x621db6bef782 - core[df12db4294e9bfd3]::panicking::panic
[INFO] [stdout]   12:     0x621db6aad492 - test[8d8295298c23b161]::compiletest::contains_panic
[INFO] [stdout]   13:     0x621db6aadc2f - <test[8d8295298c23b161]::no_panic::test_return_impl_trait::{closure#0} as core[df12db4294e9bfd3]::ops::function::FnOnce<()>>::call_once
[INFO] [stdout]   14:     0x621db6b5c5cb - test[9d35eded1c95d3be]::__rust_begin_short_backtrace::<core[df12db4294e9bfd3]::result::Result<(), alloc[2182bb758b4b3781]::string::String>, fn() -> core[df12db4294e9bfd3]::result::Result<(), alloc[2182bb758b4b3781]::string::String>>
[INFO] [stdout]   15:     0x621db6b69c35 - test[9d35eded1c95d3be]::run_test::{closure#0}
[INFO] [stdout]   16:     0x621db6b634f4 - std[70759c8f55707aa4]::sys::backtrace::__rust_begin_short_backtrace::<test[9d35eded1c95d3be]::run_test::{closure#1}, ()>
[INFO] [stdout]   17:     0x621db6b6cd92 - <std[70759c8f55707aa4]::thread::lifecycle::spawn_unchecked<test[9d35eded1c95d3be]::run_test::{closure#1}, ()>::{closure#1} as core[df12db4294e9bfd3]::ops::function::FnOnce<()>>::call_once::{shim:vtable#0}
[INFO] [stdout]   18:     0x621db6bd7c49 - <std[70759c8f55707aa4]::sys::thread::unix::Thread>::new::thread_start
[INFO] [stdout]   19:     0x797df253bdfa - <unknown>
[INFO] [stdout]   20:     0x797df25cf3d4 - clone
[INFO] [stdout]   21:                0x0 - <unknown>
[INFO] [stdout] 
[INFO] [stdout] ---- no_panic::test_conditional_return stdout ----
[INFO] [stdout] 
[INFO] [stdout] thread 'no_panic::test_conditional_return' (1044) panicked at tests/compiletest/mod.rs:52:5:
[INFO] [stdout] assertion failed: status.success()
[INFO] [stdout] stack backtrace:
[INFO] [stdout]    0:     0x621db6bd8991 - <<std[70759c8f55707aa4]::sys::backtrace::BacktraceLock>::print::DisplayBacktrace as core[df12db4294e9bfd3]::fmt::Display>::fmt
[INFO] [stdout]    1:     0x621db6bef04a - core[df12db4294e9bfd3]::fmt::write
[INFO] [stdout]    2:     0x621db6bdd45c - <alloc[2182bb758b4b3781]::vec::Vec<u8> as core[df12db4294e9bfd3]::io::write::Write>::write_fmt
[INFO] [stdout]    3:     0x621db6bb1e76 - std[70759c8f55707aa4]::panicking::default_hook::{closure#0}
[INFO] [stdout]    4:     0x621db6bd0009 - std[70759c8f55707aa4]::panicking::default_hook
[INFO] [stdout]    5:     0x621db6b692e0 - test[9d35eded1c95d3be]::test_main_inner::<test[9d35eded1c95d3be]::test_main_static::{closure#0}>::{closure#0}
[INFO] [stdout]    6:     0x621db6bd01c2 - std[70759c8f55707aa4]::panicking::panic_with_hook
[INFO] [stdout]    7:     0x621db6bb1f54 - std[70759c8f55707aa4]::panicking::panic_handler::{closure#0}
[INFO] [stdout]    8:     0x621db6baa7e9 - std[70759c8f55707aa4]::sys::backtrace::__rust_end_short_backtrace::<std[70759c8f55707aa4]::panicking::panic_handler::{closure#0}, !>
[INFO] [stdout]    9:     0x621db6bb2b1d - __rustc[8fa7c3cbc660c2b3]::rust_begin_unwind
[INFO] [stdout]   10:     0x621db6bef7bc - core[df12db4294e9bfd3]::panicking::panic_fmt
[INFO] [stdout]   11:     0x621db6bef782 - core[df12db4294e9bfd3]::panicking::panic
[INFO] [stdout]   12:     0x621db6aad492 - test[8d8295298c23b161]::compiletest::contains_panic
[INFO] [stdout]   13:     0x621db6aadddf - <test[8d8295298c23b161]::no_panic::test_conditional_return::{closure#0} as core[df12db4294e9bfd3]::ops::function::FnOnce<()>>::call_once
[INFO] [stdout]   14:     0x621db6b5c5cb - test[9d35eded1c95d3be]::__rust_begin_short_backtrace::<core[df12db4294e9bfd3]::result::Result<(), alloc[2182bb758b4b3781]::string::String>, fn() -> core[df12db4294e9bfd3]::result::Result<(), alloc[2182bb758b4b3781]::string::String>>
[INFO] [stdout]   15:     0x621db6b69c35 - test[9d35eded1c95d3be]::run_test::{closure#0}
[INFO] [stdout]   16:     0x621db6b634f4 - std[70759c8f55707aa4]::sys::backtrace::__rust_begin_short_backtrace::<test[9d35eded1c95d3be]::run_test::{closure#1}, ()>
[INFO] [stdout]   17:     0x621db6b6cd92 - <std[70759c8f55707aa4]::thread::lifecycle::spawn_unchecked<test[9d35eded1c95d3be]::run_test::{closure#1}, ()>::{closure#1} as core[df12db4294e9bfd3]::ops::function::FnOnce<()>>::call_once::{shim:vtable#0}
[INFO] [stdout]   18:     0x621db6bd7c49 - <std[70759c8f55707aa4]::sys::thread::unix::Thread>::new::thread_start
[INFO] [stdout]   19:     0x797df253bdfa - <unknown>
[INFO] [stdout]   20:     0x797df25cf3d4 - clone
[INFO] [stdout]   21:                0x0 - <unknown>
[INFO] [stdout] 
[INFO] [stdout] ---- no_panic::test_lifetime_elision stdout ----
[INFO] [stdout] 
[INFO] [stdout] thread 'no_panic::test_lifetime_elision' (1048) panicked at tests/compiletest/mod.rs:52:5:
[INFO] [stdout] assertion failed: status.success()
[INFO] [stdout] stack backtrace:
[INFO] [stdout]    0:     0x621db6bd8991 - <<std[70759c8f55707aa4]::sys::backtrace::BacktraceLock>::print::DisplayBacktrace as core[df12db4294e9bfd3]::fmt::Display>::fmt
[INFO] [stdout]    1:     0x621db6bef04a - core[df12db4294e9bfd3]::fmt::write
[INFO] [stdout]    2:     0x621db6bdd45c - <alloc[2182bb758b4b3781]::vec::Vec<u8> as core[df12db4294e9bfd3]::io::write::Write>::write_fmt
[INFO] [stdout]    3:     0x621db6bb1e76 - std[70759c8f55707aa4]::panicking::default_hook::{closure#0}
[INFO] [stdout]    4:     0x621db6bd0009 - std[70759c8f55707aa4]::panicking::default_hook
[INFO] [stdout]    5:     0x621db6b692e0 - test[9d35eded1c95d3be]::test_main_inner::<test[9d35eded1c95d3be]::test_main_static::{closure#0}>::{closure#0}
[INFO] [stdout]    6:     0x621db6bd01c2 - std[70759c8f55707aa4]::panicking::panic_with_hook
[INFO] [stdout]    7:     0x621db6bb1f54 - std[70759c8f55707aa4]::panicking::panic_handler::{closure#0}
[INFO] [stdout]    8:     0x621db6baa7e9 - std[70759c8f55707aa4]::sys::backtrace::__rust_end_short_backtrace::<std[70759c8f55707aa4]::panicking::panic_handler::{closure#0}, !>
[INFO] [stdout]    9:     0x621db6bb2b1d - __rustc[8fa7c3cbc660c2b3]::rust_begin_unwind
[INFO] [stdout]   10:     0x621db6bef7bc - core[df12db4294e9bfd3]::panicking::panic_fmt
[INFO] [stdout]   11:     0x621db6bef782 - core[df12db4294e9bfd3]::panicking::panic
[INFO] [stdout]   12:     0x621db6aad492 - test[8d8295298c23b161]::compiletest::contains_panic
[INFO] [stdout]   13:     0x621db6aadb0f - <test[8d8295298c23b161]::no_panic::test_lifetime_elision::{closure#0} as core[df12db4294e9bfd3]::ops::function::FnOnce<()>>::call_once
[INFO] [stdout]   14:     0x621db6b5c5cb - test[9d35eded1c95d3be]::__rust_begin_short_backtrace::<core[df12db4294e9bfd3]::result::Result<(), alloc[2182bb758b4b3781]::string::String>, fn() -> core[df12db4294e9bfd3]::result::Result<(), alloc[2182bb758b4b3781]::string::String>>
[INFO] [stdout]   15:     0x621db6b69c35 - test[9d35eded1c95d3be]::run_test::{closure#0}
[INFO] [stdout]   16:     0x621db6b634f4 - std[70759c8f55707aa4]::sys::backtrace::__rust_begin_short_backtrace::<test[9d35eded1c95d3be]::run_test::{closure#1}, ()>
[INFO] [stdout]   17:     0x621db6b6cd92 - <std[70759c8f55707aa4]::thread::lifecycle::spawn_unchecked<test[9d35eded1c95d3be]::run_test::{closure#1}, ()>::{closure#1} as core[df12db4294e9bfd3]::ops::function::FnOnce<()>>::call_once::{shim:vtable#0}
[INFO] [stdout]   18:     0x621db6bd7c49 - <std[70759c8f55707aa4]::sys::thread::unix::Thread>::new::thread_start
[INFO] [stdout]   19:     0x797df253bdfa - <unknown>
[INFO] [stdout]   20:     0x797df25cf3d4 - clone
[INFO] [stdout]   21:                0x0 - <unknown>
[INFO] [stdout] 
[INFO] [stdout] ---- no_panic::test_readme stdout ----
[INFO] [stdout] 
[INFO] [stdout] thread 'no_panic::test_readme' (1051) panicked at tests/compiletest/mod.rs:52:5:
[INFO] [stdout] assertion failed: status.success()
[INFO] [stdout] stack backtrace:
[INFO] [stdout]    0:     0x621db6bd8991 - <<std[70759c8f55707aa4]::sys::backtrace::BacktraceLock>::print::DisplayBacktrace as core[df12db4294e9bfd3]::fmt::Display>::fmt
[INFO] [stdout]    1:     0x621db6bef04a - core[df12db4294e9bfd3]::fmt::write
[INFO] [stdout]    2:     0x621db6bdd45c - <alloc[2182bb758b4b3781]::vec::Vec<u8> as core[df12db4294e9bfd3]::io::write::Write>::write_fmt
[INFO] [stdout]    3:     0x621db6bb1e76 - std[70759c8f55707aa4]::panicking::default_hook::{closure#0}
[INFO] [stdout]    4:     0x621db6bd0009 - std[70759c8f55707aa4]::panicking::default_hook
[INFO] [stdout]    5:     0x621db6b692e0 - test[9d35eded1c95d3be]::test_main_inner::<test[9d35eded1c95d3be]::test_main_static::{closure#0}>::{closure#0}
[INFO] [stdout]    6:     0x621db6bd01c2 - std[70759c8f55707aa4]::panicking::panic_with_hook
[INFO] [stdout]    7:     0x621db6bb1f54 - std[70759c8f55707aa4]::panicking::panic_handler::{closure#0}
[INFO] [stdout]    8:     0x621db6baa7e9 - std[70759c8f55707aa4]::sys::backtrace::__rust_end_short_backtrace::<std[70759c8f55707aa4]::panicking::panic_handler::{closure#0}, !>
[INFO] [stdout]    9:     0x621db6bb2b1d - __rustc[8fa7c3cbc660c2b3]::rust_begin_unwind
[INFO] [stdout]   10:     0x621db6bef7bc - core[df12db4294e9bfd3]::panicking::panic_fmt
[INFO] [stdout]   11:     0x621db6bef782 - core[df12db4294e9bfd3]::panicking::panic
[INFO] [stdout]   12:     0x621db6aad492 - test[8d8295298c23b161]::compiletest::contains_panic
[INFO] [stdout]   13:     0x621db6aad7af - <test[8d8295298c23b161]::no_panic::test_readme::{closure#0} as core[df12db4294e9bfd3]::ops::function::FnOnce<()>>::call_once
[INFO] [stdout]   14:     0x621db6b5c5cb - test[9d35eded1c95d3be]::__rust_begin_short_backtrace::<core[df12db4294e9bfd3]::result::Result<(), alloc[2182bb758b4b3781]::string::String>, fn() -> core[df12db4294e9bfd3]::result::Result<(), alloc[2182bb758b4b3781]::string::String>>
[INFO] [stdout]   15:     0x621db6b69c35 - test[9d35eded1c95d3be]::run_test::{closure#0}
[INFO] [stdout]   16:     0x621db6b634f4 - std[70759c8f55707aa4]::sys::backtrace::__rust_begin_short_backtrace::<test[9d35eded1c95d3be]::run_test::{closure#1}, ()>
[INFO] [stdout]   17:     0x621db6b6cd92 - <std[70759c8f55707aa4]::thread::lifecycle::spawn_unchecked<test[9d35eded1c95d3be]::run_test::{closure#1}, ()>::{closure#1} as core[df12db4294e9bfd3]::ops::function::FnOnce<()>>::call_once::{shim:vtable#0}
[INFO] [stdout]   18:     0x621db6bd7c49 - <std[70759c8f55707aa4]::sys::thread::unix::Thread>::new::thread_start
[INFO] [stdout]   19:     0x797df253bdfa - <unknown>
[INFO] [stdout]   20:     0x797df25cf3d4 - clone
[INFO] [stdout]   21:                0x0 - <unknown>
[INFO] [stdout] 
[INFO] [stdout] ---- no_panic::test_mut_argument stdout ----
[INFO] [stdout] 
[INFO] [stdout] thread 'no_panic::test_mut_argument' (1050) panicked at tests/compiletest/mod.rs:52:5:
[INFO] [stdout] assertion failed: status.success()
[INFO] [stdout] stack backtrace:
[INFO] [stdout]    0:     0x621db6bd8991 - <<std[70759c8f55707aa4]::sys::backtrace::BacktraceLock>::print::DisplayBacktrace as core[df12db4294e9bfd3]::fmt::Display>::fmt
[INFO] [stdout]    1:     0x621db6bef04a - core[df12db4294e9bfd3]::fmt::write
[INFO] [stdout]    2:     0x621db6bdd45c - <alloc[2182bb758b4b3781]::vec::Vec<u8> as core[df12db4294e9bfd3]::io::write::Write>::write_fmt
[INFO] [stdout]    3:     0x621db6bb1e76 - std[70759c8f55707aa4]::panicking::default_hook::{closure#0}
[INFO] [stdout]    4:     0x621db6bd0009 - std[70759c8f55707aa4]::panicking::default_hook
[INFO] [stdout]    5:     0x621db6b692e0 - test[9d35eded1c95d3be]::test_main_inner::<test[9d35eded1c95d3be]::test_main_static::{closure#0}>::{closure#0}
[INFO] [stdout]    6:     0x621db6bd01c2 - std[70759c8f55707aa4]::panicking::panic_with_hook
[INFO] [stdout]    7:     0x621db6bb1f54 - std[70759c8f55707aa4]::panicking::panic_handler::{closure#0}
[INFO] [stdout]    8:     0x621db6baa7e9 - std[70759c8f55707aa4]::sys::backtrace::__rust_end_short_backtrace::<std[70759c8f55707aa4]::panicking::panic_handler::{closure#0}, !>
[INFO] [stdout]    9:     0x621db6bb2b1d - __rustc[8fa7c3cbc660c2b3]::rust_begin_unwind
[INFO] [stdout]   10:     0x621db6bef7bc - core[df12db4294e9bfd3]::panicking::panic_fmt
[INFO] [stdout]   11:     0x621db6bef782 - core[df12db4294e9bfd3]::panicking::panic
[INFO] [stdout]   12:     0x621db6aad492 - test[8d8295298c23b161]::compiletest::contains_panic
[INFO] [stdout]   13:     0x621db6aad83f - <test[8d8295298c23b161]::no_panic::test_mut_argument::{closure#0} as core[df12db4294e9bfd3]::ops::function::FnOnce<()>>::call_once
[INFO] [stdout]   14:     0x621db6b5c5cb - test[9d35eded1c95d3be]::__rust_begin_short_backtrace::<core[df12db4294e9bfd3]::result::Result<(), alloc[2182bb758b4b3781]::string::String>, fn() -> core[df12db4294e9bfd3]::result::Result<(), alloc[2182bb758b4b3781]::string::String>>
[INFO] [stdout]   15:     0x621db6b69c35 - test[9d35eded1c95d3be]::run_test::{closure#0}
[INFO] [stdout]   16:     0x621db6b634f4 - std[70759c8f55707aa4]::sys::backtrace::__rust_begin_short_backtrace::<test[9d35eded1c95d3be]::run_test::{closure#1}, ()>
[INFO] [stdout]   17:     0x621db6b6cd92 - <std[70759c8f55707aa4]::thread::lifecycle::spawn_unchecked<test[9d35eded1c95d3be]::run_test::{closure#1}, ()>::{closure#1} as core[df12db4294e9bfd3]::ops::function::FnOnce<()>>::call_once::{shim:vtable#0}
[INFO] [stdout]   18:     0x621db6bd7c49 - <std[70759c8f55707aa4]::sys::thread::unix::Thread>::new::thread_start
[INFO] [stdout]   19:     0x797df253bdfa - <unknown>
[INFO] [stdout]   20:     0x797df25cf3d4 - clone
[INFO] [stdout]   21:                0x0 - <unknown>
[INFO] [stdout] 
[INFO] [stdout] ---- link_error::test_readme_bad stdout ----
[INFO] [stdout] 
[INFO] [stdout] thread 'link_error::test_readme_bad' (1041) panicked at tests/compiletest/mod.rs:52:5:
[INFO] [stdout] assertion failed: status.success()
[INFO] [stdout] stack backtrace:
[INFO] [stdout]    0:     0x621db6bd8991 - <<std[70759c8f55707aa4]::sys::backtrace::BacktraceLock>::print::DisplayBacktrace as core[df12db4294e9bfd3]::fmt::Display>::fmt
[INFO] [stdout]    1:     0x621db6bef04a - core[df12db4294e9bfd3]::fmt::write
[INFO] [stdout]    2:     0x621db6bdd45c - <alloc[2182bb758b4b3781]::vec::Vec<u8> as core[df12db4294e9bfd3]::io::write::Write>::write_fmt
[INFO] [stdout]    3:     0x621db6bb1e76 - std[70759c8f55707aa4]::panicking::default_hook::{closure#0}
[INFO] [stdout]    4:     0x621db6bd0009 - std[70759c8f55707aa4]::panicking::default_hook
[INFO] [stdout]    5:     0x621db6b692e0 - test[9d35eded1c95d3be]::test_main_inner::<test[9d35eded1c95d3be]::test_main_static::{closure#0}>::{closure#0}
[INFO] [stdout]    6:     0x621db6bd01c2 - std[70759c8f55707aa4]::panicking::panic_with_hook
[INFO] [stdout]    7:     0x621db6bb1f54 - std[70759c8f55707aa4]::panicking::panic_handler::{closure#0}
[INFO] [stdout]    8:     0x621db6baa7e9 - std[70759c8f55707aa4]::sys::backtrace::__rust_end_short_backtrace::<std[70759c8f55707aa4]::panicking::panic_handler::{closure#0}, !>
[INFO] [stdout]    9:     0x621db6bb2b1d - __rustc[8fa7c3cbc660c2b3]::rust_begin_unwind
[INFO] [stdout]   10:     0x621db6bef7bc - core[df12db4294e9bfd3]::panicking::panic_fmt
[INFO] [stdout]   11:     0x621db6bef782 - core[df12db4294e9bfd3]::panicking::panic
[INFO] [stdout]   12:     0x621db6aad492 - test[8d8295298c23b161]::compiletest::contains_panic
[INFO] [stdout]   13:     0x621db6aad71f - <test[8d8295298c23b161]::link_error::test_readme_bad::{closure#0} as core[df12db4294e9bfd3]::ops::function::FnOnce<()>>::call_once
[INFO] [stdout]   14:     0x621db6b5c5cb - test[9d35eded1c95d3be]::__rust_begin_short_backtrace::<core[df12db4294e9bfd3]::result::Result<(), alloc[2182bb758b4b3781]::string::String>, fn() -> core[df12db4294e9bfd3]::result::Result<(), alloc[2182bb758b4b3781]::string::String>>
[INFO] [stdout]   15:     0x621db6b69c35 - test[9d35eded1c95d3be]::run_test::{closure#0}
[INFO] [stdout]   16:     0x621db6b634f4 - std[70759c8f55707aa4]::sys::backtrace::__rust_begin_short_backtrace::<test[9d35eded1c95d3be]::run_test::{closure#1}, ()>
[INFO] [stdout]   17:     0x621db6b6cd92 - <std[70759c8f55707aa4]::thread::lifecycle::spawn_unchecked<test[9d35eded1c95d3be]::run_test::{closure#1}, ()>::{closure#1} as core[df12db4294e9bfd3]::ops::function::FnOnce<()>>::call_once::{shim:vtable#0}
[INFO] [stdout]   18:     0x621db6bd7c49 - <std[70759c8f55707aa4]::sys::thread::unix::Thread>::new::thread_start
[INFO] [stdout]   19:     0x797df253bdfa - <unknown>
[INFO] [stdout]   20:     0x797df25cf3d4 - clone
[INFO] [stdout]   21:                0x0 - <unknown>
[INFO] [stdout] 
[INFO] [stdout] ---- no_panic::test_deref_coercion stdout ----
[INFO] [stdout] 
[INFO] [stdout] thread 'no_panic::test_deref_coercion' (1047) panicked at tests/compiletest/mod.rs:52:5:
[INFO] [stdout] assertion failed: status.success()
[INFO] [stdout] stack backtrace:
[INFO] [stdout]    0:     0x621db6bd8991 - <<std[70759c8f55707aa4]::sys::backtrace::BacktraceLock>::print::DisplayBacktrace as core[df12db4294e9bfd3]::fmt::Display>::fmt
[INFO] [stdout]    1:     0x621db6bef04a - core[df12db4294e9bfd3]::fmt::write
[INFO] [stdout]    2:     0x621db6bdd45c - <alloc[2182bb758b4b3781]::vec::Vec<u8> as core[df12db4294e9bfd3]::io::write::Write>::write_fmt
[INFO] [stdout]    3:     0x621db6bb1e76 - std[70759c8f55707aa4]::panicking::default_hook::{closure#0}
[INFO] [stdout]    4:     0x621db6bd0009 - std[70759c8f55707aa4]::panicking::default_hook
[INFO] [stdout]    5:     0x621db6b692e0 - test[9d35eded1c95d3be]::test_main_inner::<test[9d35eded1c95d3be]::test_main_static::{closure#0}>::{closure#0}
[INFO] [stdout]    6:     0x621db6bd01c2 - std[70759c8f55707aa4]::panicking::panic_with_hook
[INFO] [stdout]    7:     0x621db6bb1f54 - std[70759c8f55707aa4]::panicking::panic_handler::{closure#0}
[INFO] [stdout]    8:     0x621db6baa7e9 - std[70759c8f55707aa4]::sys::backtrace::__rust_end_short_backtrace::<std[70759c8f55707aa4]::panicking::panic_handler::{closure#0}, !>
[INFO] [stdout]    9:     0x621db6bb2b1d - __rustc[8fa7c3cbc660c2b3]::rust_begin_unwind
[INFO] [stdout]   10:     0x621db6bef7bc - core[df12db4294e9bfd3]::panicking::panic_fmt
[INFO] [stdout]   11:     0x621db6bef782 - core[df12db4294e9bfd3]::panicking::panic
[INFO] [stdout]   12:     0x621db6aad492 - test[8d8295298c23b161]::compiletest::contains_panic
[INFO] [stdout]   13:     0x621db6aad9ef - <test[8d8295298c23b161]::no_panic::test_deref_coercion::{closure#0} as core[df12db4294e9bfd3]::ops::function::FnOnce<()>>::call_once
[INFO] [stdout]   14:     0x621db6b5c5cb - test[9d35eded1c95d3be]::__rust_begin_short_backtrace::<core[df12db4294e9bfd3]::result::Result<(), alloc[2182bb758b4b3781]::string::String>, fn() -> core[df12db4294e9bfd3]::result::Result<(), alloc[2182bb758b4b3781]::string::String>>
[INFO] [stdout]   15:     0x621db6b69c35 - test[9d35eded1c95d3be]::run_test::{closure#0}
[INFO] [stdout]   16:     0x621db6b634f4 - std[70759c8f55707aa4]::sys::backtrace::__rust_begin_short_backtrace::<test[9d35eded1c95d3be]::run_test::{closure#1}, ()>
[INFO] [stdout]   17:     0x621db6b6cd92 - <std[70759c8f55707aa4]::thread::lifecycle::spawn_unchecked<test[9d35eded1c95d3be]::run_test::{closure#1}, ()>::{closure#1} as core[df12db4294e9bfd3]::ops::function::FnOnce<()>>::call_once::{shim:vtable#0}
[INFO] [stdout]   18:     0x621db6bd7c49 - <std[70759c8f55707aa4]::sys::thread::unix::Thread>::new::thread_start
[INFO] [stdout]   19:     0x797df253bdfa - <unknown>
[INFO] [stdout]   20:     0x797df25cf3d4 - clone
[INFO] [stdout]   21:                0x0 - <unknown>
[INFO] [stdout] 
[INFO] [stdout] ---- no_panic::test_receiver_lifetime_elision stdout ----
[INFO] [stdout] 
[INFO] [stdout] thread 'no_panic::test_receiver_lifetime_elision' (1052) panicked at tests/compiletest/mod.rs:52:5:
[INFO] [stdout] assertion failed: status.success()
[INFO] [stdout] stack backtrace:
[INFO] [stdout]    0:     0x621db6bd8991 - <<std[70759c8f55707aa4]::sys::backtrace::BacktraceLock>::print::DisplayBacktrace as core[df12db4294e9bfd3]::fmt::Display>::fmt
[INFO] [stdout]    1:     0x621db6bef04a - core[df12db4294e9bfd3]::fmt::write
[INFO] [stdout]    2:     0x621db6bdd45c - <alloc[2182bb758b4b3781]::vec::Vec<u8> as core[df12db4294e9bfd3]::io::write::Write>::write_fmt
[INFO] [stdout]    3:     0x621db6bb1e76 - std[70759c8f55707aa4]::panicking::default_hook::{closure#0}
[INFO] [stdout]    4:     0x621db6bd0009 - std[70759c8f55707aa4]::panicking::default_hook
[INFO] [stdout]    5:     0x621db6b692e0 - test[9d35eded1c95d3be]::test_main_inner::<test[9d35eded1c95d3be]::test_main_static::{closure#0}>::{closure#0}
[INFO] [stdout]    6:     0x621db6bd01c2 - std[70759c8f55707aa4]::panicking::panic_with_hook
[INFO] [stdout]    7:     0x621db6bb1f54 - std[70759c8f55707aa4]::panicking::panic_handler::{closure#0}
[INFO] [stdout]    8:     0x621db6baa7e9 - std[70759c8f55707aa4]::sys::backtrace::__rust_end_short_backtrace::<std[70759c8f55707aa4]::panicking::panic_handler::{closure#0}, !>
[INFO] [stdout]    9:     0x621db6bb2b1d - __rustc[8fa7c3cbc660c2b3]::rust_begin_unwind
[INFO] [stdout]   10:     0x621db6bef7bc - core[df12db4294e9bfd3]::panicking::panic_fmt
[INFO] [stdout]   11:     0x621db6bef782 - core[df12db4294e9bfd3]::panicking::panic
[INFO] [stdout]   12:     0x621db6aad492 - test[8d8295298c23b161]::compiletest::contains_panic
[INFO] [stdout]   13:     0x621db6aadf8f - <test[8d8295298c23b161]::no_panic::test_receiver_lifetime_elision::{closure#0} as core[df12db4294e9bfd3]::ops::function::FnOnce<()>>::call_once
[INFO] [stdout]   14:     0x621db6b5c5cb - test[9d35eded1c95d3be]::__rust_begin_short_backtrace::<core[df12db4294e9bfd3]::result::Result<(), alloc[2182bb758b4b3781]::string::String>, fn() -> core[df12db4294e9bfd3]::result::Result<(), alloc[2182bb758b4b3781]::string::String>>
[INFO] [stdout]   15:     0x621db6b69c35 - test[9d35eded1c95d3be]::run_test::{closure#0}
[INFO] [stdout]   16:     0x621db6b634f4 - std[70759c8f55707aa4]::sys::backtrace::__rust_begin_short_backtrace::<test[9d35eded1c95d3be]::run_test::{closure#1}, ()>
[INFO] [stdout]   17:     0x621db6b6cd92 - <std[70759c8f55707aa4]::thread::lifecycle::spawn_unchecked<test[9d35eded1c95d3be]::run_test::{closure#1}, ()>::{closure#1} as core[df12db4294e9bfd3]::ops::function::FnOnce<()>>::call_once::{shim:vtable#0}
[INFO] [stdout]   18:     0x621db6bd7c49 - <std[70759c8f55707aa4]::sys::thread::unix::Thread>::new::thread_start
[INFO] [stdout]   19:     0x797df253bdfa - <unknown>
[INFO] [stdout]   20:     0x797df25cf3d4 - clone
[INFO] [stdout]   21:                0x0 - <unknown>
[INFO] [stdout] 
[INFO] [stdout] ---- no_panic::test_self_in_macro stdout ----
[INFO] [stdout] 
[INFO] [stdout] thread 'no_panic::test_self_in_macro' (1056) panicked at tests/compiletest/mod.rs:52:5:
[INFO] [stdout] assertion failed: status.success()
[INFO] [stdout] stack backtrace:
[INFO] [stdout]    0:     0x621db6bd8991 - <<std[70759c8f55707aa4]::sys::backtrace::BacktraceLock>::print::DisplayBacktrace as core[df12db4294e9bfd3]::fmt::Display>::fmt
[INFO] [stdout]    1:     0x621db6bef04a - core[df12db4294e9bfd3]::fmt::write
[INFO] [stdout]    2:     0x621db6bdd45c - <alloc[2182bb758b4b3781]::vec::Vec<u8> as core[df12db4294e9bfd3]::io::write::Write>::write_fmt
[INFO] [stdout]    3:     0x621db6bb1e76 - std[70759c8f55707aa4]::panicking::default_hook::{closure#0}
[INFO] [stdout]    4:     0x621db6bd0009 - std[70759c8f55707aa4]::panicking::default_hook
[INFO] [stdout]    5:     0x621db6b692e0 - test[9d35eded1c95d3be]::test_main_inner::<test[9d35eded1c95d3be]::test_main_static::{closure#0}>::{closure#0}
[INFO] [stdout]    6:     0x621db6bd01c2 - std[70759c8f55707aa4]::panicking::panic_with_hook
[INFO] [stdout]    7:     0x621db6bb1f54 - std[70759c8f55707aa4]::panicking::panic_handler::{closure#0}
[INFO] [stdout]    8:     0x621db6baa7e9 - std[70759c8f55707aa4]::sys::backtrace::__rust_end_short_backtrace::<std[70759c8f55707aa4]::panicking::panic_handler::{closure#0}, !>
[INFO] [stdout]    9:     0x621db6bb2b1d - __rustc[8fa7c3cbc660c2b3]::rust_begin_unwind
[INFO] [stdout]   10:     0x621db6bef7bc - core[df12db4294e9bfd3]::panicking::panic_fmt
[INFO] [stdout]   11:     0x621db6bef782 - core[df12db4294e9bfd3]::panicking::panic
[INFO] [stdout]   12:     0x621db6aad492 - test[8d8295298c23b161]::compiletest::contains_panic
[INFO] [stdout]   13:     0x621db6aad95f - <test[8d8295298c23b161]::no_panic::test_self_in_macro::{closure#0} as core[df12db4294e9bfd3]::ops::function::FnOnce<()>>::call_once
[INFO] [stdout]   14:     0x621db6b5c5cb - test[9d35eded1c95d3be]::__rust_begin_short_backtrace::<core[df12db4294e9bfd3]::result::Result<(), alloc[2182bb758b4b3781]::string::String>, fn() -> core[df12db4294e9bfd3]::result::Result<(), alloc[2182bb758b4b3781]::string::String>>
[INFO] [stdout]   15:     0x621db6b69c35 - test[9d35eded1c95d3be]::run_test::{closure#0}
[INFO] [stdout]   16:     0x621db6b634f4 - std[70759c8f55707aa4]::sys::backtrace::__rust_begin_short_backtrace::<test[9d35eded1c95d3be]::run_test::{closure#1}, ()>
[INFO] [stdout]   17:     0x621db6b6cd92 - <std[70759c8f55707aa4]::thread::lifecycle::spawn_unchecked<test[9d35eded1c95d3be]::run_test::{closure#1}, ()>::{closure#1} as core[df12db4294e9bfd3]::ops::function::FnOnce<()>>::call_once::{shim:vtable#0}
[INFO] [stdout]   18:     0x621db6bd7c49 - <std[70759c8f55707aa4]::sys::thread::unix::Thread>::new::thread_start
[INFO] [stdout]   19:     0x797df253bdfa - <unknown>
[INFO] [stdout]   20:     0x797df25cf3d4 - clone
[INFO] [stdout]   21:                0x0 - <unknown>
[INFO] [stdout] 
[INFO] [stdout] ---- no_panic::test_borrow_from_mut_self stdout ----
[INFO] [stdout] 
[INFO] [stdout] thread 'no_panic::test_borrow_from_mut_self' (1043) panicked at tests/compiletest/mod.rs:52:5:
[INFO] [stdout] assertion failed: status.success()
[INFO] [stdout] stack backtrace:
[INFO] [stdout]    0:     0x621db6bd8991 - <<std[70759c8f55707aa4]::sys::backtrace::BacktraceLock>::print::DisplayBacktrace as core[df12db4294e9bfd3]::fmt::Display>::fmt
[INFO] [stdout]    1:     0x621db6bef04a - core[df12db4294e9bfd3]::fmt::write
[INFO] [stdout]    2:     0x621db6bdd45c - <alloc[2182bb758b4b3781]::vec::Vec<u8> as core[df12db4294e9bfd3]::io::write::Write>::write_fmt
[INFO] [stdout]    3:     0x621db6bb1e76 - std[70759c8f55707aa4]::panicking::default_hook::{closure#0}
[INFO] [stdout]    4:     0x621db6bd0009 - std[70759c8f55707aa4]::panicking::default_hook
[INFO] [stdout]    5:     0x621db6b692e0 - test[9d35eded1c95d3be]::test_main_inner::<test[9d35eded1c95d3be]::test_main_static::{closure#0}>::{closure#0}
[INFO] [stdout]    6:     0x621db6bd01c2 - std[70759c8f55707aa4]::panicking::panic_with_hook
[INFO] [stdout]    7:     0x621db6bb1f54 - std[70759c8f55707aa4]::panicking::panic_handler::{closure#0}
[INFO] [stdout]    8:     0x621db6baa7e9 - std[70759c8f55707aa4]::sys::backtrace::__rust_end_short_backtrace::<std[70759c8f55707aa4]::panicking::panic_handler::{closure#0}, !>
[INFO] [stdout]    9:     0x621db6bb2b1d - __rustc[8fa7c3cbc660c2b3]::rust_begin_unwind
[INFO] [stdout]   10:     0x621db6bef7bc - core[df12db4294e9bfd3]::panicking::panic_fmt
[INFO] [stdout]   11:     0x621db6bef782 - core[df12db4294e9bfd3]::panicking::panic
[INFO] [stdout]   12:     0x621db6aad492 - test[8d8295298c23b161]::compiletest::contains_panic
[INFO] [stdout]   13:     0x621db6aade6f - <test[8d8295298c23b161]::no_panic::test_borrow_from_mut_self::{closure#0} as core[df12db4294e9bfd3]::ops::function::FnOnce<()>>::call_once
[INFO] [stdout]   14:     0x621db6b5c5cb - test[9d35eded1c95d3be]::__rust_begin_short_backtrace::<core[df12db4294e9bfd3]::result::Result<(), alloc[2182bb758b4b3781]::string::String>, fn() -> core[df12db4294e9bfd3]::result::Result<(), alloc[2182bb758b4b3781]::string::String>>
[INFO] [stdout]   15:     0x621db6b69c35 - test[9d35eded1c95d3be]::run_test::{closure#0}
[INFO] [stdout]   16:     0x621db6b634f4 - std[70759c8f55707aa4]::sys::backtrace::__rust_begin_short_backtrace::<test[9d35eded1c95d3be]::run_test::{closure#1}, ()>
[INFO] [stdout]   17:     0x621db6b6cd92 - <std[70759c8f55707aa4]::thread::lifecycle::spawn_unchecked<test[9d35eded1c95d3be]::run_test::{closure#1}, ()>::{closure#1} as core[df12db4294e9bfd3]::ops::function::FnOnce<()>>::call_once::{shim:vtable#0}
[INFO] [stdout]   18:     0x621db6bd7c49 - <std[70759c8f55707aa4]::sys::thread::unix::Thread>::new::thread_start
[INFO] [stdout]   19:     0x797df253bdfa - <unknown>
[INFO] [stdout]   20:     0x797df25cf3d4 - clone
[INFO] [stdout]   21:                0x0 - <unknown>
[INFO] [stdout] 
[INFO] [stdout] ---- no_panic::test_self_with_std_pin stdout ----
[INFO] [stdout] 
[INFO] [stdout] thread 'no_panic::test_self_with_std_pin' (1373) panicked at tests/compiletest/mod.rs:52:5:
[INFO] [stdout] assertion failed: status.success()
[INFO] [stdout] stack backtrace:
[INFO] [stdout]    0:     0x621db6bd8991 - <<std[70759c8f55707aa4]::sys::backtrace::BacktraceLock>::print::DisplayBacktrace as core[df12db4294e9bfd3]::fmt::Display>::fmt
[INFO] [stdout]    1:     0x621db6bef04a - core[df12db4294e9bfd3]::fmt::write
[INFO] [stdout]    2:     0x621db6bdd45c - <alloc[2182bb758b4b3781]::vec::Vec<u8> as core[df12db4294e9bfd3]::io::write::Write>::write_fmt
[INFO] [stdout]    3:     0x621db6bb1e76 - std[70759c8f55707aa4]::panicking::default_hook::{closure#0}
[INFO] [stdout]    4:     0x621db6bd0009 - std[70759c8f55707aa4]::panicking::default_hook
[INFO] [stdout]    5:     0x621db6b692e0 - test[9d35eded1c95d3be]::test_main_inner::<test[9d35eded1c95d3be]::test_main_static::{closure#0}>::{closure#0}
[INFO] [stdout]    6:     0x621db6bd01c2 - std[70759c8f55707aa4]::panicking::panic_with_hook
[INFO] [stdout]    7:     0x621db6bb1f54 - std[70759c8f55707aa4]::panicking::panic_handler::{closure#0}
[INFO] [stdout]    8:     0x621db6baa7e9 - std[70759c8f55707aa4]::sys::backtrace::__rust_end_short_backtrace::<std[70759c8f55707aa4]::panicking::panic_handler::{closure#0}, !>
[INFO] [stdout]    9:     0x621db6bb2b1d - __rustc[8fa7c3cbc660c2b3]::rust_begin_unwind
[INFO] [stdout]   10:     0x621db6bef7bc - core[df12db4294e9bfd3]::panicking::panic_fmt
[INFO] [stdout]   11:     0x621db6bef782 - core[df12db4294e9bfd3]::panicking::panic
[INFO] [stdout]   12:     0x621db6aad492 - test[8d8295298c23b161]::compiletest::contains_panic
[INFO] [stdout]   13:     0x621db6aadcbf - <test[8d8295298c23b161]::no_panic::test_self_with_std_pin::{closure#0} as core[df12db4294e9bfd3]::ops::function::FnOnce<()>>::call_once
[INFO] [stdout]   14:     0x621db6b5c5cb - test[9d35eded1c95d3be]::__rust_begin_short_backtrace::<core[df12db4294e9bfd3]::result::Result<(), alloc[2182bb758b4b3781]::string::String>, fn() -> core[df12db4294e9bfd3]::result::Result<(), alloc[2182bb758b4b3781]::string::String>>
[INFO] [stdout]   15:     0x621db6b69c35 - test[9d35eded1c95d3be]::run_test::{closure#0}
[INFO] [stdout]   16:     0x621db6b634f4 - std[70759c8f55707aa4]::sys::backtrace::__rust_begin_short_backtrace::<test[9d35eded1c95d3be]::run_test::{closure#1}, ()>
[INFO] [stdout]   17:     0x621db6b6cd92 - <std[70759c8f55707aa4]::thread::lifecycle::spawn_unchecked<test[9d35eded1c95d3be]::run_test::{closure#1}, ()>::{closure#1} as core[df12db4294e9bfd3]::ops::function::FnOnce<()>>::call_once::{shim:vtable#0}
[INFO] [stdout]   18:     0x621db6bd7c49 - <std[70759c8f55707aa4]::sys::thread::unix::Thread>::new::thread_start
[INFO] [stdout]   19:     0x797df253bdfa - <unknown>
[INFO] [stdout]   20:     0x797df25cf3d4 - clone
[INFO] [stdout]   21:                0x0 - <unknown>
[INFO] [stdout] 
[INFO] [stdout] ---- no_panic::test_ref_argument stdout ----
[INFO] [stdout] 
[INFO] [stdout] thread 'no_panic::test_ref_argument' (1053) panicked at tests/compiletest/mod.rs:52:5:
[INFO] [stdout] assertion failed: status.success()
[INFO] [stdout] stack backtrace:
[INFO] [stdout]    0:     0x621db6bd8991 - <<std[70759c8f55707aa4]::sys::backtrace::BacktraceLock>::print::DisplayBacktrace as core[df12db4294e9bfd3]::fmt::Display>::fmt
[INFO] [stdout]    1:     0x621db6bef04a - core[df12db4294e9bfd3]::fmt::write
[INFO] [stdout]    2:     0x621db6bdd45c - <alloc[2182bb758b4b3781]::vec::Vec<u8> as core[df12db4294e9bfd3]::io::write::Write>::write_fmt
[INFO] [stdout]    3:     0x621db6bb1e76 - std[70759c8f55707aa4]::panicking::default_hook::{closure#0}
[INFO] [stdout]    4:     0x621db6bd0009 - std[70759c8f55707aa4]::panicking::default_hook
[INFO] [stdout]    5:     0x621db6b692e0 - test[9d35eded1c95d3be]::test_main_inner::<test[9d35eded1c95d3be]::test_main_static::{closure#0}>::{closure#0}
[INFO] [stdout]    6:     0x621db6bd01c2 - std[70759c8f55707aa4]::panicking::panic_with_hook
[INFO] [stdout]    7:     0x621db6bb1f54 - std[70759c8f55707aa4]::panicking::panic_handler::{closure#0}
[INFO] [stdout]    8:     0x621db6baa7e9 - std[70759c8f55707aa4]::sys::backtrace::__rust_end_short_backtrace::<std[70759c8f55707aa4]::panicking::panic_handler::{closure#0}, !>
[INFO] [stdout]    9:     0x621db6bb2b1d - __rustc[8fa7c3cbc660c2b3]::rust_begin_unwind
[INFO] [stdout]   10:     0x621db6bef7bc - core[df12db4294e9bfd3]::panicking::panic_fmt
[INFO] [stdout]   11:     0x621db6bef782 - core[df12db4294e9bfd3]::panicking::panic
[INFO] [stdout]   12:     0x621db6aad492 - test[8d8295298c23b161]::compiletest::contains_panic
[INFO] [stdout]   13:     0x621db6aad8cf - <test[8d8295298c23b161]::no_panic::test_ref_argument::{closure#0} as core[df12db4294e9bfd3]::ops::function::FnOnce<()>>::call_once
[INFO] [stdout]   14:     0x621db6b5c5cb - test[9d35eded1c95d3be]::__rust_begin_short_backtrace::<core[df12db4294e9bfd3]::result::Result<(), alloc[2182bb758b4b3781]::string::String>, fn() -> core[df12db4294e9bfd3]::result::Result<(), alloc[2182bb758b4b3781]::string::String>>
[INFO] [stdout]   15:     0x621db6b69c35 - test[9d35eded1c95d3be]::run_test::{closure#0}
[INFO] [stdout]   16:     0x621db6b634f4 - std[70759c8f55707aa4]::sys::backtrace::__rust_begin_short_backtrace::<test[9d35eded1c95d3be]::run_test::{closure#1}, ()>
[INFO] [stdout]   17:     0x621db6b6cd92 - <std[70759c8f55707aa4]::thread::lifecycle::spawn_unchecked<test[9d35eded1c95d3be]::run_test::{closure#1}, ()>::{closure#1} as core[df12db4294e9bfd3]::ops::function::FnOnce<()>>::call_once::{shim:vtable#0}
[INFO] [stdout]   18:     0x621db6bd7c49 - <std[70759c8f55707aa4]::sys::thread::unix::Thread>::new::thread_start
[INFO] [stdout]   19:     0x797df253bdfa - <unknown>
[INFO] [stdout]   20:     0x797df25cf3d4 - clone
[INFO] [stdout]   21:                0x0 - <unknown>
[INFO] [stdout] 
[INFO] [stdout] 
[INFO] [stdout] failures:
[INFO] [stdout]     link_error::test_readme_bad
[INFO] [stdout]     no_panic::test_argument_attribute
[INFO] [stdout]     no_panic::test_borrow_from_mut_self
[INFO] [stdout]     no_panic::test_conditional_return
[INFO] [stdout]     no_panic::test_conditional_return_macro
[INFO] [stdout]     no_panic::test_deref_coercion
[INFO] [stdout]     no_panic::test_lifetime_elision
[INFO] [stdout]     no_panic::test_method_in_impl
[INFO] [stdout]     no_panic::test_mut_argument
[INFO] [stdout]     no_panic::test_readme
[INFO] [stdout]     no_panic::test_receiver_lifetime_elision
[INFO] [stdout]     no_panic::test_ref_argument
[INFO] [stdout]     no_panic::test_ref_mut_argument
[INFO] [stdout]     no_panic::test_return_impl_trait
[INFO] [stdout]     no_panic::test_self_in_macro
[INFO] [stdout]     no_panic::test_self_in_macro_containing_fn
[INFO] [stdout]     no_panic::test_self_with_std_pin
[INFO] [stdout] 
[INFO] [stdout] test result: FAILED. 0 passed; 17 failed; 1 ignored; 0 measured; 0 filtered out; finished in 6.27s
[INFO] [stdout] 
[INFO] running `Command { std: "docker" "inspect" "391a25f4189f140fc520a8db3bd5688f574a248cd8bacbaaf07bf80982e5bfa6", kill_on_drop: false }`
[INFO] running `Command { std: "docker" "rm" "-f" "391a25f4189f140fc520a8db3bd5688f574a248cd8bacbaaf07bf80982e5bfa6", kill_on_drop: false }`
[INFO] [stdout] 391a25f4189f140fc520a8db3bd5688f574a248cd8bacbaaf07bf80982e5bfa6
