[INFO] fetching crate no-claude-trailer 1.0.0...
[INFO] testing no-claude-trailer-1.0.0 against 1.99.0-beta.8+cargoflags=--release for beta-release-1.100-2
[INFO] extracting crate no-claude-trailer 1.0.0 into /workspace/builds/worker-6-tc1/source
[INFO] started tweaking crates.io crate no-claude-trailer 1.0.0
[INFO] removed 0 missing tests
[INFO] finished tweaking crates.io crate no-claude-trailer 1.0.0
[INFO] tweaked toml for crates.io crate no-claude-trailer 1.0.0 written to /workspace/builds/worker-6-tc1/source/Cargo.toml
[INFO] validating manifest of crates.io crate no-claude-trailer 1.0.0 on toolchain 1.99.0-beta.8
[INFO] running `Command { std: CARGO_HOME="/workspace/cargo-home" RUSTUP_HOME="/workspace/rustup-home" "/workspace/cargo-home/bin/cargo" "+1.99.0-beta.8" "metadata" "--manifest-path" "Cargo.toml" "--no-deps", kill_on_drop: false }`
[INFO] crate crates.io crate no-claude-trailer 1.0.0 already has a lockfile, it will not be regenerated
[INFO] running `Command { std: CARGO_HOME="/workspace/cargo-home" RUSTUP_HOME="/workspace/rustup-home" "/workspace/cargo-home/bin/cargo" "+1.99.0-beta.8" "fetch" "--manifest-path" "Cargo.toml", kill_on_drop: false }`
[INFO] running `Command { std: "docker" "create" "-v" "/var/lib/crater-agent-workspace/builds/worker-6-tc1/source:/opt/rustwide/workdir:ro,Z" "-v" "/var/lib/crater-agent-workspace/builds/worker-6-tc1/target:/opt/rustwide/target:rw,Z" "-v" "/var/lib/crater-agent-workspace/cargo-home:/opt/rustwide/cargo-home:ro,Z" "-v" "/var/lib/crater-agent-workspace/rustup-home:/opt/rustwide/rustup-home:ro,Z" "-m" "1610612736" "--network" "none" "ghcr.io/rust-lang/crates-build-env/linux@sha256:77db811e55d90add9212f6832c23229e3de5f1c1f9905e8cb07319ea15df73ac" "sleep" "infinity", kill_on_drop: false }`
[INFO] [stdout] b0dd5b2a89697203b2fb4298081fcb223cb24d0662060b2874cbe7c9b280d2a8
[INFO] running `Command { std: "docker" "start" "b0dd5b2a89697203b2fb4298081fcb223cb24d0662060b2874cbe7c9b280d2a8", kill_on_drop: false }`
[INFO] running `Command { std: "docker" "inspect" "b0dd5b2a89697203b2fb4298081fcb223cb24d0662060b2874cbe7c9b280d2a8", kill_on_drop: false }`
[INFO] running `Command { std: "docker" "exec" "-e" "SOURCE_DIR=/opt/rustwide/workdir" "-e" "CARGO_HOME=/opt/rustwide/cargo-home" "-e" "RUSTUP_HOME=/opt/rustwide/rustup-home" "-e" "CARGO_TARGET_DIR=/opt/rustwide/target" "-w" "/opt/rustwide/workdir" "--user" "0:0" "b0dd5b2a89697203b2fb4298081fcb223cb24d0662060b2874cbe7c9b280d2a8" "/opt/rustwide/cargo-home/bin/cargo" "+1.99.0-beta.8" "metadata" "--no-deps" "--format-version=1", kill_on_drop: false }`
[INFO] running `Command { std: "docker" "inspect" "b0dd5b2a89697203b2fb4298081fcb223cb24d0662060b2874cbe7c9b280d2a8", kill_on_drop: false }`
[INFO] running `Command { std: "docker" "exec" "-e" "SOURCE_DIR=/opt/rustwide/workdir" "-e" "CARGO_HOME=/opt/rustwide/cargo-home" "-e" "RUSTUP_HOME=/opt/rustwide/rustup-home" "-e" "CARGO_TARGET_DIR=/opt/rustwide/target" "-e" "CARGO_INCREMENTAL=0" "-e" "RUST_BACKTRACE=full" "-e" "RUSTFLAGS=--cap-lints=warn" "-e" "RUSTDOCFLAGS=--cap-lints=warn" "-w" "/opt/rustwide/workdir" "--user" "0:0" "b0dd5b2a89697203b2fb4298081fcb223cb24d0662060b2874cbe7c9b280d2a8" "/opt/rustwide/cargo-home/bin/cargo" "+1.99.0-beta.8" "build" "--frozen" "--message-format=json" "--release", kill_on_drop: false }`
[INFO] [stderr]    Compiling no-claude-trailer v1.0.0 (/opt/rustwide/workdir)
[INFO] [stderr]     Finished `release` profile [optimized] target(s) in 8.98s
[INFO] running `Command { std: "docker" "inspect" "b0dd5b2a89697203b2fb4298081fcb223cb24d0662060b2874cbe7c9b280d2a8", kill_on_drop: false }`
[INFO] running `Command { std: "docker" "exec" "-e" "SOURCE_DIR=/opt/rustwide/workdir" "-e" "CARGO_HOME=/opt/rustwide/cargo-home" "-e" "RUSTUP_HOME=/opt/rustwide/rustup-home" "-e" "CARGO_TARGET_DIR=/opt/rustwide/target" "-e" "CARGO_INCREMENTAL=0" "-e" "RUST_BACKTRACE=full" "-e" "RUSTFLAGS=--cap-lints=warn" "-e" "RUSTDOCFLAGS=--cap-lints=warn" "-w" "/opt/rustwide/workdir" "--user" "0:0" "b0dd5b2a89697203b2fb4298081fcb223cb24d0662060b2874cbe7c9b280d2a8" "/opt/rustwide/cargo-home/bin/cargo" "+1.99.0-beta.8" "test" "--frozen" "--no-run" "--message-format=json" "--release", kill_on_drop: false }`
[INFO] [stderr]    Compiling no-claude-trailer v1.0.0 (/opt/rustwide/workdir)
[INFO] [stderr]     Finished `release` profile [optimized] target(s) in 33.86s
[INFO] running `Command { std: "docker" "inspect" "b0dd5b2a89697203b2fb4298081fcb223cb24d0662060b2874cbe7c9b280d2a8", kill_on_drop: false }`
[INFO] running `Command { std: "docker" "exec" "-e" "SOURCE_DIR=/opt/rustwide/workdir" "-e" "CARGO_HOME=/opt/rustwide/cargo-home" "-e" "RUSTUP_HOME=/opt/rustwide/rustup-home" "-e" "CARGO_TARGET_DIR=/opt/rustwide/target" "-e" "CARGO_INCREMENTAL=0" "-e" "RUST_BACKTRACE=full" "-e" "RUSTFLAGS=--cap-lints=warn" "-e" "RUSTDOCFLAGS=--cap-lints=warn" "-w" "/opt/rustwide/workdir" "--user" "0:0" "b0dd5b2a89697203b2fb4298081fcb223cb24d0662060b2874cbe7c9b280d2a8" "/opt/rustwide/cargo-home/bin/cargo" "+1.99.0-beta.8" "test" "--frozen" "--release", kill_on_drop: false }`
[INFO] [stderr]     Finished `release` profile [optimized] target(s) in 0.02s
[INFO] [stderr]      Running unittests src/lib.rs (/opt/rustwide/target/release/deps/no_claude_trailer-7757a27ade548c38)
[INFO] [stdout] 
[INFO] [stdout] running 99 tests
[INFO] [stdout] test clock::tests::today_is_plausible ... ok
[INFO] [stdout] test commit::tests::ident_rejects_a_line_without_an_email ... ok
[INFO] [stdout] test commit::tests::parses_a_commit_with_an_empty_message ... ok
[INFO] [stdout] test clock::tests::handles_dates_past_the_32_bit_cliff ... ok
[INFO] [stdout] test clock::tests::formats_a_date_with_a_time ... ok
[INFO] [stdout] test clock::tests::handles_the_day_after_a_leap_day ... ok
[INFO] [stdout] test commit::tests::rejects_a_malformed_author_line ... ok
[INFO] [stdout] test commit::tests::ident_parses_a_name_containing_spaces ... ok
[INFO] [stdout] test commit::tests::parses_a_root_commit_with_no_parents ... ok
[INFO] [stdout] test commit::tests::keeps_header_lookalikes_in_the_message ... ok
[INFO] [stdout] test hooks::tests::a_backup_sits_beside_the_hook ... ok
[INFO] [stdout] test commit::tests::ident_rejects_a_line_without_a_date ... ok
[INFO] [stdout] test hooks::tests::the_script_identifies_itself ... ok
[INFO] [stdout] test commit::tests::detects_a_signature_without_leaking_it_into_the_message ... ok
[INFO] [stdout] test hooks::tests::someone_elses_script_is_not_ours ... ok
[INFO] [stdout] test commit::tests::parses_every_parent_of_a_merge ... ok
[INFO] [stdout] test clock::tests::formats_the_epoch ... ok
[INFO] [stdout] test commit::tests::ident_parses_an_empty_name ... ok
[INFO] [stdout] test commit::tests::parses_the_encoding_header ... ok
[INFO] [stdout] test commit::tests::rejects_an_object_with_no_committer ... ok
[INFO] [stdout] test hooks::tests::a_tilde_in_config_is_expanded ... ok
[INFO] [stdout] test commit::tests::rejects_an_object_with_no_tree ... ok
[INFO] [stdout] test commit::tests::parses_the_header_block ... ok
[INFO] [stdout] test commit::tests::parses_the_message_after_the_blank_line ... ok
[INFO] [stdout] test commit::tests::detects_an_sha256_signature ... ok
[INFO] [stdout] test message::tests::collapses_only_the_gap_left_behind ... ok
[INFO] [stdout] test message::tests::handles_an_empty_message ... ok
[INFO] [stdout] test message::tests::ignores_comment_lines_in_a_message_file ... ok
[INFO] [stdout] test message::tests::ignores_everything_after_the_scissors_line ... ok
[INFO] [stdout] test message::tests::strips_hash_prefixed_lines_in_a_commit_object ... ok
[INFO] [stdout] test message::tests::removes_a_coauthor_trailer ... ok
[INFO] [stdout] test profiles::tests::an_empty_agent_list_matches_nothing ... ok
[INFO] [stdout] test clock::tests::handles_a_leap_day ... ok
[INFO] [stdout] test clock::tests::handles_a_century_that_is_not_a_leap_year ... ok
[INFO] [stdout] test message::tests::keeps_a_message_with_no_attribution_byte_for_byte ... ok
[INFO] [stdout] test message::tests::keeps_human_trailers_beside_removed_ones ... ok
[INFO] [stdout] test message::tests::preserves_a_missing_trailing_newline ... ok
[INFO] [stdout] test message::tests::refuses_an_attribution_only_message ... ok
[INFO] [stdout] test profiles::tests::built_in_names_are_unique ... ok
[INFO] [stdout] test profiles::tests::built_in_needles_are_lowercase ... ok
[INFO] [stdout] test message::tests::honours_a_custom_comment_prefix ... ok
[INFO] [stdout] test profiles::tests::coauthor_keys_do_not_match_prose_needles ... ok
[INFO] [stdout] test message::tests::leaves_blank_runs_it_did_not_create ... ok
[INFO] [stdout] test message::tests::removes_the_full_claude_code_footer ... ok
[INFO] [stdout] test message::tests::never_removes_the_subject_line ... ok
[INFO] [stdout] test message::tests::preserves_crlf_line_endings ... ok
[INFO] [stdout] test message::tests::refuses_a_message_whose_body_was_all_attribution_and_subject_blank ... ok
[INFO] [stdout] test message::tests::reports_hits_in_order_with_their_agent ... ok
[INFO] [stdout] test profiles::tests::a_hit_carries_the_line_it_matched ... ok
[INFO] [stdout] test profiles::tests::bot_catch_all_spares_humans_with_bot_in_their_name ... ok
[INFO] [stdout] test profiles::tests::resolves_agent_names_case_insensitively ... ok
[INFO] [stdout] test profiles::tests::matches_the_generated_with_line ... ok
[INFO] [stdout] test profiles::tests::user_needles_are_ignored_when_blank ... ok
[INFO] [stdout] test profiles::tests::user_trailer_keys_extend_the_table ... ok
[INFO] [stdout] test report::tests::a_rewritten_table_admits_when_a_commit_was_not_rebuilt ... ok
[INFO] [stdout] test report::tests::a_rewritten_table_names_both_ids ... ok
[INFO] [stdout] test report::tests::keeps_a_short_subject_whole ... ok
[INFO] [stdout] test report::tests::lists_each_label_once ... ok
[INFO] [stdout] test report::tests::shortens_a_long_subject ... ok
[INFO] [stdout] test profiles::tests::matches_an_agent_once_enabled ... ok
[INFO] [stdout] test scan::tests::contains_ignore_case_handles_multibyte_text ... ok
[INFO] [stdout] test scan::tests::contains_ignore_case_rejects_absent_needle ... ok
[INFO] [stdout] test profiles::tests::rejects_an_unknown_agent_name ... ok
[INFO] [stdout] test profiles::tests::user_needles_extend_the_table ... ok
[INFO] [stdout] test scan::tests::contains_ignore_case_matches_at_each_position ... ok
[INFO] [stdout] test scan::tests::split_trailer_rejects_a_line_without_a_colon ... ok
[INFO] [stdout] test scan::tests::contains_ignore_case_rejects_needle_longer_than_haystack ... ok
[INFO] [stdout] test scan::tests::split_trailer_rejects_an_empty_key ... ok
[INFO] [stdout] test scan::tests::split_trailer_splits_key_and_value ... ok
[INFO] [stdout] test wizard::tests::a_selects_every_agent ... ok
[INFO] [stdout] test scan::tests::contains_ignore_case_never_matches_empty_needle ... ok
[INFO] [stdout] test scan::tests::contains_ignore_case_matches_regardless_of_case ... ok
[INFO] [stdout] test wizard::tests::accepting_every_default_installs_into_this_repository ... ok
[INFO] [stdout] test wizard::tests::an_impossible_scope_is_asked_again ... ok
[INFO] [stdout] test wizard::tests::an_out_of_range_agent_is_asked_again ... ok
[INFO] [stdout] test wizard::tests::choosing_two_installs_machine_wide ... ok
[INFO] [stdout] test scan::tests::split_trailer_accepts_an_empty_value ... ok
[INFO] [stdout] test profiles::tests::ignores_agents_that_are_not_enabled ... ok
[INFO] [stdout] test wizard::tests::a_clean_repository_is_not_offered_a_rewrite ... ok
[INFO] [stdout] test profiles::tests::default_agents_are_claude_only ... ok
[INFO] [stdout] test profiles::tests::leaves_signed_off_by_alone ... ok
[INFO] [stdout] test wizard::tests::declining_the_final_confirmation_stops ... ok
[INFO] [stdout] test profiles::tests::leaves_a_human_coauthor_alone ... ok
[INFO] [stdout] test scan::tests::split_trailer_trims_surrounding_whitespace ... ok
[INFO] [stdout] test wizard::tests::every_agent_is_listed_with_its_description ... ok
[INFO] [stdout] test profiles::tests::matches_a_bare_session_url_line ... ok
[INFO] [stdout] test profiles::tests::matches_a_claude_coauthor_trailer ... ok
[INFO] [stdout] test profiles::tests::matches_a_claude_session_trailer_by_key ... ok
[INFO] [stdout] test wizard::tests::q_stops_without_answers ... ok
[INFO] [stdout] test wizard::tests::the_exact_changes_are_shown_before_confirming ... ok
[INFO] [stdout] test scan::tests::contains_ignore_case_tolerates_mixed_case_needles ... ok
[INFO] [stdout] test profiles::tests::leaves_ordinary_prose_alone ... ok
[INFO] [stdout] test scan::tests::split_trailer_rejects_a_key_containing_spaces ... ok
[INFO] [stdout] test wizard::tests::end_of_input_stops_without_answers ... ok
[INFO] [stdout] test wizard::tests::numbers_select_specific_agents ... ok
[INFO] [stdout] test wizard::tests::the_state_is_shown_before_any_question ... ok
[INFO] [stdout] test wizard::tests::choosing_three_installs_no_hook ... ok
[INFO] [stdout] test wizard::tests::repeated_numbers_are_collapsed ... ok
[INFO] [stderr]      Running unittests src/main.rs (/opt/rustwide/target/release/deps/git_no_claude_trailer-b45eb36a76b6ba70)
[INFO] [stdout] test wizard::tests::nonsense_for_a_yes_no_question_is_asked_again ... ok
[INFO] [stdout] 
[INFO] [stdout] test result: ok. 99 passed; 0 failed; 0 ignored; 0 measured; 0 filtered out; finished in 0.01s
[INFO] [stdout] 
[INFO] [stdout] 
[INFO] [stdout] running 0 tests
[INFO] [stdout] 
[INFO] [stdout] test result: ok. 0 passed; 0 failed; 0 ignored; 0 measured; 0 filtered out; finished in 0.00s
[INFO] [stdout] 
[INFO] [stderr]      Running tests/check.rs (/opt/rustwide/target/release/deps/check-bdac77b6c7ca6dde)
[INFO] [stdout] 
[INFO] [stdout] running 10 tests
[INFO] [stdout] test accepts_an_explicit_range ... FAILED
[INFO] [stdout] test succeeds_when_nothing_is_attributed ... FAILED
[INFO] [stdout] test refuses_outside_a_repository ... FAILED
[INFO] [stdout] test rejects_an_unresolvable_range ... FAILED
[INFO] [stdout] test only_looks_at_unpushed_commits_by_default ... FAILED
[INFO] [stdout] test checks_whole_history_with_all ... FAILED
[INFO] [stdout] test exits_one_and_lists_offending_commits ... FAILED
[INFO] [stdout] test accepts_a_two_dot_range ... FAILED
[INFO] [stdout] test explains_itself_when_there_is_no_upstream ... FAILED
[INFO] [stdout] test rejects_all_and_range_together ... FAILED
[INFO] [stdout] 
[INFO] [stdout] failures:
[INFO] [stdout] 
[INFO] [stdout] ---- accepts_an_explicit_range stdout ----
[INFO] [stdout] 
[INFO] [stdout] thread 'accepts_an_explicit_range' (458) panicked at tests/support/mod.rs:41:40:
[INFO] [stdout] create repo dir: Os { code: 30, kind: ReadOnlyFilesystem, message: "Read-only file system" }
[INFO] [stdout] stack backtrace:
[INFO] [stdout]    0:     0x635b541aaf77 - <unknown>
[INFO] [stdout]    1:     0x635b5419394a - <unknown>
[INFO] [stdout]    2:     0x635b541aa52b - <unknown>
[INFO] [stdout]    3:     0x635b541aa00f - <unknown>
[INFO] [stdout]    4:     0x635b541a9c3a - <unknown>
[INFO] [stdout]    5:     0x635b541a9772 - <unknown>
[INFO] [stdout]    6:     0x635b541d0be1 - <unknown>
[INFO] [stdout]    7:     0x635b541d0b99 - <unknown>
[INFO] [stdout]    8:     0x635b541d10ac - <unknown>
[INFO] [stdout]    9:     0x635b541937db - <unknown>
[INFO] [stdout]   10:     0x635b541969e1 - <unknown>
[INFO] [stdout]   11:     0x635b5418edde - <unknown>
[INFO] [stdout]   12:     0x635b54190f89 - <unknown>
[INFO] [stdout]   13:     0x635b541eaf2b - <unknown>
[INFO] [stdout]   14:     0x635b541e70a1 - <unknown>
[INFO] [stdout]   15:     0x635b541e688c - <unknown>
[INFO] [stdout]   16:     0x635b5420317c - <unknown>
[INFO] [stdout]   17:     0x635b541d2502 - <unknown>
[INFO] [stdout]   18:     0x703dc1e3edfa - <unknown>
[INFO] [stdout]   19:     0x703dc1ed23d4 - clone
[INFO] [stdout]   20:                0x0 - <unknown>
[INFO] [stdout] 
[INFO] [stdout] ---- succeeds_when_nothing_is_attributed stdout ----
[INFO] [stdout] 
[INFO] [stdout] thread 'succeeds_when_nothing_is_attributed' (466) panicked at tests/support/mod.rs:41:40:
[INFO] [stdout] create repo dir: Os { code: 30, kind: ReadOnlyFilesystem, message: "Read-only file system" }
[INFO] [stdout] stack backtrace:
[INFO] [stdout]    0:     0x635b541aaf77 - <unknown>
[INFO] [stdout]    1:     0x635b5419394a - <unknown>
[INFO] [stdout]    2:     0x635b541aa52b - <unknown>
[INFO] [stdout]    3:     0x635b541aa00f - <unknown>
[INFO] [stdout]    4:     0x635b541a9c3a - <unknown>
[INFO] [stdout]    5:     0x635b541a9772 - <unknown>
[INFO] [stdout]    6:     0x635b541d0be1 - <unknown>
[INFO] [stdout]    7:     0x635b541d0b99 - <unknown>
[INFO] [stdout]    8:     0x635b541d10ac - <unknown>
[INFO] [stdout]    9:     0x635b541937db - <unknown>
[INFO] [stdout]   10:     0x635b541969e1 - <unknown>
[INFO] [stdout]   11:     0x635b5418edde - <unknown>
[INFO] [stdout]   12:     0x635b54191b26 - <unknown>
[INFO] [stdout]   13:     0x635b541eaf2b - <unknown>
[INFO] [stdout]   14:     0x635b541e70a1 - <unknown>
[INFO] [stdout]   15:     0x635b541e688c - <unknown>
[INFO] [stdout]   16:     0x635b5420317c - <unknown>
[INFO] [stdout]   17:     0x635b541d2502 - <unknown>
[INFO] [stdout]   18:     0x703dc1e3edfa - <unknown>
[INFO] [stdout]   19:     0x703dc1ed23d4 - clone
[INFO] [stdout]   20:                0x0 - <unknown>
[INFO] [stdout] 
[INFO] [stdout] ---- refuses_outside_a_repository stdout ----
[INFO] [stdout] 
[INFO] [stdout] thread 'refuses_outside_a_repository' (463) panicked at tests/support/mod.rs:41:40:
[INFO] [stdout] create repo dir: Os { code: 30, kind: ReadOnlyFilesystem, message: "Read-only file system" }
[INFO] [stdout] stack backtrace:
[INFO] [stdout]    0:     0x635b541aaf77 - <unknown>
[INFO] [stdout]    1:     0x635b5419394a - <unknown>
[INFO] [stdout]    2:     0x635b541aa52b - <unknown>
[INFO] [stdout]    3:     0x635b541aa00f - <unknown>
[INFO] [stdout]    4:     0x635b541a9c3a - <unknown>
[INFO] [stdout]    5:     0x635b541a9772 - <unknown>
[INFO] [stdout]    6:     0x635b541d0be1 - <unknown>
[INFO] [stdout]    7:     0x635b541d0b99 - <unknown>
[INFO] [stdout]    8:     0x635b541d10ac - <unknown>
[INFO] [stdout]    9:     0x635b541937db - <unknown>
[INFO] [stdout]   10:     0x635b541969e1 - <unknown>
[INFO] [stdout]   11:     0x635b5418edde - <unknown>
[INFO] [stdout]   12:     0x635b54191188 - <unknown>
[INFO] [stdout]   13:     0x635b541eaf2b - <unknown>
[INFO] [stdout]   14:     0x635b541e70a1 - <unknown>
[INFO] [stdout]   15:     0x635b541e688c - <unknown>
[INFO] [stdout]   16:     0x635b5420317c - <unknown>
[INFO] [stdout]   17:     0x635b541d2502 - <unknown>
[INFO] [stdout]   18:     0x703dc1e3edfa - <unknown>
[INFO] [stdout]   19:     0x703dc1ed23d4 - clone
[INFO] [stdout]   20:                0x0 - <unknown>
[INFO] [stdout] 
[INFO] [stdout] ---- rejects_an_unresolvable_range stdout ----
[INFO] [stdout] 
[INFO] [stdout] thread 'rejects_an_unresolvable_range' (465) panicked at tests/support/mod.rs:41:40:
[INFO] [stdout] create repo dir: Os { code: 30, kind: ReadOnlyFilesystem, message: "Read-only file system" }
[INFO] [stdout] stack backtrace:
[INFO] [stdout]    0:     0x635b541aaf77 - <unknown>
[INFO] [stdout]    1:     0x635b5419394a - <unknown>
[INFO] [stdout]    2:     0x635b541aa52b - <unknown>
[INFO] [stdout]    3:     0x635b541aa00f - <unknown>
[INFO] [stdout]    4:     0x635b541a9c3a - <unknown>
[INFO] [stdout]    5:     0x635b541a9772 - <unknown>
[INFO] [stdout]    6:     0x635b541d0be1 - <unknown>
[INFO] [stdout]    7:     0x635b541d0b99 - <unknown>
[INFO] [stdout]    8:     0x635b541d10ac - <unknown>
[INFO] [stdout]    9:     0x635b541937db - <unknown>
[INFO] [stdout]   10:     0x635b541969e1 - <unknown>
[INFO] [stdout]   11:     0x635b5418edde - <unknown>
[INFO] [stdout]   12:     0x635b541917b6 - <unknown>
[INFO] [stdout]   13:     0x635b541eaf2b - <unknown>
[INFO] [stdout]   14:     0x635b541e70a1 - <unknown>
[INFO] [stdout]   15:     0x635b541e688c - <unknown>
[INFO] [stdout]   16:     0x635b5420317c - <unknown>
[INFO] [stdout]   17:     0x635b541d2502 - <unknown>
[INFO] [stdout]   18:     0x703dc1e3edfa - <unknown>
[INFO] [stdout]   19:     0x703dc1ed23d4 - clone
[INFO] [stdout]   20:                0x0 - <unknown>
[INFO] [stdout] 
[INFO] [stdout] ---- only_looks_at_unpushed_commits_by_default stdout ----
[INFO] [stdout] 
[INFO] [stdout] thread 'only_looks_at_unpushed_commits_by_default' (462) panicked at tests/support/mod.rs:41:40:
[INFO] [stdout] create repo dir: Os { code: 30, kind: ReadOnlyFilesystem, message: "Read-only file system" }
[INFO] [stdout] stack backtrace:
[INFO] [stdout]    0:     0x635b541aaf77 - <unknown>
[INFO] [stdout]    1:     0x635b5419394a - <unknown>
[INFO] [stdout]    2:     0x635b541aa52b - <unknown>
[INFO] [stdout]    3:     0x635b541aa00f - <unknown>
[INFO] [stdout]    4:     0x635b541a9c3a - <unknown>
[INFO] [stdout]    5:     0x635b541a9772 - <unknown>
[INFO] [stdout]    6:     0x635b541d0be1 - <unknown>
[INFO] [stdout]    7:     0x635b541d0b99 - <unknown>
[INFO] [stdout]    8:     0x635b541d10ac - <unknown>
[INFO] [stdout]    9:     0x635b541937db - <unknown>
[INFO] [stdout]   10:     0x635b541969e1 - <unknown>
[INFO] [stdout]   11:     0x635b5418edde - <unknown>
[INFO] [stdout]   12:     0x635b54192236 - <unknown>
[INFO] [stdout]   13:     0x635b541eaf2b - <unknown>
[INFO] [stdout]   14:     0x635b541e70a1 - <unknown>
[INFO] [stdout]   15:     0x635b541e688c - <unknown>
[INFO] [stdout]   16:     0x635b5420317c - <unknown>
[INFO] [stdout]   17:     0x635b541d2502 - <unknown>
[INFO] [stdout]   18:     0x703dc1e3edfa - <unknown>
[INFO] [stdout]   19:     0x703dc1ed23d4 - clone
[INFO] [stdout]   20:                0x0 - <unknown>
[INFO] [stdout] 
[INFO] [stdout] ---- checks_whole_history_with_all stdout ----
[INFO] [stdout] 
[INFO] [stdout] thread 'checks_whole_history_with_all' (459) panicked at tests/support/mod.rs:41:40:
[INFO] [stdout] create repo dir: Os { code: 30, kind: ReadOnlyFilesystem, message: "Read-only file system" }
[INFO] [stdout] stack backtrace:
[INFO] [stdout]    0:     0x635b541aaf77 - <unknown>
[INFO] [stdout]    1:     0x635b5419394a - <unknown>
[INFO] [stdout]    2:     0x635b541aa52b - <unknown>
[INFO] [stdout]    3:     0x635b541aa00f - <unknown>
[INFO] [stdout]    4:     0x635b541a9c3a - <unknown>
[INFO] [stdout]    5:     0x635b541a9772 - <unknown>
[INFO] [stdout]    6:     0x635b541d0be1 - <unknown>
[INFO] [stdout]    7:     0x635b541d0b99 - <unknown>
[INFO] [stdout]    8:     0x635b541d10ac - <unknown>
[INFO] [stdout]    9:     0x635b541937db - <unknown>
[INFO] [stdout]   10:     0x635b541969e1 - <unknown>
[INFO] [stdout]   11:     0x635b5418edde - <unknown>
[INFO] [stdout]   12:     0x635b54191646 - <unknown>
[INFO] [stdout]   13:     0x635b541eaf2b - <unknown>
[INFO] [stdout]   14:     0x635b541e70a1 - <unknown>
[INFO] [stdout]   15:     0x635b541e688c - <unknown>
[INFO] [stdout]   16:     0x635b5420317c - <unknown>
[INFO] [stdout]   17:     0x635b541d2502 - <unknown>
[INFO] [stdout]   18:     0x703dc1e3edfa - <unknown>
[INFO] [stdout]   19:     0x703dc1ed23d4 - clone
[INFO] [stdout]   20:                0x0 - <unknown>
[INFO] [stdout] 
[INFO] [stdout] ---- exits_one_and_lists_offending_commits stdout ----
[INFO] [stdout] 
[INFO] [stdout] thread 'exits_one_and_lists_offending_commits' (460) panicked at tests/support/mod.rs:41:40:
[INFO] [stdout] create repo dir: Os { code: 30, kind: ReadOnlyFilesystem, message: "Read-only file system" }
[INFO] [stdout] stack backtrace:
[INFO] [stdout]    0:     0x635b541aaf77 - <unknown>
[INFO] [stdout]    1:     0x635b5419394a - <unknown>
[INFO] [stdout]    2:     0x635b541aa52b - <unknown>
[INFO] [stdout]    3:     0x635b541aa00f - <unknown>
[INFO] [stdout]    4:     0x635b541a9c3a - <unknown>
[INFO] [stdout]    5:     0x635b541a9772 - <unknown>
[INFO] [stdout]    6:     0x635b541d0be1 - <unknown>
[INFO] [stdout]    7:     0x635b541d0b99 - <unknown>
[INFO] [stdout]    8:     0x635b541d10ac - <unknown>
[INFO] [stdout]    9:     0x635b541937db - <unknown>
[INFO] [stdout]   10:     0x635b541969e1 - <unknown>
[INFO] [stdout]   11:     0x635b5418edde - <unknown>
[INFO] [stdout]   12:     0x635b54191d4a - <unknown>
[INFO] [stdout]   13:     0x635b541eaf2b - <unknown>
[INFO] [stdout]   14:     0x635b541e70a1 - <unknown>
[INFO] [stdout]   15:     0x635b541e688c - <unknown>
[INFO] [stdout]   16:     0x635b5420317c - <unknown>
[INFO] [stdout]   17:     0x635b541d2502 - <unknown>
[INFO] [stdout]   18:     0x703dc1e3edfa - <unknown>
[INFO] [stdout]   19:     0x703dc1ed23d4 - clone
[INFO] [stdout]   20:                0x0 - <unknown>
[INFO] [stdout] 
[INFO] [stdout] ---- accepts_a_two_dot_range stdout ----
[INFO] [stdout] 
[INFO] [stdout] thread 'accepts_a_two_dot_range' (457) panicked at tests/support/mod.rs:41:40:
[INFO] [stdout] create repo dir: Os { code: 30, kind: ReadOnlyFilesystem, message: "Read-only file system" }
[INFO] [stdout] stack backtrace:
[INFO] [stdout]    0:     0x635b541aaf77 - <unknown>
[INFO] [stdout]    1:     0x635b5419394a - <unknown>
[INFO] [stdout]    2:     0x635b541aa52b - <unknown>
[INFO] [stdout]    3:     0x635b541aa00f - <unknown>
[INFO] [stdout]    4:     0x635b541a9c3a - <unknown>
[INFO] [stdout]    5:     0x635b541a9772 - <unknown>
[INFO] [stdout]    6:     0x635b541d0be1 - <unknown>
[INFO] [stdout]    7:     0x635b541d0b99 - <unknown>
[INFO] [stdout]    8:     0x635b541d10ac - <unknown>
[INFO] [stdout]    9:     0x635b541937db - <unknown>
[INFO] [stdout]   10:     0x635b541969e1 - <unknown>
[INFO] [stdout]   11:     0x635b5418edde - <unknown>
[INFO] [stdout]   12:     0x635b54190d3d - <unknown>
[INFO] [stdout]   13:     0x635b541eaf2b - <unknown>
[INFO] [stdout]   14:     0x635b541e70a1 - <unknown>
[INFO] [stdout]   15:     0x635b541e688c - <unknown>
[INFO] [stdout]   16:     0x635b5420317c - <unknown>
[INFO] [stdout]   17:     0x635b541d2502 - <unknown>
[INFO] [stdout]   18:     0x703dc1e3edfa - <unknown>
[INFO] [stdout]   19:     0x703dc1ed23d4 - clone
[INFO] [stdout]   20:                0x0 - <unknown>
[INFO] [stdout] 
[INFO] [stdout] ---- explains_itself_when_there_is_no_upstream stdout ----
[INFO] [stdout] 
[INFO] [stdout] thread 'explains_itself_when_there_is_no_upstream' (461) panicked at tests/support/mod.rs:41:40:
[INFO] [stdout] create repo dir: Os { code: 30, kind: ReadOnlyFilesystem, message: "Read-only file system" }
[INFO] [stdout] stack backtrace:
[INFO] [stdout]    0:     0x635b541aaf77 - <unknown>
[INFO] [stdout]    1:     0x635b5419394a - <unknown>
[INFO] [stdout]    2:     0x635b541aa52b - <unknown>
[INFO] [stdout]    3:     0x635b541aa00f - <unknown>
[INFO] [stdout]    4:     0x635b541a9c3a - <unknown>
[INFO] [stdout]    5:     0x635b541a9772 - <unknown>
[INFO] [stdout]    6:     0x635b541d0be1 - <unknown>
[INFO] [stdout]    7:     0x635b541d0b99 - <unknown>
[INFO] [stdout]    8:     0x635b541d10ac - <unknown>
[INFO] [stdout]    9:     0x635b541937db - <unknown>
[INFO] [stdout]   10:     0x635b541969e1 - <unknown>
[INFO] [stdout]   11:     0x635b5418edde - <unknown>
[INFO] [stdout]   12:     0x635b5419202a - <unknown>
[INFO] [stdout]   13:     0x635b541eaf2b - <unknown>
[INFO] [stdout]   14:     0x635b541e70a1 - <unknown>
[INFO] [stdout]   15:     0x635b541e688c - <unknown>
[INFO] [stdout]   16:     0x635b5420317c - <unknown>
[INFO] [stdout]   17:     0x635b541d2502 - <unknown>
[INFO] [stdout]   18:     0x703dc1e3edfa - <unknown>
[INFO] [stdout]   19:     0x703dc1ed23d4 - clone
[INFO] [stdout]   20:                0x0 - <unknown>
[INFO] [stdout] 
[INFO] [stdout] ---- rejects_all_and_range_together stdout ----
[INFO] [stdout] 
[INFO] [stdout] thread 'rejects_all_and_range_together' (464) panicked at tests/support/mod.rs:41:40:
[INFO] [stdout] create repo dir: Os { code: 30, kind: ReadOnlyFilesystem, message: "Read-only file system" }
[INFO] [stdout] stack backtrace:
[INFO] [stdout]    0:     0x635b541aaf77 - <unknown>
[INFO] [stdout]    1:     0x635b5419394a - <unknown>
[INFO] [stdout]    2:     0x635b541aa52b - <unknown>
[INFO] [stdout]    3:     0x635b541aa00f - <unknown>
[INFO] [stdout]    4:     0x635b541a9c3a - <unknown>
[INFO] [stdout]    5:     0x635b541a9772 - <unknown>
[INFO] [stdout]    6:     0x635b541d0be1 - <unknown>
[INFO] [stdout]    7:     0x635b541d0b99 - <unknown>
[INFO] [stdout]    8:     0x635b541d10ac - <unknown>
[INFO] [stdout]    9:     0x635b541937db - <unknown>
[INFO] [stdout]   10:     0x635b541969e1 - <unknown>
[INFO] [stdout]   11:     0x635b5418edde - <unknown>
[INFO] [stdout]   12:     0x635b541919c6 - <unknown>
[INFO] [stdout]   13:     0x635b541eaf2b - <unknown>
[INFO] [stdout]   14:     0x635b541e70a1 - <unknown>
[INFO] [stdout]   15:     0x635b541e688c - <unknown>
[INFO] [stdout]   16:     0x635b5420317c - <unknown>
[INFO] [stdout]   17:     0x635b541d2502 - <unknown>
[INFO] [stdout]   18:     0x703dc1e3edfa - <unknown>
[INFO] [stdout]   19:     0x703dc1ed23d4 - clone
[INFO] [stdout]   20:                0x0 - <unknown>
[INFO] [stdout] 
[INFO] [stdout] 
[INFO] [stdout] failures:
[INFO] [stdout]     accepts_a_two_dot_range
[INFO] [stdout]     accepts_an_explicit_range
[INFO] [stdout]     checks_whole_history_with_all
[INFO] [stdout]     exits_one_and_lists_offending_commits
[INFO] [stdout]     explains_itself_when_there_is_no_upstream
[INFO] [stdout]     only_looks_at_unpushed_commits_by_default
[INFO] [stdout]     refuses_outside_a_repository
[INFO] [stdout]     rejects_all_and_range_together
[INFO] [stdout]     rejects_an_unresolvable_range
[INFO] [stdout]     succeeds_when_nothing_is_attributed
[INFO] [stdout] 
[INFO] [stdout] test result: FAILED. 0 passed; 10 failed; 0 ignored; 0 measured; 0 filtered out; finished in 0.01s
[INFO] [stdout] 
[INFO] [stderr] error: test failed, to rerun pass `--test check`
[INFO] running `Command { std: "docker" "inspect" "b0dd5b2a89697203b2fb4298081fcb223cb24d0662060b2874cbe7c9b280d2a8", kill_on_drop: false }`
[INFO] running `Command { std: "docker" "rm" "-f" "b0dd5b2a89697203b2fb4298081fcb223cb24d0662060b2874cbe7c9b280d2a8", kill_on_drop: false }`
[INFO] [stdout] b0dd5b2a89697203b2fb4298081fcb223cb24d0662060b2874cbe7c9b280d2a8
