[INFO] fetching crate nnrp-conformance 1.0.0-preview.4.26...
[INFO] testing nnrp-conformance-1.0.0-preview.4.26 against 1.99.0-beta.8+cargoflags=--release for beta-release-1.100-2
[INFO] extracting crate nnrp-conformance 1.0.0-preview.4.26 into /workspace/builds/worker-6-tc1/source
[INFO] started tweaking crates.io crate nnrp-conformance 1.0.0-preview.4.26
[INFO] removed 0 missing tests
[INFO] finished tweaking crates.io crate nnrp-conformance 1.0.0-preview.4.26
[INFO] tweaked toml for crates.io crate nnrp-conformance 1.0.0-preview.4.26 written to /workspace/builds/worker-6-tc1/source/Cargo.toml
[INFO] validating manifest of crates.io crate nnrp-conformance 1.0.0-preview.4.26 on toolchain 1.99.0-beta.8
[INFO] running `Command { std: CARGO_HOME="/workspace/cargo-home" RUSTUP_HOME="/workspace/rustup-home" "/workspace/cargo-home/bin/cargo" "+1.99.0-beta.8" "metadata" "--manifest-path" "Cargo.toml" "--no-deps", kill_on_drop: false }`
[INFO] crate crates.io crate nnrp-conformance 1.0.0-preview.4.26 already has a lockfile, it will not be regenerated
[INFO] running `Command { std: CARGO_HOME="/workspace/cargo-home" RUSTUP_HOME="/workspace/rustup-home" "/workspace/cargo-home/bin/cargo" "+1.99.0-beta.8" "fetch" "--manifest-path" "Cargo.toml", kill_on_drop: false }`
[INFO] [stderr]     Blocking waiting for file lock on package cache
[INFO] [stderr]     Updating crates.io index
[INFO] [stderr]  Downloading crates ...
[INFO] [stderr]   Downloaded nnrp-transport-websocket v1.0.0-preview.4.26
[INFO] [stderr]   Downloaded nnrp-transport-tcp v1.0.0-preview.4.26
[INFO] [stderr]   Downloaded nnrp-core v1.0.0-preview.4.26
[INFO] [stderr]   Downloaded nnrp-transport-provider v1.0.0-preview.4.26
[INFO] [stderr]   Downloaded nnrp-transport-ipc v1.0.0-preview.4.26
[INFO] [stderr]   Downloaded nnrp-runtime v1.0.0-preview.4.26
[INFO] [stderr]   Downloaded asn1-rs-derive v0.6.0
[INFO] [stderr]   Downloaded time-core v0.1.7
[INFO] [stderr]   Downloaded nnrp-transport-quic v1.0.0-preview.4.26
[INFO] [stderr]   Downloaded oid-registry v0.8.1
[INFO] [stderr]   Downloaded time-macros v0.2.25
[INFO] [stderr]   Downloaded yasna v0.5.2
[INFO] [stderr]   Downloaded fastbloom v0.17.0
[INFO] [stderr]   Downloaded jni-macros v0.22.4
[INFO] [stderr]   Downloaded der-parser v10.0.0
[INFO] [stderr]   Downloaded rcgen v0.14.7
[INFO] [stderr]   Downloaded rustls-platform-verifier v0.7.0
[INFO] [stderr]   Downloaded asn1-rs v0.7.2
[INFO] [stderr]   Downloaded x509-parser v0.18.1
[INFO] [stderr]   Downloaded nnrp-ffi v1.0.0-preview.4.26
[INFO] [stderr]   Downloaded jni v0.22.4
[INFO] [stderr]   Downloaded quinn-proto v0.11.17
[INFO] [stderr]   Downloaded time v0.3.45
[INFO] [stderr]   Downloaded simd_cesu8 v1.2.0
[INFO] running `Command { std: "docker" "create" "-v" "/var/lib/crater-agent-workspace/builds/worker-6-tc1/source:/opt/rustwide/workdir:ro,Z" "-v" "/var/lib/crater-agent-workspace/builds/worker-6-tc1/target:/opt/rustwide/target:rw,Z" "-v" "/var/lib/crater-agent-workspace/cargo-home:/opt/rustwide/cargo-home:ro,Z" "-v" "/var/lib/crater-agent-workspace/rustup-home:/opt/rustwide/rustup-home:ro,Z" "-m" "1610612736" "--network" "none" "ghcr.io/rust-lang/crates-build-env/linux@sha256:77db811e55d90add9212f6832c23229e3de5f1c1f9905e8cb07319ea15df73ac" "sleep" "infinity", kill_on_drop: false }`
[INFO] [stdout] 14a6d0d05a9b0e1706a0c7ba1ba093890e57bc9eef63ba5e273d5f8e3a43aafc
[INFO] running `Command { std: "docker" "start" "14a6d0d05a9b0e1706a0c7ba1ba093890e57bc9eef63ba5e273d5f8e3a43aafc", kill_on_drop: false }`
[INFO] running `Command { std: "docker" "inspect" "14a6d0d05a9b0e1706a0c7ba1ba093890e57bc9eef63ba5e273d5f8e3a43aafc", kill_on_drop: false }`
[INFO] running `Command { std: "docker" "exec" "-e" "SOURCE_DIR=/opt/rustwide/workdir" "-e" "CARGO_HOME=/opt/rustwide/cargo-home" "-e" "RUSTUP_HOME=/opt/rustwide/rustup-home" "-e" "CARGO_TARGET_DIR=/opt/rustwide/target" "-w" "/opt/rustwide/workdir" "--user" "0:0" "14a6d0d05a9b0e1706a0c7ba1ba093890e57bc9eef63ba5e273d5f8e3a43aafc" "/opt/rustwide/cargo-home/bin/cargo" "+1.99.0-beta.8" "metadata" "--no-deps" "--format-version=1", kill_on_drop: false }`
[INFO] running `Command { std: "docker" "inspect" "14a6d0d05a9b0e1706a0c7ba1ba093890e57bc9eef63ba5e273d5f8e3a43aafc", kill_on_drop: false }`
[INFO] running `Command { std: "docker" "exec" "-e" "SOURCE_DIR=/opt/rustwide/workdir" "-e" "CARGO_HOME=/opt/rustwide/cargo-home" "-e" "RUSTUP_HOME=/opt/rustwide/rustup-home" "-e" "CARGO_TARGET_DIR=/opt/rustwide/target" "-e" "CARGO_INCREMENTAL=0" "-e" "RUST_BACKTRACE=full" "-e" "RUSTFLAGS=--cap-lints=warn" "-e" "RUSTDOCFLAGS=--cap-lints=warn" "-w" "/opt/rustwide/workdir" "--user" "0:0" "14a6d0d05a9b0e1706a0c7ba1ba093890e57bc9eef63ba5e273d5f8e3a43aafc" "/opt/rustwide/cargo-home/bin/cargo" "+1.99.0-beta.8" "build" "--frozen" "--message-format=json" "--release", kill_on_drop: false }`
[INFO] [stderr]    Compiling syn v3.0.4
[INFO] [stderr]    Compiling find-msvc-tools v0.1.11
[INFO] [stderr]    Compiling zeroize v1.9.0
[INFO] [stderr]    Compiling getrandom v0.2.17
[INFO] [stderr]    Compiling thiserror v2.0.20
[INFO] [stderr]    Compiling getrandom v0.3.4
[INFO] [stderr]    Compiling rustls v0.23.43
[INFO] [stderr]    Compiling socket2 v0.6.5
[INFO] [stderr]    Compiling mio v1.2.2
[INFO] [stderr]    Compiling futures-core v0.3.34
[INFO] [stderr]    Compiling http v1.4.0
[INFO] [stderr]    Compiling cfg_aliases v0.2.2
[INFO] [stderr]    Compiling futures-sink v0.3.34
[INFO] [stderr]    Compiling zerocopy v0.8.56
[INFO] [stderr]    Compiling rand_core v0.10.1
[INFO] [stderr]    Compiling portable-atomic v1.15.0
[INFO] [stderr]    Compiling getrandom v0.4.3
[INFO] [stderr]    Compiling futures-timer v3.0.4
[INFO] [stderr]    Compiling cpufeatures v0.3.0
[INFO] [stderr]    Compiling deranged v0.5.8
[INFO] [stderr]    Compiling tracing v0.1.44
[INFO] [stderr]    Compiling futures-channel v0.3.34
[INFO] [stderr]    Compiling chacha20 v0.10.1
[INFO] [stderr]    Compiling rustls-pki-types v1.15.1
[INFO] [stderr]    Compiling cc v1.4.4
[INFO] [stderr]    Compiling quinn-udp v0.5.15
[INFO] [stderr]    Compiling siphasher v1.0.3
[INFO] [stderr]    Compiling num-conv v0.1.0
[INFO] [stderr]    Compiling rand_core v0.9.5
[INFO] [stderr]    Compiling time-core v0.1.7
[INFO] [stderr]    Compiling rand v0.10.2
[INFO] [stderr]    Compiling tinyvec v1.12.0
[INFO] [stderr]    Compiling rand_pcg v0.10.2
[INFO] [stderr]    Compiling quinn v0.11.11
[INFO] [stderr]    Compiling rustc-hash v2.1.3
[INFO] [stderr]    Compiling base64 v0.22.1
[INFO] [stderr]    Compiling sha1 v0.10.7
[INFO] [stderr]    Compiling data-encoding v2.11.1
[INFO] [stderr]    Compiling utf-8 v0.7.6
[INFO] [stderr]    Compiling serde_core v1.0.229
[INFO] [stderr]    Compiling rustls-native-certs v0.8.4
[INFO] [stderr]    Compiling pem v3.0.6
[INFO] [stderr]    Compiling webpki-roots v1.0.9
[INFO] [stderr]    Compiling fastbloom v0.17.0
[INFO] [stderr]    Compiling webpki-roots v0.26.11
[INFO] [stderr]    Compiling nnrp-ffi v1.0.0-preview.4.26
[INFO] [stderr]    Compiling ring v0.17.14
[INFO] [stderr]    Compiling time v0.3.45
[INFO] [stderr]    Compiling yasna v0.5.2
[INFO] [stderr]    Compiling thiserror-impl v2.0.20
[INFO] [stderr]    Compiling tokio-macros v2.7.2
[INFO] [stderr]    Compiling futures-macro v0.3.34
[INFO] [stderr]    Compiling async-trait v0.1.92
[INFO] [stderr]    Compiling tokio v1.53.1
[INFO] [stderr]    Compiling futures-util v0.3.34
[INFO] [stderr]    Compiling serde_json v1.0.151
[INFO] [stderr]    Compiling nnrp-core v1.0.0-preview.4.26
[INFO] [stderr]    Compiling ppv-lite86 v0.2.21
[INFO] [stderr]    Compiling rand_chacha v0.9.0
[INFO] [stderr]    Compiling nnrp-transport-provider v1.0.0-preview.4.26
[INFO] [stderr]    Compiling rand v0.9.5
[INFO] [stderr]    Compiling nnrp-runtime v1.0.0-preview.4.26
[INFO] [stderr]    Compiling nnrp-transport-ipc v1.0.0-preview.4.26
[INFO] [stderr]    Compiling rustls-webpki v0.103.15
[INFO] [stderr]    Compiling rcgen v0.14.7
[INFO] [stderr]    Compiling rustls-platform-verifier v0.7.0
[INFO] [stderr]    Compiling tokio-rustls v0.26.4
[INFO] [stderr]    Compiling tungstenite v0.28.0
[INFO] [stderr]    Compiling quinn-proto v0.11.17
[INFO] [stderr]    Compiling nnrp-transport-tcp v1.0.0-preview.4.26
[INFO] [stderr]    Compiling tokio-tungstenite v0.28.0
[INFO] [stderr]    Compiling nnrp-transport-websocket v1.0.0-preview.4.26
[INFO] [stderr]    Compiling nnrp-transport-quic v1.0.0-preview.4.26
[INFO] [stderr]    Compiling nnrp-conformance v1.0.0-preview.4.26 (/opt/rustwide/workdir)
[INFO] [stderr]     Finished `release` profile [optimized] target(s) in 2m 04s
[INFO] running `Command { std: "docker" "inspect" "14a6d0d05a9b0e1706a0c7ba1ba093890e57bc9eef63ba5e273d5f8e3a43aafc", kill_on_drop: false }`
[INFO] running `Command { std: "docker" "exec" "-e" "SOURCE_DIR=/opt/rustwide/workdir" "-e" "CARGO_HOME=/opt/rustwide/cargo-home" "-e" "RUSTUP_HOME=/opt/rustwide/rustup-home" "-e" "CARGO_TARGET_DIR=/opt/rustwide/target" "-e" "CARGO_INCREMENTAL=0" "-e" "RUST_BACKTRACE=full" "-e" "RUSTFLAGS=--cap-lints=warn" "-e" "RUSTDOCFLAGS=--cap-lints=warn" "-w" "/opt/rustwide/workdir" "--user" "0:0" "14a6d0d05a9b0e1706a0c7ba1ba093890e57bc9eef63ba5e273d5f8e3a43aafc" "/opt/rustwide/cargo-home/bin/cargo" "+1.99.0-beta.8" "test" "--frozen" "--no-run" "--message-format=json" "--release", kill_on_drop: false }`
[INFO] [stderr]    Compiling nnrp-conformance v1.0.0-preview.4.26 (/opt/rustwide/workdir)
[INFO] [stderr]     Finished `release` profile [optimized] target(s) in 33.52s
[INFO] running `Command { std: "docker" "inspect" "14a6d0d05a9b0e1706a0c7ba1ba093890e57bc9eef63ba5e273d5f8e3a43aafc", kill_on_drop: false }`
[INFO] running `Command { std: "docker" "exec" "-e" "SOURCE_DIR=/opt/rustwide/workdir" "-e" "CARGO_HOME=/opt/rustwide/cargo-home" "-e" "RUSTUP_HOME=/opt/rustwide/rustup-home" "-e" "CARGO_TARGET_DIR=/opt/rustwide/target" "-e" "CARGO_INCREMENTAL=0" "-e" "RUST_BACKTRACE=full" "-e" "RUSTFLAGS=--cap-lints=warn" "-e" "RUSTDOCFLAGS=--cap-lints=warn" "-w" "/opt/rustwide/workdir" "--user" "0:0" "14a6d0d05a9b0e1706a0c7ba1ba093890e57bc9eef63ba5e273d5f8e3a43aafc" "/opt/rustwide/cargo-home/bin/cargo" "+1.99.0-beta.8" "test" "--frozen" "--release", kill_on_drop: false }`
[INFO] [stderr]     Finished `release` profile [optimized] target(s) in 0.20s
[INFO] [stderr]      Running unittests src/lib.rs (/opt/rustwide/target/release/deps/nnrp_conformance-d5cf8f75e8f1cbc6)
[INFO] [stdout] 
[INFO] [stdout] running 72 tests
[INFO] [stdout] test adapter_conformance::tests::build_results_report_rejects_missing_extra_or_unusable_case_parameters ... ok
[INFO] [stdout] test adapter_conformance::tests::parse_arguments_rejects_missing_required_values_and_unknown_flags ... ok
[INFO] [stdout] test nnrp1_baseline::tests::baseline_typed_payload_descriptor_rejects_invalid_shape ... ok
[INFO] [stdout] test adapter_conformance::tests::parse_arguments_uses_environment_defaults_when_cli_is_absent ... ok
[INFO] [stdout] test nnrp1_baseline::tests::baseline_typed_payload_descriptor_round_trips ... ok
[INFO] [stdout] test adapter_conformance::tests::build_results_report_marks_cases_as_not_implemented ... ok
[INFO] [stdout] test adapter_conformance::tests::build_results_report_sets_schema_and_protocol_version ... ok
[INFO] [stdout] test adapter_conformance::tests::write_results_report_reads_plan_and_writes_output_file ... ok
[INFO] [stdout] test nnrp1_baseline::tests::baseline_typed_payload_region_rejects_invalid_descriptor_layouts ... ok
[INFO] [stdout] test adapter_conformance::tests::build_results_report_rejects_invalid_plan_shapes ... ok
[INFO] [stdout] test adapter_conformance::tests::write_results_report_rejects_invalid_input_files ... ok
[INFO] [stdout] test tests::current_version_vector_is_stable ... ok
[INFO] [stdout] test wire_conformance::tests::wire_execution_plan_skips_missing_transport_or_capability_claims ... ok
[INFO] [stdout] test wire_conformance::tests::wire_writer_expands_formal_suite_scenario_manifests ... ok
[INFO] [stdout] test wire_conformance::tests::wire_suite_expansion_rejects_bad_manifest_entries_and_protocol_mismatch ... ok
[INFO] [stdout] test wire_conformance::tests::wire_writer_reads_manifests_and_writes_dry_run_report ... ok
[INFO] [stdout] test wire_conformance::tests::wire_writer_reports_output_directory_creation_failures ... ok
[INFO] [stdout] test wire_conformance::tests::wire_writer_reports_output_write_failures ... ok
[INFO] [stdout] test wire_endpoint::tests::endpoint_validation_enforces_transport_security_boundary ... ok
[INFO] [stdout] test wire_endpoint::tests::websocket_bind_address_preserves_ipv6_literal_brackets ... ok
[INFO] [stdout] test adapter_conformance::tests::build_results_report_passes_preview4_public_suite_cases ... ok
[INFO] [stdout] test adapter_conformance::tests::parse_arguments_prefers_cli_values_and_accepts_environment_defaults ... ok
[INFO] [stdout] test wire_conformance::tests::wire_argument_parser_accepts_multiple_selected_cases ... ok
[INFO] [stdout] test wire_external::tests::deadline_before_submit_target_rejects_submit_first ... ok
[INFO] [stdout] test nnrp1_baseline::tests::preview2_optional_baseline_cases_execute ... ok
[INFO] [stdout] test wire_conformance::tests::wire_execution_plan_preserves_selected_scenario_ids_and_evidence_paths ... ok
[INFO] [stdout] test wire_conformance::tests::wire_execution_plan_rejects_missing_scenario_fields_and_malformed_target_transports ... ok
[INFO] [stdout] test wire_conformance::tests::wire_execution_plan_skips_host_routes_with_unclaimed_provider_identity ... ok
[INFO] [stdout] test wire_conformance::tests::wire_execution_plan_rejects_unknown_selected_scenarios ... ok
[INFO] [stdout] test wire_conformance::tests::wire_execution_plan_skips_missing_target_modes ... ok
[INFO] [stdout] test wire_conformance::tests::wire_dry_run_report_keeps_ready_and_skipped_outcomes_explicit ... ok
[INFO] [stdout] test wire_conformance::tests::wire_execution_plan_preserves_host_routes_and_known_uninstalled_providers ... ok
[INFO] [stdout] test wire_conformance::tests::wire_execution_plan_rejects_unknown_suite_modes_and_transports ... ok
[INFO] [stdout] test wire_conformance::tests::wire_execution_plan_rejects_unknown_target_endpoint_modes_and_transports ... ok
[INFO] [stdout] test wire_endpoint::tests::secure_tcp_endpoint_completes_a_real_role_handshake ... ok
[INFO] [stdout] test wire_external::tests::external_wire_expectation_rejects_headerless_client_lifecycle ... ok
[INFO] [stdout] test wire_conformance::tests::wire_argument_parser_reports_help_and_unknown_arguments ... ok
[INFO] [stdout] test wire_external::tests::external_case_contract_matches_frozen_scenario_roles ... ok
[INFO] [stdout] test wire_reference::tests::reference_wire_expectation_rejects_headerless_client_lifecycle ... ok
[INFO] [stdout] test wire_external::tests::external_cache_case_drives_a_real_quic_target ... ok
[INFO] [stdout] test wire_reference::tests::suite_as_client_reference_executes_ipc_cancel_abort_scenario ... ok
[INFO] [stdout] test wire_reference::tests::suite_as_client_reference_runs_ipc_endpoint ... ok
[INFO] [stdout] test wire_external::tests::external_ipc_cancel_case_uses_the_ipc_provider ... ok
[INFO] [stdout] test wire_reference::tests::suite_as_client_reference_runs_tcp_endpoint ... ok
[INFO] [stdout] test wire_reference::tests::suite_as_proxy_reference_forwards_bidirectional_frames ... ok
[INFO] [stdout] test wire_reference::tests::suite_as_client_reference_runs_websocket_endpoint ... ok
[INFO] [stdout] test wire_external::tests::external_priority_case_terminates_and_injects_through_a_real_quic_proxy ... ok
[INFO] [stdout] test wire_reference::tests::suite_as_proxy_reference_injects_close_after_submit ... ok
[INFO] [stdout] test wire_reference::tests::suite_as_proxy_reference_injects_timeout_delay ... ok
[INFO] [stdout] test wire_reference::tests::suite_as_server_reference_runs_ipc_listener ... ok
[INFO] [stdout] test wire_reference::tests::suite_as_server_reference_runs_quic_listener ... ok
[INFO] [stdout] test wire_reference::tests::suite_as_client_reference_runs_quic_endpoint ... ok
[INFO] [stdout] test wire_reference::tests::suite_as_server_reference_runs_tcp_listener ... ok
[INFO] [stdout] test wire_reference::tests::validator_checks_expected_drop_reason_and_trace_context ... ok
[INFO] [stdout] test wire_reference::tests::validator_rejects_missing_required_frame ... ok
[INFO] [stdout] test wire_reference::tests::validator_rejects_unordered_frame_timestamps ... ok
[INFO] [stdout] test wire_reference::tests::validator_rejects_wrong_terminal_state ... ok
[INFO] [stdout] test wire_reference::tests::suite_as_server_reference_runs_websocket_listener ... ok
[INFO] [stdout] test wire_reference::tests::suite_as_client_reference_executes_priority_deadline_scenario ... ok
[INFO] [stdout] test wire_external::tests::external_deadline_before_submit_case_preserves_wire_order_and_applies_deadline ... ok
[INFO] [stdout] test wire_reference::tests::suite_as_client_reference_executes_capability_route_cache_scenario ... ok
[INFO] [stdout] test wire_reference::tests::suite_as_proxy_reference_injects_backpressure ... ok
[INFO] [stdout] test wire_external::tests::external_cancel_case_drives_a_real_tcp_target ... ok
[INFO] [stdout] test wire_reference::tests::suite_as_client_reference_executes_progress_backpressure_scenario ... ok
[INFO] [stdout] test wire_reference::tests::suite_as_client_reference_executes_cancel_abort_scenario ... ok
[INFO] [stdout] test wire_reference::tests::suite_as_client_reference_executes_websocket_progress_backpressure_scenario ... ok
[INFO] [stdout] test wire_external::tests::external_progress_case_accepts_a_real_tcp_target_client ... ok
[INFO] [stdout] test wire_external::tests::external_websocket_progress_case_uses_the_websocket_provider ... ok
[INFO] [stdout] test wire_external::tests::external_secure_websocket_progress_case_uses_tls_material ... ok
[INFO] [stdout] test wire_reference::tests::suite_as_proxy_reference_perturbs_frame_order ... ok
[INFO] [stdout] test wire_reference::tests::ipc_reference_reports_unavailable_endpoint ... ok
[INFO] [stdout] test wire_reference::tests::suite_as_client_reference_executes_preview4_scenarios_across_transport_matrix ... ok
[INFO] [stdout] 
[INFO] [stdout] test result: ok. 72 passed; 0 failed; 0 ignored; 0 measured; 0 filtered out; finished in 0.53s
[INFO] [stdout] 
[INFO] [stderr]      Running unittests src/bin/nnrp-conformance-adapter.rs (/opt/rustwide/target/release/deps/nnrp_conformance_adapter-0ebfd1d7131bde66)
[INFO] [stdout] 
[INFO] [stdout] running 0 tests
[INFO] [stdout] 
[INFO] [stdout] test result: ok. 0 passed; 0 failed; 0 ignored; 0 measured; 0 filtered out; finished in 0.00s
[INFO] [stdout] 
[INFO] [stderr]      Running unittests src/bin/nnrp-conformance-wire.rs (/opt/rustwide/target/release/deps/nnrp_conformance_wire-85c5218b68f663bf)
[INFO] [stdout] 
[INFO] [stdout] running 0 tests
[INFO] [stdout] 
[INFO] [stdout] test result: ok. 0 passed; 0 failed; 0 ignored; 0 measured; 0 filtered out; finished in 0.00s
[INFO] [stdout] 
[INFO] [stderr]      Running unittests src/bin/nnrp-preview4-benchmarks.rs (/opt/rustwide/target/release/deps/nnrp_preview4_benchmarks-069e2f5894dd4c0b)
[INFO] [stdout] 
[INFO] [stdout] running 0 tests
[INFO] [stdout] 
[INFO] [stdout] test result: ok. 0 passed; 0 failed; 0 ignored; 0 measured; 0 filtered out; finished in 0.00s
[INFO] [stdout] 
[INFO] [stderr]      Running tests/adapter_cli.rs (/opt/rustwide/target/release/deps/adapter_cli-180519182b4763ba)
[INFO] [stdout] 
[INFO] [stdout] running 1 test
[INFO] [stdout] test adapter_cli_writes_results_report ... ok
[INFO] [stdout] 
[INFO] [stdout] test result: ok. 1 passed; 0 failed; 0 ignored; 0 measured; 0 filtered out; finished in 0.01s
[INFO] [stdout] 
[INFO] [stderr]      Running tests/client_provider_routes.rs (/opt/rustwide/target/release/deps/client_provider_routes-87206e01fd9112da)
[INFO] [stdout] 
[INFO] [stdout] running 6 tests
[INFO] [stdout] test client_route_validation_preserves_frozen_rejection_precedence ... ok
[INFO] [stdout] test logical_server_accepts_real_tcp_and_ipc_provider_sessions ... ok
[INFO] [stdout] test server_route_validation_preserves_frozen_rejection_precedence ... ok
[INFO] [stdout] test route_sets_keep_one_role_specific_route_per_transport ... ok
[INFO] [stdout] test official_client_providers_probe_and_adopt_one_real_carrier ... ok
[INFO] [stderr]      Running tests/preview4_control_fixtures.rs (/opt/rustwide/target/release/deps/preview4_control_fixtures-0c039df79fb530f7)
[INFO] [stdout] test logical_server_uses_route_local_security_for_tcp_quic_and_websocket ... ok
[INFO] [stdout] 
[INFO] [stdout] test result: ok. 6 passed; 0 failed; 0 ignored; 0 measured; 0 filtered out; finished in 0.01s
[INFO] [stdout] 
[INFO] [stdout] 
[INFO] [stdout] running 3 tests
[INFO] [stdout] test preview4_control_fixture_cases_execute ... ok
[INFO] [stdout] test preview4_fixture_manifest_lists_executable_cases ... ok
[INFO] [stdout] test preview4_public_suite_cases_execute ... ok
[INFO] [stdout] 
[INFO] [stdout] test result: ok. 3 passed; 0 failed; 0 ignored; 0 measured; 0 filtered out; finished in 0.02s
[INFO] [stdout] 
[INFO] [stderr]      Running tests/preview4_public_suite.rs (/opt/rustwide/target/release/deps/preview4_public_suite-e82da51eb49a3870)
[INFO] [stdout] 
[INFO] [stdout] running 1 test
[INFO] [stdout] test preview4_public_suite_manifest_capabilities_and_adapter_stay_equal ... FAILED
[INFO] [stdout] 
[INFO] [stdout] failures:
[INFO] [stdout] 
[INFO] [stdout] ---- preview4_public_suite_manifest_capabilities_and_adapter_stay_equal stdout ----
[INFO] [stdout] 
[INFO] [stdout] thread 'preview4_public_suite_manifest_capabilities_and_adapter_stay_equal' (2259) panicked at tests/preview4_public_suite.rs:11:42:
[INFO] [stdout] nnrp-conformance checkout is required; set NNRP_CONFORMANCE_SUITE_REPO or checkout it beside nnrp-rs
[INFO] [stdout] stack backtrace:
[INFO] [stdout]    0:     0x59fde96f54c1 - <<std[70759c8f55707aa4]::sys::backtrace::BacktraceLock>::print::DisplayBacktrace as core[df12db4294e9bfd3]::fmt::Display>::fmt
[INFO] [stdout]    1:     0x59fde970c17a - core[df12db4294e9bfd3]::fmt::write
[INFO] [stdout]    2:     0x59fde96fa13c - <alloc[2182bb758b4b3781]::vec::Vec<u8> as core[df12db4294e9bfd3]::io::write::Write>::write_fmt
[INFO] [stdout]    3:     0x59fde96d01d6 - std[70759c8f55707aa4]::panicking::default_hook::{closure#0}
[INFO] [stdout]    4:     0x59fde96eceb9 - std[70759c8f55707aa4]::panicking::default_hook
[INFO] [stdout]    5:     0x59fde93bfd00 - test[9d35eded1c95d3be]::test_main_inner::<test[9d35eded1c95d3be]::test_main_static::{closure#0}>::{closure#0}
[INFO] [stdout]    6:     0x59fde96ed1e2 - std[70759c8f55707aa4]::panicking::panic_with_hook
[INFO] [stdout]    7:     0x59fde96d0282 - std[70759c8f55707aa4]::panicking::panic_handler::{closure#0}
[INFO] [stdout]    8:     0x59fde96c8d99 - std[70759c8f55707aa4]::sys::backtrace::__rust_end_short_backtrace::<std[70759c8f55707aa4]::panicking::panic_handler::{closure#0}, !>
[INFO] [stdout]    9:     0x59fde96d106d - __rustc[8fa7c3cbc660c2b3]::rust_begin_unwind
[INFO] [stdout]   10:     0x59fde970c8dc - core[df12db4294e9bfd3]::panicking::panic_fmt
[INFO] [stdout]   11:     0x59fde970c634 - core[df12db4294e9bfd3]::option::expect_failed
[INFO] [stdout]   12:     0x59fde93b009a - <preview4_public_suite[df1b87ce09113081]::preview4_public_suite_manifest_capabilities_and_adapter_stay_equal::{closure#0} as core[df12db4294e9bfd3]::ops::function::FnOnce<()>>::call_once
[INFO] [stdout]   13:     0x59fde93b2feb - test[9d35eded1c95d3be]::__rust_begin_short_backtrace::<core[df12db4294e9bfd3]::result::Result<(), alloc[2182bb758b4b3781]::string::String>, fn() -> core[df12db4294e9bfd3]::result::Result<(), alloc[2182bb758b4b3781]::string::String>>
[INFO] [stdout]   14:     0x59fde93c0655 - test[9d35eded1c95d3be]::run_test::{closure#0}
[INFO] [stdout]   15:     0x59fde93b9f14 - std[70759c8f55707aa4]::sys::backtrace::__rust_begin_short_backtrace::<test[9d35eded1c95d3be]::run_test::{closure#1}, ()>
[INFO] [stdout]   16:     0x59fde93c37b2 - <std[70759c8f55707aa4]::thread::lifecycle::spawn_unchecked<test[9d35eded1c95d3be]::run_test::{closure#1}, ()>::{closure#1} as core[df12db4294e9bfd3]::ops::function::FnOnce<()>>::call_once::{shim:vtable#0}
[INFO] [stdout]   17:     0x59fde96f4509 - <std[70759c8f55707aa4]::sys::thread::unix::Thread>::new::thread_start
[INFO] [stdout]   18:     0x7de30b87cdfa - <unknown>
[INFO] [stdout]   19:     0x7de30b9103d4 - clone
[INFO] [stdout]   20:                0x0 - <unknown>
[INFO] [stdout] 
[INFO] [stdout] 
[INFO] [stdout] failures:
[INFO] [stdout]     preview4_public_suite_manifest_capabilities_and_adapter_stay_equal
[INFO] [stdout] 
[INFO] [stdout] test result: FAILED. 0 passed; 1 failed; 0 ignored; 0 measured; 0 filtered out; finished in 0.01s
[INFO] [stdout] 
[INFO] [stderr] error: test failed, to rerun pass `--test preview4_public_suite`
[INFO] running `Command { std: "docker" "inspect" "14a6d0d05a9b0e1706a0c7ba1ba093890e57bc9eef63ba5e273d5f8e3a43aafc", kill_on_drop: false }`
[INFO] running `Command { std: "docker" "rm" "-f" "14a6d0d05a9b0e1706a0c7ba1ba093890e57bc9eef63ba5e273d5f8e3a43aafc", kill_on_drop: false }`
[INFO] [stdout] 14a6d0d05a9b0e1706a0c7ba1ba093890e57bc9eef63ba5e273d5f8e3a43aafc
