[INFO] fetching crate nnn 1.2.6...
[INFO] testing nnn-1.2.6 against 1.99.0-beta.8+cargoflags=--release for beta-release-1.100-2
[INFO] extracting crate nnn 1.2.6 into /workspace/builds/worker-0-tc1/source
[INFO] removed /workspace/builds/worker-0-tc1/source/.cargo/config.toml
[INFO] started tweaking crates.io crate nnn 1.2.6
[INFO] removed 0 missing tests
[INFO] finished tweaking crates.io crate nnn 1.2.6
[INFO] tweaked toml for crates.io crate nnn 1.2.6 written to /workspace/builds/worker-0-tc1/source/Cargo.toml
[INFO] validating manifest of crates.io crate nnn 1.2.6 on toolchain 1.99.0-beta.8
[INFO] running `Command { std: CARGO_HOME="/workspace/cargo-home" RUSTUP_HOME="/workspace/rustup-home" "/workspace/cargo-home/bin/cargo" "+1.99.0-beta.8" "metadata" "--manifest-path" "Cargo.toml" "--no-deps", kill_on_drop: false }`
[INFO] crate crates.io crate nnn 1.2.6 already has a lockfile, it will not be regenerated
[INFO] running `Command { std: CARGO_HOME="/workspace/cargo-home" RUSTUP_HOME="/workspace/rustup-home" "/workspace/cargo-home/bin/cargo" "+1.99.0-beta.8" "fetch" "--manifest-path" "Cargo.toml", kill_on_drop: false }`
[INFO] [stderr]     Updating crates.io index
[INFO] [stderr]  Downloading crates ...
[INFO] [stderr]   Downloaded rstest v0.27.0
[INFO] [stderr]   Downloaded nnn-macros v1.2.6
[INFO] [stderr]   Downloaded rstest_macros v0.27.0
[INFO] running `Command { std: "docker" "create" "-v" "/var/lib/crater-agent-workspace/builds/worker-0-tc1/source:/opt/rustwide/workdir:ro,Z" "-v" "/var/lib/crater-agent-workspace/builds/worker-0-tc1/target:/opt/rustwide/target:rw,Z" "-v" "/var/lib/crater-agent-workspace/cargo-home:/opt/rustwide/cargo-home:ro,Z" "-v" "/var/lib/crater-agent-workspace/rustup-home:/opt/rustwide/rustup-home:ro,Z" "-m" "1610612736" "--network" "none" "ghcr.io/rust-lang/crates-build-env/linux@sha256:77db811e55d90add9212f6832c23229e3de5f1c1f9905e8cb07319ea15df73ac" "sleep" "infinity", kill_on_drop: false }`
[INFO] [stdout] f078ff719faa1beb64cc0fadb40e0e8e7ea1e06e8bd8104e2618253657d9f605
[INFO] running `Command { std: "docker" "start" "f078ff719faa1beb64cc0fadb40e0e8e7ea1e06e8bd8104e2618253657d9f605", kill_on_drop: false }`
[INFO] running `Command { std: "docker" "inspect" "f078ff719faa1beb64cc0fadb40e0e8e7ea1e06e8bd8104e2618253657d9f605", kill_on_drop: false }`
[INFO] running `Command { std: "docker" "exec" "-e" "SOURCE_DIR=/opt/rustwide/workdir" "-e" "CARGO_HOME=/opt/rustwide/cargo-home" "-e" "RUSTUP_HOME=/opt/rustwide/rustup-home" "-e" "CARGO_TARGET_DIR=/opt/rustwide/target" "-w" "/opt/rustwide/workdir" "--user" "0:0" "f078ff719faa1beb64cc0fadb40e0e8e7ea1e06e8bd8104e2618253657d9f605" "/opt/rustwide/cargo-home/bin/cargo" "+1.99.0-beta.8" "metadata" "--no-deps" "--format-version=1", kill_on_drop: false }`
[INFO] running `Command { std: "docker" "inspect" "f078ff719faa1beb64cc0fadb40e0e8e7ea1e06e8bd8104e2618253657d9f605", kill_on_drop: false }`
[INFO] running `Command { std: "docker" "exec" "-e" "SOURCE_DIR=/opt/rustwide/workdir" "-e" "CARGO_HOME=/opt/rustwide/cargo-home" "-e" "RUSTUP_HOME=/opt/rustwide/rustup-home" "-e" "CARGO_TARGET_DIR=/opt/rustwide/target" "-e" "CARGO_INCREMENTAL=0" "-e" "RUST_BACKTRACE=full" "-e" "RUSTFLAGS=--cap-lints=warn" "-e" "RUSTDOCFLAGS=--cap-lints=warn" "-w" "/opt/rustwide/workdir" "--user" "0:0" "f078ff719faa1beb64cc0fadb40e0e8e7ea1e06e8bd8104e2618253657d9f605" "/opt/rustwide/cargo-home/bin/cargo" "+1.99.0-beta.8" "build" "--frozen" "--message-format=json" "--release", kill_on_drop: false }`
[INFO] [stderr]    Compiling syn v3.0.6
[INFO] [stderr]    Compiling nnn-macros v1.2.6
[INFO] [stderr]    Compiling nnn v1.2.6 (/opt/rustwide/workdir)
[INFO] [stderr]     Finished `release` profile [optimized] target(s) in 4.94s
[INFO] running `Command { std: "docker" "inspect" "f078ff719faa1beb64cc0fadb40e0e8e7ea1e06e8bd8104e2618253657d9f605", kill_on_drop: false }`
[INFO] running `Command { std: "docker" "exec" "-e" "SOURCE_DIR=/opt/rustwide/workdir" "-e" "CARGO_HOME=/opt/rustwide/cargo-home" "-e" "RUSTUP_HOME=/opt/rustwide/rustup-home" "-e" "CARGO_TARGET_DIR=/opt/rustwide/target" "-e" "CARGO_INCREMENTAL=0" "-e" "RUST_BACKTRACE=full" "-e" "RUSTFLAGS=--cap-lints=warn" "-e" "RUSTDOCFLAGS=--cap-lints=warn" "-w" "/opt/rustwide/workdir" "--user" "0:0" "f078ff719faa1beb64cc0fadb40e0e8e7ea1e06e8bd8104e2618253657d9f605" "/opt/rustwide/cargo-home/bin/cargo" "+1.99.0-beta.8" "test" "--frozen" "--no-run" "--message-format=json" "--release", kill_on_drop: false }`
[INFO] [stderr]    Compiling memchr v2.8.2
[INFO] [stderr]    Compiling winnow v1.0.3
[INFO] [stderr]    Compiling toml_datetime v1.1.1+spec-1.1.0
[INFO] [stderr]    Compiling target-tuple v1.0.2
[INFO] [stderr]    Compiling indexmap v2.14.0
[INFO] [stderr]    Compiling relative-path v1.9.3
[INFO] [stderr]    Compiling rstest_macros v0.27.0
[INFO] [stderr]    Compiling futures-task v0.3.32
[INFO] [stderr]    Compiling futures-core v0.3.32
[INFO] [stderr]    Compiling syn v2.0.118
[INFO] [stderr]    Compiling serde_spanned v1.1.1
[INFO] [stderr]    Compiling glob v0.3.3
[INFO] [stderr]    Compiling serde_derive v1.0.229
[INFO] [stderr]    Compiling toml_writer v1.1.1+spec-1.1.0
[INFO] [stderr]    Compiling regex-syntax v0.8.11
[INFO] [stderr]    Compiling futures-timer v3.0.4
[INFO] [stderr]    Compiling futures-util v0.3.32
[INFO] [stderr]    Compiling termcolor v1.4.1
[INFO] [stderr]    Compiling aho-corasick v1.1.4
[INFO] [stderr]    Compiling serde_json v1.0.151
[INFO] [stderr]    Compiling toml_parser v1.1.2+spec-1.1.0
[INFO] [stderr]    Compiling toml v1.1.2+spec-1.1.0
[INFO] [stderr]    Compiling regex-automata v0.4.18
[INFO] [stderr]    Compiling toml_edit v0.25.12+spec-1.1.0
[INFO] [stderr]    Compiling regex v1.13.1
[INFO] [stderr]    Compiling proc-macro-crate v3.5.0
[INFO] [stderr]    Compiling serde v1.0.229
[INFO] [stderr]    Compiling trybuild v1.0.121
[INFO] [stderr]    Compiling rstest v0.27.0
[INFO] [stderr]    Compiling nnn v1.2.6 (/opt/rustwide/workdir)
[INFO] [stderr]     Finished `release` profile [optimized] target(s) in 40.49s
[INFO] running `Command { std: "docker" "inspect" "f078ff719faa1beb64cc0fadb40e0e8e7ea1e06e8bd8104e2618253657d9f605", kill_on_drop: false }`
[INFO] running `Command { std: "docker" "exec" "-e" "SOURCE_DIR=/opt/rustwide/workdir" "-e" "CARGO_HOME=/opt/rustwide/cargo-home" "-e" "RUSTUP_HOME=/opt/rustwide/rustup-home" "-e" "CARGO_TARGET_DIR=/opt/rustwide/target" "-e" "CARGO_INCREMENTAL=0" "-e" "RUST_BACKTRACE=full" "-e" "RUSTFLAGS=--cap-lints=warn" "-e" "RUSTDOCFLAGS=--cap-lints=warn" "-w" "/opt/rustwide/workdir" "--user" "0:0" "f078ff719faa1beb64cc0fadb40e0e8e7ea1e06e8bd8104e2618253657d9f605" "/opt/rustwide/cargo-home/bin/cargo" "+1.99.0-beta.8" "test" "--frozen" "--release", kill_on_drop: false }`
[INFO] [stderr]     Finished `release` profile [optimized] target(s) in 0.05s
[INFO] [stderr]      Running unittests src/lib.rs (/opt/rustwide/target/release/deps/nnn-304e1b64519d4e55)
[INFO] [stdout] 
[INFO] [stderr]      Running tests/conditional_validators.rs (/opt/rustwide/target/release/deps/conditional_validators-dea75f1742d5f384)
[INFO] [stdout] running 0 tests
[INFO] [stdout] 
[INFO] [stdout] test result: ok. 0 passed; 0 failed; 0 ignored; 0 measured; 0 filtered out; finished in 0.00s
[INFO] [stdout] 
[INFO] [stdout] 
[INFO] [stdout] running 1 test
[INFO] [stdout] test shared_variants_keep_every_enabling_condition ... ok
[INFO] [stdout] 
[INFO] [stdout] test result: ok. 1 passed; 0 failed; 0 ignored; 0 measured; 0 filtered out; finished in 0.00s
[INFO] [stdout] 
[INFO] [stdout] 
[INFO] [stderr]      Running tests/lib.rs (/opt/rustwide/target/release/deps/lib-33e132efed62a1a4)
[INFO] [stdout] running 208 tests
[INFO] [stdout] test derives::from_str::invalid_negative_float_parse_test::case_1 ... ok
[INFO] [stdout] test sanitizers::custom::sanitize_uppercase_with_closure::case_2 ... ok
[INFO] [stdout] test derives::from_str::valid_not_nan_test::case_1 ... ok
[INFO] [stdout] test sanitizers::custom::sanitize_uppercase_with_block::case_1 ... ok
[INFO] [stdout] test sanitizers::each::sanitize_each_trim_lowercase::case_1 ... ok
[INFO] [stdout] test sanitizers::custom::sanitize_uppercase_with_block::case_2 ... ok
[INFO] [stdout] test derives::serde::data_deserialization_invalid::case_4 ... ok
[INFO] [stdout] test derives::serde::data_deserialization_valid::case_2 ... ok
[INFO] [stdout] test derives::serde::data_deserialization_invalid::case_1 ... ok
[INFO] [stdout] test sanitizers::custom::sanitize_uppercase_with_closure::case_1 ... ok
[INFO] [stdout] test sanitizers::lowercase::sanitize_lowercase::case_1 ... ok
[INFO] [stdout] test sanitizers::lowercase::sanitize_lowercase::case_2 ... ok
[INFO] [stdout] test sanitizers::sort::sanitize_sort::case_2 ... ok
[INFO] [stdout] test sanitizers::uppercase::sanitize_uppercase::case_2 ... ok
[INFO] [stdout] test sanitizers::dedup::sanitize_dedup::case_1 ... ok
[INFO] [stdout] test derives::serde::data_deserialization_invalid::case_3 ... ok
[INFO] [stdout] test sanitizers::sort::sanitize_sort::case_1 ... ok
[INFO] [stdout] test sanitizers::trim::sanitize_trim::case_1 ... ok
[INFO] [stdout] test derives::from_str::valid_not_nan_test::case_2 ... ok
[INFO] [stdout] test sanitizers::trim::sanitize_trim::case_2 ... ok
[INFO] [stdout] test derives::serde::data_deserialization_invalid::case_2 ... ok
[INFO] [stdout] test sanitizers::custom::sanitize_uppercase_with_fn_path::case_1 ... ok
[INFO] [stdout] test sanitizers::uppercase::sanitize_uppercase::case_1 ... ok
[INFO] [stdout] test sanitizers::custom::sanitize_uppercase_with_fn_path::case_2 ... ok
[INFO] [stdout] test sanitizers::dedup::sanitize_dedup::case_2 ... ok
[INFO] [stdout] test validators::custom::validated_closure_float_string_invalid::case_1 ... ok
[INFO] [stdout] test derives::serde::data_deserialization_valid::case_1 ... ok
[INFO] [stdout] test validators::custom::validated_fn_path_float_string_valid::case_1 ... ok
[INFO] [stdout] test validators::custom::validated_fn_path_float_string_valid_invalid::case_1 ... ok
[INFO] [stdout] test validators::custom::validated_block_float_string_valid::case_1 ... ok
[INFO] [stdout] test validators::each::invalid_vec_of_finite_floats::case_1 ... ok
[INFO] [stdout] test validators::custom::validated_boolean_custom_block_invalid::case_1 ... ok
[INFO] [stdout] test validators::custom::validated_boolean_custom_block_valid::case_1 ... ok
[INFO] [stdout] test validators::custom::validated_closure_float_string_valid::case_1 ... ok
[INFO] [stdout] test validators::each::invalid_each_vec::case_2 ... ok
[INFO] [stdout] test validators::each::valid_vec_of_vecs_of_finite_floats::case_1 ... ok
[INFO] [stdout] test validators::each::valid_vec_of_vecs_of_finite_floats::case_2 ... ok
[INFO] [stdout] test validators::exactly::invalid_exact_array::case_1 ... ok
[INFO] [stdout] test validators::exactly::invalid_exact_float::case_1 ... ok
[INFO] [stdout] test validators::each::invalid_vec_of_finite_floats::case_2 ... ok
[INFO] [stdout] test validators::each::valid_each_vec::case_1 ... ok
[INFO] [stdout] test validators::exactly::invalid_exact_signed_int::case_1 ... ok
[INFO] [stdout] test validators::exactly::invalid_exact_string::case_2 ... ok
[INFO] [stdout] test validators::exactly::invalid_exact_string::case_1 ... ok
[INFO] [stdout] test validators::exactly::invalid_exact_signed_int::case_2 ... ok
[INFO] [stdout] test validators::exactly::invalid_exact_tuple::case_1 ... ok
[INFO] [stdout] test validators::exactly::invalid_exact_tuple::case_2 ... ok
[INFO] [stdout] test validators::exactly::valid_exact_array::case_1 ... ok
[INFO] [stdout] test validators::each::invalid_vec_of_finite_floats::case_3 ... ok
[INFO] [stdout] test validators::exactly::invalid_exact_array::case_2 ... ok
[INFO] [stdout] test validators::exactly::invalid_exact_float::case_2 ... ok
[INFO] [stdout] test validators::each::valid_each_vec::case_2 ... ok
[INFO] [stdout] test validators::exactly::valid_exact_tuple::case_1 ... ok
[INFO] [stdout] test validators::exactly::valid_exact_float::case_1 ... ok
[INFO] [stdout] test validators::exactly::valid_exact_signed_int::case_1 ... ok
[INFO] [stdout] test validators::finite::valid_finite_float::case_2 ... ok
[INFO] [stdout] test validators::finite::valid_finite_float::case_3 ... ok
[INFO] [stdout] test validators::finite::valid_finite_float::case_4 ... ok
[INFO] [stdout] test validators::finite::valid_finite_float::case_1 ... ok
[INFO] [stdout] test validators::exactly::valid_exact_string::case_1 ... ok
[INFO] [stdout] test validators::custom::validated_boolean_custom_closure_invalid::case_1 ... ok
[INFO] [stdout] test validators::finite::valid_finite_float::case_5 ... ok
[INFO] [stdout] test validators::custom::validated_boolean_custom_closure_valid::case_1 ... ok
[INFO] [stdout] test validators::finite::valid_finite_float::case_6 ... ok
[INFO] [stdout] test validators::custom::validated_boolean_custom_fn_path_valid::case_1 ... ok
[INFO] [stdout] test validators::length::invalid_exact_length_str::case_1 ... ok
[INFO] [stdout] test validators::length::invalid_exact_length_str::case_2 ... ok
[INFO] [stdout] test validators::length::invalid_exact_length_str::case_3 ... ok
[INFO] [stdout] test validators::length::valid_exact_length_str::case_1 ... ok
[INFO] [stdout] test validators::max::invalid_max_float::case_1 ... ok
[INFO] [stdout] test validators::max::invalid_max_float::case_2 ... ok
[INFO] [stdout] test validators::max::invalid_max_signed_int::case_1 ... ok
[INFO] [stdout] test validators::max::invalid_max_signed_int::case_2 ... ok
[INFO] [stdout] test validators::max::valid_max_float::case_1 ... ok
[INFO] [stdout] test validators::max_length::invalid_max_str::case_1 ... ok
[INFO] [stdout] test validators::max_length::invalid_max_str::case_2 ... ok
[INFO] [stdout] test validators::max_length::valid_max_str::case_1 ... ok
[INFO] [stdout] test validators::max_length_or_eq::invalid_max_length_or_eq_str::case_2 ... ok
[INFO] [stdout] test validators::max_length_or_eq::valid_max_length_or_eq_str::case_1 ... ok
[INFO] [stdout] test validators::max_or_eq::valid_max_or_eq_float::case_1 ... ok
[INFO] [stdout] test validators::finite::invalid_finite_float::case_1 ... ok
[INFO] [stdout] test validators::finite::invalid_finite_float::case_2 ... ok
[INFO] [stdout] test validators::max::valid_max_signed_int::case_1 ... ok
[INFO] [stdout] test derives::from_str::invalid_not_float_parse_test::case_1 ... ok
[INFO] [stdout] test validators::custom::validated_block_float_string_invalid::case_1 ... ok
[INFO] [stdout] test validators::custom::validated_boolean_custom_fn_path_invalid::case_1 ... ok
[INFO] [stdout] test validators::max_length_or_eq::invalid_max_length_or_eq_str::case_1 ... ok
[INFO] [stdout] test validators::max_or_eq::invalid_max_or_eq_signed_int::case_1 ... ok
[INFO] [stdout] test validators::finite::invalid_finite_float::case_3 ... ok
[INFO] [stdout] test validators::max_or_eq::invalid_max_or_eq_float::case_1 ... ok
[INFO] [stdout] test validators::min_length::invalid_min_length_str::case_1 ... ok
[INFO] [stdout] test validators::max_length_or_eq::valid_max_length_or_eq_str::case_2 ... ok
[INFO] [stdout] test validators::max_or_eq::valid_max_or_eq_signed_int::case_1 ... ok
[INFO] [stdout] test validators::min::invalid_min_signed_int::case_2 ... ok
[INFO] [stdout] test validators::min_length::invalid_min_length_str::case_2 ... ok
[INFO] [stdout] test validators::each::invalid_each_vec::case_1 ... ok
[INFO] [stdout] test validators::min::valid_min_signed_int::case_1 ... ok
[INFO] [stdout] test validators::min::valid_min_float::case_1 ... ok
[INFO] [stdout] test validators::min::invalid_min_float::case_2 ... ok
[INFO] [stdout] test validators::min::invalid_min_signed_int::case_1 ... ok
[INFO] [stdout] test validators::max_or_eq::valid_max_or_eq_signed_int::case_2 ... ok
[INFO] [stdout] test validators::min::invalid_min_float::case_1 ... ok
[INFO] [stdout] test validators::min_length::valid_min_length_str::case_1 ... ok
[INFO] [stdout] test validators::max_length::valid_max_str::case_2 ... ok
[INFO] [stdout] test validators::min_or_eq::valid_min_or_eq_float::case_1 ... ok
[INFO] [stdout] test validators::min_or_eq::valid_min_or_eq_float::case_2 ... ok
[INFO] [stdout] test validators::negative::negative_f32::invalid_negative_f32::case_2 ... ok
[INFO] [stdout] test validators::negative::negative_f32::invalid_negative_f32::case_3 ... ok
[INFO] [stdout] test validators::max_or_eq::valid_max_or_eq_float::case_2 ... ok
[INFO] [stdout] test validators::negative::negative_f32::valid_negative_f32::case_1 ... ok
[INFO] [stdout] test validators::min_length_or_eq::invalid_min_length_or_eq_str::case_1 ... ok
[INFO] [stdout] test validators::min_or_eq::invalid_min_or_eq_signed_int::case_1 ... ok
[INFO] [stdout] test validators::min_or_eq::invalid_min_or_eq_float::case_1 ... ok
[INFO] [stdout] test validators::min_length_or_eq::valid_min_length_or_eq_str::case_1 ... ok
[INFO] [stdout] test validators::min_length_or_eq::valid_min_length_or_eq_str::case_2 ... ok
[INFO] [stdout] test validators::negative::negative_f32::invalid_negative_f32::case_4 ... ok
[INFO] [stdout] test validators::negative::negative_i128::invalid_negative_i128::case_1 ... ok
[INFO] [stdout] test validators::negative::negative_f64::invalid_negative_f64::case_1 ... ok
[INFO] [stdout] test validators::min_length_or_eq::invalid_min_length_or_eq_str::case_2 ... ok
[INFO] [stdout] test validators::min_or_eq::valid_min_or_eq_signed_int::case_2 ... ok
[INFO] [stdout] test validators::negative::negative_i16::invalid_negative_i16::case_1 ... ok
[INFO] [stdout] test validators::negative::negative_f64::invalid_negative_f64::case_2 ... ok
[INFO] [stdout] test validators::negative::negative_i32::invalid_negative_i32::case_1 ... ok
[INFO] [stdout] test validators::negative::negative_i16::invalid_negative_i16::case_2 ... ok
[INFO] [stdout] test validators::negative::negative_f64::valid_negative_f64::case_1 ... ok
[INFO] [stdout] test validators::negative::negative_i16::valid_negative_i16::case_1 ... ok
[INFO] [stdout] test validators::negative::negative_f64::invalid_negative_f64::case_4 ... ok
[INFO] [stdout] test validators::negative::negative_f64::invalid_negative_f64::case_3 ... ok
[INFO] [stdout] test validators::negative::negative_i128::valid_negative_i128::case_1 ... ok
[INFO] [stdout] test validators::negative::negative_f32::invalid_negative_f32::case_1 ... ok
[INFO] [stdout] test validators::negative::negative_i64::invalid_negative_i64::case_2 ... ok
[INFO] [stdout] test validators::negative::negative_i8::invalid_negative_i8::case_1 ... ok
[INFO] [stdout] test validators::negative::negative_i128::invalid_negative_i128::case_2 ... ok
[INFO] [stdout] test validators::min_or_eq::valid_min_or_eq_signed_int::case_1 ... ok
[INFO] [stdout] test validators::negative::negative_i8::valid_negative_i8::case_1 ... ok
[INFO] [stdout] test validators::negative::negative_isize::valid_negative_isize::case_1 ... ok
[INFO] [stdout] test validators::negative::negative_i32::invalid_negative_i32::case_2 ... ok
[INFO] [stdout] test validators::negative::negative_i64::invalid_negative_i64::case_1 ... ok
[INFO] [stdout] test validators::not_infinite::invalid_not_nan_test::case_2 ... ok
[INFO] [stdout] test validators::not_infinite::valid_not_nan_test::case_5 ... ok
[INFO] [stdout] test validators::not_infinite::valid_not_nan_test::case_6 ... ok
[INFO] [stdout] test validators::not_infinite::valid_not_nan_test::case_3 ... ok
[INFO] [stdout] test validators::negative::negative_isize::invalid_negative_isize::case_1 ... ok
[INFO] [stdout] test validators::negative::negative_i8::invalid_negative_i8::case_2 ... ok
[INFO] [stdout] test validators::not_infinite::valid_not_nan_test::case_1 ... ok
[INFO] [stdout] test validators::not_infinite::valid_not_nan_test::case_7 ... ok
[INFO] [stdout] test validators::not_infinite::valid_not_nan_test::case_2 ... ok
[INFO] [stdout] test validators::not_infinite::valid_not_nan_test::case_4 ... ok
[INFO] [stdout] test validators::negative::negative_i32::valid_negative_i32::case_1 ... ok
[INFO] [stdout] test validators::not_empty::invalid_not_empty_str::case_1 ... ok
[INFO] [stdout] test validators::negative::negative_isize::invalid_negative_isize::case_2 ... ok
[INFO] [stdout] test validators::not_empty::valid_not_empty_str::case_2 ... ok
[INFO] [stdout] test validators::not_empty::valid_not_empty_str::case_1 ... ok
[INFO] [stdout] test validators::not_infinite::invalid_not_nan_test::case_1 ... ok
[INFO] [stdout] test validators::not_nan::invalid_not_nan_test::case_1 ... ok
[INFO] [stdout] test validators::not_nan::valid_not_nan_test::case_7 ... ok
[INFO] [stdout] test validators::not_nan::valid_not_nan_test::case_1 ... ok
[INFO] [stdout] test validators::not_nan::valid_not_nan_test::case_8 ... ok
[INFO] [stdout] test validators::not_nan::valid_not_nan_test::case_4 ... ok
[INFO] [stdout] test validators::not_nan::valid_not_nan_test::case_5 ... ok
[INFO] [stdout] test validators::positive::positive_f32::invalid_positive_f32::case_3 ... ok
[INFO] [stdout] test validators::positive::positive_f32::valid_positive_f32::case_1 ... ok
[INFO] [stdout] test validators::positive::positive_f32::invalid_positive_f32::case_4 ... ok
[INFO] [stdout] test validators::positive::positive_f64::invalid_positive_f64::case_1 ... ok
[INFO] [stdout] test validators::positive::positive_f64::invalid_positive_f64::case_3 ... ok
[INFO] [stdout] test validators::positive::positive_f64::invalid_positive_f64::case_2 ... ok
[INFO] [stdout] test validators::positive::positive_f64::invalid_positive_f64::case_4 ... ok
[INFO] [stdout] test validators::positive::positive_i128::invalid_positive_i128::case_2 ... ok
[INFO] [stdout] test validators::positive::positive_i16::invalid_positive_i16::case_2 ... ok
[INFO] [stdout] test validators::positive::positive_i16::valid_positive_i16::case_1 ... ok
[INFO] [stdout] test validators::positive::positive_i32::invalid_positive_i32::case_2 ... ok
[INFO] [stdout] test validators::positive::positive_i32::valid_positive_i32::case_1 ... ok
[INFO] [stdout] test validators::positive::positive_i32::invalid_positive_i32::case_1 ... ok
[INFO] [stdout] test validators::positive::positive_i128::valid_positive_i128::case_1 ... ok
[INFO] [stdout] test validators::not_nan::valid_not_nan_test::case_6 ... ok
[INFO] [stdout] test validators::positive::positive_f32::invalid_positive_f32::case_2 ... ok
[INFO] [stdout] test validators::positive::positive_i64::invalid_positive_i64::case_2 ... ok
[INFO] [stdout] test validators::positive::positive_i64::invalid_positive_i64::case_1 ... ok
[INFO] [stdout] test validators::positive::positive_i64::valid_positive_i64::case_1 ... ok
[INFO] [stdout] test validators::positive::positive_i8::invalid_positive_i8::case_1 ... ok
[INFO] [stdout] test validators::positive::positive_i8::invalid_positive_i8::case_2 ... ok
[INFO] [stdout] test validators::positive::positive_i8::valid_positive_i8::case_1 ... ok
[INFO] [stdout] test validators::positive::positive_isize::invalid_positive_isize::case_1 ... ok
[INFO] [stdout] test validators::positive::positive_isize::invalid_positive_isize::case_2 ... ok
[INFO] [stdout] test validators::positive::positive_isize::valid_positive_isize::case_1 ... ok
[INFO] [stdout] test validators::predicate::validated_block_float_string_valid::case_1 ... ok
[INFO] [stdout] test validators::not_nan::valid_not_nan_test::case_3 ... ok
[INFO] [stdout] test validators::predicate::validated_block_float_string_invalid::case_1 ... ok
[INFO] [stdout] test validators::positive::positive_f32::invalid_positive_f32::case_1 ... ok
[INFO] [stdout] test validators::predicate::validated_closure_option_valid::case_1 ... ok
[INFO] [stdout] test validators::predicate::validated_fn_path_option_invalid::case_1 ... ok
[INFO] [stdout] test validators::predicate::validated_fn_path_option_valid::case_1 ... ok
[INFO] [stdout] test validators::positive::positive_i128::invalid_positive_i128::case_1 ... ok
[INFO] [stdout] test validators::regex::__private_RegexLiteralStr::tests::regex_validator_should_be_valid ... ok
[INFO] [stdout] test validators::predicate::validated_closure_option_invalid::case_1 ... ok
[INFO] [stdout] test validators::regex::invalid_regex_variable_str::case_1 ... ok
[INFO] [stdout] test validators::regex::valid_regex_variable_str::case_1 ... ok
[INFO] [stdout] test validators::regex::invalid_regex_variable_str::case_2 ... ok
[INFO] [stdout] test validators::regex::invalid_regex_literal_str::case_2 ... ok
[INFO] [stdout] test validators::regex::valid_regex_literal_str::case_1 ... ok
[INFO] [stdout] test validators::regex::__private_RegexVariableStr::tests::regex_validator_should_be_valid ... ok
[INFO] [stdout] test validators::negative::negative_i64::valid_negative_i64::case_1 ... ok
[INFO] [stdout] test validators::positive::positive_f64::valid_positive_f64::case_1 ... ok
[INFO] [stdout] test validators::positive::positive_i16::invalid_positive_i16::case_1 ... ok
[INFO] [stdout] test validators::regex::invalid_regex_literal_str::case_1 ... ok
[INFO] [stdout] test validators::not_nan::valid_not_nan_test::case_2 ... ok
[INFO] [stderr]    Compiling proc-macro2 v1.0.106
[INFO] [stderr]    Compiling quote v1.0.46
[INFO] [stderr]    Compiling unicode-ident v1.0.24
[INFO] [stderr]    Compiling semver v1.0.28
[INFO] [stderr]    Compiling hashbrown v0.17.1
[INFO] [stderr]    Compiling equivalent v1.0.2
[INFO] [stderr]    Compiling memchr v2.8.2
[INFO] [stderr]    Compiling winnow v1.0.3
[INFO] [stderr]    Compiling serde_core v1.0.229
[INFO] [stderr]    Compiling toml_datetime v1.1.1+spec-1.1.0
[INFO] [stderr]    Compiling regex-syntax v0.8.11
[INFO] [stderr]    Compiling zmij v1.0.21
[INFO] [stderr]    Compiling futures-task v0.3.32
[INFO] [stderr]    Compiling futures-core v0.3.32
[INFO] [stderr]    Compiling serde_json v1.0.151
[INFO] [stderr]    Compiling paste v1.0.15
[INFO] [stderr]    Compiling relative-path v1.9.3
[INFO] [stderr]    Compiling serde v1.0.229
[INFO] [stderr]    Compiling glob v0.3.3
[INFO] [stderr]    Compiling cfg-if v1.0.4
[INFO] [stderr]    Compiling pin-project-lite v0.2.17
[INFO] [stderr]    Compiling futures-util v0.3.32
[INFO] [stderr]    Compiling futures-timer v3.0.4
[INFO] [stderr]    Compiling itoa v1.0.18
[INFO] [stderr]    Compiling rustc_version v0.4.1
[INFO] [stderr]    Compiling aho-corasick v1.1.4
[INFO] [stderr]    Compiling rstest_macros v0.27.0
[INFO] [stderr]    Compiling indexmap v2.14.0
[INFO] [stderr]    Compiling syn v3.0.6
[INFO] [stderr]    Compiling syn v2.0.118
[INFO] [stderr]    Compiling toml_parser v1.1.2+spec-1.1.0
[INFO] [stderr]    Compiling regex-automata v0.4.18
[INFO] [stderr]    Compiling toml_edit v0.25.12+spec-1.1.0
[INFO] [stderr]    Compiling proc-macro-crate v3.5.0
[INFO] [stderr]    Compiling regex v1.13.1
[INFO] [stderr]    Compiling nnn-macros v1.2.6
[INFO] [stderr]    Compiling serde_derive v1.0.229
[INFO] [stderr]    Compiling nnn v1.2.6 (/opt/rustwide/workdir)
[INFO] [stderr]    Compiling rstest v0.27.0
[INFO] [stderr]    Compiling nnn-tests v0.0.0 (/opt/rustwide/target/tests/trybuild/nnn)
[INFO] [stderr]     Finished `dev` profile [unoptimized + debuginfo] target(s) in 31.45s
[INFO] [stderr] 
[INFO] [stderr] 
[INFO] [stderr] test tests/ui/pass/float_eq_with_finite.rs ... ok
[INFO] [stderr] test tests/ui/pass/multiple_validators.rs ... ok
[INFO] [stderr] test tests/ui/pass/sign_validators_on_all_numbers.rs ... ok
[INFO] [stderr] test tests/ui/pass/validators_reuse.rs ... ok
[INFO] [stderr] 
[INFO] [stderr] 
[INFO] [stderr]     Checking memchr v2.8.2
[INFO] [stderr]     Checking regex-syntax v0.8.11
[INFO] [stderr]     Checking pin-project-lite v0.2.17
[INFO] [stderr]     Checking futures-task v0.3.32
[INFO] [stderr]     Checking futures-core v0.3.32
[INFO] [stderr]     Checking futures-timer v3.0.4
[INFO] [stderr]     Checking serde_core v1.0.229
[INFO] [stderr]     Checking zmij v1.0.21
[INFO] [stderr]     Checking itoa v1.0.18
[INFO] [stderr]     Checking nnn v1.2.6 (/opt/rustwide/workdir)
[INFO] [stderr]     Checking futures-util v0.3.32
[INFO] [stderr]     Checking aho-corasick v1.1.4
[INFO] [stderr]     Checking rstest v0.27.0
[INFO] [stderr]     Checking regex-automata v0.4.18
[INFO] [stderr]     Checking serde_json v1.0.151
[INFO] [stderr]     Checking serde v1.0.229
[INFO] [stderr]     Checking regex v1.13.1
[INFO] [stderr]     Checking nnn-tests v0.0.0 (/opt/rustwide/target/tests/trybuild/nnn)
[INFO] [stderr]     Finished `dev` profile [unoptimized + debuginfo] target(s) in 6.26s
[INFO] [stderr] 
[INFO] [stderr] 
[INFO] [stderr] test tests/ui/fail/custom_derive_empty_generics_parameters.rs ... ok
[INFO] [stderr] test tests/ui/fail/derive_default.rs ... ok
[INFO] [stderr] test tests/ui/fail/derive_from.rs ... ok
[INFO] [stderr] test tests/ui/fail/float_ord_eq_without_NAN_exclusion.rs ... mismatch
[INFO] [stderr] 
[INFO] [stderr] EXPECTED:
[INFO] [stderr] ┈┈┈┈┈┈┈┈┈┈┈┈┈┈┈┈┈┈┈┈┈┈┈┈┈┈┈┈┈┈┈┈┈┈┈┈┈┈┈┈┈┈┈┈┈┈┈┈┈┈┈┈┈┈┈┈┈┈┈┈
[INFO] [stderr] error: expected `,`
[INFO] [stderr]   --> tests/ui/fail/float_ord_eq_without_NAN_exclusion.rs:33:8
[INFO] [stderr]    |
[INFO] [stderr] 33 |     cfg(toto, validators(not_nan)),
[INFO] [stderr]    |        ^
[INFO] [stderr] 
[INFO] [stderr] error[E0277]: the trait bound `f64: Ord` is not satisfied
[INFO] [stderr]  --> tests/ui/fail/float_ord_eq_without_NAN_exclusion.rs:6:14
[INFO] [stderr]   |
[INFO] [stderr] 5 | #[nnn(derive(PartialEq, Eq, PartialOrd, Ord))]
[INFO] [stderr]   |                                         --- in this derive macro expansion
[INFO] [stderr] 6 | struct Float(f64);
[INFO] [stderr]   |              ^^^ the trait `Ord` is not implemented for `f64`
[INFO] [stderr]   |
[INFO] [stderr]   = help: the following other types implement trait `Ord`:
[INFO] [stderr]             i128
[INFO] [stderr]             i16
[INFO] [stderr]             i32
[INFO] [stderr]             i64
[INFO] [stderr]             i8
[INFO] [stderr]             isize
[INFO] [stderr]             u128
[INFO] [stderr]             u16
[INFO] [stderr]           and $N others
[INFO] [stderr] 
[INFO] [stderr] error[E0277]: the trait bound `f64: std::cmp::Eq` is not satisfied
[INFO] [stderr]  --> tests/ui/fail/float_ord_eq_without_NAN_exclusion.rs:6:14
[INFO] [stderr]   |
[INFO] [stderr] 5 | #[nnn(derive(PartialEq, Eq, PartialOrd, Ord))]
[INFO] [stderr]   |                         -- in this derive macro expansion
[INFO] [stderr] 6 | struct Float(f64);
[INFO] [stderr]   |              ^^^ the trait `std::cmp::Eq` is not implemented for `f64`
[INFO] [stderr]   |
[INFO] [stderr]   = help: the following other types implement trait `std::cmp::Eq`:
[INFO] [stderr]             i128
[INFO] [stderr]             i16
[INFO] [stderr]             i32
[INFO] [stderr]             i64
[INFO] [stderr]             i8
[INFO] [stderr]             isize
[INFO] [stderr]             u128
[INFO] [stderr]             u16
[INFO] [stderr]           and $N others
[INFO] [stderr] note: required by a bound in `AssertParamIsEq`
[INFO] [stderr]  --> $RUST/core/src/cmp.rs
[INFO] [stderr]   |
[INFO] [stderr]   | pub struct AssertParamIsEq<T: Eq + ?Sized> {
[INFO] [stderr]   |                               ^^ required by this bound in `AssertParamIsEq`
[INFO] [stderr] 
[INFO] [stderr] error[E0277]: the trait bound `f64: Ord` is not satisfied
[INFO] [stderr]   --> tests/ui/fail/float_ord_eq_without_NAN_exclusion.rs:13:20
[INFO] [stderr]    |
[INFO] [stderr] 12 | #[nnn(derive(PartialEq, Eq, PartialOrd, Ord), cfg(test, validators(finite)))]
[INFO] [stderr]    |                                         --- in this derive macro expansion
[INFO] [stderr] 13 | struct FiniteFloat(f64);
[INFO] [stderr]    |                    ^^^ the trait `Ord` is not implemented for `f64`
[INFO] [stderr]    |
[INFO] [stderr]    = help: the following other types implement trait `Ord`:
[INFO] [stderr]              i128
[INFO] [stderr]              i16
[INFO] [stderr]              i32
[INFO] [stderr]              i64
[INFO] [stderr]              i8
[INFO] [stderr]              isize
[INFO] [stderr]              u128
[INFO] [stderr]              u16
[INFO] [stderr]            and $N others
[INFO] [stderr] 
[INFO] [stderr] error[E0277]: the trait bound `f64: std::cmp::Eq` is not satisfied
[INFO] [stderr]   --> tests/ui/fail/float_ord_eq_without_NAN_exclusion.rs:13:20
[INFO] [stderr]    |
[INFO] [stderr] 12 | #[nnn(derive(PartialEq, Eq, PartialOrd, Ord), cfg(test, validators(finite)))]
[INFO] [stderr]    |                         -- in this derive macro expansion
[INFO] [stderr] 13 | struct FiniteFloat(f64);
[INFO] [stderr]    |                    ^^^ the trait `std::cmp::Eq` is not implemented for `f64`
[INFO] [stderr]    |
[INFO] [stderr]    = help: the following other types implement trait `std::cmp::Eq`:
[INFO] [stderr]              i128
[INFO] [stderr]              i16
[INFO] [stderr]              i32
[INFO] [stderr]              i64
[INFO] [stderr]              i8
[INFO] [stderr]              isize
[INFO] [stderr]              u128
[INFO] [stderr]              u16
[INFO] [stderr]            and $N others
[INFO] [stderr] note: required by a bound in `AssertParamIsEq`
[INFO] [stderr]   --> $RUST/core/src/cmp.rs
[INFO] [stderr]    |
[INFO] [stderr]    | pub struct AssertParamIsEq<T: Eq + ?Sized> {
[INFO] [stderr]    |                               ^^ required by this bound in `AssertParamIsEq`
[INFO] [stderr] 
[INFO] [stderr] error[E0277]: the trait bound `f64: Ord` is not satisfied
[INFO] [stderr]   --> tests/ui/fail/float_ord_eq_without_NAN_exclusion.rs:27:21
[INFO] [stderr]    |
[INFO] [stderr] 26 | #[nnn(derive(PartialEq, Eq, PartialOrd, Ord), cfg(test, validators(not_nan)))]
[INFO] [stderr]    |                                         --- in this derive macro expansion
[INFO] [stderr] 27 | struct FiniteFloat3(f64);
[INFO] [stderr]    |                     ^^^ the trait `Ord` is not implemented for `f64`
[INFO] [stderr]    |
[INFO] [stderr]    = help: the following other types implement trait `Ord`:
[INFO] [stderr]              i128
[INFO] [stderr]              i16
[INFO] [stderr]              i32
[INFO] [stderr]              i64
[INFO] [stderr]              i8
[INFO] [stderr]              isize
[INFO] [stderr]              u128
[INFO] [stderr]              u16
[INFO] [stderr]            and $N others
[INFO] [stderr] 
[INFO] [stderr] error[E0277]: the trait bound `f64: std::cmp::Eq` is not satisfied
[INFO] [stderr]   --> tests/ui/fail/float_ord_eq_without_NAN_exclusion.rs:27:21
[INFO] [stderr]    |
[INFO] [stderr] 26 | #[nnn(derive(PartialEq, Eq, PartialOrd, Ord), cfg(test, validators(not_nan)))]
[INFO] [stderr]    |                         -- in this derive macro expansion
[INFO] [stderr] 27 | struct FiniteFloat3(f64);
[INFO] [stderr]    |                     ^^^ the trait `std::cmp::Eq` is not implemented for `f64`
[INFO] [stderr]    |
[INFO] [stderr]    = help: the following other types implement trait `std::cmp::Eq`:
[INFO] [stderr]              i128
[INFO] [stderr]              i16
[INFO] [stderr]              i32
[INFO] [stderr]              i64
[INFO] [stderr]              i8
[INFO] [stderr]              isize
[INFO] [stderr]              u128
[INFO] [stderr]              u16
[INFO] [stderr]            and $N others
[INFO] [stderr] note: required by a bound in `AssertParamIsEq`
[INFO] [stderr]   --> $RUST/core/src/cmp.rs
[INFO] [stderr]    |
[INFO] [stderr]    | pub struct AssertParamIsEq<T: Eq + ?Sized> {
[INFO] [stderr]    |                               ^^ required by this bound in `AssertParamIsEq`
[INFO] [stderr] ┈┈┈┈┈┈┈┈┈┈┈┈┈┈┈┈┈┈┈┈┈┈┈┈┈┈┈┈┈┈┈┈┈┈┈┈┈┈┈┈┈┈┈┈┈┈┈┈┈┈┈┈┈┈┈┈┈┈┈┈
[INFO] [stderr] 
[INFO] [stderr] ACTUAL OUTPUT:
[INFO] [stderr] ┈┈┈┈┈┈┈┈┈┈┈┈┈┈┈┈┈┈┈┈┈┈┈┈┈┈┈┈┈┈┈┈┈┈┈┈┈┈┈┈┈┈┈┈┈┈┈┈┈┈┈┈┈┈┈┈┈┈┈┈
[INFO] [stderr] error: expected `,`
[INFO] [stderr]   --> tests/ui/fail/float_ord_eq_without_NAN_exclusion.rs:33:8
[INFO] [stderr]    |
[INFO] [stderr] 33 |     cfg(toto, validators(not_nan)),
[INFO] [stderr]    |        ^
[INFO] [stderr] 
[INFO] [stderr] error[E0277]: the trait bound `f64: Ord` is not satisfied
[INFO] [stderr]  --> tests/ui/fail/float_ord_eq_without_NAN_exclusion.rs:6:14
[INFO] [stderr]   |
[INFO] [stderr] 5 | #[nnn(derive(PartialEq, Eq, PartialOrd, Ord))]
[INFO] [stderr]   |                                         --- in this derive macro expansion
[INFO] [stderr] 6 | struct Float(f64);
[INFO] [stderr]   |              ^^^ the trait `Ord` is not implemented for `f64`
[INFO] [stderr]   |
[INFO] [stderr]   = help: the following other types implement trait `Ord`:
[INFO] [stderr]             i128
[INFO] [stderr]             i16
[INFO] [stderr]             i32
[INFO] [stderr]             i64
[INFO] [stderr]             i8
[INFO] [stderr]             isize
[INFO] [stderr]             u128
[INFO] [stderr]             u16
[INFO] [stderr]           and $N others
[INFO] [stderr] 
[INFO] [stderr] error[E0277]: the trait bound `f64: Eq` is not satisfied
[INFO] [stderr]  --> tests/ui/fail/float_ord_eq_without_NAN_exclusion.rs:6:14
[INFO] [stderr]   |
[INFO] [stderr] 5 | #[nnn(derive(PartialEq, Eq, PartialOrd, Ord))]
[INFO] [stderr]   |                         -- in this derive macro expansion
[INFO] [stderr] 6 | struct Float(f64);
[INFO] [stderr]   |              ^^^ the trait `Eq` is not implemented for `f64`
[INFO] [stderr]   |
[INFO] [stderr]   = help: the following other types implement trait `Eq`:
[INFO] [stderr]             i128
[INFO] [stderr]             i16
[INFO] [stderr]             i32
[INFO] [stderr]             i64
[INFO] [stderr]             i8
[INFO] [stderr]             isize
[INFO] [stderr]             u128
[INFO] [stderr]             u16
[INFO] [stderr]           and $N others
[INFO] [stderr] note: required by a bound in `std::cmp::AssertParamIsEq`
[INFO] [stderr]  --> $RUST/core/src/cmp.rs
[INFO] [stderr] 
[INFO] [stderr] error[E0277]: the trait bound `f64: Ord` is not satisfied
[INFO] [stderr]   --> tests/ui/fail/float_ord_eq_without_NAN_exclusion.rs:13:20
[INFO] [stderr]    |
[INFO] [stderr] 12 | #[nnn(derive(PartialEq, Eq, PartialOrd, Ord), cfg(test, validators(finite)))]
[INFO] [stderr]    |                                         --- in this derive macro expansion
[INFO] [stderr] 13 | struct FiniteFloat(f64);
[INFO] [stderr]    |                    ^^^ the trait `Ord` is not implemented for `f64`
[INFO] [stderr]    |
[INFO] [stderr]    = help: the following other types implement trait `Ord`:
[INFO] [stderr]              i128
[INFO] [stderr]              i16
[INFO] [stderr]              i32
[INFO] [stderr]              i64
[INFO] [stderr]              i8
[INFO] [stderr]              isize
[INFO] [stderr]              u128
[INFO] [stderr]              u16
[INFO] [stderr]            and $N others
[INFO] [stderr] 
[INFO] [stderr] error[E0277]: the trait bound `f64: Eq` is not satisfied
[INFO] [stderr]   --> tests/ui/fail/float_ord_eq_without_NAN_exclusion.rs:13:20
[INFO] [stderr]    |
[INFO] [stderr] 12 | #[nnn(derive(PartialEq, Eq, PartialOrd, Ord), cfg(test, validators(finite)))]
[INFO] [stderr]    |                         -- in this derive macro expansion
[INFO] [stderr] 13 | struct FiniteFloat(f64);
[INFO] [stderr]    |                    ^^^ the trait `Eq` is not implemented for `f64`
[INFO] [stderr]    |
[INFO] [stderr]    = help: the following other types implement trait `Eq`:
[INFO] [stderr]              i128
[INFO] [stderr]              i16
[INFO] [stderr]              i32
[INFO] [stderr]              i64
[INFO] [stderr]              i8
[INFO] [stderr]              isize
[INFO] [stderr]              u128
[INFO] [stderr]              u16
[INFO] [stderr]            and $N others
[INFO] [stderr] note: required by a bound in `std::cmp::AssertParamIsEq`
[INFO] [stderr]   --> $RUST/core/src/cmp.rs
[INFO] [stderr] 
[INFO] [stderr] error[E0277]: the trait bound `f64: Ord` is not satisfied
[INFO] [stderr]   --> tests/ui/fail/float_ord_eq_without_NAN_exclusion.rs:27:21
[INFO] [stderr]    |
[INFO] [stderr] 26 | #[nnn(derive(PartialEq, Eq, PartialOrd, Ord), cfg(test, validators(not_nan)))]
[INFO] [stderr]    |                                         --- in this derive macro expansion
[INFO] [stderr] 27 | struct FiniteFloat3(f64);
[INFO] [stderr]    |                     ^^^ the trait `Ord` is not implemented for `f64`
[INFO] [stderr]    |
[INFO] [stderr]    = help: the following other types implement trait `Ord`:
[INFO] [stderr]              i128
[INFO] [stderr]              i16
[INFO] [stderr]              i32
[INFO] [stderr]              i64
[INFO] [stderr]              i8
[INFO] [stderr]              isize
[INFO] [stderr]              u128
[INFO] [stderr]              u16
[INFO] [stderr]            and $N others
[INFO] [stderr] 
[INFO] [stderr] error[E0277]: the trait bound `f64: Eq` is not satisfied
[INFO] [stderr]   --> tests/ui/fail/float_ord_eq_without_NAN_exclusion.rs:27:21
[INFO] [stderr]    |
[INFO] [stderr] 26 | #[nnn(derive(PartialEq, Eq, PartialOrd, Ord), cfg(test, validators(not_nan)))]
[INFO] [stderr]    |                         -- in this derive macro expansion
[INFO] [stderr] 27 | struct FiniteFloat3(f64);
[INFO] [stderr]    |                     ^^^ the trait `Eq` is not implemented for `f64`
[INFO] [stderr]    |
[INFO] [stderr]    = help: the following other types implement trait `Eq`:
[INFO] [stderr]              i128
[INFO] [stderr]              i16
[INFO] [stderr]              i32
[INFO] [stderr]              i64
[INFO] [stderr]              i8
[INFO] [stderr]              isize
[INFO] [stderr]              u128
[INFO] [stderr]              u16
[INFO] [stderr]            and $N others
[INFO] [stderr] note: required by a bound in `std::cmp::AssertParamIsEq`
[INFO] [stderr]   --> $RUST/core/src/cmp.rs
[INFO] [stderr] ┈┈┈┈┈┈┈┈┈┈┈┈┈┈┈┈┈┈┈┈┈┈┈┈┈┈┈┈┈┈┈┈┈┈┈┈┈┈┈┈┈┈┈┈┈┈┈┈┈┈┈┈┈┈┈┈┈┈┈┈
[INFO] [stderr] note: If the actual output is the correct output you can bless it by rerunning
[INFO] [stderr]       your test with the environment variable TRYBUILD=overwrite
[INFO] [stderr] 
[INFO] [stderr] 
[INFO] [stderr] 
[INFO] [stdout] test ui::ui_fail ... FAILED
[INFO] [stderr]    Compiling nnn-tests v0.0.0 (/opt/rustwide/target/tests/trybuild/nnn)
[INFO] [stderr]     Finished `dev` profile [unoptimized + debuginfo] target(s) in 0.18s
[INFO] [stderr] 
[INFO] [stderr] 
[INFO] [stderr] test tests/ui/conditionals/invalid_compile_time_regex.rs ... ok
[INFO] [stderr] 
[INFO] [stderr] 
[INFO] [stderr] error: test failed, to rerun pass `--test lib`
[INFO] [stdout] test ui::ui_pass ... ok
[INFO] [stdout] 
[INFO] [stdout] failures:
[INFO] [stdout] 
[INFO] [stdout] ---- ui::ui_fail stdout ----
[INFO] [stdout] 
[INFO] [stdout] thread 'ui::ui_fail' (1009) panicked at /opt/rustwide/cargo-home/registry/src/index.crates.io-1949cf8c6b5b557f/trybuild-1.0.121/src/run.rs:103:13:
[INFO] [stdout] 1 of 4 tests failed
[INFO] [stdout] stack backtrace:
[INFO] [stdout]    0:     0x5fce4a463451 - <<std[70759c8f55707aa4]::sys::backtrace::BacktraceLock>::print::DisplayBacktrace as core[df12db4294e9bfd3]::fmt::Display>::fmt
[INFO] [stdout]    1:     0x5fce4a47ba0a - core[df12db4294e9bfd3]::fmt::write
[INFO] [stdout]    2:     0x5fce4a467f1c - <alloc[2182bb758b4b3781]::vec::Vec<u8> as core[df12db4294e9bfd3]::io::write::Write>::write_fmt
[INFO] [stdout]    3:     0x5fce4a43c916 - std[70759c8f55707aa4]::panicking::default_hook::{closure#0}
[INFO] [stdout]    4:     0x5fce4a45aaa9 - std[70759c8f55707aa4]::panicking::default_hook
[INFO] [stdout]    5:     0x5fce4a3f3560 - test[9d35eded1c95d3be]::test_main_inner::<test[9d35eded1c95d3be]::test_main_static::{closure#0}>::{closure#0}
[INFO] [stdout]    6:     0x5fce4a45ac62 - std[70759c8f55707aa4]::panicking::panic_with_hook
[INFO] [stdout]    7:     0x5fce4a43c9c2 - std[70759c8f55707aa4]::panicking::panic_handler::{closure#0}
[INFO] [stdout]    8:     0x5fce4a435289 - std[70759c8f55707aa4]::sys::backtrace::__rust_end_short_backtrace::<std[70759c8f55707aa4]::panicking::panic_handler::{closure#0}, !>
[INFO] [stdout]    9:     0x5fce4a43d5bd - __rustc[8fa7c3cbc660c2b3]::rust_begin_unwind
[INFO] [stdout]   10:     0x5fce4a47c22c - core[df12db4294e9bfd3]::panicking::panic_fmt
[INFO] [stdout]   11:     0x5fce4a27fd68 - <trybuild[873c5dee0ddceb46]::Runner>::run
[INFO] [stdout]   12:     0x5fce4a283150 - <trybuild[873c5dee0ddceb46]::TestCases as core[df12db4294e9bfd3]::ops::drop::Drop>::drop
[INFO] [stdout]   13:     0x5fce4a271e7f - lib[ce3d2173d3a0f4f5]::ui::ui_fail
[INFO] [stdout]   14:     0x5fce4a2774d9 - <lib[ce3d2173d3a0f4f5]::ui::ui_fail::{closure#0} as core[df12db4294e9bfd3]::ops::function::FnOnce<()>>::call_once
[INFO] [stdout]   15:     0x5fce4a3e684b - test[9d35eded1c95d3be]::__rust_begin_short_backtrace::<core[df12db4294e9bfd3]::result::Result<(), alloc[2182bb758b4b3781]::string::String>, fn() -> core[df12db4294e9bfd3]::result::Result<(), alloc[2182bb758b4b3781]::string::String>>
[INFO] [stdout]   16:     0x5fce4a3f3eb5 - test[9d35eded1c95d3be]::run_test::{closure#0}
[INFO] [stdout]   17:     0x5fce4a3ed774 - std[70759c8f55707aa4]::sys::backtrace::__rust_begin_short_backtrace::<test[9d35eded1c95d3be]::run_test::{closure#1}, ()>
[INFO] [stdout]   18:     0x5fce4a3f7012 - <std[70759c8f55707aa4]::thread::lifecycle::spawn_unchecked<test[9d35eded1c95d3be]::run_test::{closure#1}, ()>::{closure#1} as core[df12db4294e9bfd3]::ops::function::FnOnce<()>>::call_once::{shim:vtable#0}
[INFO] [stdout]   19:     0x5fce4a462709 - <std[70759c8f55707aa4]::sys::thread::unix::Thread>::new::thread_start
[INFO] [stdout]   20:     0x770a6dd3adfa - <unknown>
[INFO] [stdout]   21:     0x770a6ddce3d4 - clone
[INFO] [stdout]   22:                0x0 - <unknown>
[INFO] [stdout] 
[INFO] [stdout] 
[INFO] [stdout] failures:
[INFO] [stdout]     ui::ui_fail
[INFO] [stdout] 
[INFO] [stdout] test result: FAILED. 207 passed; 1 failed; 0 ignored; 0 measured; 0 filtered out; finished in 59.12s
[INFO] [stdout] 
[INFO] running `Command { std: "docker" "inspect" "f078ff719faa1beb64cc0fadb40e0e8e7ea1e06e8bd8104e2618253657d9f605", kill_on_drop: false }`
[INFO] running `Command { std: "docker" "rm" "-f" "f078ff719faa1beb64cc0fadb40e0e8e7ea1e06e8bd8104e2618253657d9f605", kill_on_drop: false }`
[INFO] [stdout] f078ff719faa1beb64cc0fadb40e0e8e7ea1e06e8bd8104e2618253657d9f605
