[INFO] fetching crate nixfmt_rs 0.5.3...
[INFO] testing nixfmt_rs-0.5.3 against 1.100.0-beta.1+cargoflags=--release for beta-release-1.100-2
[INFO] extracting crate nixfmt_rs 0.5.3 into /workspace/builds/worker-6-tc2/source
[INFO] started tweaking crates.io crate nixfmt_rs 0.5.3
[INFO] removed 0 missing examples
[INFO] finished tweaking crates.io crate nixfmt_rs 0.5.3
[INFO] tweaked toml for crates.io crate nixfmt_rs 0.5.3 written to /workspace/builds/worker-6-tc2/source/Cargo.toml
[INFO] validating manifest of crates.io crate nixfmt_rs 0.5.3 on toolchain 1.100.0-beta.1
[INFO] running `Command { std: CARGO_HOME="/workspace/cargo-home" RUSTUP_HOME="/workspace/rustup-home" "/workspace/cargo-home/bin/cargo" "+1.100.0-beta.1" "metadata" "--manifest-path" "Cargo.toml" "--no-deps", kill_on_drop: false }`
[INFO] crate crates.io crate nixfmt_rs 0.5.3 already has a lockfile, it will not be regenerated
[INFO] running `Command { std: CARGO_HOME="/workspace/cargo-home" RUSTUP_HOME="/workspace/rustup-home" "/workspace/cargo-home/bin/cargo" "+1.100.0-beta.1" "fetch" "--manifest-path" "Cargo.toml", kill_on_drop: false }`
[INFO] running `Command { std: "docker" "create" "-v" "/var/lib/crater-agent-workspace/builds/worker-6-tc2/source:/opt/rustwide/workdir:ro,Z" "-v" "/var/lib/crater-agent-workspace/builds/worker-6-tc2/target:/opt/rustwide/target:rw,Z" "-v" "/var/lib/crater-agent-workspace/cargo-home:/opt/rustwide/cargo-home:ro,Z" "-v" "/var/lib/crater-agent-workspace/rustup-home:/opt/rustwide/rustup-home:ro,Z" "-m" "1610612736" "--network" "none" "ghcr.io/rust-lang/crates-build-env/linux@sha256:77db811e55d90add9212f6832c23229e3de5f1c1f9905e8cb07319ea15df73ac" "sleep" "infinity", kill_on_drop: false }`
[INFO] [stdout] c4221da0169b7bdaa464fbbbc7b37121d0f2343d4fc82ce2be3eaa8a20fd6e52
[INFO] running `Command { std: "docker" "start" "c4221da0169b7bdaa464fbbbc7b37121d0f2343d4fc82ce2be3eaa8a20fd6e52", kill_on_drop: false }`
[INFO] running `Command { std: "docker" "inspect" "c4221da0169b7bdaa464fbbbc7b37121d0f2343d4fc82ce2be3eaa8a20fd6e52", kill_on_drop: false }`
[INFO] running `Command { std: "docker" "exec" "-e" "SOURCE_DIR=/opt/rustwide/workdir" "-e" "CARGO_HOME=/opt/rustwide/cargo-home" "-e" "RUSTUP_HOME=/opt/rustwide/rustup-home" "-e" "CARGO_TARGET_DIR=/opt/rustwide/target" "-w" "/opt/rustwide/workdir" "--user" "0:0" "c4221da0169b7bdaa464fbbbc7b37121d0f2343d4fc82ce2be3eaa8a20fd6e52" "/opt/rustwide/cargo-home/bin/cargo" "+1.100.0-beta.1" "metadata" "--no-deps" "--format-version=1", kill_on_drop: false }`
[INFO] running `Command { std: "docker" "inspect" "c4221da0169b7bdaa464fbbbc7b37121d0f2343d4fc82ce2be3eaa8a20fd6e52", kill_on_drop: false }`
[INFO] running `Command { std: "docker" "exec" "-e" "SOURCE_DIR=/opt/rustwide/workdir" "-e" "CARGO_HOME=/opt/rustwide/cargo-home" "-e" "RUSTUP_HOME=/opt/rustwide/rustup-home" "-e" "CARGO_TARGET_DIR=/opt/rustwide/target" "-e" "CARGO_INCREMENTAL=0" "-e" "RUST_BACKTRACE=full" "-e" "RUSTFLAGS=--cap-lints=warn" "-e" "RUSTDOCFLAGS=--cap-lints=warn" "-w" "/opt/rustwide/workdir" "--user" "0:0" "c4221da0169b7bdaa464fbbbc7b37121d0f2343d4fc82ce2be3eaa8a20fd6e52" "/opt/rustwide/cargo-home/bin/cargo" "+1.100.0-beta.1" "build" "--frozen" "--message-format=json" "--release", kill_on_drop: false }`
[INFO] [stderr]    Compiling shlex v1.3.0
[INFO] [stderr]    Compiling memchr v2.8.3
[INFO] [stderr]    Compiling find-msvc-tools v0.1.9
[INFO] [stderr]    Compiling crossbeam-utils v0.8.21
[INFO] [stderr]    Compiling rustversion v1.0.22
[INFO] [stderr]    Compiling regex-syntax v0.8.10
[INFO] [stderr]    Compiling zmij v1.0.21
[INFO] [stderr]    Compiling same-file v1.0.6
[INFO] [stderr]    Compiling log v0.4.29
[INFO] [stderr]    Compiling cfg-if v1.0.4
[INFO] [stderr]    Compiling itoa v1.0.18
[INFO] [stderr]    Compiling static_assertions v1.1.0
[INFO] [stderr]    Compiling lexopt v0.3.2
[INFO] [stderr]    Compiling walkdir v2.5.0
[INFO] [stderr]    Compiling cc v1.2.61
[INFO] [stderr]    Compiling castaway v0.2.4
[INFO] [stderr]    Compiling aho-corasick v1.1.4
[INFO] [stderr]    Compiling bstr v1.12.1
[INFO] [stderr]    Compiling compact_str v0.10.0
[INFO] [stderr]    Compiling crossbeam-epoch v0.9.18
[INFO] [stderr]    Compiling crossbeam-deque v0.8.6
[INFO] [stderr]    Compiling libmimalloc-sys v0.1.49
[INFO] [stderr]    Compiling regex-automata v0.4.14
[INFO] [stderr]    Compiling globset v0.4.18
[INFO] [stderr]    Compiling ignore v0.4.30
[INFO] [stderr]    Compiling mimalloc v0.1.52
[INFO] [stderr]    Compiling nixfmt_rs v0.5.3 (/opt/rustwide/workdir)
[INFO] [stderr]     Finished `release` profile [optimized] target(s) in 17.23s
[INFO] running `Command { std: "docker" "inspect" "c4221da0169b7bdaa464fbbbc7b37121d0f2343d4fc82ce2be3eaa8a20fd6e52", kill_on_drop: false }`
[INFO] running `Command { std: "docker" "exec" "-e" "SOURCE_DIR=/opt/rustwide/workdir" "-e" "CARGO_HOME=/opt/rustwide/cargo-home" "-e" "RUSTUP_HOME=/opt/rustwide/rustup-home" "-e" "CARGO_TARGET_DIR=/opt/rustwide/target" "-e" "CARGO_INCREMENTAL=0" "-e" "RUST_BACKTRACE=full" "-e" "RUSTFLAGS=--cap-lints=warn" "-e" "RUSTDOCFLAGS=--cap-lints=warn" "-w" "/opt/rustwide/workdir" "--user" "0:0" "c4221da0169b7bdaa464fbbbc7b37121d0f2343d4fc82ce2be3eaa8a20fd6e52" "/opt/rustwide/cargo-home/bin/cargo" "+1.100.0-beta.1" "test" "--frozen" "--no-run" "--message-format=json" "--release", kill_on_drop: false }`
[INFO] [stderr]    Compiling libc v0.2.186
[INFO] [stderr]    Compiling getrandom v0.3.4
[INFO] [stderr]    Compiling rustix v1.1.4
[INFO] [stderr]    Compiling linux-raw-sys v0.12.1
[INFO] [stderr]    Compiling bitflags v2.11.1
[INFO] [stderr]    Compiling once_cell v1.21.4
[INFO] [stderr]    Compiling fastrand v2.4.1
[INFO] [stderr]    Compiling similar v2.7.0
[INFO] [stderr]    Compiling console v0.16.3
[INFO] [stderr]    Compiling tempfile v3.27.0
[INFO] [stderr]    Compiling insta v1.48.0
[INFO] [stderr]    Compiling nixfmt_rs v0.5.3 (/opt/rustwide/workdir)
[INFO] [stderr]     Finished `release` profile [optimized] target(s) in 25.77s
[INFO] running `Command { std: "docker" "inspect" "c4221da0169b7bdaa464fbbbc7b37121d0f2343d4fc82ce2be3eaa8a20fd6e52", kill_on_drop: false }`
[INFO] running `Command { std: "docker" "exec" "-e" "SOURCE_DIR=/opt/rustwide/workdir" "-e" "CARGO_HOME=/opt/rustwide/cargo-home" "-e" "RUSTUP_HOME=/opt/rustwide/rustup-home" "-e" "CARGO_TARGET_DIR=/opt/rustwide/target" "-e" "CARGO_INCREMENTAL=0" "-e" "RUST_BACKTRACE=full" "-e" "RUSTFLAGS=--cap-lints=warn" "-e" "RUSTDOCFLAGS=--cap-lints=warn" "-w" "/opt/rustwide/workdir" "--user" "0:0" "c4221da0169b7bdaa464fbbbc7b37121d0f2343d4fc82ce2be3eaa8a20fd6e52" "/opt/rustwide/cargo-home/bin/cargo" "+1.100.0-beta.1" "test" "--frozen" "--release", kill_on_drop: false }`
[INFO] [stderr]     Finished `release` profile [optimized] target(s) in 0.04s
[INFO] [stderr]      Running unittests src/lib.rs (/opt/rustwide/target/release/build/nixfmt_rs/69a47f790d113b4f/out/nixfmt_rs-69a47f790d113b4f)
[INFO] [stdout] 
[INFO] [stdout] running 294 tests
[INFO] [stdout] test ast::tests::trivia_is_two_words ... ok
[INFO] [stdout] test ast_format_tests::test_addition ... ok
[INFO] [stdout] test ast_format_tests::test_boolean_not ... ok
[INFO] [stdout] test ast_format_tests::test_assert ... ok
[INFO] [stdout] test ast_format_tests::test_comparison_operators ... ok
[INFO] [stdout] test ast_format_tests::test_block_comment ... ok
[INFO] [stdout] test ast_format_tests::test_dotted_path ... ok
[INFO] [stdout] test ast_format_tests::test_if_then_else ... ok
[INFO] [stdout] test ast_format_tests::test_indented_string ... ok
[INFO] [stdout] test ast_format_tests::test_function_application ... ok
[INFO] [stdout] test ast_format_tests::test_integer ... ok
[INFO] [stdout] test ast_format_tests::test_line_comment ... ok
[INFO] [stdout] test ast_format_tests::test_let_simple ... ok
[INFO] [stdout] test ast_format_tests::test_negation ... ok
[INFO] [stdout] test ast_format_tests::test_member_check ... ok
[INFO] [stdout] test ast_format_tests::test_simple_lambda ... ok
[INFO] [stdout] test ast_format_tests::test_selection_with_default ... ok
[INFO] [stdout] test ast_format_tests::test_inherit ... ok
[INFO] [stdout] test ast_format_tests::test_simple_list ... ok
[INFO] [stdout] test ast_format_tests::test_relative_path ... ok
[INFO] [stdout] test doc::tests::merge_emptyline_newlines_adds_two ... ok
[INFO] [stdout] test ast_format_tests::test_parenthesized ... ok
[INFO] [stdout] test ast_format_tests::test_string_hash_not_comment ... ok
[INFO] [stdout] test doc::tests::merge_fallthrough_takes_stronger ... ok
[INFO] [stdout] test ast_format_tests::test_simple_set ... ok
[INFO] [stdout] test ast_format_tests::test_simple_string ... ok
[INFO] [stdout] test doc::tests::merge_break_hardspace_is_space ... ok
[INFO] [stdout] test doc::tests::merge_newlines_adds_counts ... ok
[INFO] [stdout] test ast_format_tests::test_set_pattern ... ok
[INFO] [stdout] test doc::tests::try_compact_rejects_hard_breaks ... ok
[INFO] [stdout] test ast_format_tests::test_with ... ok
[INFO] [stdout] test doc::tests::merge_other_newlines_adds_one ... ok
[INFO] [stdout] test error::format::tests::unclosed_delimiter_shows_opener_in_snippet ... ok
[INFO] [stdout] test doc::tests::merge_hardspace_newlines_keeps_count ... ok
[INFO] [stdout] test error::tests::invalid_syntax_passes_hint_through ... ok
[INFO] [stdout] test doc::tests::try_compact_respects_width_limit ... ok
[INFO] [stdout] test error::tests::missing_token_help ... ok
[INFO] [stdout] test error::tests::unclosed_brace_generic_message ... ok
[INFO] [stdout] test error::context::tests::test_basic_position ... ok
[INFO] [stdout] test error::format::tests::indented_string_delimiter_rendered_as_double_quote ... ok
[INFO] [stdout] test error::tests::unclosed_indented_string_message ... ok
[INFO] [stdout] test doc::tests::merge_softbreak_hardspace_is_softspace ... ok
[INFO] [stdout] test error::tests::unclosed_string_message_help_and_related ... ok
[INFO] [stdout] test error::tests::unexpected_multiple_expected_has_no_help ... ok
[INFO] [stdout] test error::format::tests::unclosed_opener_on_other_line_is_rendered ... ok
[INFO] [stdout] test error::tests::unexpected_single_expected_message_and_help ... ok
[INFO] [stdout] test ir_format_tests::test_app_absorb_last_paren_application ... ok
[INFO] [stdout] test ir_format_tests::test_app_last_arg_with_pre_comment ... ok
[INFO] [stdout] test ir_format_tests::test_app_selection_inner_arg ... ok
[INFO] [stdout] test ir_format_tests::test_app_two_consecutive_list_args ... ok
[INFO] [stdout] test ir_format_tests::test_arithmetic_operators ... ok
[INFO] [stdout] test ir_format_tests::test_boolean_not_structure ... ok
[INFO] [stdout] test ir_format_tests::test_app_two_trailing_list_args ... ok
[INFO] [stdout] test ir_format_tests::test_comment_structure ... ok
[INFO] [stdout] test ir_format_tests::test_concat_with_absorbable_rhs ... ok
[INFO] [stdout] test ir_format_tests::test_context_parameter ... ok
[INFO] [stdout] test ir_format_tests::test_doc_comment_structure ... ok
[INFO] [stdout] test ir_format_tests::test_empty_line_structure ... ok
[INFO] [stdout] test ir_format_tests::test_empty_parameter_multiline ... ok
[INFO] [stdout] test ir_format_tests::test_float_token ... ok
[INFO] [stdout] test ir_format_tests::test_indented_string_with_embedded_newline ... ok
[INFO] [stdout] test ir_format_tests::test_inherit_many_identifiers_structure ... ok
[INFO] [stdout] test ir_format_tests::test_inherit_with_source_structure ... ok
[INFO] [stdout] test ir_format_tests::test_env_path_token ... ok
[INFO] [stdout] test ir_format_tests::test_lambda_chain_structure ... ok
[INFO] [stdout] test ir_format_tests::test_language_annotation_with_string_item ... ok
[INFO] [stdout] test ir_format_tests::test_list_with_comments_structure ... ok
[INFO] [stdout] test ir_format_tests::test_language_annotation ... ok
[INFO] [stdout] test ir_format_tests::test_member_check_full ... ok
[INFO] [stdout] test ir_format_tests::test_multiline_string_structure ... ok
[INFO] [stdout] test ir_format_tests::test_negation_structure ... ok
[INFO] [stdout] test ir_format_tests::test_operation_with_application_rhs ... ok
[INFO] [stdout] test ir_format_tests::test_param_trailing_comment_after_comma ... ok
[INFO] [stdout] test ir_format_tests::test_nested_groups_structure ... ok
[INFO] [stdout] test ir_format_tests::test_param_trailing_comment_before_comma ... ok
[INFO] [stdout] test ir_format_tests::test_param_trailing_comment_last_attr ... ok
[INFO] [stdout] test ir_format_tests::test_param_comma_pretrivia_moves_to_next ... ok
[INFO] [stdout] test ir_format_tests::test_param_trailing_comment_on_default_before_comma ... ok
[INFO] [stdout] test ir_format_tests::test_parameter_with_defaults ... ok
[INFO] [stdout] test ir_format_tests::test_parameter_with_ellipsis ... ok
[INFO] [stdout] test ir_format_tests::test_paren_absorb_rhs ... ok
[INFO] [stdout] test ir_format_tests::test_paren_simple_term ... ok
[INFO] [stdout] test ir_format_tests::test_paren_inner_arg_unexpanded ... ok
[INFO] [stdout] test ir_format_tests::test_paren_trailing_comment_on_open ... ok
[INFO] [stdout] test ir_format_tests::test_path_term_structure ... ok
[INFO] [stdout] test ir_format_tests::test_parenthesized_complex_structure ... ok
[INFO] [stdout] test ir_format_tests::test_rec_set_structure ... ok
[INFO] [stdout] test ir_format_tests::test_selection_from_parenthesized_term_structure ... ok
[INFO] [stdout] test ir_format_tests::test_selection_from_record_term_structure ... ok
[INFO] [stdout] test ir_format_tests::test_selection_with_default_structure ... ok
[INFO] [stdout] test ir_format_tests::test_simple_parameter_pattern ... ok
[INFO] [stdout] test ir_format_tests::test_string_interpolation_structure ... ok
[INFO] [stdout] test ir_format_tests::test_string_interpolation_with_absorbable ... ok
[INFO] [stdout] test lexer::tests::directive_basic_region ... ok
[INFO] [stdout] test ir_format_tests::test_string_with_leading_whitespace_interpolation ... ok
[INFO] [stdout] test ir_format_tests::test_simple_string_with_embedded_newline ... ok
[INFO] [stdout] test lexer::tests::directive_lone_enable_no_region ... ok
[INFO] [stdout] test ir_format_tests::test_update_absorbable_rhs_structure ... ok
[INFO] [stdout] test lexer::tests::directive_nested_disable_inert ... ok
[INFO] [stdout] test lexer::tests::directive_not_at_line_start_no_region ... ok
[INFO] [stdout] test lexer::tests::directive_preserves_leading_indent ... ok
[INFO] [stdout] test lexer::tests::directive_enable_inside_string_does_not_close ... ok
[INFO] [stdout] test lexer::tests::directive_two_regions ... ok
[INFO] [stdout] test lexer::tests::directive_unclosed_extends_to_eof ... ok
[INFO] [stdout] test lexer::tests::directive_unknown_verb_no_region ... ok
[INFO] [stdout] test lexer::tests::directive_with_trailing_text_no_region ... ok
[INFO] [stdout] test lexer::tests::test_lexeme_with_comments ... ok
[INFO] [stdout] test lexer::tests::test_parse_block_comment ... ok
[INFO] [stdout] test lexer::tests::test_lexeme_preserves_trivia ... ok
[INFO] [stdout] test lexer::tests::test_parse_line_comment ... ok
[INFO] [stdout] test lexer::tests::test_remove_stars ... ok
[INFO] [stdout] test lexer::tests::test_split_lines ... ok
[INFO] [stdout] test lexer::tests::test_tokenize_delimiters ... ok
[INFO] [stdout] test lexer::tests::test_tokenize_identifiers ... ok
[INFO] [stdout] test lexer::tests::test_tokenize_keywords ... ok
[INFO] [stdout] test lexer::tests::test_tokenize_numbers ... ok
[INFO] [stdout] test lexer::tests::test_tokenize_operators ... ok
[INFO] [stdout] test lexer::tests::test_tokenize_simple_expression ... ok
[INFO] [stdout] test regression_tests::format::format_app_set_absorb_in_binding ... ok
[INFO] [stdout] test regression_tests::format::format_assignment_rhs_app_with_string_last_arg ... ok
[INFO] [stdout] test regression_tests::format::format_app_comment_before_last_arg_indent ... ok
[INFO] [stdout] test regression_tests::format::format_assignment_non_simple_selector_breaks_rhs ... ok
[INFO] [stdout] test regression_tests::format::format_directive_disabled_region_verbatim ... ok
[INFO] [stdout] test regression_tests::format::format_app_multi_absorbable_args_indent ... ok
[INFO] [stdout] test regression_tests::format::format_directive_enable_in_string_does_not_close ... ok
[INFO] [stdout] test regression_tests::format::format_assignment_rhs_update_concat_plus_case2 ... ok
[INFO] [stdout] test regression_tests::format::format_chained_presence_checks ... ok
[INFO] [stdout] test regression_tests::format::format_directive_lone_enable_passes_through ... ok
[INFO] [stdout] test regression_tests::format::format_directive_in_priority_group_post_segment ... ok
[INFO] [stdout] test regression_tests::format::format_comparison_op_softline ... ok
[INFO] [stdout] test regression_tests::format::format_directive_mid_line_demotes_to_line_comment ... ok
[INFO] [stdout] test regression_tests::format::format_directive_region_crosses_brace ... ok
[INFO] [stdout] test regression_tests::format::format_directive_unclosed_in_interpolation_demoted ... ok
[INFO] [stdout] test regression_tests::format::format_empty_set_with_pretrivia_keeps_linebreak ... ok
[INFO] [stdout] test regression_tests::format::format_if_elseif_chain_forced_multiline ... ok
[INFO] [stdout] test regression_tests::format::format_assignment_rhs_update_concat_plus_case1 ... ok
[INFO] [stdout] test regression_tests::format::format_indented_string_lone_interpolation_with_trailing_trivia ... ok
[INFO] [stdout] test regression_tests::format::format_interp_inline_short_forced_compact ... ok
[INFO] [stdout] test regression_tests::format::format_language_annotation_after_trivia_stays_attached ... ok
[INFO] [stdout] test regression_tests::format::format_lambda_chain_stays_one_line_when_fits ... ok
[INFO] [stdout] test regression_tests::format::format_interp_trailing_trivia_preserved ... ok
[INFO] [stdout] test regression_tests::format::format_language_annotation_with_trail_comment ... ok
[INFO] [stdout] test regression_tests::format::format_interp_leading_trivia_preserved ... ok
[INFO] [stdout] test regression_tests::format::format_nested_lambda_body_absorbed ... ok
[INFO] [stdout] test regression_tests::format::format_multi_arg_application_continuation_indent ... ok
[INFO] [stdout] test regression_tests::format::format_paren_abstraction_absorbed_as_last_arg ... ok
[INFO] [stdout] test regression_tests::fuzz::fuzz_directive_pair_across_sibling_interpolations ... ignored, port upstream directive_interp semantics
[INFO] [stdout] test regression_tests::fuzz::fuzz_block_comment_with_cr_reparses ... ok
[INFO] [stdout] test regression_tests::fuzz::fuzz_indented_string_blank_line_indent ... ok
[INFO] [stdout] test regression_tests::format::format_text_width_counts_chars_not_bytes ... ok
[INFO] [stdout] test regression_tests::format::format_interp_lone_application_absorbed ... ok
[INFO] [stdout] test regression_tests::format::format_operator_trailing_comment_hoisted ... ok
[INFO] [stdout] test regression_tests::format::format_trailing_comma_compact_param_set ... ok
[INFO] [stdout] test regression_tests::format::format_less_than_without_space_not_env_path ... ok
[INFO] [stdout] test regression_tests::format::format_paren_with_comment_not_absorbed ... ok
[INFO] [stdout] test regression_tests::format::format_set_param_open_trailing_comment_hoisted ... ok
[INFO] [stdout] test regression_tests::format::format_trailing_comment_shift_for_idempotency ... ok
[INFO] [stdout] test regression_tests::format::format_pipe_chain_forces_newlines ... ok
[INFO] [stdout] test regression_tests::fuzz::fuzz_lang_annotation_on_app_head_after_div ... ok
[INFO] [stdout] test regression_tests::fuzz::fuzz_leading_blank_lines_app_layout ... ok
[INFO] [stdout] test regression_tests::fuzz::fuzz_or_without_selectors_dropped ... ok
[INFO] [stdout] test regression_tests::fuzz::fuzz_list_open_trail_comment_before_lang_annotation ... ok
[INFO] [stdout] test regression_tests::fuzz::fuzz_let_in_trail_comment_app_width ... ok
[INFO] [stdout] test regression_tests::format::format_trailing_comment_ignored_for_width ... ok
[INFO] [stdout] test regression_tests::ir::test_absorb_rhs_empty_set_multiline ... ok
[INFO] [stdout] test regression_tests::format::format_with_body_absorbed ... ok
[INFO] [stdout] test regression_tests::ir::test_absorb_rhs_lambda_chain_set ... ok
[INFO] [stdout] test regression_tests::fuzz::fuzz_trailing_comment_on_multiline_simple_string ... ok
[INFO] [stdout] test regression_tests::format::format_trailing_file_trivia_preserved ... ok
[INFO] [stdout] test regression_tests::fuzz::fuzz_indented_string_escape_newline_grows ... ok
[INFO] [stdout] test regression_tests::fuzz::fuzz_integer_selection_relex_as_float ... ok
[INFO] [stdout] test regression_tests::format::format_set_param_lambda_absorbed ... ok
[INFO] [stdout] test regression_tests::ir::test_absorb_rhs_indented_string ... ok
[INFO] [stdout] test regression_tests::ir::test_absorb_rhs_comment_only_list ... ok
[INFO] [stdout] test regression_tests::fuzz::fuzz_indented_string_blank_line_preserves_excess ... ok
[INFO] [stdout] test regression_tests::ir::test_absorb_rhs_lambda_set ... ok
[INFO] [stdout] test regression_tests::ir::test_absorb_rhs_paren_set ... ok
[INFO] [stdout] test regression_tests::ir::test_absorb_rhs_set_wide ... ok
[INFO] [stdout] test regression_tests::ir::test_absorb_rhs_single_inherit ... ok
[INFO] [stdout] test regression_tests::fuzz::fuzz_paren_open_trail_comment_absorbable ... ok
[INFO] [stdout] test regression_tests::ir::test_assignment_rhs_application_grouping ... ok
[INFO] [stdout] test regression_tests::ir::test_absorb_rhs_with_set ... ok
[INFO] [stdout] test regression_tests::ir::test_if_in_set ... ok
[INFO] [stdout] test regression_tests::ir::test_inner_arg_list_language_annotation ... ok
[INFO] [stdout] test regression_tests::ir::test_if_else_if_chain ... ok
[INFO] [stdout] test regression_tests::ir::test_function_arguments_priority ... ok
[INFO] [stdout] test regression_tests::ir::test_let_expression_groups ... ok
[INFO] [stdout] test regression_tests::ir::test_string_selector_pretty ... ok
[INFO] [stdout] test regression_tests::ir::test_inner_arg_simple_list ... ok
[INFO] [stdout] test regression_tests::ir::test_middle_arg_grouping ... ok
[INFO] [stdout] test regression_tests::ir::test_param_set_trailing_comment_nesting ... ok
[INFO] [stdout] test regression_tests::ir::test_with_grouping ... ok
[INFO] [stdout] test regression_tests::ir::test_transparent_in_parens_break ... ok
[INFO] [stdout] test regression_tests::ir::test_absorb_uses_pretty_term_for_list ... ok
[INFO] [stdout] test regression_tests::ir::test_with_set_body ... ok
[INFO] [stdout] test regression_tests::ir::test_set_param_abstraction_absorbs_body ... ok
[INFO] [stdout] test regression_tests::ir::test_empty_container_with_comment_idempotent ... ok
[INFO] [stdout] test regression_tests::parser::regression_application_with_parenthesized_negation ... ok
[INFO] [stdout] test regression_tests::parser::regression_ansi_escape_codes_in_strings ... ok
[INFO] [stdout] test regression_tests::parser::regression_context_parameter_shape ... ok
[INFO] [stdout] test regression_tests::parser::regression_at_without_colon_error ... ok
[INFO] [stdout] test regression_tests::parser::regression_comparison_chain_should_fail ... ok
[INFO] [stdout] test regression_tests::parser::regression_chained_comparison_operators ... ok
[INFO] [stdout] test regression_tests::parser::regression_attrset_string_interpolated_key ... ok
[INFO] [stdout] test regression_tests::parser::regression_double_slash_ends_path ... ok
[INFO] [stdout] test regression_tests::parser::regression_context_parameter_variants ... ok
[INFO] [stdout] test regression_tests::ir::test_list_rendering ... ok
[INFO] [stdout] test regression_tests::parser::regression_dot_path_not_selection ... ok
[INFO] [stdout] test regression_tests::parser::regression_dot_pathchars_slash_is_path ... ok
[INFO] [stdout] test regression_tests::parser::regression_concat_right_associative ... ok
[INFO] [stdout] test regression_tests::parser::regression_duplicate_function_formals ... ok
[INFO] [stdout] test regression_tests::parser::regression_crlf_line_endings ... ok
[INFO] [stdout] test regression_tests::parser::regression_ellipsis_without_colon_error ... ok
[INFO] [stdout] test regression_tests::parser::regression_chained_prefix_operators ... ok
[INFO] [stdout] test regression_tests::parser::regression_ellipsis_requires_comma ... ok
[INFO] [stdout] test regression_tests::parser::regression_decorated_multiline_comment ... ok
[INFO] [stdout] test regression_tests::parser::regression_crlf_between_tokens ... ok
[INFO] [stdout] test regression_tests::parser::regression_ident_dot_path ... ok
[INFO] [stdout] test regression_tests::parser::regression_empty_indented_string ... ok
[INFO] [stdout] test regression_tests::parser::regression_empty_simple_string ... ok
[INFO] [stdout] test regression_tests::parser::regression_dot_selector_on_newline ... ok
[INFO] [stdout] test regression_tests::parser::regression_incomplete_env_path_rejected ... ok
[INFO] [stdout] test regression_tests::parser::regression_empty_set_parameter ... ok
[INFO] [stdout] test regression_tests::parser::regression_identifier_slash_path ... ok
[INFO] [stdout] test regression_tests::parser::regression_implies_precedence ... ok
[INFO] [stdout] test regression_tests::parser::regression_emptyline_pretrivia_inline ... ok
[INFO] [stdout] test regression_tests::parser::regression_import_path_application ... ok
[INFO] [stdout] test regression_tests::parser::regression_empty_container_with_comment ... ok
[INFO] [stdout] test regression_tests::parser::regression_comment_before_and_with_selectors ... ok
[INFO] [stdout] test regression_tests::parser::regression_inherit_interpolation_restricted ... ok
[INFO] [stdout] test regression_tests::parser::regression_chained_string_concatenation ... ok
[INFO] [stdout] test regression_tests::parser::regression_integer_overflow_rejected ... ok
[INFO] [stdout] test regression_tests::parser::regression_inherit_multiple_names ... ok
[INFO] [stdout] test regression_tests::parser::regression_import_relative_path ... ok
[INFO] [stdout] test regression_tests::parser::regression_inline_comments_after_strings_and_paths ... ok
[INFO] [stdout] test regression_tests::parser::regression_float_literals ... ok
[INFO] [stdout] test regression_tests::parser::regression_indented_string_to_simple ... ok
[INFO] [stdout] test regression_tests::parser::regression_member_check_on_operation ... ok
[INFO] [stdout] test regression_tests::parser::regression_minus_left_associative ... ok
[INFO] [stdout] test regression_tests::parser::regression_mixed_add_sub_associativity ... ok
[INFO] [stdout] test regression_tests::parser::regression_multiline_string_indentation ... ok
[INFO] [stdout] test regression_tests::parser::regression_has_attr_after_application ... ok
[INFO] [stdout] test regression_tests::parser::regression_indented_string_escape_sequences ... ok
[INFO] [stdout] test regression_tests::parser::regression_let_string_interpolated_key ... ok
[INFO] [stdout] test regression_tests::parser::regression_non_utf8_input ... ok
[INFO] [stdout] test regression_tests::parser::regression_or_after_selector_requires_default ... ok
[INFO] [stdout] test regression_tests::parser::regression_or_operator_deprecated_syntax ... ok
[INFO] [stdout] test regression_tests::parser::regression_or_operator_with_application ... ok
[INFO] [stdout] test regression_tests::parser::regression_multiline_string_unicode_line_numbers ... ok
[INFO] [stdout] test regression_tests::parser::regression_or_rejected_as_lambda_param ... ok
[INFO] [stdout] test regression_tests::parser::regression_language_annotation ... ok
[INFO] [stdout] test regression_tests::parser::regression_not_member_check ... ok
[INFO] [stdout] test regression_tests::parser::regression_or_as_identifier ... ok
[INFO] [stdout] test regression_tests::parser::regression_path_trailing_slash_current ... ok
[INFO] [stdout] test regression_tests::parser::regression_old_style_let ... ok
[INFO] [stdout] test regression_tests::parser::regression_pattern_shadows_formal ... ok
[INFO] [stdout] test regression_tests::parser::regression_path_relative_dotdot ... ok
[INFO] [stdout] test regression_tests::parser::regression_set_parameter_without_colon_error ... ok
[INFO] [stdout] test regression_tests::parser::regression_path_with_interpolation ... ok
[INFO] [stdout] test regression_tests::parser::regression_single_ampersand_error ... ok
[INFO] [stdout] test regression_tests::parser::regression_pipe_backward_operator ... ok
[INFO] [stdout] test regression_tests::parser::regression_pipe_forward_operator ... ok
[INFO] [stdout] test regression_tests::parser::regression_plus_right_associative ... ok
[INFO] [stdout] test regression_tests::parser::regression_single_dollar_error ... ok
[INFO] [stdout] test regression_tests::parser::regression_single_pipe_error ... ok
[INFO] [stdout] test regression_tests::fuzz::fuzz_deep_nesting_is_an_error_not_a_crash ... ok
[INFO] [stdout] test regression_tests::parser::regression_string_dollar_dollar ... ok
[INFO] [stdout] test regression_tests::parser::regression_slash_star_in_string_after_interp ... ok
[INFO] [stdout] test regression_tests::parser::regression_unclosed_block_comment_rejected ... ok
[INFO] [stdout] test regression_tests::parser::regression_tilde_not_path_char ... ok
[INFO] [stdout] test regression_tests::parser::regression_string_multiple_interpolations ... ok
[INFO] [stdout] test regression_tests::parser::regression_subtraction_not_application ... ok
[INFO] [stdout] test regression_tests::parser::regression_unexpected_character_error ... ok
[INFO] [stdout] test regression_tests::parser::regression_utf8_identifier ... ok
[INFO] [stdout] test regression_tests::parser::regression_trailing_comment ... ok
[INFO] [stdout] test regression_tests::parser::regression_string_interpolation_selectors ... ok
[INFO] [stdout] test regression_tests::parser::test_sourceline_multiline_list ... ok
[INFO] [stdout] test regression_tests::parser::regression_update_right_associative ... ok
[INFO] [stdout] test regression_tests::parser::regression_unquoted_url ... ok
[INFO] [stdout] test regression_tests::parser::regression_trailing_empty_line_before_close ... ok
[INFO] [stdout] test regression_tests::parser::regression_unicode_escape_in_string ... ok
[INFO] [stdout] test tests_common::diff::tests::test_addition ... ok
[INFO] [stdout] test tests_common::diff::tests::test_complex_diff ... ok
[INFO] [stdout] test tests_common::diff::tests::test_empty_left ... ok
[INFO] [stdout] test tests_common::diff::tests::test_empty_right ... ok
[INFO] [stdout] test tests_common::diff::tests::test_empty_strings ... ok
[INFO] [stdout] test tests_common::diff::tests::test_identical_strings ... ok
[INFO] [stdout] test regression_tests::properties::ast_preserved_on_fixture_corpus ... FAILED
[INFO] [stdout] test tests_common::diff::tests::test_removal ... ok
[INFO] [stdout] test tests_common::diff::tests::test_slice_with_integers ... ok
[INFO] [stdout] test regression_tests::properties::formats_to_golden_on_fixture_corpus ... FAILED
[INFO] [stdout] test regression_tests::properties::idempotent_on_fixture_corpus ... FAILED
[INFO] [stdout] test tests_common::diff::tests::test_replacement ... ok
[INFO] [stdout] test regression_tests::properties::rejects_invalid_fixture_corpus ... FAILED
[INFO] [stdout] 
[INFO] [stdout] failures:
[INFO] [stdout] 
[INFO] [stdout] ---- regression_tests::properties::ast_preserved_on_fixture_corpus stdout ----
[INFO] [stdout] 
[INFO] [stdout] thread 'regression_tests::properties::ast_preserved_on_fixture_corpus' (1237) panicked at src/regression_tests/properties.rs:76:5:
[INFO] [stdout] fixture corpus missing
[INFO] [stdout] stack backtrace:
[INFO] [stdout]    0:     0x58365ad92526 - <<std[617be2ca0a6fd877]::sys::backtrace::BacktraceLock>::print::DisplayBacktrace as core[a373ad73a504971]::fmt::Display>::fmt
[INFO] [stdout]    1:     0x58365ac0c8ca - core[a373ad73a504971]::fmt::write
[INFO] [stdout]    2:     0x58365ad97ecc - <alloc[2e1b2a31b91974c5]::vec::Vec<u8> as core[a373ad73a504971]::io::write::Write>::write_fmt
[INFO] [stdout]    3:     0x58365ad6d112 - std[617be2ca0a6fd877]::panicking::default_hook::{closure#0}
[INFO] [stdout]    4:     0x58365ad89ac1 - std[617be2ca0a6fd877]::panicking::default_hook
[INFO] [stdout]    5:     0x58365ad89ca2 - std[617be2ca0a6fd877]::panicking::panic_with_hook
[INFO] [stdout]    6:     0x58365ad6d1f4 - std[617be2ca0a6fd877]::panicking::panic_handler::{closure#0}
[INFO] [stdout]    7:     0x58365ad65ba9 - std[617be2ca0a6fd877]::sys::backtrace::__rust_end_short_backtrace::<std[617be2ca0a6fd877]::panicking::panic_handler::{closure#0}, !>
[INFO] [stdout]    8:     0x58365ad6dddd - __rustc[ea4f61d10b84890b]::rust_begin_unwind
[INFO] [stdout]    9:     0x58365ac0cfec - core[a373ad73a504971]::panicking::panic_fmt
[INFO] [stdout]   10:     0x58365ad08604 - <nixfmt_rs[419bb9af37bcda9a]::regression_tests::properties::ast_preserved_on_fixture_corpus::{closure#0} as core[a373ad73a504971]::ops::function::FnOnce<()>>::call_once
[INFO] [stdout]   11:     0x58365ad9aaab - test[aada8e7e76ba119b]::__rust_begin_short_backtrace::<core[a373ad73a504971]::result::Result<(), alloc[2e1b2a31b91974c5]::string::String>, fn() -> core[a373ad73a504971]::result::Result<(), alloc[2e1b2a31b91974c5]::string::String>>
[INFO] [stdout]   12:     0x58365ada8954 - test[aada8e7e76ba119b]::run_test::{closure#0}
[INFO] [stdout]   13:     0x58365ada2084 - std[617be2ca0a6fd877]::sys::backtrace::__rust_begin_short_backtrace::<test[aada8e7e76ba119b]::run_test::{closure#1}, ()>
[INFO] [stdout]   14:     0x58365adac712 - <std[617be2ca0a6fd877]::thread::lifecycle::spawn_unchecked<test[aada8e7e76ba119b]::run_test::{closure#1}, ()>::{closure#1} as core[a373ad73a504971]::ops::function::FnOnce<()>>::call_once::{shim:vtable#0}
[INFO] [stdout]   15:     0x58365ad91304 - <std[617be2ca0a6fd877]::sys::thread::unix::Thread>::new::thread_start
[INFO] [stdout]   16:     0x723912755dfa - <unknown>
[INFO] [stdout]   17:     0x7239127e93d4 - clone
[INFO] [stdout]   18:                0x0 - <unknown>
[INFO] [stdout] 
[INFO] [stdout] ---- regression_tests::properties::formats_to_golden_on_fixture_corpus stdout ----
[INFO] [stdout] 
[INFO] [stdout] thread 'regression_tests::properties::formats_to_golden_on_fixture_corpus' (1238) panicked at src/regression_tests/properties.rs:143:10:
[INFO] [stdout] diff fixture dir missing: Os { code: 2, kind: NotFound, message: "No such file or directory" }
[INFO] [stdout] stack backtrace:
[INFO] [stdout]    0:     0x58365ad92526 - <<std[617be2ca0a6fd877]::sys::backtrace::BacktraceLock>::print::DisplayBacktrace as core[a373ad73a504971]::fmt::Display>::fmt
[INFO] [stdout]    1:     0x58365ac0c8ca - core[a373ad73a504971]::fmt::write
[INFO] [stdout]    2:     0x58365ad97ecc - <alloc[2e1b2a31b91974c5]::vec::Vec<u8> as core[a373ad73a504971]::io::write::Write>::write_fmt
[INFO] [stdout]    3:     0x58365ad6d112 - std[617be2ca0a6fd877]::panicking::default_hook::{closure#0}
[INFO] [stdout]    4:     0x58365ad89ac1 - std[617be2ca0a6fd877]::panicking::default_hook
[INFO] [stdout]    5:     0x58365ad89ca2 - std[617be2ca0a6fd877]::panicking::panic_with_hook
[INFO] [stdout]    6:     0x58365ad6d1c2 - std[617be2ca0a6fd877]::panicking::panic_handler::{closure#0}
[INFO] [stdout]    7:     0x58365ad65ba9 - std[617be2ca0a6fd877]::sys::backtrace::__rust_end_short_backtrace::<std[617be2ca0a6fd877]::panicking::panic_handler::{closure#0}, !>
[INFO] [stdout]    8:     0x58365ad6dddd - __rustc[ea4f61d10b84890b]::rust_begin_unwind
[INFO] [stdout]    9:     0x58365ac0cfec - core[a373ad73a504971]::panicking::panic_fmt
[INFO] [stdout]   10:     0x58365ac0cdc2 - core[a373ad73a504971]::result::unwrap_failed
[INFO] [stdout]   11:     0x58365ad08fd4 - <nixfmt_rs[419bb9af37bcda9a]::regression_tests::properties::formats_to_golden_on_fixture_corpus::{closure#0} as core[a373ad73a504971]::ops::function::FnOnce<()>>::call_once
[INFO] [stdout]   12:     0x58365ad9aaab - test[aada8e7e76ba119b]::__rust_begin_short_backtrace::<core[a373ad73a504971]::result::Result<(), alloc[2e1b2a31b91974c5]::string::String>, fn() -> core[a373ad73a504971]::result::Result<(), alloc[2e1b2a31b91974c5]::string::String>>
[INFO] [stdout]   13:     0x58365ada8954 - test[aada8e7e76ba119b]::run_test::{closure#0}
[INFO] [stdout]   14:     0x58365ada2084 - std[617be2ca0a6fd877]::sys::backtrace::__rust_begin_short_backtrace::<test[aada8e7e76ba119b]::run_test::{closure#1}, ()>
[INFO] [stdout]   15:     0x58365adac712 - <std[617be2ca0a6fd877]::thread::lifecycle::spawn_unchecked<test[aada8e7e76ba119b]::run_test::{closure#1}, ()>::{closure#1} as core[a373ad73a504971]::ops::function::FnOnce<()>>::call_once::{shim:vtable#0}
[INFO] [stdout]   16:     0x58365ad91304 - <std[617be2ca0a6fd877]::sys::thread::unix::Thread>::new::thread_start
[INFO] [stdout]   17:     0x723912755dfa - <unknown>
[INFO] [stdout]   18:     0x7239127e93d4 - clone
[INFO] [stdout]   19:                0x0 - <unknown>
[INFO] [stdout] 
[INFO] [stdout] ---- regression_tests::properties::idempotent_on_fixture_corpus stdout ----
[INFO] [stdout] 
[INFO] [stdout] thread 'regression_tests::properties::idempotent_on_fixture_corpus' (1239) panicked at src/regression_tests/properties.rs:76:5:
[INFO] [stdout] fixture corpus missing
[INFO] [stdout] stack backtrace:
[INFO] [stdout]    0:     0x58365ad92526 - <<std[617be2ca0a6fd877]::sys::backtrace::BacktraceLock>::print::DisplayBacktrace as core[a373ad73a504971]::fmt::Display>::fmt
[INFO] [stdout]    1:     0x58365ac0c8ca - core[a373ad73a504971]::fmt::write
[INFO] [stdout]    2:     0x58365ad97ecc - <alloc[2e1b2a31b91974c5]::vec::Vec<u8> as core[a373ad73a504971]::io::write::Write>::write_fmt
[INFO] [stdout]    3:     0x58365ad6d112 - std[617be2ca0a6fd877]::panicking::default_hook::{closure#0}
[INFO] [stdout]    4:     0x58365ad89ac1 - std[617be2ca0a6fd877]::panicking::default_hook
[INFO] [stdout]    5:     0x58365ad89ca2 - std[617be2ca0a6fd877]::panicking::panic_with_hook
[INFO] [stdout]    6:     0x58365ad6d1f4 - std[617be2ca0a6fd877]::panicking::panic_handler::{closure#0}
[INFO] [stdout]    7:     0x58365ad65ba9 - std[617be2ca0a6fd877]::sys::backtrace::__rust_end_short_backtrace::<std[617be2ca0a6fd877]::panicking::panic_handler::{closure#0}, !>
[INFO] [stdout]    8:     0x58365ad6dddd - __rustc[ea4f61d10b84890b]::rust_begin_unwind
[INFO] [stdout]    9:     0x58365ac0cfec - core[a373ad73a504971]::panicking::panic_fmt
[INFO] [stdout]   10:     0x58365ad071e6 - <nixfmt_rs[419bb9af37bcda9a]::regression_tests::properties::idempotent_on_fixture_corpus::{closure#0} as core[a373ad73a504971]::ops::function::FnOnce<()>>::call_once
[INFO] [stdout]   11:     0x58365ad9aaab - test[aada8e7e76ba119b]::__rust_begin_short_backtrace::<core[a373ad73a504971]::result::Result<(), alloc[2e1b2a31b91974c5]::string::String>, fn() -> core[a373ad73a504971]::result::Result<(), alloc[2e1b2a31b91974c5]::string::String>>
[INFO] [stdout]   12:     0x58365ada8954 - test[aada8e7e76ba119b]::run_test::{closure#0}
[INFO] [stdout]   13:     0x58365ada2084 - std[617be2ca0a6fd877]::sys::backtrace::__rust_begin_short_backtrace::<test[aada8e7e76ba119b]::run_test::{closure#1}, ()>
[INFO] [stdout]   14:     0x58365adac712 - <std[617be2ca0a6fd877]::thread::lifecycle::spawn_unchecked<test[aada8e7e76ba119b]::run_test::{closure#1}, ()>::{closure#1} as core[a373ad73a504971]::ops::function::FnOnce<()>>::call_once::{shim:vtable#0}
[INFO] [stdout]   15:     0x58365ad91304 - <std[617be2ca0a6fd877]::sys::thread::unix::Thread>::new::thread_start
[INFO] [stdout]   16:     0x723912755dfa - <unknown>
[INFO] [stdout]   17:     0x7239127e93d4 - clone
[INFO] [stdout]   18:                0x0 - <unknown>
[INFO] [stdout] 
[INFO] [stdout] ---- regression_tests::properties::rejects_invalid_fixture_corpus stdout ----
[INFO] [stdout] 
[INFO] [stdout] thread 'regression_tests::properties::rejects_invalid_fixture_corpus' (1240) panicked at src/regression_tests/properties.rs:198:5:
[INFO] [stdout] invalid/ fixture corpus missing
[INFO] [stdout] stack backtrace:
[INFO] [stdout]    0:     0x58365ad92526 - <<std[617be2ca0a6fd877]::sys::backtrace::BacktraceLock>::print::DisplayBacktrace as core[a373ad73a504971]::fmt::Display>::fmt
[INFO] [stdout]    1:     0x58365ac0c8ca - core[a373ad73a504971]::fmt::write
[INFO] [stdout]    2:     0x58365ad97ecc - <alloc[2e1b2a31b91974c5]::vec::Vec<u8> as core[a373ad73a504971]::io::write::Write>::write_fmt
[INFO] [stdout]    3:     0x58365ad6d112 - std[617be2ca0a6fd877]::panicking::default_hook::{closure#0}
[INFO] [stdout]    4:     0x58365ad89ac1 - std[617be2ca0a6fd877]::panicking::default_hook
[INFO] [stdout]    5:     0x58365ad89ca2 - std[617be2ca0a6fd877]::panicking::panic_with_hook
[INFO] [stdout]    6:     0x58365ad6d1f4 - std[617be2ca0a6fd877]::panicking::panic_handler::{closure#0}
[INFO] [stdout]    7:     0x58365ad65ba9 - std[617be2ca0a6fd877]::sys::backtrace::__rust_end_short_backtrace::<std[617be2ca0a6fd877]::panicking::panic_handler::{closure#0}, !>
[INFO] [stdout]    8:     0x58365ad6dddd - __rustc[ea4f61d10b84890b]::rust_begin_unwind
[INFO] [stdout]    9:     0x58365ac0cfec - core[a373ad73a504971]::panicking::panic_fmt
[INFO] [stdout]   10:     0x58365ad077fb - <nixfmt_rs[419bb9af37bcda9a]::regression_tests::properties::rejects_invalid_fixture_corpus::{closure#0} as core[a373ad73a504971]::ops::function::FnOnce<()>>::call_once
[INFO] [stdout]   11:     0x58365ad9aaab - test[aada8e7e76ba119b]::__rust_begin_short_backtrace::<core[a373ad73a504971]::result::Result<(), alloc[2e1b2a31b91974c5]::string::String>, fn() -> core[a373ad73a504971]::result::Result<(), alloc[2e1b2a31b91974c5]::string::String>>
[INFO] [stdout]   12:     0x58365ada8954 - test[aada8e7e76ba119b]::run_test::{closure#0}
[INFO] [stdout]   13:     0x58365ada2084 - std[617be2ca0a6fd877]::sys::backtrace::__rust_begin_short_backtrace::<test[aada8e7e76ba119b]::run_test::{closure#1}, ()>
[INFO] [stdout]   14:     0x58365adac712 - <std[617be2ca0a6fd877]::thread::lifecycle::spawn_unchecked<test[aada8e7e76ba119b]::run_test::{closure#1}, ()>::{closure#1} as core[a373ad73a504971]::ops::function::FnOnce<()>>::call_once::{shim:vtable#0}
[INFO] [stdout]   15:     0x58365ad91304 - <std[617be2ca0a6fd877]::sys::thread::unix::Thread>::new::thread_start
[INFO] [stdout]   16:     0x723912755dfa - <unknown>
[INFO] [stdout]   17:     0x7239127e93d4 - clone
[INFO] [stdout]   18:                0x0 - <unknown>
[INFO] [stdout] 
[INFO] [stdout] 
[INFO] [stdout] failures:
[INFO] [stdout]     regression_tests::properties::ast_preserved_on_fixture_corpus
[INFO] [stdout]     regression_tests::properties::formats_to_golden_on_fixture_corpus
[INFO] [stdout]     regression_tests::properties::idempotent_on_fixture_corpus
[INFO] [stdout]     regression_tests::properties::rejects_invalid_fixture_corpus
[INFO] [stdout] 
[INFO] [stdout] test result: FAILED. 289 passed; 4 failed; 1 ignored; 0 measured; 0 filtered out; finished in 0.03s
[INFO] [stdout] 
[INFO] [stderr] error: test failed, to rerun pass `--lib`
[INFO] running `Command { std: "docker" "inspect" "c4221da0169b7bdaa464fbbbc7b37121d0f2343d4fc82ce2be3eaa8a20fd6e52", kill_on_drop: false }`
[INFO] running `Command { std: "docker" "rm" "-f" "c4221da0169b7bdaa464fbbbc7b37121d0f2343d4fc82ce2be3eaa8a20fd6e52", kill_on_drop: false }`
[INFO] [stdout] c4221da0169b7bdaa464fbbbc7b37121d0f2343d4fc82ce2be3eaa8a20fd6e52
