[INFO] fetching crate nix-rs-compat-derive 0.1.0...
[INFO] testing nix-rs-compat-derive-0.1.0 against 1.100.0-beta.1+cargoflags=--release for beta-release-1.100-2
[INFO] extracting crate nix-rs-compat-derive 0.1.0 into /workspace/builds/worker-7-tc2/source
[INFO] started tweaking crates.io crate nix-rs-compat-derive 0.1.0
[INFO] finished tweaking crates.io crate nix-rs-compat-derive 0.1.0
[INFO] tweaked toml for crates.io crate nix-rs-compat-derive 0.1.0 written to /workspace/builds/worker-7-tc2/source/Cargo.toml
[INFO] validating manifest of crates.io crate nix-rs-compat-derive 0.1.0 on toolchain 1.100.0-beta.1
[INFO] running `Command { std: CARGO_HOME="/workspace/cargo-home" RUSTUP_HOME="/workspace/rustup-home" "/workspace/cargo-home/bin/cargo" "+1.100.0-beta.1" "metadata" "--manifest-path" "Cargo.toml" "--no-deps", kill_on_drop: false }`
[INFO] crate crates.io crate nix-rs-compat-derive 0.1.0 already has a lockfile, it will not be regenerated
[INFO] running `Command { std: CARGO_HOME="/workspace/cargo-home" RUSTUP_HOME="/workspace/rustup-home" "/workspace/cargo-home/bin/cargo" "+1.100.0-beta.1" "fetch" "--manifest-path" "Cargo.toml", kill_on_drop: false }`
[INFO] running `Command { std: "docker" "create" "-v" "/var/lib/crater-agent-workspace/builds/worker-7-tc2/source:/opt/rustwide/workdir:ro,Z" "-v" "/var/lib/crater-agent-workspace/builds/worker-7-tc2/target:/opt/rustwide/target:rw,Z" "-v" "/var/lib/crater-agent-workspace/cargo-home:/opt/rustwide/cargo-home:ro,Z" "-v" "/var/lib/crater-agent-workspace/rustup-home:/opt/rustwide/rustup-home:ro,Z" "-m" "1610612736" "--network" "none" "ghcr.io/rust-lang/crates-build-env/linux@sha256:77db811e55d90add9212f6832c23229e3de5f1c1f9905e8cb07319ea15df73ac" "sleep" "infinity", kill_on_drop: false }`
[INFO] [stdout] 9330a48d7e08ea54eb5dff6f9b0796335d3a6fc5b85233bff3efcf3e835ad80f
[INFO] running `Command { std: "docker" "start" "9330a48d7e08ea54eb5dff6f9b0796335d3a6fc5b85233bff3efcf3e835ad80f", kill_on_drop: false }`
[INFO] running `Command { std: "docker" "inspect" "9330a48d7e08ea54eb5dff6f9b0796335d3a6fc5b85233bff3efcf3e835ad80f", kill_on_drop: false }`
[INFO] running `Command { std: "docker" "exec" "-e" "SOURCE_DIR=/opt/rustwide/workdir" "-e" "CARGO_HOME=/opt/rustwide/cargo-home" "-e" "RUSTUP_HOME=/opt/rustwide/rustup-home" "-e" "CARGO_TARGET_DIR=/opt/rustwide/target" "-w" "/opt/rustwide/workdir" "--user" "0:0" "9330a48d7e08ea54eb5dff6f9b0796335d3a6fc5b85233bff3efcf3e835ad80f" "/opt/rustwide/cargo-home/bin/cargo" "+1.100.0-beta.1" "metadata" "--no-deps" "--format-version=1", kill_on_drop: false }`
[INFO] running `Command { std: "docker" "inspect" "9330a48d7e08ea54eb5dff6f9b0796335d3a6fc5b85233bff3efcf3e835ad80f", kill_on_drop: false }`
[INFO] running `Command { std: "docker" "exec" "-e" "SOURCE_DIR=/opt/rustwide/workdir" "-e" "CARGO_HOME=/opt/rustwide/cargo-home" "-e" "RUSTUP_HOME=/opt/rustwide/rustup-home" "-e" "CARGO_TARGET_DIR=/opt/rustwide/target" "-e" "CARGO_INCREMENTAL=0" "-e" "RUST_BACKTRACE=full" "-e" "RUSTFLAGS=--cap-lints=warn" "-e" "RUSTDOCFLAGS=--cap-lints=warn" "-w" "/opt/rustwide/workdir" "--user" "0:0" "9330a48d7e08ea54eb5dff6f9b0796335d3a6fc5b85233bff3efcf3e835ad80f" "/opt/rustwide/cargo-home/bin/cargo" "+1.100.0-beta.1" "build" "--frozen" "--message-format=json" "--release", kill_on_drop: false }`
[INFO] [stderr]    Compiling proc-macro2 v1.0.107
[INFO] [stderr]    Compiling quote v1.0.47
[INFO] [stderr]    Compiling syn v2.0.119
[INFO] [stderr]    Compiling nix-rs-compat-derive v0.1.0 (/opt/rustwide/workdir)
[INFO] [stderr]     Finished `release` profile [optimized] target(s) in 5.65s
[INFO] running `Command { std: "docker" "inspect" "9330a48d7e08ea54eb5dff6f9b0796335d3a6fc5b85233bff3efcf3e835ad80f", kill_on_drop: false }`
[INFO] running `Command { std: "docker" "exec" "-e" "SOURCE_DIR=/opt/rustwide/workdir" "-e" "CARGO_HOME=/opt/rustwide/cargo-home" "-e" "RUSTUP_HOME=/opt/rustwide/rustup-home" "-e" "CARGO_TARGET_DIR=/opt/rustwide/target" "-e" "CARGO_INCREMENTAL=0" "-e" "RUST_BACKTRACE=full" "-e" "RUSTFLAGS=--cap-lints=warn" "-e" "RUSTDOCFLAGS=--cap-lints=warn" "-w" "/opt/rustwide/workdir" "--user" "0:0" "9330a48d7e08ea54eb5dff6f9b0796335d3a6fc5b85233bff3efcf3e835ad80f" "/opt/rustwide/cargo-home/bin/cargo" "+1.100.0-beta.1" "test" "--frozen" "--no-run" "--message-format=json" "--release", kill_on_drop: false }`
[INFO] [stderr]    Compiling nix-rs-compat-derive v0.1.0 (/opt/rustwide/workdir)
[INFO] [stderr]     Finished `release` profile [optimized] target(s) in 1.69s
[INFO] running `Command { std: "docker" "inspect" "9330a48d7e08ea54eb5dff6f9b0796335d3a6fc5b85233bff3efcf3e835ad80f", kill_on_drop: false }`
[INFO] running `Command { std: "docker" "exec" "-e" "SOURCE_DIR=/opt/rustwide/workdir" "-e" "CARGO_HOME=/opt/rustwide/cargo-home" "-e" "RUSTUP_HOME=/opt/rustwide/rustup-home" "-e" "CARGO_TARGET_DIR=/opt/rustwide/target" "-e" "CARGO_INCREMENTAL=0" "-e" "RUST_BACKTRACE=full" "-e" "RUSTFLAGS=--cap-lints=warn" "-e" "RUSTDOCFLAGS=--cap-lints=warn" "-w" "/opt/rustwide/workdir" "--user" "0:0" "9330a48d7e08ea54eb5dff6f9b0796335d3a6fc5b85233bff3efcf3e835ad80f" "/opt/rustwide/cargo-home/bin/cargo" "+1.100.0-beta.1" "test" "--frozen" "--release", kill_on_drop: false }`
[INFO] [stderr]     Finished `release` profile [optimized] target(s) in 0.01s
[INFO] [stderr]      Running unittests src/lib.rs (/opt/rustwide/target/release/build/nix-rs-compat-derive/4654a774c0e09326/out/nix_compat_derive-4654a774c0e09326)
[INFO] [stdout] 
[INFO] [stdout] running 22 tests
[INFO] [stdout] test internal::attrs::test::parse_container_from_str ... ok
[INFO] [stdout] test internal::attrs::test::parse_field_both_rev ... ok
[INFO] [stdout] test internal::attrs::test::parse_field_both ... ok
[INFO] [stdout] test internal::attrs::test::parse_variant_no_subattrs ... ok
[INFO] [stdout] test internal::attrs::test::parse_field_default_path ... ok
[INFO] [stdout] test internal::attrs::test::parse_container_display ... ok
[INFO] [stdout] test internal::attrs::test::parse_container_try_from ... ok
[INFO] [stdout] test internal::attrs::test::parse_field_default ... ok
[INFO] [stdout] test internal::attrs::test::parse_container_from ... ok
[INFO] [stdout] test internal::inputs::test::test_input ... ok
[INFO] [stdout] test internal::attrs::test::parse_variant_version ... ok
[INFO] [stdout] test internal::attrs::test::parse_field_version ... ok
[INFO] [stdout] test internal::inputs::test::test_input_attr_multiple ... ok
[INFO] [stdout] test internal::attrs::test::parse_container_display_path ... ok
[INFO] [stdout] test internal::attrs::test::parse_container_try_into ... ok
[INFO] [stdout] test internal::attrs::test::parse_field_no_subattrs ... ok
[INFO] [stdout] test internal::attrs::test::parse_field_no_attr ... ok
[INFO] [stdout] test internal::attrs::test::parse_variant_no_attr ... ok
[INFO] [stdout] test internal::inputs::test::test_input_attr ... ok
[INFO] [stdout] test internal::inputs::test::test_input_attr_other ... ok
[INFO] [stdout] test internal::attrs::test::parse_container_into ... ok
[INFO] [stdout] test internal::inputs::test::test_input_attr_full ... ok
[INFO] [stdout] 
[INFO] [stdout] test result: ok. 22 passed; 0 failed; 0 ignored; 0 measured; 0 filtered out; finished in 0.01s
[INFO] [stdout] 
[INFO] [stderr]    Doc-tests nix_compat_derive
[INFO] [stdout] 
[INFO] [stdout] running 17 tests
[INFO] [stdout] test src/lib.rs - (line 121) ... FAILED
[INFO] [stdout] test src/lib.rs - (line 92) ... FAILED
[INFO] [stdout] test src/lib.rs - (line 28) ... FAILED
[INFO] [stdout] test src/lib.rs - (line 176) ... FAILED
[INFO] [stdout] test src/lib.rs - (line 289) ... FAILED
[INFO] [stdout] test src/lib.rs - (line 356) ... FAILED
[INFO] [stdout] test src/lib.rs - (line 58) ... FAILED
[INFO] [stdout] test src/lib.rs - (line 312) ... FAILED
[INFO] [stdout] test src/lib.rs - nix_serialize_remote (line 439) ... FAILED
[INFO] [stdout] test src/lib.rs - (line 202) ... FAILED
[INFO] [stdout] test src/lib.rs - nix_deserialize_remote (line 407) ... FAILED
[INFO] [stdout] test src/lib.rs - (line 45) ... FAILED
[INFO] [stdout] test src/lib.rs - (line 146) ... FAILED
[INFO] [stdout] test src/lib.rs - (line 228) ... FAILED
[INFO] [stdout] test src/lib.rs - (line 253) ... FAILED
[INFO] [stdout] test src/lib.rs - (line 35) ... FAILED
[INFO] [stdout] test src/lib.rs - (line 333) ... FAILED
[INFO] [stdout] 
[INFO] [stdout] failures:
[INFO] [stdout] 
[INFO] [stdout] ---- src/lib.rs - (line 121) stdout ----
[INFO] [stdout] error[E0433]: cannot find `nix_compat` in the list of imported crates
[INFO] [stdout]    --> src/lib.rs:125:10
[INFO] [stdout]     |
[INFO] [stdout] 125 | #[derive(NixDeserialize)]
[INFO] [stdout]     |          ^^^^^^^^^^^^^^ could not find `nix_compat` in the list of imported crates
[INFO] [stdout]     |
[INFO] [stdout]     = note: this error originates in the derive macro `NixDeserialize` (in Nightly builds, run with -Z macro-backtrace for more info)
[INFO] [stdout] 
[INFO] [stdout] error: aborting due to 1 previous error
[INFO] [stdout] 
[INFO] [stdout] For more information about this error, try `rustc --explain E0433`.
[INFO] [stdout] Couldn't compile the test.
[INFO] [stdout] ---- src/lib.rs - (line 92) stdout ----
[INFO] [stdout] error[E0433]: cannot find `nix_compat` in the list of imported crates
[INFO] [stdout]   --> src/lib.rs:96:10
[INFO] [stdout]    |
[INFO] [stdout] 96 | #[derive(NixDeserialize)]
[INFO] [stdout]    |          ^^^^^^^^^^^^^^ could not find `nix_compat` in the list of imported crates
[INFO] [stdout]    |
[INFO] [stdout]    = note: this error originates in the derive macro `NixDeserialize` (in Nightly builds, run with -Z macro-backtrace for more info)
[INFO] [stdout] 
[INFO] [stdout] error: aborting due to 1 previous error
[INFO] [stdout] 
[INFO] [stdout] For more information about this error, try `rustc --explain E0433`.
[INFO] [stdout] Couldn't compile the test.
[INFO] [stdout] ---- src/lib.rs - (line 28) stdout ----
[INFO] [stdout] error[E0433]: cannot find `nix_compat` in the list of imported crates
[INFO] [stdout]   --> src/lib.rs:32:26
[INFO] [stdout]    |
[INFO] [stdout] 32 | #[derive(NixDeserialize, NixSerialize)]
[INFO] [stdout]    |                          ^^^^^^^^^^^^ could not find `nix_compat` in the list of imported crates
[INFO] [stdout]    |
[INFO] [stdout]    = note: this error originates in the derive macro `NixSerialize` (in Nightly builds, run with -Z macro-backtrace for more info)
[INFO] [stdout] 
[INFO] [stdout] error[E0433]: cannot find `nix_compat` in the list of imported crates
[INFO] [stdout]   --> src/lib.rs:32:10
[INFO] [stdout]    |
[INFO] [stdout] 32 | #[derive(NixDeserialize, NixSerialize)]
[INFO] [stdout]    |          ^^^^^^^^^^^^^^ could not find `nix_compat` in the list of imported crates
[INFO] [stdout]    |
[INFO] [stdout]    = note: this error originates in the derive macro `NixDeserialize` (in Nightly builds, run with -Z macro-backtrace for more info)
[INFO] [stdout] 
[INFO] [stdout] error: aborting due to 2 previous errors
[INFO] [stdout] 
[INFO] [stdout] For more information about this error, try `rustc --explain E0433`.
[INFO] [stdout] Couldn't compile the test.
[INFO] [stdout] ---- src/lib.rs - (line 176) stdout ----
[INFO] [stdout] error[E0433]: cannot find `nix_compat` in the list of imported crates
[INFO] [stdout]    --> src/lib.rs:180:17
[INFO] [stdout]     |
[INFO] [stdout] 180 | #[derive(Clone, NixSerialize)]
[INFO] [stdout]     |                 ^^^^^^^^^^^^ could not find `nix_compat` in the list of imported crates
[INFO] [stdout]     |
[INFO] [stdout]     = note: this error originates in the derive macro `NixSerialize` (in Nightly builds, run with -Z macro-backtrace for more info)
[INFO] [stdout] 
[INFO] [stdout] error: aborting due to 1 previous error
[INFO] [stdout] 
[INFO] [stdout] For more information about this error, try `rustc --explain E0433`.
[INFO] [stdout] Couldn't compile the test.
[INFO] [stdout] ---- src/lib.rs - (line 289) stdout ----
[INFO] [stdout] error[E0433]: cannot find `nix_compat` in the list of imported crates
[INFO] [stdout]    --> src/lib.rs:293:10
[INFO] [stdout]     |
[INFO] [stdout] 293 | #[derive(NixDeserialize)]
[INFO] [stdout]     |          ^^^^^^^^^^^^^^ could not find `nix_compat` in the list of imported crates
[INFO] [stdout]     |
[INFO] [stdout]     = note: this error originates in the derive macro `NixDeserialize` (in Nightly builds, run with -Z macro-backtrace for more info)
[INFO] [stdout] 
[INFO] [stdout] error: aborting due to 1 previous error
[INFO] [stdout] 
[INFO] [stdout] For more information about this error, try `rustc --explain E0433`.
[INFO] [stdout] Couldn't compile the test.
[INFO] [stdout] ---- src/lib.rs - (line 356) stdout ----
[INFO] [stdout] error[E0433]: cannot find `nix_compat` in the list of imported crates
[INFO] [stdout]    --> src/lib.rs:360:10
[INFO] [stdout]     |
[INFO] [stdout] 360 | #[derive(NixDeserialize)]
[INFO] [stdout]     |          ^^^^^^^^^^^^^^ could not find `nix_compat` in the list of imported crates
[INFO] [stdout]     |
[INFO] [stdout]     = note: this error originates in the derive macro `NixDeserialize` (in Nightly builds, run with -Z macro-backtrace for more info)
[INFO] [stdout] 
[INFO] [stdout] error: aborting due to 1 previous error
[INFO] [stdout] 
[INFO] [stdout] For more information about this error, try `rustc --explain E0433`.
[INFO] [stdout] Couldn't compile the test.
[INFO] [stdout] ---- src/lib.rs - (line 58) stdout ----
[INFO] [stdout] error[E0433]: cannot find module or crate `nix_compat` in this scope
[INFO] [stdout]   --> src/lib.rs:63:13
[INFO] [stdout]    |
[INFO] [stdout] 63 | #[nix(crate="nix_compat")] // <-- This is a container attribute
[INFO] [stdout]    |             ^^^^^^^^^^^^ use of unresolved module or unlinked crate `nix_compat`
[INFO] [stdout]    |
[INFO] [stdout]    = help: if you wanted to use a crate named `nix_compat`, use `cargo add nix_compat` to add it to your `Cargo.toml`
[INFO] [stdout] 
[INFO] [stdout] error[E0433]: cannot find module or crate `nix_compat` in this scope
[INFO] [stdout]   --> src/lib.rs:71:13
[INFO] [stdout]    |
[INFO] [stdout] 71 | #[nix(crate="nix_compat")] // <-- This is also a container attribute
[INFO] [stdout]    |             ^^^^^^^^^^^^ use of unresolved module or unlinked crate `nix_compat`
[INFO] [stdout]    |
[INFO] [stdout]    = help: if you wanted to use a crate named `nix_compat`, use `cargo add nix_compat` to add it to your `Cargo.toml`
[INFO] [stdout] 
[INFO] [stdout] error: aborting due to 2 previous errors
[INFO] [stdout] 
[INFO] [stdout] For more information about this error, try `rustc --explain E0433`.
[INFO] [stdout] Couldn't compile the test.
[INFO] [stdout] ---- src/lib.rs - (line 312) stdout ----
[INFO] [stdout] error[E0433]: cannot find `nix_compat` in the list of imported crates
[INFO] [stdout]    --> src/lib.rs:316:10
[INFO] [stdout]     |
[INFO] [stdout] 316 | #[derive(NixDeserialize)]
[INFO] [stdout]     |          ^^^^^^^^^^^^^^ could not find `nix_compat` in the list of imported crates
[INFO] [stdout]     |
[INFO] [stdout]     = note: this error originates in the derive macro `NixDeserialize` (in Nightly builds, run with -Z macro-backtrace for more info)
[INFO] [stdout] 
[INFO] [stdout] error: aborting due to 1 previous error
[INFO] [stdout] 
[INFO] [stdout] For more information about this error, try `rustc --explain E0433`.
[INFO] [stdout] Couldn't compile the test.
[INFO] [stdout] ---- src/lib.rs - nix_serialize_remote (line 439) stdout ----
[INFO] [stdout] error[E0433]: cannot find `nix_compat` in the list of imported crates
[INFO] [stdout]    --> src/lib.rs:452:1
[INFO] [stdout]     |
[INFO] [stdout] 452 | nix_serialize_remote!(#[nix(into="u64")] MyU64);
[INFO] [stdout]     | ^^^^^^^^^^^^^^^^^^^^^^^^^^^^^^^^^^^^^^^^^^^^^^^ could not find `nix_compat` in the list of imported crates
[INFO] [stdout]     |
[INFO] [stdout]     = note: this error originates in the macro `nix_serialize_remote` (in Nightly builds, run with -Z macro-backtrace for more info)
[INFO] [stdout] 
[INFO] [stdout] error: aborting due to 1 previous error
[INFO] [stdout] 
[INFO] [stdout] For more information about this error, try `rustc --explain E0433`.
[INFO] [stdout] Couldn't compile the test.
[INFO] [stdout] ---- src/lib.rs - (line 202) stdout ----
[INFO] [stdout] error[E0433]: cannot find `nix_compat` in the list of imported crates
[INFO] [stdout]    --> src/lib.rs:206:17
[INFO] [stdout]     |
[INFO] [stdout] 206 | #[derive(Clone, NixSerialize)]
[INFO] [stdout]     |                 ^^^^^^^^^^^^ could not find `nix_compat` in the list of imported crates
[INFO] [stdout]     |
[INFO] [stdout]     = note: this error originates in the derive macro `NixSerialize` (in Nightly builds, run with -Z macro-backtrace for more info)
[INFO] [stdout] 
[INFO] [stdout] error: aborting due to 1 previous error
[INFO] [stdout] 
[INFO] [stdout] For more information about this error, try `rustc --explain E0433`.
[INFO] [stdout] Couldn't compile the test.
[INFO] [stdout] ---- src/lib.rs - nix_deserialize_remote (line 407) stdout ----
[INFO] [stdout] error[E0433]: cannot find `nix_compat` in the list of imported crates
[INFO] [stdout]    --> src/lib.rs:419:1
[INFO] [stdout]     |
[INFO] [stdout] 419 | nix_deserialize_remote!(#[nix(from="u64")] MyU64);
[INFO] [stdout]     | ^^^^^^^^^^^^^^^^^^^^^^^^^^^^^^^^^^^^^^^^^^^^^^^^^ could not find `nix_compat` in the list of imported crates
[INFO] [stdout]     |
[INFO] [stdout]     = note: this error originates in the macro `nix_deserialize_remote` (in Nightly builds, run with -Z macro-backtrace for more info)
[INFO] [stdout] 
[INFO] [stderr] error: doctest failed, to rerun pass `--doc`
[INFO] [stdout] error: aborting due to 1 previous error
[INFO] [stdout] 
[INFO] [stdout] For more information about this error, try `rustc --explain E0433`.
[INFO] [stdout] Couldn't compile the test.
[INFO] [stdout] ---- src/lib.rs - (line 45) stdout ----
[INFO] [stdout] error[E0433]: cannot find `nix_compat` in the list of imported crates
[INFO] [stdout]   --> src/lib.rs:49:26
[INFO] [stdout]    |
[INFO] [stdout] 49 | #[derive(NixDeserialize, NixSerialize)]
[INFO] [stdout]    |                          ^^^^^^^^^^^^ could not find `nix_compat` in the list of imported crates
[INFO] [stdout]    |
[INFO] [stdout]    = note: this error originates in the derive macro `NixSerialize` (in Nightly builds, run with -Z macro-backtrace for more info)
[INFO] [stdout] 
[INFO] [stdout] error[E0433]: cannot find `nix_compat` in the list of imported crates
[INFO] [stdout]   --> src/lib.rs:49:10
[INFO] [stdout]    |
[INFO] [stdout] 49 | #[derive(NixDeserialize, NixSerialize)]
[INFO] [stdout]    |          ^^^^^^^^^^^^^^ could not find `nix_compat` in the list of imported crates
[INFO] [stdout]    |
[INFO] [stdout]    = note: this error originates in the derive macro `NixDeserialize` (in Nightly builds, run with -Z macro-backtrace for more info)
[INFO] [stdout] 
[INFO] [stdout] error: aborting due to 2 previous errors
[INFO] [stdout] 
[INFO] [stdout] For more information about this error, try `rustc --explain E0433`.
[INFO] [stdout] Couldn't compile the test.
[INFO] [stdout] ---- src/lib.rs - (line 146) stdout ----
[INFO] [stdout] error[E0433]: cannot find `nix_compat` in the list of imported crates
[INFO] [stdout]    --> src/lib.rs:150:10
[INFO] [stdout]     |
[INFO] [stdout] 150 | #[derive(NixDeserialize)]
[INFO] [stdout]     |          ^^^^^^^^^^^^^^ could not find `nix_compat` in the list of imported crates
[INFO] [stdout]     |
[INFO] [stdout]     = note: this error originates in the derive macro `NixDeserialize` (in Nightly builds, run with -Z macro-backtrace for more info)
[INFO] [stdout] 
[INFO] [stdout] error: aborting due to 1 previous error
[INFO] [stdout] 
[INFO] [stdout] For more information about this error, try `rustc --explain E0433`.
[INFO] [stdout] Couldn't compile the test.
[INFO] [stdout] ---- src/lib.rs - (line 228) stdout ----
[INFO] [stdout] error[E0433]: cannot find `nix_compat` in the list of imported crates
[INFO] [stdout]    --> src/lib.rs:233:10
[INFO] [stdout]     |
[INFO] [stdout] 233 | #[derive(NixSerialize)]
[INFO] [stdout]     |          ^^^^^^^^^^^^ could not find `nix_compat` in the list of imported crates
[INFO] [stdout]     |
[INFO] [stdout]     = note: this error originates in the derive macro `NixSerialize` (in Nightly builds, run with -Z macro-backtrace for more info)
[INFO] [stdout] 
[INFO] [stdout] error: aborting due to 1 previous error
[INFO] [stdout] 
[INFO] [stdout] For more information about this error, try `rustc --explain E0433`.
[INFO] [stdout] Couldn't compile the test.
[INFO] [stdout] ---- src/lib.rs - (line 253) stdout ----
[INFO] [stdout] error[E0433]: cannot find `nix_compat` in the list of imported crates
[INFO] [stdout]    --> src/lib.rs:258:10
[INFO] [stdout]     |
[INFO] [stdout] 258 | #[derive(NixSerialize)]
[INFO] [stdout]     |          ^^^^^^^^^^^^ could not find `nix_compat` in the list of imported crates
[INFO] [stdout]     |
[INFO] [stdout]     = note: this error originates in the derive macro `NixSerialize` (in Nightly builds, run with -Z macro-backtrace for more info)
[INFO] [stdout] 
[INFO] [stdout] error: aborting due to 1 previous error
[INFO] [stdout] 
[INFO] [stdout] For more information about this error, try `rustc --explain E0433`.
[INFO] [stdout] Couldn't compile the test.
[INFO] [stdout] ---- src/lib.rs - (line 35) stdout ----
[INFO] [stdout] error[E0433]: cannot find `nix_compat` in the list of imported crates
[INFO] [stdout]   --> src/lib.rs:39:26
[INFO] [stdout]    |
[INFO] [stdout] 39 | #[derive(NixDeserialize, NixSerialize)]
[INFO] [stdout]    |                          ^^^^^^^^^^^^ could not find `nix_compat` in the list of imported crates
[INFO] [stdout]    |
[INFO] [stdout]    = note: this error originates in the derive macro `NixSerialize` (in Nightly builds, run with -Z macro-backtrace for more info)
[INFO] [stdout] 
[INFO] [stdout] error[E0433]: cannot find `nix_compat` in the list of imported crates
[INFO] [stdout]   --> src/lib.rs:39:10
[INFO] [stdout]    |
[INFO] [stdout] 39 | #[derive(NixDeserialize, NixSerialize)]
[INFO] [stdout]    |          ^^^^^^^^^^^^^^ could not find `nix_compat` in the list of imported crates
[INFO] [stdout]    |
[INFO] [stdout]    = note: this error originates in the derive macro `NixDeserialize` (in Nightly builds, run with -Z macro-backtrace for more info)
[INFO] [stdout] 
[INFO] [stdout] error: aborting due to 2 previous errors
[INFO] [stdout] 
[INFO] [stdout] For more information about this error, try `rustc --explain E0433`.
[INFO] [stdout] Couldn't compile the test.
[INFO] [stdout] ---- src/lib.rs - (line 333) stdout ----
[INFO] [stdout] error[E0433]: cannot find `nix_compat` in the list of imported crates
[INFO] [stdout]    --> src/lib.rs:337:10
[INFO] [stdout]     |
[INFO] [stdout] 337 | #[derive(NixDeserialize)]
[INFO] [stdout]     |          ^^^^^^^^^^^^^^ could not find `nix_compat` in the list of imported crates
[INFO] [stdout]     |
[INFO] [stdout]     = note: this error originates in the derive macro `NixDeserialize` (in Nightly builds, run with -Z macro-backtrace for more info)
[INFO] [stdout] 
[INFO] [stdout] error: aborting due to 1 previous error
[INFO] [stdout] 
[INFO] [stdout] For more information about this error, try `rustc --explain E0433`.
[INFO] [stdout] Couldn't compile the test.
[INFO] [stdout] 
[INFO] [stdout] failures:
[INFO] [stdout]     src/lib.rs - (line 121)
[INFO] [stdout]     src/lib.rs - (line 146)
[INFO] [stdout]     src/lib.rs - (line 176)
[INFO] [stdout]     src/lib.rs - (line 202)
[INFO] [stdout]     src/lib.rs - (line 228)
[INFO] [stdout]     src/lib.rs - (line 253)
[INFO] [stdout]     src/lib.rs - (line 28)
[INFO] [stdout]     src/lib.rs - (line 289)
[INFO] [stdout]     src/lib.rs - (line 312)
[INFO] [stdout]     src/lib.rs - (line 333)
[INFO] [stdout]     src/lib.rs - (line 35)
[INFO] [stdout]     src/lib.rs - (line 356)
[INFO] [stdout]     src/lib.rs - (line 45)
[INFO] [stdout]     src/lib.rs - (line 58)
[INFO] [stdout]     src/lib.rs - (line 92)
[INFO] [stdout]     src/lib.rs - nix_deserialize_remote (line 407)
[INFO] [stdout]     src/lib.rs - nix_serialize_remote (line 439)
[INFO] [stdout] 
[INFO] [stdout] test result: FAILED. 0 passed; 17 failed; 0 ignored; 0 measured; 0 filtered out; finished in 0.25s
[INFO] [stdout] 
[INFO] [stdout] all doctests ran in 0.60s; merged doctests compilation took 0.35s
[INFO] running `Command { std: "docker" "inspect" "9330a48d7e08ea54eb5dff6f9b0796335d3a6fc5b85233bff3efcf3e835ad80f", kill_on_drop: false }`
[INFO] running `Command { std: "docker" "rm" "-f" "9330a48d7e08ea54eb5dff6f9b0796335d3a6fc5b85233bff3efcf3e835ad80f", kill_on_drop: false }`
[INFO] [stdout] 9330a48d7e08ea54eb5dff6f9b0796335d3a6fc5b85233bff3efcf3e835ad80f
