[INFO] fetching crate nix-manager-core 0.4.1...
[INFO] testing nix-manager-core-0.4.1 against 1.100.0-beta.1+cargoflags=--release for beta-release-1.100-2
[INFO] extracting crate nix-manager-core 0.4.1 into /workspace/builds/worker-2-tc2/source
[INFO] started tweaking crates.io crate nix-manager-core 0.4.1
[INFO] finished tweaking crates.io crate nix-manager-core 0.4.1
[INFO] tweaked toml for crates.io crate nix-manager-core 0.4.1 written to /workspace/builds/worker-2-tc2/source/Cargo.toml
[INFO] validating manifest of crates.io crate nix-manager-core 0.4.1 on toolchain 1.100.0-beta.1
[INFO] running `Command { std: CARGO_HOME="/workspace/cargo-home" RUSTUP_HOME="/workspace/rustup-home" "/workspace/cargo-home/bin/cargo" "+1.100.0-beta.1" "metadata" "--manifest-path" "Cargo.toml" "--no-deps", kill_on_drop: false }`
[INFO] crate crates.io crate nix-manager-core 0.4.1 already has a lockfile, it will not be regenerated
[INFO] running `Command { std: CARGO_HOME="/workspace/cargo-home" RUSTUP_HOME="/workspace/rustup-home" "/workspace/cargo-home/bin/cargo" "+1.100.0-beta.1" "fetch" "--manifest-path" "Cargo.toml", kill_on_drop: false }`
[INFO] running `Command { std: "docker" "create" "-v" "/var/lib/crater-agent-workspace/builds/worker-2-tc2/source:/opt/rustwide/workdir:ro,Z" "-v" "/var/lib/crater-agent-workspace/builds/worker-2-tc2/target:/opt/rustwide/target:rw,Z" "-v" "/var/lib/crater-agent-workspace/cargo-home:/opt/rustwide/cargo-home:ro,Z" "-v" "/var/lib/crater-agent-workspace/rustup-home:/opt/rustwide/rustup-home:ro,Z" "-m" "1610612736" "--network" "none" "ghcr.io/rust-lang/crates-build-env/linux@sha256:77db811e55d90add9212f6832c23229e3de5f1c1f9905e8cb07319ea15df73ac" "sleep" "infinity", kill_on_drop: false }`
[INFO] [stdout] 59603d0a42cbf9c8c1882c604398f3cf3781b7fb89159b022297c791c168db78
[INFO] running `Command { std: "docker" "start" "59603d0a42cbf9c8c1882c604398f3cf3781b7fb89159b022297c791c168db78", kill_on_drop: false }`
[INFO] running `Command { std: "docker" "inspect" "59603d0a42cbf9c8c1882c604398f3cf3781b7fb89159b022297c791c168db78", kill_on_drop: false }`
[INFO] running `Command { std: "docker" "exec" "-e" "SOURCE_DIR=/opt/rustwide/workdir" "-e" "CARGO_HOME=/opt/rustwide/cargo-home" "-e" "RUSTUP_HOME=/opt/rustwide/rustup-home" "-e" "CARGO_TARGET_DIR=/opt/rustwide/target" "-w" "/opt/rustwide/workdir" "--user" "0:0" "59603d0a42cbf9c8c1882c604398f3cf3781b7fb89159b022297c791c168db78" "/opt/rustwide/cargo-home/bin/cargo" "+1.100.0-beta.1" "metadata" "--no-deps" "--format-version=1", kill_on_drop: false }`
[INFO] running `Command { std: "docker" "inspect" "59603d0a42cbf9c8c1882c604398f3cf3781b7fb89159b022297c791c168db78", kill_on_drop: false }`
[INFO] running `Command { std: "docker" "exec" "-e" "SOURCE_DIR=/opt/rustwide/workdir" "-e" "CARGO_HOME=/opt/rustwide/cargo-home" "-e" "RUSTUP_HOME=/opt/rustwide/rustup-home" "-e" "CARGO_TARGET_DIR=/opt/rustwide/target" "-e" "CARGO_INCREMENTAL=0" "-e" "RUST_BACKTRACE=full" "-e" "RUSTFLAGS=--cap-lints=warn" "-e" "RUSTDOCFLAGS=--cap-lints=warn" "-w" "/opt/rustwide/workdir" "--user" "0:0" "59603d0a42cbf9c8c1882c604398f3cf3781b7fb89159b022297c791c168db78" "/opt/rustwide/cargo-home/bin/cargo" "+1.100.0-beta.1" "build" "--frozen" "--message-format=json" "--release", kill_on_drop: false }`
[INFO] [stderr]    Compiling futures-sink v0.3.32
[INFO] [stderr]    Compiling libc v0.2.186
[INFO] [stderr]    Compiling memchr v2.8.1
[INFO] [stderr]    Compiling futures-task v0.3.32
[INFO] [stderr]    Compiling futures-io v0.3.32
[INFO] [stderr]    Compiling http v1.4.2
[INFO] [stderr]    Compiling rustls-pki-types v1.14.1
[INFO] [stderr]    Compiling syn v2.0.117
[INFO] [stderr]    Compiling mio v1.2.1
[INFO] [stderr]    Compiling socket2 v0.6.4
[INFO] [stderr]    Compiling rustls v0.23.45
[INFO] [stderr]    Compiling futures-channel v0.3.32
[INFO] [stderr]    Compiling bitflags v2.13.0
[INFO] [stderr]    Compiling sync_wrapper v1.0.2
[INFO] [stderr]    Compiling serde_json v1.0.150
[INFO] [stderr]    Compiling ipnet v2.12.0
[INFO] [stderr]    Compiling log v0.4.32
[INFO] [stderr]    Compiling console v0.16.6
[INFO] [stderr]    Compiling rustix v1.1.4
[INFO] [stderr]    Compiling encoding_rs v0.8.35
[INFO] [stderr]    Compiling deranged v0.5.8
[INFO] [stderr]    Compiling anyhow v1.0.103
[INFO] [stderr]    Compiling fastrand v2.4.1
[INFO] [stderr]    Compiling soft_assert v0.1.1
[INFO] [stderr]    Compiling unit-prefix v0.5.2
[INFO] [stderr]    Compiling tokio v1.52.3
[INFO] [stderr]    Compiling base64ct v1.8.3
[INFO] [stderr]    Compiling shell-words v1.1.1
[INFO] [stderr]    Compiling chrono v0.4.45
[INFO] [stderr]    Compiling http-body v1.0.1
[INFO] [stderr]    Compiling rustls-native-certs v0.8.4
[INFO] [stderr]    Compiling http-body-util v0.1.3
[INFO] [stderr]    Compiling jobserver v0.1.35
[INFO] [stderr]    Compiling indicatif v0.18.6
[INFO] [stderr]    Compiling cc v1.2.63
[INFO] [stderr]    Compiling hostname v0.4.2
[INFO] [stderr]    Compiling time v0.3.55
[INFO] [stderr]    Compiling cmake v0.1.58
[INFO] [stderr]    Compiling tempfile v3.27.0
[INFO] [stderr]    Compiling dialoguer v0.12.0
[INFO] [stderr]    Compiling aws-lc-sys v0.45.0
[INFO] [stderr]    Compiling synstructure v0.13.2
[INFO] [stderr]    Compiling zerofrom-derive v0.1.7
[INFO] [stderr]    Compiling yoke-derive v0.8.2
[INFO] [stderr]    Compiling zerovec-derive v0.11.3
[INFO] [stderr]    Compiling displaydoc v0.2.6
[INFO] [stderr]    Compiling futures-macro v0.3.32
[INFO] [stderr]    Compiling serde_derive v1.0.228
[INFO] [stderr]    Compiling thiserror-impl v2.0.18
[INFO] [stderr]    Compiling futures-util v0.3.32
[INFO] [stderr]    Compiling zerofrom v0.1.8
[INFO] [stderr]    Compiling yoke v0.8.3
[INFO] [stderr]    Compiling zerovec v0.11.6
[INFO] [stderr]    Compiling zerotrie v0.2.4
[INFO] [stderr]    Compiling tokio-util v0.7.18
[INFO] [stderr]    Compiling thiserror v2.0.18
[INFO] [stderr]    Compiling h2 v0.4.16
[INFO] [stderr]    Compiling tinystr v0.8.3
[INFO] [stderr]    Compiling potential_utf v0.1.5
[INFO] [stderr]    Compiling icu_collections v2.2.0
[INFO] [stderr]    Compiling icu_locale_core v2.2.0
[INFO] [stderr]    Compiling serde v1.0.228
[INFO] [stderr]    Compiling icu_provider v2.2.0
[INFO] [stderr]    Compiling icu_normalizer v2.2.0
[INFO] [stderr]    Compiling icu_properties v2.2.0
[INFO] [stderr]    Compiling tower v0.5.3
[INFO] [stderr]    Compiling futures-executor v0.3.32
[INFO] [stderr]    Compiling futures v0.3.32
[INFO] [stderr]    Compiling idna_adapter v1.2.2
[INFO] [stderr]    Compiling idna v1.1.0
[INFO] [stderr]    Compiling hyper v1.10.1
[INFO] [stderr]    Compiling url v2.5.8
[INFO] [stderr]    Compiling tower-http v0.6.11
[INFO] [stderr]    Compiling hyper-util v0.1.20
[INFO] [stderr]    Compiling aws-lc-rs v1.18.1
[INFO] [stderr]    Compiling rustls-webpki v0.103.15
[INFO] [stderr]    Compiling tokio-rustls v0.26.4
[INFO] [stderr]    Compiling rustls-platform-verifier v0.7.1
[INFO] [stderr]    Compiling hyper-rustls v0.27.9
[INFO] [stderr]    Compiling reqwest v0.13.4
[INFO] [stderr]    Compiling forgejo-api v0.11.1
[INFO] [stderr]    Compiling nix-manager-core v0.4.1 (/opt/rustwide/workdir)
[INFO] [stderr]     Finished `release` profile [optimized] target(s) in 2m 14s
[INFO] running `Command { std: "docker" "inspect" "59603d0a42cbf9c8c1882c604398f3cf3781b7fb89159b022297c791c168db78", kill_on_drop: false }`
[INFO] running `Command { std: "docker" "exec" "-e" "SOURCE_DIR=/opt/rustwide/workdir" "-e" "CARGO_HOME=/opt/rustwide/cargo-home" "-e" "RUSTUP_HOME=/opt/rustwide/rustup-home" "-e" "CARGO_TARGET_DIR=/opt/rustwide/target" "-e" "CARGO_INCREMENTAL=0" "-e" "RUST_BACKTRACE=full" "-e" "RUSTFLAGS=--cap-lints=warn" "-e" "RUSTDOCFLAGS=--cap-lints=warn" "-w" "/opt/rustwide/workdir" "--user" "0:0" "59603d0a42cbf9c8c1882c604398f3cf3781b7fb89159b022297c791c168db78" "/opt/rustwide/cargo-home/bin/cargo" "+1.100.0-beta.1" "test" "--frozen" "--no-run" "--message-format=json" "--release", kill_on_drop: false }`
[INFO] [stderr]    Compiling nix-manager-core v0.4.1 (/opt/rustwide/workdir)
[INFO] [stderr]     Finished `release` profile [optimized] target(s) in 11.42s
[INFO] running `Command { std: "docker" "inspect" "59603d0a42cbf9c8c1882c604398f3cf3781b7fb89159b022297c791c168db78", kill_on_drop: false }`
[INFO] running `Command { std: "docker" "exec" "-e" "SOURCE_DIR=/opt/rustwide/workdir" "-e" "CARGO_HOME=/opt/rustwide/cargo-home" "-e" "RUSTUP_HOME=/opt/rustwide/rustup-home" "-e" "CARGO_TARGET_DIR=/opt/rustwide/target" "-e" "CARGO_INCREMENTAL=0" "-e" "RUST_BACKTRACE=full" "-e" "RUSTFLAGS=--cap-lints=warn" "-e" "RUSTDOCFLAGS=--cap-lints=warn" "-w" "/opt/rustwide/workdir" "--user" "0:0" "59603d0a42cbf9c8c1882c604398f3cf3781b7fb89159b022297c791c168db78" "/opt/rustwide/cargo-home/bin/cargo" "+1.100.0-beta.1" "test" "--frozen" "--release", kill_on_drop: false }`
[INFO] [stderr]     Finished `release` profile [optimized] target(s) in 0.22s
[INFO] [stderr]      Running unittests src/lib.rs (/opt/rustwide/target/release/build/nix-manager-core/97dc4018f0817ef8/out/nix_manager_core-97dc4018f0817ef8)
[INFO] [stdout] 
[INFO] [stdout] running 69 tests
[INFO] [stdout] test age::tests::unusable_env_entries_error_with_source_and_remedies ... ok
[INFO] [stdout] test age::tests::decrypt_session_preserves_resolved_identities ... ok
[INFO] [stdout] test age::tests::master_identity_stubs_glob_and_sort ... ok
[INFO] [stdout] test age::tests::builds_rage_decrypt_args_for_single_identity ... ok
[INFO] [stdout] test age::tests::resolve_against_keeps_absolute_paths ... ok
[INFO] [stdout] test age::tests::split_identity_list_trims_and_drops_empty_entries ... ok
[INFO] [stdout] test age::tests::explicit_flags_win_over_env_and_stubs ... ok
[INFO] [stdout] test age::tests::blank_env_falls_back_to_master_stubs ... ok
[INFO] [stdout] test age::tests::env_list_wins_over_stubs_and_resolves_against_root ... ok
[INFO] [stdout] test age::tests::decrypt_session_errors_on_empty_identity_list ... ok
[INFO] [stdout] test age::tests::preserves_content_without_trailing_newline ... FAILED
[INFO] [stdout] test age::tests::decrypts_with_second_identity_via_fallback ... FAILED
[INFO] [stdout] test build::frontier::tests::build_plan_ignores_warning_paths_and_fetches ... ok
[INFO] [stdout] test build::frontier::tests::missing_output_is_distinct_from_filesystem_inspection_failure ... ok
[INFO] [stdout] test age::tests::errors_on_wrong_identity ... FAILED
[INFO] [stdout] test build::frontier::tests::dangling_output_requires_authoritative_store_evidence ... ok
[INFO] [stdout] test build::frontier::tests::restore_arguments_disable_all_compilation_and_ambient_publication ... ok
[INFO] [stdout] test build::frontier::tests::v4_graph_preserves_exact_multi_output_dependencies_and_substitution ... ok
[INFO] [stdout] test cache_pin::tests::evaluate_derives_current_wish_and_downgrade_policy ... ok
[INFO] [stdout] test forge::gpg::tests::incomplete_remote_keys_are_rejected ... ok
[INFO] [stdout] test cache_pin::tests::cache_provenance_round_trips_without_losing_source_details ... ok
[INFO] [stdout] test cache_pin::tests::aggregate_failure_is_reported_before_any_write_boundary ... ok
[INFO] [stdout] test forge::gpg::tests::github_paginated_response_preserves_keys_and_email_verification ... ok
[INFO] [stdout] test forge::tests::codeberg_auth_errors_when_type_unsupported ... ok
[INFO] [stdout] test forge::tests::codeberg_auth_parses_fj_05_token_with_name ... ok
[INFO] [stdout] test forge::gpg::tests::publication_rejects_private_key_armor ... ok
[INFO] [stdout] test forge::tests::codeberg_auth_parses_fj_06_application_without_name ... ok
[INFO] [stdout] test forge::tests::codeberg_auth_errors_when_oauth_token_expired ... ok
[INFO] [stdout] test forge::tests::codeberg_auth_errors_when_oauth_expiry_missing ... ok
[INFO] [stdout] test forge::tests::codeberg_auth_parses_oauth_fj_entry ... ok
[INFO] [stdout] test forge::tests::codeberg_bearer_token_errors_when_host_missing ... ok
[INFO] [stdout] test forge::tests::codeberg_bearer_token_falls_back_to_home_fj_auth_store ... ok
[INFO] [stdout] test forge::tests::codeberg_bearer_token_errors_when_unresolvable ... ok
[INFO] [stdout] test forge::tests::codeberg_bearer_token_errors_when_token_empty ... ok
[INFO] [stdout] test forge::tests::not_found_detection_matches_forgejo_api_kind ... ok
[INFO] [stdout] test forge::tests::codeberg_bearer_token_ignores_old_host_token_file ... ok
[INFO] [stdout] test forge::tests::codeberg_bearer_token_reads_xdg_fj_auth_store ... ok
[INFO] [stdout] test health::checks::filesystem::tests::recognizes_filesystems_without_inode_accounting ... ok
[INFO] [stdout] test cache_pin::tests::downgrade_and_incompatible_wishes_are_blocking_policy ... ok
[INFO] [stdout] test age::tests::no_identities_anywhere_names_the_stub_fallback ... ok
[INFO] [stdout] test forge::tests::codeberg_bearer_token_ignores_codeberg_token_env ... ok
[INFO] [stdout] test health::checks::filesystem::tests::parses_inode_columns_from_df_output ... ok
[INFO] [stdout] test parallel::tests::each_item_processed_once ... ok
[INFO] [stdout] test parallel::tests::single_item_single_worker_works ... ok
[INFO] [stdout] test parallel::tests::closure_can_borrow_caller_state ... ok
[INFO] [stdout] test parallel::tests::handles_empty_input ... ok
[INFO] [stdout] test reconcile::tests::plans_are_sorted_by_resource_id ... ok
[INFO] [stdout] test repo::tests::errors_outside_any_marker ... ok
[INFO] [stdout] test parallel::tests::results_carry_per_item_errors ... ok
[INFO] [stdout] test parallel::tests::preserves_input_order ... ok
[INFO] [stdout] test parallel::tests::workers_capped_at_item_count ... ok
[INFO] [stdout] test repo::tests::finds_marker_in_subdirectory ... ok
[INFO] [stdout] test repo::tests::lock_path_resolves_gitdir_file_relative_to_repo ... ok
[INFO] [stdout] test parallel::tests::zero_workers_clamps_to_one ... ok
[INFO] [stdout] test repo::tests::lock_path_uses_git_dir_when_present ... ok
[INFO] [stdout] test repo::tests::finds_custom_marker ... ok
[INFO] [stdout] test repo::tests::exclusive_lock_blocks_second_handle ... ok
[INFO] [stdout] test sources::tests::upsert_replaces_a_branch_lock ... ok
[INFO] [stdout] test build::frontier::tests::planning_uses_short_query_budgets_and_realization_uses_worker_budget ... ok
[INFO] [stdout] test forge::tests::parse_repo_accepts_owner_repo_only ... ok
[INFO] [stdout] test age::tests::decrypts_with_software_identity ... FAILED
[INFO] [stdout] test build::frontier::remote::tests::remote_policy_rejects_multiple_or_incompatible_machines ... ok
[INFO] [stdout] test build::frontier::remote::tests::disappearing_prerequisite_cannot_expand_remote_execution ... ok
[INFO] [stdout] test age::tests::strips_trailing_newline ... FAILED
[INFO] [stdout] test build::frontier::tests::legacy_graph_and_unsupported_dynamic_or_floating_outputs ... ok
[INFO] [stdout] test build::discovery_tests::repository_scan_respects_git_scope_and_regular_files ... ok
[INFO] [stdout] test forge::gpg::tests::forgejo_listing_follows_pages_and_resolves_authenticated_account ... ok
[INFO] [stdout] test build::frontier::execution::tests::cancellation_drains_the_owned_process_group_before_returning ... ok
[INFO] [stdout] test parallel::tests::actually_runs_in_parallel ... ok
[INFO] [stdout] 
[INFO] [stdout] failures:
[INFO] [stdout] 
[INFO] [stdout] ---- age::tests::preserves_content_without_trailing_newline stdout ----
[INFO] [stdout] 
[INFO] [stdout] thread 'age::tests::preserves_content_without_trailing_newline' (2887) panicked at src/age.rs:271:14:
[INFO] [stdout] rage-keygen must be installed: Os { code: 2, kind: NotFound, message: "No such file or directory" }
[INFO] [stdout] stack backtrace:
[INFO] [stdout]    0:     0x558d813b2131 - <<std[617be2ca0a6fd877]::sys::backtrace::BacktraceLock>::print::DisplayBacktrace as core[a373ad73a504971]::fmt::Display>::fmt
[INFO] [stdout]    1:     0x558d813c9bda - core[a373ad73a504971]::fmt::write
[INFO] [stdout]    2:     0x558d813b7c1c - <alloc[2e1b2a31b91974c5]::vec::Vec<u8> as core[a373ad73a504971]::io::write::Write>::write_fmt
[INFO] [stdout]    3:     0x558d813889e6 - std[617be2ca0a6fd877]::panicking::default_hook::{closure#0}
[INFO] [stdout]    4:     0x558d813a7f19 - std[617be2ca0a6fd877]::panicking::default_hook
[INFO] [stdout]    5:     0x558d8132f490 - test[aada8e7e76ba119b]::test_main_inner::{closure#0}
[INFO] [stdout]    6:     0x558d813a8242 - std[617be2ca0a6fd877]::panicking::panic_with_hook
[INFO] [stdout]    7:     0x558d81388a92 - std[617be2ca0a6fd877]::panicking::panic_handler::{closure#0}
[INFO] [stdout]    8:     0x558d81380b69 - std[617be2ca0a6fd877]::sys::backtrace::__rust_end_short_backtrace::<std[617be2ca0a6fd877]::panicking::panic_handler::{closure#0}, !>
[INFO] [stdout]    9:     0x558d81389d6d - __rustc[ea4f61d10b84890b]::rust_begin_unwind
[INFO] [stdout]   10:     0x558d813ca33c - core[a373ad73a504971]::panicking::panic_fmt
[INFO] [stdout]   11:     0x558d813ca112 - core[a373ad73a504971]::result::unwrap_failed
[INFO] [stdout]   12:     0x558d80eceae4 - nix_manager_core[740c940f385875ef]::age::tests::setup_fixture
[INFO] [stdout]   13:     0x558d80ed294d - <nix_manager_core[740c940f385875ef]::age::tests::preserves_content_without_trailing_newline::{closure#0} as core[a373ad73a504971]::ops::function::FnOnce<()>>::call_once
[INFO] [stdout]   14:     0x558d813228db - test[aada8e7e76ba119b]::__rust_begin_short_backtrace::<core[a373ad73a504971]::result::Result<(), alloc[2e1b2a31b91974c5]::string::String>, fn() -> core[a373ad73a504971]::result::Result<(), alloc[2e1b2a31b91974c5]::string::String>>
[INFO] [stdout]   15:     0x558d8132fab5 - test[aada8e7e76ba119b]::run_test::{closure#0}
[INFO] [stdout]   16:     0x558d813293a4 - std[617be2ca0a6fd877]::sys::backtrace::__rust_begin_short_backtrace::<test[aada8e7e76ba119b]::run_test::{closure#1}, ()>
[INFO] [stdout]   17:     0x558d81332b42 - <std[617be2ca0a6fd877]::thread::lifecycle::spawn_unchecked<test[aada8e7e76ba119b]::run_test::{closure#1}, ()>::{closure#1} as core[a373ad73a504971]::ops::function::FnOnce<()>>::call_once::{shim:vtable#0}
[INFO] [stdout]   18:     0x558d813b0e4f - <std[617be2ca0a6fd877]::sys::thread::unix::Thread>::new::thread_start
[INFO] [stdout]   19:     0x789dd394cdfa - <unknown>
[INFO] [stdout]   20:     0x789dd39e03d4 - clone
[INFO] [stdout]   21:                0x0 - <unknown>
[INFO] [stdout] 
[INFO] [stdout] ---- age::tests::decrypts_with_second_identity_via_fallback stdout ----
[INFO] [stdout] 
[INFO] [stdout] thread 'age::tests::decrypts_with_second_identity_via_fallback' (2880) panicked at src/age.rs:271:14:
[INFO] [stdout] rage-keygen must be installed: Os { code: 2, kind: NotFound, message: "No such file or directory" }
[INFO] [stdout] stack backtrace:
[INFO] [stdout]    0:     0x558d813b2131 - <<std[617be2ca0a6fd877]::sys::backtrace::BacktraceLock>::print::DisplayBacktrace as core[a373ad73a504971]::fmt::Display>::fmt
[INFO] [stdout]    1:     0x558d813c9bda - core[a373ad73a504971]::fmt::write
[INFO] [stdout]    2:     0x558d813b7c1c - <alloc[2e1b2a31b91974c5]::vec::Vec<u8> as core[a373ad73a504971]::io::write::Write>::write_fmt
[INFO] [stdout]    3:     0x558d813889e6 - std[617be2ca0a6fd877]::panicking::default_hook::{closure#0}
[INFO] [stdout]    4:     0x558d813a7f19 - std[617be2ca0a6fd877]::panicking::default_hook
[INFO] [stdout]    5:     0x558d8132f490 - test[aada8e7e76ba119b]::test_main_inner::{closure#0}
[INFO] [stdout]    6:     0x558d813a8242 - std[617be2ca0a6fd877]::panicking::panic_with_hook
[INFO] [stdout]    7:     0x558d81388a92 - std[617be2ca0a6fd877]::panicking::panic_handler::{closure#0}
[INFO] [stdout]    8:     0x558d81380b69 - std[617be2ca0a6fd877]::sys::backtrace::__rust_end_short_backtrace::<std[617be2ca0a6fd877]::panicking::panic_handler::{closure#0}, !>
[INFO] [stdout]    9:     0x558d81389d6d - __rustc[ea4f61d10b84890b]::rust_begin_unwind
[INFO] [stdout]   10:     0x558d813ca33c - core[a373ad73a504971]::panicking::panic_fmt
[INFO] [stdout]   11:     0x558d813ca112 - core[a373ad73a504971]::result::unwrap_failed
[INFO] [stdout]   12:     0x558d80eceae4 - nix_manager_core[740c940f385875ef]::age::tests::setup_fixture
[INFO] [stdout]   13:     0x558d80ed243b - <nix_manager_core[740c940f385875ef]::age::tests::decrypts_with_second_identity_via_fallback::{closure#0} as core[a373ad73a504971]::ops::function::FnOnce<()>>::call_once
[INFO] [stdout]   14:     0x558d813228db - test[aada8e7e76ba119b]::__rust_begin_short_backtrace::<core[a373ad73a504971]::result::Result<(), alloc[2e1b2a31b91974c5]::string::String>, fn() -> core[a373ad73a504971]::result::Result<(), alloc[2e1b2a31b91974c5]::string::String>>
[INFO] [stdout]   15:     0x558d8132fab5 - test[aada8e7e76ba119b]::run_test::{closure#0}
[INFO] [stdout]   16:     0x558d813293a4 - std[617be2ca0a6fd877]::sys::backtrace::__rust_begin_short_backtrace::<test[aada8e7e76ba119b]::run_test::{closure#1}, ()>
[INFO] [stdout]   17:     0x558d81332b42 - <std[617be2ca0a6fd877]::thread::lifecycle::spawn_unchecked<test[aada8e7e76ba119b]::run_test::{closure#1}, ()>::{closure#1} as core[a373ad73a504971]::ops::function::FnOnce<()>>::call_once::{shim:vtable#0}
[INFO] [stdout]   18:     0x558d813b0e4f - <std[617be2ca0a6fd877]::sys::thread::unix::Thread>::new::thread_start
[INFO] [stdout]   19:     0x789dd394cdfa - <unknown>
[INFO] [stdout]   20:     0x789dd39e03d4 - clone
[INFO] [stdout]   21:                0x0 - <unknown>
[INFO] [stdout] 
[INFO] [stdout] ---- age::tests::errors_on_wrong_identity stdout ----
[INFO] [stdout] 
[INFO] [stdout] thread 'age::tests::errors_on_wrong_identity' (2883) panicked at src/age.rs:271:14:
[INFO] [stdout] rage-keygen must be installed: Os { code: 2, kind: NotFound, message: "No such file or directory" }
[INFO] [stdout] stack backtrace:
[INFO] [stdout]    0:     0x558d813b2131 - <<std[617be2ca0a6fd877]::sys::backtrace::BacktraceLock>::print::DisplayBacktrace as core[a373ad73a504971]::fmt::Display>::fmt
[INFO] [stdout]    1:     0x558d813c9bda - core[a373ad73a504971]::fmt::write
[INFO] [stdout]    2:     0x558d813b7c1c - <alloc[2e1b2a31b91974c5]::vec::Vec<u8> as core[a373ad73a504971]::io::write::Write>::write_fmt
[INFO] [stdout]    3:     0x558d813889e6 - std[617be2ca0a6fd877]::panicking::default_hook::{closure#0}
[INFO] [stdout]    4:     0x558d813a7f19 - std[617be2ca0a6fd877]::panicking::default_hook
[INFO] [stdout]    5:     0x558d8132f490 - test[aada8e7e76ba119b]::test_main_inner::{closure#0}
[INFO] [stdout]    6:     0x558d813a8242 - std[617be2ca0a6fd877]::panicking::panic_with_hook
[INFO] [stdout]    7:     0x558d81388a92 - std[617be2ca0a6fd877]::panicking::panic_handler::{closure#0}
[INFO] [stdout]    8:     0x558d81380b69 - std[617be2ca0a6fd877]::sys::backtrace::__rust_end_short_backtrace::<std[617be2ca0a6fd877]::panicking::panic_handler::{closure#0}, !>
[INFO] [stdout]    9:     0x558d81389d6d - __rustc[ea4f61d10b84890b]::rust_begin_unwind
[INFO] [stdout]   10:     0x558d813ca33c - core[a373ad73a504971]::panicking::panic_fmt
[INFO] [stdout]   11:     0x558d813ca112 - core[a373ad73a504971]::result::unwrap_failed
[INFO] [stdout]   12:     0x558d80eceae4 - nix_manager_core[740c940f385875ef]::age::tests::setup_fixture
[INFO] [stdout]   13:     0x558d80ed06fa - <nix_manager_core[740c940f385875ef]::age::tests::errors_on_wrong_identity::{closure#0} as core[a373ad73a504971]::ops::function::FnOnce<()>>::call_once
[INFO] [stdout]   14:     0x558d813228db - test[aada8e7e76ba119b]::__rust_begin_short_backtrace::<core[a373ad73a504971]::result::Result<(), alloc[2e1b2a31b91974c5]::string::String>, fn() -> core[a373ad73a504971]::result::Result<(), alloc[2e1b2a31b91974c5]::string::String>>
[INFO] [stdout]   15:     0x558d8132fab5 - test[aada8e7e76ba119b]::run_test::{closure#0}
[INFO] [stdout]   16:     0x558d813293a4 - std[617be2ca0a6fd877]::sys::backtrace::__rust_begin_short_backtrace::<test[aada8e7e76ba119b]::run_test::{closure#1}, ()>
[INFO] [stdout]   17:     0x558d81332b42 - <std[617be2ca0a6fd877]::thread::lifecycle::spawn_unchecked<test[aada8e7e76ba119b]::run_test::{closure#1}, ()>::{closure#1} as core[a373ad73a504971]::ops::function::FnOnce<()>>::call_once::{shim:vtable#0}
[INFO] [stdout]   18:     0x558d813b0e4f - <std[617be2ca0a6fd877]::sys::thread::unix::Thread>::new::thread_start
[INFO] [stdout]   19:     0x789dd394cdfa - <unknown>
[INFO] [stdout]   20:     0x789dd39e03d4 - clone
[INFO] [stdout]   21:                0x0 - <unknown>
[INFO] [stdout] 
[INFO] [stdout] ---- age::tests::decrypts_with_software_identity stdout ----
[INFO] [stdout] 
[INFO] [stdout] thread 'age::tests::decrypts_with_software_identity' (2881) panicked at src/age.rs:271:14:
[INFO] [stdout] rage-keygen must be installed: Os { code: 2, kind: NotFound, message: "No such file or directory" }
[INFO] [stdout] stack backtrace:
[INFO] [stdout]    0:     0x558d813b2131 - <<std[617be2ca0a6fd877]::sys::backtrace::BacktraceLock>::print::DisplayBacktrace as core[a373ad73a504971]::fmt::Display>::fmt
[INFO] [stdout]    1:     0x558d813c9bda - core[a373ad73a504971]::fmt::write
[INFO] [stdout]    2:     0x558d813b7c1c - <alloc[2e1b2a31b91974c5]::vec::Vec<u8> as core[a373ad73a504971]::io::write::Write>::write_fmt
[INFO] [stdout]    3:     0x558d813889e6 - std[617be2ca0a6fd877]::panicking::default_hook::{closure#0}
[INFO] [stdout]    4:     0x558d813a7f19 - std[617be2ca0a6fd877]::panicking::default_hook
[INFO] [stdout]    5:     0x558d8132f490 - test[aada8e7e76ba119b]::test_main_inner::{closure#0}
[INFO] [stdout]    6:     0x558d813a8242 - std[617be2ca0a6fd877]::panicking::panic_with_hook
[INFO] [stdout]    7:     0x558d81388a92 - std[617be2ca0a6fd877]::panicking::panic_handler::{closure#0}
[INFO] [stdout]    8:     0x558d81380b69 - std[617be2ca0a6fd877]::sys::backtrace::__rust_end_short_backtrace::<std[617be2ca0a6fd877]::panicking::panic_handler::{closure#0}, !>
[INFO] [stdout]    9:     0x558d81389d6d - __rustc[ea4f61d10b84890b]::rust_begin_unwind
[INFO] [stdout]   10:     0x558d813ca33c - core[a373ad73a504971]::panicking::panic_fmt
[INFO] [stdout]   11:     0x558d813ca112 - core[a373ad73a504971]::result::unwrap_failed
[INFO] [stdout]   12:     0x558d80eceae4 - nix_manager_core[740c940f385875ef]::age::tests::setup_fixture
[INFO] [stdout]   13:     0x558d80ed0a6d - <nix_manager_core[740c940f385875ef]::age::tests::decrypts_with_software_identity::{closure#0} as core[a373ad73a504971]::ops::function::FnOnce<()>>::call_once
[INFO] [stdout]   14:     0x558d813228db - test[aada8e7e76ba119b]::__rust_begin_short_backtrace::<core[a373ad73a504971]::result::Result<(), alloc[2e1b2a31b91974c5]::string::String>, fn() -> core[a373ad73a504971]::result::Result<(), alloc[2e1b2a31b91974c5]::string::String>>
[INFO] [stdout]   15:     0x558d8132fab5 - test[aada8e7e76ba119b]::run_test::{closure#0}
[INFO] [stdout]   16:     0x558d813293a4 - std[617be2ca0a6fd877]::sys::backtrace::__rust_begin_short_backtrace::<test[aada8e7e76ba119b]::run_test::{closure#1}, ()>
[INFO] [stdout]   17:     0x558d81332b42 - <std[617be2ca0a6fd877]::thread::lifecycle::spawn_unchecked<test[aada8e7e76ba119b]::run_test::{closure#1}, ()>::{closure#1} as core[a373ad73a504971]::ops::function::FnOnce<()>>::call_once::{shim:vtable#0}
[INFO] [stdout]   18:     0x558d813b0e4f - <std[617be2ca0a6fd877]::sys::thread::unix::Thread>::new::thread_start
[INFO] [stdout]   19:     0x789dd394cdfa - <unknown>
[INFO] [stdout]   20:     0x789dd39e03d4 - clone
[INFO] [stdout]   21:                0x0 - <unknown>
[INFO] [stdout] 
[INFO] [stdout] ---- age::tests::strips_trailing_newline stdout ----
[INFO] [stdout] 
[INFO] [stdout] thread 'age::tests::strips_trailing_newline' (2890) panicked at src/age.rs:271:14:
[INFO] [stdout] rage-keygen must be installed: Os { code: 2, kind: NotFound, message: "No such file or directory" }
[INFO] [stdout] stack backtrace:
[INFO] [stdout]    0:     0x558d813b2131 - <<std[617be2ca0a6fd877]::sys::backtrace::BacktraceLock>::print::DisplayBacktrace as core[a373ad73a504971]::fmt::Display>::fmt
[INFO] [stdout]    1:     0x558d813c9bda - core[a373ad73a504971]::fmt::write
[INFO] [stdout]    2:     0x558d813b7c1c - <alloc[2e1b2a31b91974c5]::vec::Vec<u8> as core[a373ad73a504971]::io::write::Write>::write_fmt
[INFO] [stdout]    3:     0x558d813889e6 - std[617be2ca0a6fd877]::panicking::default_hook::{closure#0}
[INFO] [stdout]    4:     0x558d813a7f19 - std[617be2ca0a6fd877]::panicking::default_hook
[INFO] [stdout]    5:     0x558d8132f490 - test[aada8e7e76ba119b]::test_main_inner::{closure#0}
[INFO] [stdout]    6:     0x558d813a8242 - std[617be2ca0a6fd877]::panicking::panic_with_hook
[INFO] [stdout]    7:     0x558d81388a92 - std[617be2ca0a6fd877]::panicking::panic_handler::{closure#0}
[INFO] [stdout]    8:     0x558d81380b69 - std[617be2ca0a6fd877]::sys::backtrace::__rust_end_short_backtrace::<std[617be2ca0a6fd877]::panicking::panic_handler::{closure#0}, !>
[INFO] [stdout]    9:     0x558d81389d6d - __rustc[ea4f61d10b84890b]::rust_begin_unwind
[INFO] [stdout]   10:     0x558d813ca33c - core[a373ad73a504971]::panicking::panic_fmt
[INFO] [stdout]   11:     0x558d813ca112 - core[a373ad73a504971]::result::unwrap_failed
[INFO] [stdout]   12:     0x558d80eceae4 - nix_manager_core[740c940f385875ef]::age::tests::setup_fixture
[INFO] [stdout]   13:     0x558d80ed02fd - <nix_manager_core[740c940f385875ef]::age::tests::strips_trailing_newline::{closure#0} as core[a373ad73a504971]::ops::function::FnOnce<()>>::call_once
[INFO] [stdout]   14:     0x558d813228db - test[aada8e7e76ba119b]::__rust_begin_short_backtrace::<core[a373ad73a504971]::result::Result<(), alloc[2e1b2a31b91974c5]::string::String>, fn() -> core[a373ad73a504971]::result::Result<(), alloc[2e1b2a31b91974c5]::string::String>>
[INFO] [stdout]   15:     0x558d8132fab5 - test[aada8e7e76ba119b]::run_test::{closure#0}
[INFO] [stdout]   16:     0x558d813293a4 - std[617be2ca0a6fd877]::sys::backtrace::__rust_begin_short_backtrace::<test[aada8e7e76ba119b]::run_test::{closure#1}, ()>
[INFO] [stdout]   17:     0x558d81332b42 - <std[617be2ca0a6fd877]::thread::lifecycle::spawn_unchecked<test[aada8e7e76ba119b]::run_test::{closure#1}, ()>::{closure#1} as core[a373ad73a504971]::ops::function::FnOnce<()>>::call_once::{shim:vtable#0}
[INFO] [stdout]   18:     0x558d813b0e4f - <std[617be2ca0a6fd877]::sys::thread::unix::Thread>::new::thread_start
[INFO] [stdout]   19:     0x789dd394cdfa - <unknown>
[INFO] [stdout]   20:     0x789dd39e03d4 - clone
[INFO] [stdout]   21:                0x0 - <unknown>
[INFO] [stdout] 
[INFO] [stdout] 
[INFO] [stdout] failures:
[INFO] [stdout]     age::tests::decrypts_with_second_identity_via_fallback
[INFO] [stdout]     age::tests::decrypts_with_software_identity
[INFO] [stdout]     age::tests::errors_on_wrong_identity
[INFO] [stdout]     age::tests::preserves_content_without_trailing_newline
[INFO] [stdout]     age::tests::strips_trailing_newline
[INFO] [stdout] 
[INFO] [stdout] test result: FAILED. 64 passed; 5 failed; 0 ignored; 0 measured; 0 filtered out; finished in 0.30s
[INFO] [stdout] 
[INFO] [stderr] error: test failed, to rerun pass `--lib`
[INFO] running `Command { std: "docker" "inspect" "59603d0a42cbf9c8c1882c604398f3cf3781b7fb89159b022297c791c168db78", kill_on_drop: false }`
[INFO] running `Command { std: "docker" "rm" "-f" "59603d0a42cbf9c8c1882c604398f3cf3781b7fb89159b022297c791c168db78", kill_on_drop: false }`
[INFO] [stdout] 59603d0a42cbf9c8c1882c604398f3cf3781b7fb89159b022297c791c168db78
