[INFO] fetching crate nix-cache-pin-lib 0.2.3...
[INFO] testing nix-cache-pin-lib-0.2.3 against 1.100.0-beta.1+cargoflags=--release for beta-release-1.100-2
[INFO] extracting crate nix-cache-pin-lib 0.2.3 into /workspace/builds/worker-2-tc2/source
[INFO] started tweaking crates.io crate nix-cache-pin-lib 0.2.3
[INFO] removed 0 missing tests
[INFO] finished tweaking crates.io crate nix-cache-pin-lib 0.2.3
[INFO] tweaked toml for crates.io crate nix-cache-pin-lib 0.2.3 written to /workspace/builds/worker-2-tc2/source/Cargo.toml
[INFO] validating manifest of crates.io crate nix-cache-pin-lib 0.2.3 on toolchain 1.100.0-beta.1
[INFO] running `Command { std: CARGO_HOME="/workspace/cargo-home" RUSTUP_HOME="/workspace/rustup-home" "/workspace/cargo-home/bin/cargo" "+1.100.0-beta.1" "metadata" "--manifest-path" "Cargo.toml" "--no-deps", kill_on_drop: false }`
[INFO] crate crates.io crate nix-cache-pin-lib 0.2.3 already has a lockfile, it will not be regenerated
[INFO] running `Command { std: CARGO_HOME="/workspace/cargo-home" RUSTUP_HOME="/workspace/rustup-home" "/workspace/cargo-home/bin/cargo" "+1.100.0-beta.1" "fetch" "--manifest-path" "Cargo.toml", kill_on_drop: false }`
[INFO] running `Command { std: "docker" "create" "-v" "/var/lib/crater-agent-workspace/builds/worker-2-tc2/source:/opt/rustwide/workdir:ro,Z" "-v" "/var/lib/crater-agent-workspace/builds/worker-2-tc2/target:/opt/rustwide/target:rw,Z" "-v" "/var/lib/crater-agent-workspace/cargo-home:/opt/rustwide/cargo-home:ro,Z" "-v" "/var/lib/crater-agent-workspace/rustup-home:/opt/rustwide/rustup-home:ro,Z" "-m" "1610612736" "--network" "none" "ghcr.io/rust-lang/crates-build-env/linux@sha256:77db811e55d90add9212f6832c23229e3de5f1c1f9905e8cb07319ea15df73ac" "sleep" "infinity", kill_on_drop: false }`
[INFO] [stdout] 4a4d2f4009556d1a44338e58fadf4b6f9193b9cdab748a429bf1dfa23dbb4a05
[INFO] running `Command { std: "docker" "start" "4a4d2f4009556d1a44338e58fadf4b6f9193b9cdab748a429bf1dfa23dbb4a05", kill_on_drop: false }`
[INFO] running `Command { std: "docker" "inspect" "4a4d2f4009556d1a44338e58fadf4b6f9193b9cdab748a429bf1dfa23dbb4a05", kill_on_drop: false }`
[INFO] running `Command { std: "docker" "exec" "-e" "SOURCE_DIR=/opt/rustwide/workdir" "-e" "CARGO_HOME=/opt/rustwide/cargo-home" "-e" "RUSTUP_HOME=/opt/rustwide/rustup-home" "-e" "CARGO_TARGET_DIR=/opt/rustwide/target" "-w" "/opt/rustwide/workdir" "--user" "0:0" "4a4d2f4009556d1a44338e58fadf4b6f9193b9cdab748a429bf1dfa23dbb4a05" "/opt/rustwide/cargo-home/bin/cargo" "+1.100.0-beta.1" "metadata" "--no-deps" "--format-version=1", kill_on_drop: false }`
[INFO] running `Command { std: "docker" "inspect" "4a4d2f4009556d1a44338e58fadf4b6f9193b9cdab748a429bf1dfa23dbb4a05", kill_on_drop: false }`
[INFO] running `Command { std: "docker" "exec" "-e" "SOURCE_DIR=/opt/rustwide/workdir" "-e" "CARGO_HOME=/opt/rustwide/cargo-home" "-e" "RUSTUP_HOME=/opt/rustwide/rustup-home" "-e" "CARGO_TARGET_DIR=/opt/rustwide/target" "-e" "CARGO_INCREMENTAL=0" "-e" "RUST_BACKTRACE=full" "-e" "RUSTFLAGS=--cap-lints=warn" "-e" "RUSTDOCFLAGS=--cap-lints=warn" "-w" "/opt/rustwide/workdir" "--user" "0:0" "4a4d2f4009556d1a44338e58fadf4b6f9193b9cdab748a429bf1dfa23dbb4a05" "/opt/rustwide/cargo-home/bin/cargo" "+1.100.0-beta.1" "build" "--frozen" "--message-format=json" "--release", kill_on_drop: false }`
[INFO] [stderr]    Compiling syn v2.0.117
[INFO] [stderr]    Compiling socket2 v0.6.3
[INFO] [stderr]    Compiling mio v1.1.1
[INFO] [stderr]    Compiling aws-lc-rs v1.18.2
[INFO] [stderr]    Compiling cc v1.2.57
[INFO] [stderr]    Compiling typenum v1.20.1
[INFO] [stderr]    Compiling rustls v0.23.46
[INFO] [stderr]    Compiling indexmap v2.13.0
[INFO] [stderr]    Compiling bitflags v2.11.0
[INFO] [stderr]    Compiling futures-channel v0.3.32
[INFO] [stderr]    Compiling serde_json v1.0.149
[INFO] [stderr]    Compiling nix v0.31.3
[INFO] [stderr]    Compiling rustls-native-certs v0.8.5
[INFO] [stderr]    Compiling aho-corasick v1.1.4
[INFO] [stderr]    Compiling generic-array v0.14.7
[INFO] [stderr]    Compiling rustix v1.1.4
[INFO] [stderr]    Compiling cmake v0.1.58
[INFO] [stderr]    Compiling crypto-common v0.1.7
[INFO] [stderr]    Compiling block-buffer v0.10.4
[INFO] [stderr]    Compiling console v0.16.6
[INFO] [stderr]    Compiling digest v0.10.7
[INFO] [stderr]    Compiling sha2 v0.10.9
[INFO] [stderr]    Compiling getrandom v0.4.2
[INFO] [stderr]    Compiling unit-prefix v0.5.2
[INFO] [stderr]    Compiling aws-lc-sys v0.46.0
[INFO] [stderr]    Compiling indicatif v0.18.6
[INFO] [stderr]    Compiling nix-cache-pin-lib v0.2.3 (/opt/rustwide/workdir)
[INFO] [stderr]    Compiling regex-automata v0.4.14
[INFO] [stderr]    Compiling synstructure v0.13.2
[INFO] [stderr]    Compiling tempfile v3.27.0
[INFO] [stderr]    Compiling semver v1.0.27
[INFO] [stderr]    Compiling zerofrom-derive v0.1.6
[INFO] [stderr]    Compiling yoke-derive v0.8.1
[INFO] [stderr]    Compiling zerovec-derive v0.11.2
[INFO] [stderr]    Compiling displaydoc v0.2.5
[INFO] [stderr]    Compiling tokio-macros v2.6.1
[INFO] [stderr]    Compiling futures-macro v0.3.32
[INFO] [stderr]    Compiling serde_derive v1.0.228
[INFO] [stderr]    Compiling tokio v1.50.0
[INFO] [stderr]    Compiling zerofrom v0.1.6
[INFO] [stderr]    Compiling yoke v0.8.1
[INFO] [stderr]    Compiling thiserror-impl v2.0.18
[INFO] [stderr]    Compiling zerovec v0.11.5
[INFO] [stderr]    Compiling zerotrie v0.2.3
[INFO] [stderr]    Compiling tinystr v0.8.2
[INFO] [stderr]    Compiling potential_utf v0.1.4
[INFO] [stderr]    Compiling icu_locale_core v2.1.1
[INFO] [stderr]    Compiling icu_collections v2.1.1
[INFO] [stderr]    Compiling futures-util v0.3.32
[INFO] [stderr]    Compiling thiserror v2.0.18
[INFO] [stderr]    Compiling regex v1.12.3
[INFO] [stderr]    Compiling icu_provider v2.1.1
[INFO] [stderr]    Compiling icu_normalizer v2.1.1
[INFO] [stderr]    Compiling icu_properties v2.1.2
[INFO] [stderr]    Compiling serde v1.0.228
[INFO] [stderr]    Compiling serde_urlencoded v0.7.1
[INFO] [stderr]    Compiling idna_adapter v1.2.1
[INFO] [stderr]    Compiling idna v1.1.0
[INFO] [stderr]    Compiling url v2.5.8
[INFO] [stderr]    Compiling tokio-util v0.7.18
[INFO] [stderr]    Compiling tower v0.5.3
[INFO] [stderr]    Compiling h2 v0.4.16
[INFO] [stderr]    Compiling tower-http v0.6.8
[INFO] [stderr]    Compiling hyper v1.12.0
[INFO] [stderr]    Compiling hyper-util v0.1.21
[INFO] [stderr]    Compiling rustls-webpki v0.103.15
[INFO] [stderr]    Compiling tokio-rustls v0.26.4
[INFO] [stderr]    Compiling rustls-platform-verifier v0.7.1
[INFO] [stderr]    Compiling hyper-rustls v0.27.7
[INFO] [stderr]    Compiling reqwest v0.13.5
[INFO] [stderr]     Finished `release` profile [optimized] target(s) in 3m 12s
[INFO] running `Command { std: "docker" "inspect" "4a4d2f4009556d1a44338e58fadf4b6f9193b9cdab748a429bf1dfa23dbb4a05", kill_on_drop: false }`
[INFO] running `Command { std: "docker" "exec" "-e" "SOURCE_DIR=/opt/rustwide/workdir" "-e" "CARGO_HOME=/opt/rustwide/cargo-home" "-e" "RUSTUP_HOME=/opt/rustwide/rustup-home" "-e" "CARGO_TARGET_DIR=/opt/rustwide/target" "-e" "CARGO_INCREMENTAL=0" "-e" "RUST_BACKTRACE=full" "-e" "RUSTFLAGS=--cap-lints=warn" "-e" "RUSTDOCFLAGS=--cap-lints=warn" "-w" "/opt/rustwide/workdir" "--user" "0:0" "4a4d2f4009556d1a44338e58fadf4b6f9193b9cdab748a429bf1dfa23dbb4a05" "/opt/rustwide/cargo-home/bin/cargo" "+1.100.0-beta.1" "test" "--frozen" "--no-run" "--message-format=json" "--release", kill_on_drop: false }`
[INFO] [stderr]    Compiling futures-util v0.3.32
[INFO] [stderr]    Compiling rustls v0.23.46
[INFO] [stderr]    Compiling hyper v1.12.0
[INFO] [stderr]    Compiling serde_json v1.0.149
[INFO] [stderr]    Compiling ring v0.17.14
[INFO] [stderr]    Compiling powerfmt v0.2.1
[INFO] [stderr]    Compiling deranged v0.5.9
[INFO] [stderr]    Compiling getrandom v0.2.17
[INFO] [stderr]    Compiling num_cpus v1.17.0
[INFO] [stderr]    Compiling deadpool-runtime v0.1.4
[INFO] [stderr]    Compiling assert-json-diff v2.0.2
[INFO] [stderr]    Compiling time v0.3.55
[INFO] [stderr]    Compiling yasna v0.6.0
[INFO] [stderr]    Compiling deadpool v0.12.3
[INFO] [stderr]    Compiling hyper-util v0.1.21
[INFO] [stderr]    Compiling tower v0.5.3
[INFO] [stderr]    Compiling futures-executor v0.3.32
[INFO] [stderr]    Compiling futures v0.3.32
[INFO] [stderr]    Compiling tower-http v0.6.8
[INFO] [stderr]    Compiling wiremock v0.6.5
[INFO] [stderr]    Compiling tokio-rustls v0.26.4
[INFO] [stderr]    Compiling rustls-platform-verifier v0.7.1
[INFO] [stderr]    Compiling hyper-rustls v0.27.7
[INFO] [stderr]    Compiling reqwest v0.13.5
[INFO] [stderr]    Compiling rcgen v0.14.10
[INFO] [stderr]    Compiling nix-cache-pin-lib v0.2.3 (/opt/rustwide/workdir)
[INFO] [stderr]     Finished `release` profile [optimized] target(s) in 2m 29s
[INFO] running `Command { std: "docker" "inspect" "4a4d2f4009556d1a44338e58fadf4b6f9193b9cdab748a429bf1dfa23dbb4a05", kill_on_drop: false }`
[INFO] running `Command { std: "docker" "exec" "-e" "SOURCE_DIR=/opt/rustwide/workdir" "-e" "CARGO_HOME=/opt/rustwide/cargo-home" "-e" "RUSTUP_HOME=/opt/rustwide/rustup-home" "-e" "CARGO_TARGET_DIR=/opt/rustwide/target" "-e" "CARGO_INCREMENTAL=0" "-e" "RUST_BACKTRACE=full" "-e" "RUSTFLAGS=--cap-lints=warn" "-e" "RUSTDOCFLAGS=--cap-lints=warn" "-w" "/opt/rustwide/workdir" "--user" "0:0" "4a4d2f4009556d1a44338e58fadf4b6f9193b9cdab748a429bf1dfa23dbb4a05" "/opt/rustwide/cargo-home/bin/cargo" "+1.100.0-beta.1" "test" "--frozen" "--release", kill_on_drop: false }`
[INFO] [stderr]     Finished `release` profile [optimized] target(s) in 0.22s
[INFO] [stderr]      Running unittests src/lib.rs (/opt/rustwide/target/release/build/nix-cache-pin-lib/eaa2a684a2cff58a/out/nix_cache_pin_lib-eaa2a684a2cff58a)
[INFO] [stdout] 
[INFO] [stdout] running 149 tests
[INFO] [stdout] test config::tests::test_deserialize_wish_packages ... ok
[INFO] [stdout] test config::tests::test_deserialize_consumer_targets_and_lock_only ... ok
[INFO] [stdout] test config::tests::test_deserialize_minimal ... ok
[INFO] [stdout] test config::tests::test_full_attr_prefix_without_python ... ok
[INFO] [stdout] test config::tests::test_full_attr_prefix_with_python ... ok
[INFO] [stdout] test config::tests::test_required_consumer_targets_validate ... ok
[INFO] [stdout] test config::tests::consumer_targets_must_cover_tracked_packages ... ok
[INFO] [stdout] test config::tests::rejects_duplicate_packages_and_wishes ... ok
[INFO] [stdout] test config::tests::test_deserialize_version_constraints ... ok
[INFO] [stdout] test flake_update::tests::named_update_rejects_missing_stale_duplicate_and_lookalike_inputs ... ok
[INFO] [stdout] test flake_update::tests::test_read_current_locked_rev ... ok
[INFO] [stdout] test flake_update::tests::test_read_current_rev ... ok
[INFO] [stdout] test config::tests::test_deserialize_required_consumer_targets ... ok
[INFO] [stdout] test flake_update::tests::test_read_current_rev_block_format ... ok
[INFO] [stdout] test flake_update::tests::named_update_supports_blocks_quoted_names_and_git_urls ... ok
[INFO] [stdout] test flake_update::tests::test_read_current_rev_not_found ... ok
[INFO] [stdout] test flake_update::tests::test_read_current_rev_git_plus ... ok
[INFO] [stdout] test flake_update::tests::test_replace_rev ... ok
[INFO] [stdout] test config::tests::test_full_attr_prefix_json_override ... ok
[INFO] [stdout] test flakeref::tests::test_append_rev_github ... ok
[INFO] [stdout] test flakeref::tests::test_append_rev_git_https ... ok
[INFO] [stdout] test flake_update::tests::named_updates_keep_shared_urls_with_their_inputs_in_either_order ... ok
[INFO] [stdout] test flakeref::tests::test_append_rev_git_ssh ... ok
[INFO] [stdout] test flakeref::tests::test_append_rev_gitlab ... ok
[INFO] [stdout] test flakeref::tests::test_extract_github_repo_non_github ... ok
[INFO] [stdout] test flakeref::tests::test_extract_github_repo ... ok
[INFO] [stdout] test flake_update::tests::source_pins_advance_original_revision_but_lock_only_pins_preserve_it ... ok
[INFO] [stdout] test flake_update::tests::test_merge_lock_update_only_copies_selected_reachable_nodes ... ok
[INFO] [stdout] test flakeref::tests::test_flake_ref_rev_pattern_git_https ... ok
[INFO] [stdout] test flakeref::tests::test_flake_ref_rev_pattern_github ... ok
[INFO] [stdout] test flakeref::tests::test_flake_ref_rev_pattern_in_flake_nix ... ok
[INFO] [stdout] test flake_update::tests::legacy_source_update_rejects_shared_urls_without_writing ... ok
[INFO] [stdout] test hydra::tests::test_build_hydra_job_url ... ok
[INFO] [stdout] test hydra::tests::retry_after_accepts_seconds_and_dates ... ok
[INFO] [stdout] test hydra::tests::missing_named_input_never_uses_producer_revision ... ok
[INFO] [stdout] test flake_update::tests::test_update_flake_nix_async_replaces_first_matching_revision ... ok
[INFO] [stdout] test hydra::tests::test_build_hydra_job_url_full_prefix ... ok
[INFO] [stdout] test hydra::tests::test_extract_eval_rev_named_input ... ok
[INFO] [stdout] test hydra::tests::test_extract_eval_rev_flake ... ok
[INFO] [stdout] test hydra::tests::test_extract_eval_rev_missing ... ok
[INFO] [stdout] test hydra::tests::test_extract_eval_rev_named_input_missing ... ok
[INFO] [stdout] test hydra::tests::test_fetch_eval_success ... ok
[INFO] [stdout] test hydra::tests::test_fetch_eval_named_input_beyond_former_truncation_bound ... ok
[INFO] [stdout] test hydra::tests::rate_limit_retries_then_recovers ... ok
[INFO] [stdout] test hydra::tests::test_fetch_eval_server_error ... ok
[INFO] [stdout] test hydra::tests::long_retry_after_does_not_retry_early ... ok
[INFO] [stdout] test hydra::tests::jobset_pagination_collects_unique_newest_first_evals ... ok
[INFO] [stdout] test hydra::tests::test_query_hydra_build_malformed_json ... ok
[INFO] [stdout] test merge::tests::groups_same_input_and_unions_packages ... ok
[INFO] [stdout] test merge::tests::keeps_different_inputs_independent ... ok
[INFO] [stdout] test merge::tests::rejects_conflicting_required_consumer_targets ... ok
[INFO] [stdout] test merge::tests::rejects_incompatible_sources ... ok
[INFO] [stdout] test manifest::tests::writes_a_deterministic_manifest_shape ... ok
[INFO] [stdout] test merge::tests::rejects_required_target_label_overlapping_merged_package ... ok
[INFO] [stdout] test hydra::tests::test_query_hydra_jobset_evals_server_error ... ok
[INFO] [stdout] test narinfo::metadata::tests::hash_encodings_match_nix_formats ... ok
[INFO] [stdout] test narinfo::metadata::tests::malformed_fields_and_references_are_rejected ... ok
[INFO] [stdout] test narinfo::metadata::tests::standard_optional_fields_must_be_usable_by_default_nix ... ok
[INFO] [stdout] test narinfo::metadata::tests::valid_leaf_allows_empty_or_absent_references ... ok
[INFO] [stdout] test hydra::tests::rate_limit_exhaustion_stays_unknown ... ok
[INFO] [stdout] test merge::tests::unions_compatible_required_consumer_targets ... ok
[INFO] [stdout] test mutation::tests::competing_writers_and_foreign_edits_fail_closed ... ok
[INFO] [stdout] test hydra::tests::test_query_hydra_jobset_evals_bad_jobset_format ... ok
[INFO] [stdout] test hydra::tests::test_query_hydra_build_on_hydra ... ok
[INFO] [stdout] test narinfo::tests::cache_receipts_redact_credentials_but_preserve_lookup_path_and_status ... ok
[INFO] [stdout] test hydra::tests::test_query_hydra_build_not_on_hydra_404 ... ok
[INFO] [stdout] test narinfo::tests::test_build_attr_empty_prefix ... ok
[INFO] [stdout] test hydra::tests::test_query_hydra_jobset_evals_success ... ok
[INFO] [stdout] test narinfo::tests::test_build_attr_python_packages ... ok
[INFO] [stdout] test narinfo::tests::test_build_consumer_eval_ref ... ok
[INFO] [stdout] test narinfo::tests::test_build_eval_ref_git_https ... ok
[INFO] [stdout] test narinfo::tests::test_build_eval_ref_no_prefix ... ok
[INFO] [stdout] test narinfo::tests::test_build_eval_ref_with_prefix ... ok
[INFO] [stdout] test narinfo::tests::test_build_attr_with_prefix ... ok
[INFO] [stdout] test narinfo::tests::chunked_metadata_is_bounded_without_content_length ... ok
[INFO] [stdout] test narinfo::tests::test_check_narinfo_all_caches_miss ... ok
[INFO] [stdout] test narinfo::tests::malformed_cache_falls_back_to_a_valid_leaf_and_retains_the_error ... ok
[INFO] [stdout] test narinfo::tests::test_check_narinfo_closure_follows_references ... ok
[INFO] [stdout] test narinfo::tests::test_check_narinfo_cache_miss ... ok
[INFO] [stdout] test narinfo::tests::oversized_metadata_is_unknown_and_allows_fallback ... ok
[INFO] [stdout] test narinfo::tests::test_check_narinfo_closure_rejects_missing_reference ... ok
[INFO] [stdout] test narinfo::tests::test_check_narinfo_cache_hit ... ok
[INFO] [stdout] test narinfo::tests::test_narinfo_hash_bare_filename ... ok
[INFO] [stdout] test narinfo::tests::test_narinfo_hash_empty ... ok
[INFO] [stdout] test narinfo::tests::test_narinfo_hash_long_hash ... ok
[INFO] [stdout] test narinfo::tests::test_narinfo_hash_no_dash ... ok
[INFO] [stdout] test narinfo::tests::test_narinfo_hash_standard_path ... ok
[INFO] [stdout] test narinfo::tests::test_check_narinfo_empty_caches ... ok
[INFO] [stdout] test narinfo::tests::test_check_narinfo_closure_server_error_is_unknown ... ok
[INFO] [stdout] test narinfo::tests::test_check_narinfo_server_error_is_unknown ... ok
[INFO] [stdout] test orchestrate::tests::cached_current_hydra_eval_does_not_hide_newer_branch_revision ... ok
[INFO] [stdout] test orchestrate::tests::current_pin_refuses_unknown_revision_relationship ... ok
[INFO] [stdout] test orchestrate::tests::current_pin_rejects_older_candidate_before_cache_checks ... ok
[INFO] [stdout] test narinfo::tests::content_statuses_match_nix_filetransfer ... ok
[INFO] [stdout] test orchestrate::tests::current_pin_is_fallback_when_recent_revisions_miss ... ok
[INFO] [stdout] test narinfo::tests::test_check_narinfo_multiple_caches_second_hit ... ok
[INFO] [stdout] test orchestrate::tests::repeated_revision_probes_are_deduplicated_only_in_the_same_context ... ok
[INFO] [stdout] test orchestrate::tests::summary_exposes_backend_and_version_failures ... ok
[INFO] [stdout] test orchestrate::tests::current_consumer_target_uses_direct_eval ... ok
[INFO] [stdout] test orchestrate::tests::current_wish_cache_hit_blocks_before_candidate_search ... ok
[INFO] [stdout] test orchestrate::tests::consumer_version_gate_rejects_old_candidate_and_current_package ... ok
[INFO] [stdout] test orchestrate::tests::required_consumer_target_is_a_candidate_gate ... ok
[INFO] [stdout] test orchestrate::tests::test_format_rev_summary_all_cached ... ok
[INFO] [stdout] test orchestrate::tests::test_find_target_rev_fail_fast ... ok
[INFO] [stdout] test orchestrate::tests::test_format_rev_summary_all_miss ... ok
[INFO] [stdout] test orchestrate::tests::test_format_rev_summary_no_eval_id ... ok
[INFO] [stdout] test orchestrate::tests::test_find_target_rev_all_miss_returns_none ... ok
[INFO] [stdout] test orchestrate::tests::test_format_rev_summary_short_rev ... ok
[INFO] [stdout] test orchestrate::tests::test_format_rev_summary_partial_miss ... ok
[INFO] [stdout] test orchestrate::tests::test_verify_narinfo_eval_error ... ok
[INFO] [stdout] test orchestrate::tests::test_find_target_rev_hydra_happy_path ... ok
[INFO] [stdout] test orchestrate::tests::final_graph_rechecks_targets_without_independent_overrides ... ok
[INFO] [stdout] test narinfo::tests::non_content_success_statuses_are_unknown ... ok
[INFO] [stdout] test orchestrate::tests::test_find_target_rev_narinfo_fallback_succeeds ... ok
[INFO] [stdout] test orchestrate::tests::test_warn_never_cached_empty_results ... ok
[INFO] [stdout] test orchestrate::tests::test_warn_never_cached_no_warning_when_all_cached ... ok
[INFO] [stdout] test orchestrate::tests::test_verify_narinfo_version_eval_failure_rejects ... ok
[INFO] [stdout] test orchestrate::tests::test_warn_never_cached_warns_for_missing_pkg ... ok
[INFO] [stdout] test output::tests::test_buffered_empty_initially ... ok
[INFO] [stdout] test orchestrate::tests::test_verify_narinfo_all_cached ... ok
[INFO] [stdout] test output::tests::test_immediate_has_empty_buffer ... ok
[INFO] [stdout] test plan::tests::aggregate_fixture_blocks_every_write ... ok
[INFO] [stdout] test plan::tests::contract_fixtures_round_trip ... ok
[INFO] [stdout] test orchestrate::tests::test_verify_narinfo_partial_miss ... ok
[INFO] [stdout] test plan::tests::provenance_fixture_is_public_and_complete ... ok
[INFO] [stdout] test output::tests::test_buffered_milestone_collects ... ok
[INFO] [stdout] test orchestrate::tests::test_wish_package_in_cache_blocks_even_with_fail_fast ... ok
[INFO] [stdout] test plan::tests::package_result_maps_incompatibility_and_provenance ... ok
[INFO] [stdout] test orchestrate::tests::test_wish_package_on_hydra_blocks_update ... ok
[INFO] [stdout] test source_pins::tests::nix_strings_escape_interpolation ... ok
[INFO] [stdout] test source_pins::tests::parses_and_decodes_cargo_git_sources ... ok
[INFO] [stdout] test source_pins::tests::parses_sidecar_hashes ... ok
[INFO] [stdout] test source_pins::tests::builds_prefetch_urls_from_resolved_revisions ... ok
[INFO] [stdout] test narinfo::tests::malformed_narinfo_cannot_satisfy_a_required_closure ... ok
[INFO] [stdout] test source_pins::tests::sidecar_parser_rejects_duplicates_and_decodes_generated_escapes ... ok
[INFO] [stdout] test source_pins::tests::malformed_existing_hash_never_reports_current_or_overwrites_sidecar ... ok
[INFO] [stdout] test orchestrate::tests::test_verify_narinfo_version_taint_rejects ... ok
[INFO] [stdout] test source_pins::tests::added_sources_reuse_existing_hashes_without_refetch ... ok
[INFO] [stdout] test transaction::tests::commit_replaces_a_destination ... ok
[INFO] [stdout] test orchestrate::tests::test_verify_narinfo_version_target_rejects ... ok
[INFO] [stdout] test version::tests::test_not_equal_and_comma_range ... ok
[INFO] [stdout] test version::tests::test_tilde_and_caret_constraints ... ok
[INFO] [stdout] test transaction::tests::failed_install_restores_existing_files_and_removes_new_outputs ... ok
[INFO] [stdout] test version::tests::test_evaluate_target_and_taints ... ok
[INFO] [stdout] test version::tests::test_comparison_constraint ... ok
[INFO] [stdout] test version::tests::test_exact_constraint ... ok
[INFO] [stdout] test source_pins::tests::prefetch_failure_does_not_replace_sidecar ... ok
[INFO] [stdout] test source_pins::tests::dry_run_does_not_write ... ok
[INFO] [stdout] test source_pins::tests::stale_entries_are_removed ... ok
[INFO] [stdout] 
[INFO] [stdout] test result: ok. 149 passed; 0 failed; 0 ignored; 0 measured; 0 filtered out; finished in 0.39s
[INFO] [stdout] 
[INFO] [stderr]      Running tests/combined_graph.rs (/opt/rustwide/target/release/build/nix-cache-pin-lib/9e1ef4f330d33a6b/out/combined_graph-9e1ef4f330d33a6b)
[INFO] [stdout] 
[INFO] [stdout] running 1 test
[INFO] [stdout] test independent_passes_cannot_commit_a_combined_cache_miss ... FAILED
[INFO] [stdout] 
[INFO] [stdout] failures:
[INFO] [stdout] 
[INFO] [stdout] ---- independent_passes_cannot_commit_a_combined_cache_miss stdout ----
[INFO] [stdout] 
[INFO] [stdout] thread 'independent_passes_cannot_commit_a_combined_cache_miss' (3529) panicked at tests/combined_graph.rs:29:10:
[INFO] [stdout] called `Result::unwrap()` on an `Err` value: Os { code: 2, kind: NotFound, message: "No such file or directory" }
[INFO] [stdout] stack backtrace:
[INFO] [stdout]    0:     0x5b892752fd71 - <<std[617be2ca0a6fd877]::sys::backtrace::BacktraceLock>::print::DisplayBacktrace as core[a373ad73a504971]::fmt::Display>::fmt
[INFO] [stdout]    1:     0x5b89275476ea - core[a373ad73a504971]::fmt::write
[INFO] [stdout]    2:     0x5b89275350ac - <alloc[2e1b2a31b91974c5]::vec::Vec<u8> as core[a373ad73a504971]::io::write::Write>::write_fmt
[INFO] [stdout]    3:     0x5b8927505ec6 - std[617be2ca0a6fd877]::panicking::default_hook::{closure#0}
[INFO] [stdout]    4:     0x5b8927524e29 - std[617be2ca0a6fd877]::panicking::default_hook
[INFO] [stdout]    5:     0x5b8926f97480 - test[aada8e7e76ba119b]::test_main_inner::{closure#0}
[INFO] [stdout]    6:     0x5b8927525152 - std[617be2ca0a6fd877]::panicking::panic_with_hook
[INFO] [stdout]    7:     0x5b8927505f72 - std[617be2ca0a6fd877]::panicking::panic_handler::{closure#0}
[INFO] [stdout]    8:     0x5b89274fe579 - std[617be2ca0a6fd877]::sys::backtrace::__rust_end_short_backtrace::<std[617be2ca0a6fd877]::panicking::panic_handler::{closure#0}, !>
[INFO] [stdout]    9:     0x5b8927506fed - __rustc[ea4f61d10b84890b]::rust_begin_unwind
[INFO] [stdout]   10:     0x5b8927547ecc - core[a373ad73a504971]::panicking::panic_fmt
[INFO] [stdout]   11:     0x5b8927547ca2 - core[a373ad73a504971]::result::unwrap_failed
[INFO] [stdout]   12:     0x5b8926efe943 - combined_graph[f461ca6822ea55d0]::command
[INFO] [stdout]   13:     0x5b8926ef07a6 - combined_graph[f461ca6822ea55d0]::independent_passes_cannot_commit_a_combined_cache_miss::{closure#0}
[INFO] [stdout]   14:     0x5b8926f68c03 - <tokio[db1c1c2b2bf921d3]::runtime::scheduler::current_thread::Context>::enter::<core[a373ad73a504971]::task::poll::Poll<()>, <tokio[db1c1c2b2bf921d3]::runtime::scheduler::current_thread::CoreGuard>::block_on<core[a373ad73a504971]::pin::Pin<&mut core[a373ad73a504971]::pin::Pin<&mut dyn core[a373ad73a504971]::future::future::Future<Output = ()>>>>::{closure#0}::{closure#0}>
[INFO] [stdout]   15:     0x5b8926f6eb0c - <tokio[db1c1c2b2bf921d3]::runtime::context::scoped::Scoped<tokio[db1c1c2b2bf921d3]::runtime::scheduler::Context>>::set::<<tokio[db1c1c2b2bf921d3]::runtime::scheduler::current_thread::CoreGuard>::enter<<tokio[db1c1c2b2bf921d3]::runtime::scheduler::current_thread::CoreGuard>::block_on<core[a373ad73a504971]::pin::Pin<&mut core[a373ad73a504971]::pin::Pin<&mut dyn core[a373ad73a504971]::future::future::Future<Output = ()>>>>::{closure#0}, core[a373ad73a504971]::option::Option<()>>::{closure#0}, (alloc[2e1b2a31b91974c5]::boxed::Box<tokio[db1c1c2b2bf921d3]::runtime::scheduler::current_thread::Core>, core[a373ad73a504971]::option::Option<()>)>
[INFO] [stdout]   16:     0x5b8926f681b7 - <tokio[db1c1c2b2bf921d3]::runtime::runtime::Runtime>::block_on::<core[a373ad73a504971]::pin::Pin<&mut dyn core[a373ad73a504971]::future::future::Future<Output = ()>>>
[INFO] [stdout]   17:     0x5b8926f0066d - <combined_graph[f461ca6822ea55d0]::independent_passes_cannot_commit_a_combined_cache_miss::{closure#0} as core[a373ad73a504971]::ops::function::FnOnce<()>>::call_once
[INFO] [stdout]   18:     0x5b8926f8a8cb - test[aada8e7e76ba119b]::__rust_begin_short_backtrace::<core[a373ad73a504971]::result::Result<(), alloc[2e1b2a31b91974c5]::string::String>, fn() -> core[a373ad73a504971]::result::Result<(), alloc[2e1b2a31b91974c5]::string::String>>
[INFO] [stdout]   19:     0x5b8926f97aa5 - test[aada8e7e76ba119b]::run_test::{closure#0}
[INFO] [stdout]   20:     0x5b8926f91394 - std[617be2ca0a6fd877]::sys::backtrace::__rust_begin_short_backtrace::<test[aada8e7e76ba119b]::run_test::{closure#1}, ()>
[INFO] [stdout]   21:     0x5b8926f9ab32 - <std[617be2ca0a6fd877]::thread::lifecycle::spawn_unchecked<test[aada8e7e76ba119b]::run_test::{closure#1}, ()>::{closure#1} as core[a373ad73a504971]::ops::function::FnOnce<()>>::call_once::{shim:vtable#0}
[INFO] [stdout]   22:     0x5b892752e6bf - <std[617be2ca0a6fd877]::sys::thread::unix::Thread>::new::thread_start
[INFO] [stdout]   23:     0x709ee16a2dfa - <unknown>
[INFO] [stdout]   24:     0x709ee17363d4 - clone
[INFO] [stdout]   25:                0x0 - <unknown>
[INFO] [stdout] 
[INFO] [stdout] 
[INFO] [stdout] failures:
[INFO] [stdout]     independent_passes_cannot_commit_a_combined_cache_miss
[INFO] [stdout] 
[INFO] [stdout] test result: FAILED. 0 passed; 1 failed; 0 ignored; 0 measured; 0 filtered out; finished in 0.26s
[INFO] [stdout] 
[INFO] [stderr] error: test failed, to rerun pass `--test combined_graph`
[INFO] running `Command { std: "docker" "inspect" "4a4d2f4009556d1a44338e58fadf4b6f9193b9cdab748a429bf1dfa23dbb4a05", kill_on_drop: false }`
[INFO] running `Command { std: "docker" "rm" "-f" "4a4d2f4009556d1a44338e58fadf4b6f9193b9cdab748a429bf1dfa23dbb4a05", kill_on_drop: false }`
[INFO] [stdout] 4a4d2f4009556d1a44338e58fadf4b6f9193b9cdab748a429bf1dfa23dbb4a05
