[INFO] fetching crate niuhe 0.1.0...
[INFO] testing niuhe-0.1.0 against 1.99.0-beta.8+cargoflags=--release for beta-release-1.100-2
[INFO] extracting crate niuhe 0.1.0 into /workspace/builds/worker-2-tc1/source
[INFO] started tweaking crates.io crate niuhe 0.1.0
[INFO] finished tweaking crates.io crate niuhe 0.1.0
[INFO] tweaked toml for crates.io crate niuhe 0.1.0 written to /workspace/builds/worker-2-tc1/source/Cargo.toml
[INFO] validating manifest of crates.io crate niuhe 0.1.0 on toolchain 1.99.0-beta.8
[INFO] running `Command { std: CARGO_HOME="/workspace/cargo-home" RUSTUP_HOME="/workspace/rustup-home" "/workspace/cargo-home/bin/cargo" "+1.99.0-beta.8" "metadata" "--manifest-path" "Cargo.toml" "--no-deps", kill_on_drop: false }`
[INFO] crate crates.io crate niuhe 0.1.0 already has a lockfile, it will not be regenerated
[INFO] running `Command { std: CARGO_HOME="/workspace/cargo-home" RUSTUP_HOME="/workspace/rustup-home" "/workspace/cargo-home/bin/cargo" "+1.99.0-beta.8" "fetch" "--manifest-path" "Cargo.toml", kill_on_drop: false }`
[INFO] [stderr]     Updating crates.io index
[INFO] [stderr]  Downloading crates ...
[INFO] [stderr]   Downloaded niuhe-macros v0.1.1
[INFO] [stderr]   Downloaded ref-cast-impl v1.0.26
[INFO] [stderr]   Downloaded ref-cast v1.0.26
[INFO] [stderr]   Downloaded tower-http v0.7.0
[INFO] [stderr]   Downloaded base64 v0.23.0
[INFO] [stderr]   Downloaded h2 v0.4.15
[INFO] running `Command { std: "docker" "create" "-v" "/var/lib/crater-agent-workspace/builds/worker-2-tc1/source:/opt/rustwide/workdir:ro,Z" "-v" "/var/lib/crater-agent-workspace/builds/worker-2-tc1/target:/opt/rustwide/target:rw,Z" "-v" "/var/lib/crater-agent-workspace/cargo-home:/opt/rustwide/cargo-home:ro,Z" "-v" "/var/lib/crater-agent-workspace/rustup-home:/opt/rustwide/rustup-home:ro,Z" "-m" "1610612736" "--network" "none" "ghcr.io/rust-lang/crates-build-env/linux@sha256:77db811e55d90add9212f6832c23229e3de5f1c1f9905e8cb07319ea15df73ac" "sleep" "infinity", kill_on_drop: false }`
[INFO] [stdout] 51d64f8de6b6e1ec9c4b8009f8e437897ad623cbe1198126fd1f6489b2e61fbb
[INFO] running `Command { std: "docker" "start" "51d64f8de6b6e1ec9c4b8009f8e437897ad623cbe1198126fd1f6489b2e61fbb", kill_on_drop: false }`
[INFO] running `Command { std: "docker" "inspect" "51d64f8de6b6e1ec9c4b8009f8e437897ad623cbe1198126fd1f6489b2e61fbb", kill_on_drop: false }`
[INFO] running `Command { std: "docker" "exec" "-e" "SOURCE_DIR=/opt/rustwide/workdir" "-e" "CARGO_HOME=/opt/rustwide/cargo-home" "-e" "RUSTUP_HOME=/opt/rustwide/rustup-home" "-e" "CARGO_TARGET_DIR=/opt/rustwide/target" "-w" "/opt/rustwide/workdir" "--user" "0:0" "51d64f8de6b6e1ec9c4b8009f8e437897ad623cbe1198126fd1f6489b2e61fbb" "/opt/rustwide/cargo-home/bin/cargo" "+1.99.0-beta.8" "metadata" "--no-deps" "--format-version=1", kill_on_drop: false }`
[INFO] running `Command { std: "docker" "inspect" "51d64f8de6b6e1ec9c4b8009f8e437897ad623cbe1198126fd1f6489b2e61fbb", kill_on_drop: false }`
[INFO] running `Command { std: "docker" "exec" "-e" "SOURCE_DIR=/opt/rustwide/workdir" "-e" "CARGO_HOME=/opt/rustwide/cargo-home" "-e" "RUSTUP_HOME=/opt/rustwide/rustup-home" "-e" "CARGO_TARGET_DIR=/opt/rustwide/target" "-e" "CARGO_INCREMENTAL=0" "-e" "RUST_BACKTRACE=full" "-e" "RUSTFLAGS=--cap-lints=warn" "-e" "RUSTDOCFLAGS=--cap-lints=warn" "-w" "/opt/rustwide/workdir" "--user" "0:0" "51d64f8de6b6e1ec9c4b8009f8e437897ad623cbe1198126fd1f6489b2e61fbb" "/opt/rustwide/cargo-home/bin/cargo" "+1.99.0-beta.8" "build" "--frozen" "--message-format=json" "--release", kill_on_drop: false }`
[INFO] [stderr]    Compiling quote v1.0.46
[INFO] [stderr]    Compiling bytes v1.12.0
[INFO] [stderr]    Compiling smallvec v1.15.2
[INFO] [stderr]    Compiling log v0.4.33
[INFO] [stderr]    Compiling futures-core v0.3.32
[INFO] [stderr]    Compiling serde_core v1.0.228
[INFO] [stderr]    Compiling memchr v2.8.2
[INFO] [stderr]    Compiling hybrid-array v0.4.13
[INFO] [stderr]    Compiling futures-sink v0.3.32
[INFO] [stderr]    Compiling httparse v1.10.1
[INFO] [stderr]    Compiling serde v1.0.228
[INFO] [stderr]    Compiling tower-service v0.3.3
[INFO] [stderr]    Compiling errno v0.3.14
[INFO] [stderr]    Compiling socket2 v0.6.4
[INFO] [stderr]    Compiling mio v1.2.1
[INFO] [stderr]    Compiling indexmap v2.14.0
[INFO] [stderr]    Compiling cmov v0.5.4
[INFO] [stderr]    Compiling getrandom v0.4.3
[INFO] [stderr]    Compiling signal-hook-registry v1.4.8
[INFO] [stderr]    Compiling parking_lot_core v0.9.12
[INFO] [stderr]    Compiling atomic-waker v1.1.2
[INFO] [stderr]    Compiling rand_core v0.10.1
[INFO] [stderr]    Compiling serde_json v1.0.150
[INFO] [stderr]    Compiling tower-layer v0.3.3
[INFO] [stderr]    Compiling futures-channel v0.3.32
[INFO] [stderr]    Compiling sync_wrapper v1.0.2
[INFO] [stderr]    Compiling syn v2.0.118
[INFO] [stderr]    Compiling syn v3.0.3
[INFO] [stderr]    Compiling ctutils v0.4.2
[INFO] [stderr]    Compiling ref-cast v1.0.26
[INFO] [stderr]    Compiling parking_lot v0.12.5
[INFO] [stderr]    Compiling futures-task v0.3.32
[INFO] [stderr]    Compiling aho-corasick v1.1.4
[INFO] [stderr]    Compiling mime v0.3.17
[INFO] [stderr]    Compiling regex-syntax v0.8.11
[INFO] [stderr]    Compiling cpufeatures v0.3.0
[INFO] [stderr]    Compiling unicase v2.9.0
[INFO] [stderr]    Compiling const-oid v0.10.2
[INFO] [stderr]    Compiling httpdate v1.0.3
[INFO] [stderr]    Compiling futures-util v0.3.32
[INFO] [stderr]    Compiling mime_guess v2.0.5
[INFO] [stderr]    Compiling http v1.4.2
[INFO] [stderr]    Compiling crypto-common v0.2.2
[INFO] [stderr]    Compiling block-buffer v0.12.1
[INFO] [stderr]    Compiling form_urlencoded v1.2.2
[INFO] [stderr]    Compiling ryu v1.0.23
[INFO] [stderr]    Compiling lazy_static v1.5.0
[INFO] [stderr]    Compiling chacha20 v0.10.1
[INFO] [stderr]    Compiling sharded-slab v0.1.7
[INFO] [stderr]    Compiling tracing-log v0.2.0
[INFO] [stderr]    Compiling thread_local v1.1.9
[INFO] [stderr]    Compiling dyn-clone v1.0.20
[INFO] [stderr]    Compiling matchit v0.8.4
[INFO] [stderr]    Compiling nu-ansi-term v0.50.3
[INFO] [stderr]    Compiling bitflags v2.13.0
[INFO] [stderr]    Compiling rand v0.10.2
[INFO] [stderr]    Compiling base64 v0.23.0
[INFO] [stderr]    Compiling tracing-subscriber v0.3.23
[INFO] [stderr]    Compiling digest v0.11.3
[INFO] [stderr]    Compiling http-body v1.0.1
[INFO] [stderr]    Compiling hmac v0.13.0
[INFO] [stderr]    Compiling http-body-util v0.1.3
[INFO] [stderr]    Compiling sha2 v0.11.0
[INFO] [stderr]    Compiling regex-automata v0.4.14
[INFO] [stderr]    Compiling ref-cast-impl v1.0.26
[INFO] [stderr]    Compiling serde_path_to_error v0.1.20
[INFO] [stderr]    Compiling uuid v1.23.4
[INFO] [stderr]    Compiling serde_derive_internals v0.29.1
[INFO] [stderr]    Compiling tracing-attributes v0.1.31
[INFO] [stderr]    Compiling tokio-macros v2.7.0
[INFO] [stderr]    Compiling serde_derive v1.0.228
[INFO] [stderr]    Compiling schemars_derive v1.2.1
[INFO] [stderr]    Compiling tokio v1.52.3
[INFO] [stderr]    Compiling tracing v0.1.44
[INFO] [stderr]    Compiling axum-core v0.5.6
[INFO] [stderr]    Compiling tower-http v0.7.0
[INFO] [stderr]    Compiling regex v1.12.4
[INFO] [stderr]    Compiling niuhe-macros v0.1.1
[INFO] [stderr]    Compiling serde_urlencoded v0.7.1
[INFO] [stderr]    Compiling schemars v1.2.1
[INFO] [stderr]    Compiling tokio-util v0.7.18
[INFO] [stderr]    Compiling tower v0.5.3
[INFO] [stderr]    Compiling h2 v0.4.15
[INFO] [stderr]    Compiling hyper v1.10.1
[INFO] [stderr]    Compiling hyper-util v0.1.20
[INFO] [stderr]    Compiling axum v0.8.9
[INFO] [stderr]    Compiling niuhe v0.1.0 (/opt/rustwide/workdir)
[INFO] [stdout] warning: use of deprecated constant `std::i8::MAX`: replaced by the `MAX` associated constant on this type
[INFO] [stdout]    --> src/context.rs:360:42
[INFO] [stdout]     |
[INFO] [stdout] 360 |         const ABORT_INDEX: i8 = std::i8::MAX / 2;
[INFO] [stdout]     |                                          ^^^
[INFO] [stdout]     |
[INFO] [stdout]     = note: `#[warn(deprecated)]` on by default
[INFO] [stdout] 
[INFO] [stdout] 
[INFO] [stderr]     Finished `release` profile [optimized] target(s) in 1m 27s
[INFO] running `Command { std: "docker" "inspect" "51d64f8de6b6e1ec9c4b8009f8e437897ad623cbe1198126fd1f6489b2e61fbb", kill_on_drop: false }`
[INFO] running `Command { std: "docker" "exec" "-e" "SOURCE_DIR=/opt/rustwide/workdir" "-e" "CARGO_HOME=/opt/rustwide/cargo-home" "-e" "RUSTUP_HOME=/opt/rustwide/rustup-home" "-e" "CARGO_TARGET_DIR=/opt/rustwide/target" "-e" "CARGO_INCREMENTAL=0" "-e" "RUST_BACKTRACE=full" "-e" "RUSTFLAGS=--cap-lints=warn" "-e" "RUSTDOCFLAGS=--cap-lints=warn" "-w" "/opt/rustwide/workdir" "--user" "0:0" "51d64f8de6b6e1ec9c4b8009f8e437897ad623cbe1198126fd1f6489b2e61fbb" "/opt/rustwide/cargo-home/bin/cargo" "+1.99.0-beta.8" "test" "--frozen" "--no-run" "--message-format=json" "--release", kill_on_drop: false }`
[INFO] [stdout] warning: use of deprecated constant `std::i8::MAX`: replaced by the `MAX` associated constant on this type
[INFO] [stdout]    --> src/context.rs:360:42
[INFO] [stdout]     |
[INFO] [stdout] 360 |         const ABORT_INDEX: i8 = std::i8::MAX / 2;
[INFO] [stdout]     |                                          ^^^
[INFO] [stdout]     |
[INFO] [stdout]     = note: `#[warn(deprecated)]` on by default
[INFO] [stdout] 
[INFO] [stdout] 
[INFO] [stderr]    Compiling niuhe v0.1.0 (/opt/rustwide/workdir)
[INFO] [stdout] warning: use of deprecated constant `std::i8::MAX`: replaced by the `MAX` associated constant on this type
[INFO] [stdout]    --> src/context.rs:360:42
[INFO] [stdout]     |
[INFO] [stdout] 360 |         const ABORT_INDEX: i8 = std::i8::MAX / 2;
[INFO] [stdout]     |                                          ^^^
[INFO] [stdout]     |
[INFO] [stdout]     = note: `#[warn(deprecated)]` on by default
[INFO] [stdout] 
[INFO] [stdout] 
[INFO] [stderr]     Finished `release` profile [optimized] target(s) in 6.97s
[INFO] running `Command { std: "docker" "inspect" "51d64f8de6b6e1ec9c4b8009f8e437897ad623cbe1198126fd1f6489b2e61fbb", kill_on_drop: false }`
[INFO] running `Command { std: "docker" "exec" "-e" "SOURCE_DIR=/opt/rustwide/workdir" "-e" "CARGO_HOME=/opt/rustwide/cargo-home" "-e" "RUSTUP_HOME=/opt/rustwide/rustup-home" "-e" "CARGO_TARGET_DIR=/opt/rustwide/target" "-e" "CARGO_INCREMENTAL=0" "-e" "RUST_BACKTRACE=full" "-e" "RUSTFLAGS=--cap-lints=warn" "-e" "RUSTDOCFLAGS=--cap-lints=warn" "-w" "/opt/rustwide/workdir" "--user" "0:0" "51d64f8de6b6e1ec9c4b8009f8e437897ad623cbe1198126fd1f6489b2e61fbb" "/opt/rustwide/cargo-home/bin/cargo" "+1.99.0-beta.8" "test" "--frozen" "--release", kill_on_drop: false }`
[INFO] [stderr] warning: use of deprecated constant `std::i8::MAX`: replaced by the `MAX` associated constant on this type
[INFO] [stderr]    --> src/context.rs:360:42
[INFO] [stderr]     |
[INFO] [stderr] 360 |         const ABORT_INDEX: i8 = std::i8::MAX / 2;
[INFO] [stderr]     |                                          ^^^
[INFO] [stderr]     |
[INFO] [stderr]     = note: `#[warn(deprecated)]` on by default
[INFO] [stderr] 
[INFO] [stderr] warning: `niuhe` (lib) generated 1 warning
[INFO] [stderr] warning: `niuhe` (lib test) generated 1 warning (1 duplicate)
[INFO] [stderr]     Finished `release` profile [optimized] target(s) in 0.14s
[INFO] [stderr]      Running unittests src/lib.rs (/opt/rustwide/target/release/deps/niuhe-436139e67a3c47c6)
[INFO] [stdout] 
[INFO] [stdout] running 75 tests
[INFO] [stdout] test apidoc::tests::test_json_to_schema_string ... ok
[INFO] [stdout] test apidoc::tests::test_json_to_schema_number ... ok
[INFO] [stdout] test apidoc::tests::test_json_to_schema_with_ref ... ok
[INFO] [stdout] test body::tests::test_coerce_to_bool ... ok
[INFO] [stdout] test apidoc::tests::test_build_openapi_spec_post_request_body ... ok
[INFO] [stdout] test apidoc::tests::test_json_to_schema_object ... ok
[INFO] [stdout] test body::tests::test_coerce_to_number ... ok
[INFO] [stdout] test apidoc::tests::test_json_to_schema_schemars_format ... ok
[INFO] [stdout] test constgroup::tests::test_from_pairs ... ok
[INFO] [stdout] test body::tests::test_parse_multipart_mixed ... ok
[INFO] [stdout] test body::tests::test_parse_multipart_text_fields ... ok
[INFO] [stdout] test constgroup::tests::test_init_const_group_string ... ok
[INFO] [stdout] test constgroup::tests::test_int_const_group ... ok
[INFO] [stdout] test constgroup::tests::test_string_const_group ... ok
[INFO] [stdout] test constgroup::tests::test_int_const_group_macro ... ok
[INFO] [stdout] test body::tests::test_coerce_to_string ... ok
[INFO] [stdout] test constgroup::tests::test_init_const_group_macro ... ok
[INFO] [stdout] test db::tests::test_db_creation ... ok
[INFO] [stdout] test db::tests::test_db_transaction ... ok
[INFO] [stdout] test db::tests::test_db_nested_transaction ... ok
[INFO] [stdout] test db::tests::test_db_transaction_rollback ... ok
[INFO] [stdout] test handler::tests::test_handler_chain ... ok
[INFO] [stdout] test logger::tests::test_callback ... ok
[INFO] [stdout] test body::tests::test_parse_form_encoded ... ok
[INFO] [stdout] test body::tests::test_parse_multipart_file_field ... ok
[INFO] [stdout] test constgroup::tests::test_string_const_group_macro ... ok
[INFO] [stdout] test context::tests::test_html_response ... ok
[INFO] [stdout] test body::tests::test_parse_form_encoded_url_decode ... ok
[INFO] [stdout] test optional::tests::test_op_bool ... ok
[INFO] [stdout] test optional::tests::test_op_float ... ok
[INFO] [stdout] test context::tests::test_json_response ... ok
[INFO] [stdout] test context::tests::test_string_response ... ok
[INFO] [stdout] test optional::tests::test_op_int ... ok
[INFO] [stdout] test context::tests::test_redirect_response ... ok
[INFO] [stdout] test context::tests::test_session_operations ... ok
[INFO] [stdout] test optional::tests::test_op_str ... ok
[INFO] [stdout] test optional::tests::test_op_str_json_serialize ... ok
[INFO] [stdout] test protocol::tests::test_default_protocol_form_encoded ... ok
[INFO] [stdout] test optional::tests::test_op_long ... ok
[INFO] [stdout] test protocol::tests::test_fn_protocol_factory ... ok
[INFO] [stdout] test protocol::tests::test_is_custom_root ... ok
[INFO] [stdout] test context::tests::test_context_cleanup ... ok
[INFO] [stdout] test logger::tests::test_set_log_level ... ok
[INFO] [stdout] test logger::tests::test_log_output ... ok
[INFO] [stdout] test protocol::tests::test_json_protocol ... ok
[INFO] [stdout] test logger::tests::test_logger_creation ... ok
[INFO] [stdout] test request_desc::tests::test_enrich_schema_preserves_existing_required ... ok
[INFO] [stdout] test protocol::tests::test_protocol_factory ... ok
[INFO] [stdout] test request_desc::tests::test_enrich_schema_serializes_description_to_json ... ok
[INFO] [stdout] test module::tests::test_camel_to_snake ... ok
[INFO] [stdout] test securecookie::tests::test_codecs_from_pairs ... ok
[INFO] [stdout] test request_desc::tests::test_enrich_schemars_schema_for_real_struct ... ok
[INFO] [stdout] test securecookie::tests::test_codecs_key_rotation ... ok
[INFO] [stdout] test securecookie::tests::test_generate_key ... ok
[INFO] [stdout] test securecookie::tests::test_encode_decode_roundtrip ... ok
[INFO] [stdout] test securecookie::tests::test_get_codecs ... ok
[INFO] [stdout] test logger::tests::test_parse_log_level ... ok
[INFO] [stdout] test request_desc::tests::test_empty_field_descs_no_op ... ok
[INFO] [stdout] test request_desc::tests::test_enrich_schema_adds_descriptions ... ok
[INFO] [stdout] test optional::tests::test_op_int_json ... ok
[INFO] [stdout] test securecookie::tests::test_wrong_key_rejected ... ok
[INFO] [stdout] test context::tests::test_disposable_holder ... ok
[INFO] [stdout] test server::tests::test_custom_log_formatter ... ok
[INFO] [stdout] test server::tests::test_default_log_format ... ok
[INFO] [stdout] test server::tests::test_register_module ... ok
[INFO] [stdout] test server::tests::test_server_creation ... ok
[INFO] [stdout] test server::tests::test_set_path_prefix ... ok
[INFO] [stdout] test module::tests::test_parse_struct_path ... ok
[INFO] [stdout] test session::tests::test_memory_store ... ok
[INFO] [stdout] test session::tests::test_parse_cookie ... ok
[INFO] [stdout] test request_desc::tests::test_field_desc_builder ... ok
[INFO] [stdout] test session::tests::test_session_controller ... ok
[INFO] [stdout] test securecookie::tests::test_tampered_cookie_rejected ... FAILED
[INFO] [stdout] test request_desc::tests::test_unit_request_description ... ok
[INFO] [stdout] test protocol::tests::test_default_protocol_read_json ... ok
[INFO] [stdout] 
[INFO] [stdout] failures:
[INFO] [stdout] 
[INFO] [stdout] ---- securecookie::tests::test_tampered_cookie_rejected stdout ----
[INFO] [stdout] 
[INFO] [stdout] thread 'securecookie::tests::test_tampered_cookie_rejected' (1795) panicked at src/securecookie.rs:241:9:
[INFO] [stdout] assertion failed: sc.decode(&tampered).is_err()
[INFO] [stdout] stack backtrace:
[INFO] [stdout]    0:     0x5ff9a146c181 - <<std[70759c8f55707aa4]::sys::backtrace::BacktraceLock>::print::DisplayBacktrace as core[df12db4294e9bfd3]::fmt::Display>::fmt
[INFO] [stdout]    1:     0x5ff9a148376a - core[df12db4294e9bfd3]::fmt::write
[INFO] [stdout]    2:     0x5ff9a147076c - <alloc[2182bb758b4b3781]::vec::Vec<u8> as core[df12db4294e9bfd3]::io::write::Write>::write_fmt
[INFO] [stdout]    3:     0x5ff9a14483a6 - std[70759c8f55707aa4]::panicking::default_hook::{closure#0}
[INFO] [stdout]    4:     0x5ff9a14647d9 - std[70759c8f55707aa4]::panicking::default_hook
[INFO] [stdout]    5:     0x5ff9a12f9850 - test[9d35eded1c95d3be]::test_main_inner::<test[9d35eded1c95d3be]::test_main_static::{closure#0}>::{closure#0}
[INFO] [stdout]    6:     0x5ff9a1464992 - std[70759c8f55707aa4]::panicking::panic_with_hook
[INFO] [stdout]    7:     0x5ff9a1448484 - std[70759c8f55707aa4]::panicking::panic_handler::{closure#0}
[INFO] [stdout]    8:     0x5ff9a14411d9 - std[70759c8f55707aa4]::sys::backtrace::__rust_end_short_backtrace::<std[70759c8f55707aa4]::panicking::panic_handler::{closure#0}, !>
[INFO] [stdout]    9:     0x5ff9a144904d - __rustc[8fa7c3cbc660c2b3]::rust_begin_unwind
[INFO] [stdout]   10:     0x5ff9a1483f4c - core[df12db4294e9bfd3]::panicking::panic_fmt
[INFO] [stdout]   11:     0x5ff9a1483f12 - core[df12db4294e9bfd3]::panicking::panic
[INFO] [stdout]   12:     0x5ff9a12d7fd0 - niuhe[a74489e78ebc56e]::securecookie::tests::test_tampered_cookie_rejected
[INFO] [stdout]   13:     0x5ff9a12e5e99 - <niuhe[a74489e78ebc56e]::securecookie::tests::test_tampered_cookie_rejected::{closure#0} as core[df12db4294e9bfd3]::ops::function::FnOnce<()>>::call_once
[INFO] [stdout]   14:     0x5ff9a12ecb3b - test[9d35eded1c95d3be]::__rust_begin_short_backtrace::<core[df12db4294e9bfd3]::result::Result<(), alloc[2182bb758b4b3781]::string::String>, fn() -> core[df12db4294e9bfd3]::result::Result<(), alloc[2182bb758b4b3781]::string::String>>
[INFO] [stdout]   15:     0x5ff9a12fa1a5 - test[9d35eded1c95d3be]::run_test::{closure#0}
[INFO] [stdout]   16:     0x5ff9a12f3a64 - std[70759c8f55707aa4]::sys::backtrace::__rust_begin_short_backtrace::<test[9d35eded1c95d3be]::run_test::{closure#1}, ()>
[INFO] [stdout]   17:     0x5ff9a12fd302 - <std[70759c8f55707aa4]::thread::lifecycle::spawn_unchecked<test[9d35eded1c95d3be]::run_test::{closure#1}, ()>::{closure#1} as core[df12db4294e9bfd3]::ops::function::FnOnce<()>>::call_once::{shim:vtable#0}
[INFO] [stdout]   18:     0x5ff9a146ba59 - <std[70759c8f55707aa4]::sys::thread::unix::Thread>::new::thread_start
[INFO] [stdout]   19:     0x77a049a70dfa - <unknown>
[INFO] [stdout]   20:     0x77a049b043d4 - clone
[INFO] [stdout]   21:                0x0 - <unknown>
[INFO] [stdout] 
[INFO] [stdout] 
[INFO] [stdout] failures:
[INFO] [stdout]     securecookie::tests::test_tampered_cookie_rejected
[INFO] [stdout] 
[INFO] [stdout] test result: FAILED. 74 passed; 1 failed; 0 ignored; 0 measured; 0 filtered out; finished in 0.04s
[INFO] [stdout] 
[INFO] [stderr] error: test failed, to rerun pass `--lib`
[INFO] running `Command { std: "docker" "inspect" "51d64f8de6b6e1ec9c4b8009f8e437897ad623cbe1198126fd1f6489b2e61fbb", kill_on_drop: false }`
[INFO] running `Command { std: "docker" "rm" "-f" "51d64f8de6b6e1ec9c4b8009f8e437897ad623cbe1198126fd1f6489b2e61fbb", kill_on_drop: false }`
[INFO] [stdout] 51d64f8de6b6e1ec9c4b8009f8e437897ad623cbe1198126fd1f6489b2e61fbb
