[INFO] fetching crate nitro_log 1.0.2...
[INFO] testing nitro_log-1.0.2 against 1.100.0-beta.1+cargoflags=--release for beta-release-1.100-2
[INFO] extracting crate nitro_log 1.0.2 into /workspace/builds/worker-3-tc2/source
[INFO] started tweaking crates.io crate nitro_log 1.0.2
[INFO] finished tweaking crates.io crate nitro_log 1.0.2
[INFO] tweaked toml for crates.io crate nitro_log 1.0.2 written to /workspace/builds/worker-3-tc2/source/Cargo.toml
[INFO] validating manifest of crates.io crate nitro_log 1.0.2 on toolchain 1.100.0-beta.1
[INFO] running `Command { std: CARGO_HOME="/workspace/cargo-home" RUSTUP_HOME="/workspace/rustup-home" "/workspace/cargo-home/bin/cargo" "+1.100.0-beta.1" "metadata" "--manifest-path" "Cargo.toml" "--no-deps", kill_on_drop: false }`
[INFO] running `Command { std: CARGO_HOME="/workspace/cargo-home" RUSTUP_HOME="/workspace/rustup-home" "/workspace/cargo-home/bin/cargo" "+1.100.0-beta.1" "generate-lockfile" "--manifest-path" "Cargo.toml", kill_on_drop: false }`
[INFO] [stderr]     Updating crates.io index
[INFO] [stderr]      Locking 69 packages to highest compatible versions
[INFO] [stderr]       Adding thiserror v1.0.69 (available: v2.0.21)
[INFO] running `Command { std: CARGO_HOME="/workspace/cargo-home" RUSTUP_HOME="/workspace/rustup-home" "/workspace/cargo-home/bin/cargo" "+1.100.0-beta.1" "fetch" "--manifest-path" "Cargo.toml", kill_on_drop: false }`
[INFO] running `Command { std: "docker" "create" "-v" "/var/lib/crater-agent-workspace/builds/worker-3-tc2/source:/opt/rustwide/workdir:ro,Z" "-v" "/var/lib/crater-agent-workspace/builds/worker-3-tc2/target:/opt/rustwide/target:rw,Z" "-v" "/var/lib/crater-agent-workspace/cargo-home:/opt/rustwide/cargo-home:ro,Z" "-v" "/var/lib/crater-agent-workspace/rustup-home:/opt/rustwide/rustup-home:ro,Z" "-m" "1610612736" "--network" "none" "ghcr.io/rust-lang/crates-build-env/linux@sha256:77db811e55d90add9212f6832c23229e3de5f1c1f9905e8cb07319ea15df73ac" "sleep" "infinity", kill_on_drop: false }`
[INFO] [stdout] b372221ffcc0990e29c693ee567924ba053010602cd4cce70ad5fef0571c6b6d
[INFO] running `Command { std: "docker" "start" "b372221ffcc0990e29c693ee567924ba053010602cd4cce70ad5fef0571c6b6d", kill_on_drop: false }`
[INFO] running `Command { std: "docker" "inspect" "b372221ffcc0990e29c693ee567924ba053010602cd4cce70ad5fef0571c6b6d", kill_on_drop: false }`
[INFO] running `Command { std: "docker" "exec" "-e" "SOURCE_DIR=/opt/rustwide/workdir" "-e" "CARGO_HOME=/opt/rustwide/cargo-home" "-e" "RUSTUP_HOME=/opt/rustwide/rustup-home" "-e" "CARGO_TARGET_DIR=/opt/rustwide/target" "-w" "/opt/rustwide/workdir" "--user" "0:0" "b372221ffcc0990e29c693ee567924ba053010602cd4cce70ad5fef0571c6b6d" "/opt/rustwide/cargo-home/bin/cargo" "+1.100.0-beta.1" "metadata" "--no-deps" "--format-version=1", kill_on_drop: false }`
[INFO] running `Command { std: "docker" "inspect" "b372221ffcc0990e29c693ee567924ba053010602cd4cce70ad5fef0571c6b6d", kill_on_drop: false }`
[INFO] running `Command { std: "docker" "exec" "-e" "SOURCE_DIR=/opt/rustwide/workdir" "-e" "CARGO_HOME=/opt/rustwide/cargo-home" "-e" "RUSTUP_HOME=/opt/rustwide/rustup-home" "-e" "CARGO_TARGET_DIR=/opt/rustwide/target" "-e" "CARGO_INCREMENTAL=0" "-e" "RUST_BACKTRACE=full" "-e" "RUSTFLAGS=--cap-lints=warn" "-e" "RUSTDOCFLAGS=--cap-lints=warn" "-w" "/opt/rustwide/workdir" "--user" "0:0" "b372221ffcc0990e29c693ee567924ba053010602cd4cce70ad5fef0571c6b6d" "/opt/rustwide/cargo-home/bin/cargo" "+1.100.0-beta.1" "build" "--frozen" "--message-format=json" "--release", kill_on_drop: false }`
[INFO] [stderr]    Compiling serde_core v1.0.229
[INFO] [stderr]    Compiling unicode-ident v1.0.27
[INFO] [stderr]    Compiling typeid v1.0.3
[INFO] [stderr]    Compiling erased-serde v0.4.10
[INFO] [stderr]    Compiling memchr v2.8.3
[INFO] [stderr]    Compiling thiserror v1.0.69
[INFO] [stderr]    Compiling serde_json v1.0.154
[INFO] [stderr]    Compiling proc-macro2 v1.0.107
[INFO] [stderr]    Compiling aho-corasick v1.1.5
[INFO] [stderr]    Compiling quote v1.0.47
[INFO] [stderr]    Compiling syn v2.0.119
[INFO] [stderr]    Compiling syn v3.0.9
[INFO] [stderr]    Compiling regex-automata v0.4.18
[INFO] [stderr]    Compiling serde_fmt v1.1.0
[INFO] [stderr]    Compiling thiserror-impl v1.0.69
[INFO] [stderr]    Compiling serde_derive v1.0.229
[INFO] [stderr]    Compiling value-bag-serde1 v1.14.1
[INFO] [stderr]    Compiling value-bag v1.14.1
[INFO] [stderr]    Compiling log v0.4.34
[INFO] [stderr]    Compiling regex v1.13.1
[INFO] [stderr]    Compiling serde v1.0.229
[INFO] [stderr]    Compiling nitro_log v1.0.2 (/opt/rustwide/workdir)
[INFO] [stderr]     Finished `release` profile [optimized] target(s) in 24.12s
[INFO] running `Command { std: "docker" "inspect" "b372221ffcc0990e29c693ee567924ba053010602cd4cce70ad5fef0571c6b6d", kill_on_drop: false }`
[INFO] running `Command { std: "docker" "exec" "-e" "SOURCE_DIR=/opt/rustwide/workdir" "-e" "CARGO_HOME=/opt/rustwide/cargo-home" "-e" "RUSTUP_HOME=/opt/rustwide/rustup-home" "-e" "CARGO_TARGET_DIR=/opt/rustwide/target" "-e" "CARGO_INCREMENTAL=0" "-e" "RUST_BACKTRACE=full" "-e" "RUSTFLAGS=--cap-lints=warn" "-e" "RUSTDOCFLAGS=--cap-lints=warn" "-w" "/opt/rustwide/workdir" "--user" "0:0" "b372221ffcc0990e29c693ee567924ba053010602cd4cce70ad5fef0571c6b6d" "/opt/rustwide/cargo-home/bin/cargo" "+1.100.0-beta.1" "test" "--frozen" "--no-run" "--message-format=json" "--release", kill_on_drop: false }`
[INFO] [stderr]    Compiling nitro_log v1.0.2 (/opt/rustwide/workdir)
[INFO] [stdout] warning: use of deprecated macro `as_serde`: use the `key:serde = value` macro syntax instead
[INFO] [stdout]   --> tests/logger_tests.rs:32:24
[INFO] [stdout]    |
[INFO] [stdout] 32 |         trace!(value = as_serde!(test), error=as_error!(error1); "Trace HEY");
[INFO] [stdout]    |                        ^^^^^^^^
[INFO] [stdout]    |
[INFO] [stdout]    = note: `#[warn(deprecated)]` on by default
[INFO] [stdout] 
[INFO] [stdout] 
[INFO] [stdout] warning: use of deprecated macro `as_error`: use the `key:err = value` macro syntax instead
[INFO] [stdout]   --> tests/logger_tests.rs:32:47
[INFO] [stdout]    |
[INFO] [stdout] 32 |         trace!(value = as_serde!(test), error=as_error!(error1); "Trace HEY");
[INFO] [stdout]    |                                               ^^^^^^^^
[INFO] [stdout] 
[INFO] [stdout] 
[INFO] [stdout] warning: use of deprecated macro `log::as_error`: use the `key:err = value` macro syntax instead
[INFO] [stdout]  --> tests/logger_tests.rs:2:11
[INFO] [stdout]   |
[INFO] [stdout] 2 | use log::{as_error, as_serde, debug, error, info, log_enabled, trace, warn};
[INFO] [stdout]   |           ^^^^^^^^
[INFO] [stdout] 
[INFO] [stdout] 
[INFO] [stdout] warning: use of deprecated macro `log::as_serde`: use the `key:serde = value` macro syntax instead
[INFO] [stdout]  --> tests/logger_tests.rs:2:21
[INFO] [stdout]   |
[INFO] [stdout] 2 | use log::{as_error, as_serde, debug, error, info, log_enabled, trace, warn};
[INFO] [stdout]   |                     ^^^^^^^^
[INFO] [stdout] 
[INFO] [stdout] 
[INFO] [stderr]     Finished `release` profile [optimized] target(s) in 2.14s
[INFO] running `Command { std: "docker" "inspect" "b372221ffcc0990e29c693ee567924ba053010602cd4cce70ad5fef0571c6b6d", kill_on_drop: false }`
[INFO] running `Command { std: "docker" "exec" "-e" "SOURCE_DIR=/opt/rustwide/workdir" "-e" "CARGO_HOME=/opt/rustwide/cargo-home" "-e" "RUSTUP_HOME=/opt/rustwide/rustup-home" "-e" "CARGO_TARGET_DIR=/opt/rustwide/target" "-e" "CARGO_INCREMENTAL=0" "-e" "RUST_BACKTRACE=full" "-e" "RUSTFLAGS=--cap-lints=warn" "-e" "RUSTDOCFLAGS=--cap-lints=warn" "-w" "/opt/rustwide/workdir" "--user" "0:0" "b372221ffcc0990e29c693ee567924ba053010602cd4cce70ad5fef0571c6b6d" "/opt/rustwide/cargo-home/bin/cargo" "+1.100.0-beta.1" "test" "--frozen" "--release", kill_on_drop: false }`
[INFO] [stderr] warning: use of deprecated macro `as_serde`: use the `key:serde = value` macro syntax instead
[INFO] [stderr]   --> tests/logger_tests.rs:32:24
[INFO] [stderr]    |
[INFO] [stderr] 32 |         trace!(value = as_serde!(test), error=as_error!(error1); "Trace HEY");
[INFO] [stderr]    |                        ^^^^^^^^
[INFO] [stderr]    |
[INFO] [stderr]    = note: `#[warn(deprecated)]` on by default
[INFO] [stderr] 
[INFO] [stderr] warning: use of deprecated macro `as_error`: use the `key:err = value` macro syntax instead
[INFO] [stderr]   --> tests/logger_tests.rs:32:47
[INFO] [stderr]    |
[INFO] [stderr] 32 |         trace!(value = as_serde!(test), error=as_error!(error1); "Trace HEY");
[INFO] [stderr]    |                                               ^^^^^^^^
[INFO] [stderr] 
[INFO] [stderr] warning: use of deprecated macro `log::as_error`: use the `key:err = value` macro syntax instead
[INFO] [stderr]  --> tests/logger_tests.rs:2:11
[INFO] [stderr]   |
[INFO] [stderr] 2 | use log::{as_error, as_serde, debug, error, info, log_enabled, trace, warn};
[INFO] [stderr]   |           ^^^^^^^^
[INFO] [stderr] 
[INFO] [stderr] warning: use of deprecated macro `log::as_serde`: use the `key:serde = value` macro syntax instead
[INFO] [stderr]  --> tests/logger_tests.rs:2:21
[INFO] [stderr]   |
[INFO] [stderr] 2 | use log::{as_error, as_serde, debug, error, info, log_enabled, trace, warn};
[INFO] [stderr]   |                     ^^^^^^^^
[INFO] [stderr] 
[INFO] [stderr] warning: `nitro_log` (test "logger_tests") generated 4 warnings
[INFO] [stderr]     Finished `release` profile [optimized] target(s) in 0.06s
[INFO] [stderr]      Running unittests src/lib.rs (/opt/rustwide/target/release/build/nitro_log/f19cb2f4b39f5758/out/nitro_log-f19cb2f4b39f5758)
[INFO] [stdout] 
[INFO] [stdout] running 0 tests
[INFO] [stdout] 
[INFO] [stdout] test result: ok. 0 passed; 0 failed; 0 ignored; 0 measured; 0 filtered out; finished in 0.00s
[INFO] [stdout] 
[INFO] [stderr]      Running tests/custom_placeholder_test.rs (/opt/rustwide/target/release/build/nitro_log/b9e7bc6b7b4f80e7/out/custom_placeholder_test-b9e7bc6b7b4f80e7)
[INFO] [stdout] 
[INFO] [stdout] running 1 test
[INFO] [stdout] [custom_placeholder_test] INFO 62: INFO HEY
[INFO] [stdout] [custom_placeholder_test] WARN 63: Warn HEY
[INFO] [stdout] [custom_placeholder_test] ERROR 64: Error HEY
[INFO] [stdout] test test ... ok
[INFO] [stdout] 
[INFO] [stdout] test result: ok. 1 passed; 0 failed; 0 ignored; 0 measured; 0 filtered out; finished in 0.00s
[INFO] [stdout] 
[INFO] [stderr]      Running tests/logger_tests.rs (/opt/rustwide/target/release/build/nitro_log/275f4f6d8f46dc63/out/logger_tests-275f4f6d8f46dc63)
[INFO] [stdout] 
[INFO] [stdout] running 1 test
[INFO] [stdout] test test ... FAILED
[INFO] [stdout] 
[INFO] [stdout] failures:
[INFO] [stdout] 
[INFO] [stdout] ---- test stdout ----
[INFO] [stdout] 
[INFO] [stdout] thread 'test' (673) panicked at tests/logger_tests.rs:25:10:
[INFO] [stdout] called `Result::unwrap()` on an `Err` value: FormatGeneration(MissingKey("Missing Placeholder chrono"))
[INFO] [stdout] stack backtrace:
[INFO] [stdout]    0:     0x611a8aee0d81 - <<std[617be2ca0a6fd877]::sys::backtrace::BacktraceLock>::print::DisplayBacktrace as core[a373ad73a504971]::fmt::Display>::fmt
[INFO] [stdout]    1:     0x611a8aef866a - core[a373ad73a504971]::fmt::write
[INFO] [stdout]    2:     0x611a8aee5e6c - <alloc[2e1b2a31b91974c5]::vec::Vec<u8> as core[a373ad73a504971]::io::write::Write>::write_fmt
[INFO] [stdout]    3:     0x611a8aebc436 - std[617be2ca0a6fd877]::panicking::default_hook::{closure#0}
[INFO] [stdout]    4:     0x611a8aed93f9 - std[617be2ca0a6fd877]::panicking::default_hook
[INFO] [stdout]    5:     0x611a8ad806c0 - test[aada8e7e76ba119b]::test_main_inner::{closure#0}
[INFO] [stdout]    6:     0x611a8aed95b2 - std[617be2ca0a6fd877]::panicking::panic_with_hook
[INFO] [stdout]    7:     0x611a8aebc4e2 - std[617be2ca0a6fd877]::panicking::panic_handler::{closure#0}
[INFO] [stdout]    8:     0x611a8aeb4b49 - std[617be2ca0a6fd877]::sys::backtrace::__rust_end_short_backtrace::<std[617be2ca0a6fd877]::panicking::panic_handler::{closure#0}, !>
[INFO] [stdout]    9:     0x611a8aebd1fd - __rustc[ea4f61d10b84890b]::rust_begin_unwind
[INFO] [stdout]   10:     0x611a8aef8e4c - core[a373ad73a504971]::panicking::panic_fmt
[INFO] [stdout]   11:     0x611a8aef8c22 - core[a373ad73a504971]::result::unwrap_failed
[INFO] [stdout]   12:     0x611a8ad6f9e0 - <logger_tests[86cb520805c9499c]::test::{closure#0} as core[a373ad73a504971]::ops::function::FnOnce<()>>::call_once
[INFO] [stdout]   13:     0x611a8ad73b0b - test[aada8e7e76ba119b]::__rust_begin_short_backtrace::<core[a373ad73a504971]::result::Result<(), alloc[2e1b2a31b91974c5]::string::String>, fn() -> core[a373ad73a504971]::result::Result<(), alloc[2e1b2a31b91974c5]::string::String>>
[INFO] [stdout]   14:     0x611a8ad80ce5 - test[aada8e7e76ba119b]::run_test::{closure#0}
[INFO] [stdout]   15:     0x611a8ad7a5d4 - std[617be2ca0a6fd877]::sys::backtrace::__rust_begin_short_backtrace::<test[aada8e7e76ba119b]::run_test::{closure#1}, ()>
[INFO] [stdout]   16:     0x611a8ad83d72 - <std[617be2ca0a6fd877]::thread::lifecycle::spawn_unchecked<test[aada8e7e76ba119b]::run_test::{closure#1}, ()>::{closure#1} as core[a373ad73a504971]::ops::function::FnOnce<()>>::call_once::{shim:vtable#0}
[INFO] [stdout]   17:     0x611a8aee05df - <std[617be2ca0a6fd877]::sys::thread::unix::Thread>::new::thread_start
[INFO] [stdout]   18:     0x7d31edbc4dfa - <unknown>
[INFO] [stdout]   19:     0x7d31edc583d4 - clone
[INFO] [stdout]   20:                0x0 - <unknown>
[INFO] [stdout] 
[INFO] [stdout] 
[INFO] [stdout] failures:
[INFO] [stdout]     test
[INFO] [stdout] 
[INFO] [stdout] test result: FAILED. 0 passed; 1 failed; 0 ignored; 0 measured; 0 filtered out; finished in 0.01s
[INFO] [stdout] 
[INFO] [stderr] error: test failed, to rerun pass `--test logger_tests`
[INFO] running `Command { std: "docker" "inspect" "b372221ffcc0990e29c693ee567924ba053010602cd4cce70ad5fef0571c6b6d", kill_on_drop: false }`
[INFO] running `Command { std: "docker" "rm" "-f" "b372221ffcc0990e29c693ee567924ba053010602cd4cce70ad5fef0571c6b6d", kill_on_drop: false }`
[INFO] [stdout] b372221ffcc0990e29c693ee567924ba053010602cd4cce70ad5fef0571c6b6d
