[INFO] fetching crate nirs4all-io-dagml 0.2.6...
[INFO] testing nirs4all-io-dagml-0.2.6 against 1.99.0-beta.8+cargoflags=--release for beta-release-1.100-2
[INFO] extracting crate nirs4all-io-dagml 0.2.6 into /workspace/builds/worker-6-tc1/source
[INFO] started tweaking crates.io crate nirs4all-io-dagml 0.2.6
[INFO] removed 0 missing tests
[INFO] finished tweaking crates.io crate nirs4all-io-dagml 0.2.6
[INFO] tweaked toml for crates.io crate nirs4all-io-dagml 0.2.6 written to /workspace/builds/worker-6-tc1/source/Cargo.toml
[INFO] validating manifest of crates.io crate nirs4all-io-dagml 0.2.6 on toolchain 1.99.0-beta.8
[INFO] running `Command { std: CARGO_HOME="/workspace/cargo-home" RUSTUP_HOME="/workspace/rustup-home" "/workspace/cargo-home/bin/cargo" "+1.99.0-beta.8" "metadata" "--manifest-path" "Cargo.toml" "--no-deps", kill_on_drop: false }`
[INFO] crate crates.io crate nirs4all-io-dagml 0.2.6 already has a lockfile, it will not be regenerated
[INFO] running `Command { std: CARGO_HOME="/workspace/cargo-home" RUSTUP_HOME="/workspace/rustup-home" "/workspace/cargo-home/bin/cargo" "+1.99.0-beta.8" "fetch" "--manifest-path" "Cargo.toml", kill_on_drop: false }`
[INFO] [stderr]     Updating crates.io index
[INFO] [stderr]  Downloading crates ...
[INFO] [stderr]   Downloaded nirs4all-io v0.2.6
[INFO] [stderr]   Downloaded arrow-data v59.0.0
[INFO] [stderr]   Downloaded dag-ml-data v0.2.12
[INFO] [stderr]   Downloaded dag-ml-data-provider v0.2.12
[INFO] [stderr]   Downloaded arrow-schema v59.0.0
[INFO] [stderr]   Downloaded dag-ml-data-core v0.2.12
[INFO] [stderr]   Downloaded arrow-select v59.0.0
[INFO] [stderr]   Downloaded arrow-buffer v59.0.0
[INFO] [stderr]   Downloaded arrow-ipc v59.0.0
[INFO] [stderr]   Downloaded nirs4all-io-core v0.2.6
[INFO] [stderr]   Downloaded arrow-array v59.0.0
[INFO] [stderr]   Downloaded parquet v59.0.0
[INFO] running `Command { std: "docker" "create" "-v" "/var/lib/crater-agent-workspace/builds/worker-6-tc1/source:/opt/rustwide/workdir:ro,Z" "-v" "/var/lib/crater-agent-workspace/builds/worker-6-tc1/target:/opt/rustwide/target:rw,Z" "-v" "/var/lib/crater-agent-workspace/cargo-home:/opt/rustwide/cargo-home:ro,Z" "-v" "/var/lib/crater-agent-workspace/rustup-home:/opt/rustwide/rustup-home:ro,Z" "-m" "1610612736" "--network" "none" "ghcr.io/rust-lang/crates-build-env/linux@sha256:77db811e55d90add9212f6832c23229e3de5f1c1f9905e8cb07319ea15df73ac" "sleep" "infinity", kill_on_drop: false }`
[INFO] [stdout] c00369727efa749e94483c5a532fa2f3ac0a13ee6ab5ef033f7e0abf0b044bd9
[INFO] running `Command { std: "docker" "start" "c00369727efa749e94483c5a532fa2f3ac0a13ee6ab5ef033f7e0abf0b044bd9", kill_on_drop: false }`
[INFO] running `Command { std: "docker" "inspect" "c00369727efa749e94483c5a532fa2f3ac0a13ee6ab5ef033f7e0abf0b044bd9", kill_on_drop: false }`
[INFO] running `Command { std: "docker" "exec" "-e" "SOURCE_DIR=/opt/rustwide/workdir" "-e" "CARGO_HOME=/opt/rustwide/cargo-home" "-e" "RUSTUP_HOME=/opt/rustwide/rustup-home" "-e" "CARGO_TARGET_DIR=/opt/rustwide/target" "-w" "/opt/rustwide/workdir" "--user" "0:0" "c00369727efa749e94483c5a532fa2f3ac0a13ee6ab5ef033f7e0abf0b044bd9" "/opt/rustwide/cargo-home/bin/cargo" "+1.99.0-beta.8" "metadata" "--no-deps" "--format-version=1", kill_on_drop: false }`
[INFO] running `Command { std: "docker" "inspect" "c00369727efa749e94483c5a532fa2f3ac0a13ee6ab5ef033f7e0abf0b044bd9", kill_on_drop: false }`
[INFO] running `Command { std: "docker" "exec" "-e" "SOURCE_DIR=/opt/rustwide/workdir" "-e" "CARGO_HOME=/opt/rustwide/cargo-home" "-e" "RUSTUP_HOME=/opt/rustwide/rustup-home" "-e" "CARGO_TARGET_DIR=/opt/rustwide/target" "-e" "CARGO_INCREMENTAL=0" "-e" "RUST_BACKTRACE=full" "-e" "RUSTFLAGS=--cap-lints=warn" "-e" "RUSTDOCFLAGS=--cap-lints=warn" "-w" "/opt/rustwide/workdir" "--user" "0:0" "c00369727efa749e94483c5a532fa2f3ac0a13ee6ab5ef033f7e0abf0b044bd9" "/opt/rustwide/cargo-home/bin/cargo" "+1.99.0-beta.8" "build" "--frozen" "--message-format=json" "--release", kill_on_drop: false }`
[INFO] [stderr]    Compiling zerocopy v0.8.49
[INFO] [stderr]    Compiling bitflags v2.11.1
[INFO] [stderr]    Compiling hybrid-array v0.4.14
[INFO] [stderr]    Compiling io-lifetimes v2.0.4
[INFO] [stderr]    Compiling indexmap v2.14.0
[INFO] [stderr]    Compiling serde_json v1.0.150
[INFO] [stderr]    Compiling serde_derive v1.0.228
[INFO] [stderr]    Compiling zerocopy-derive v0.8.49
[INFO] [stderr]    Compiling num-integer v0.1.46
[INFO] [stderr]    Compiling thiserror-impl v2.0.18
[INFO] [stderr]    Compiling getrandom v0.3.4
[INFO] [stderr]    Compiling zstd-sys v2.0.16+zstd.1.5.7
[INFO] [stderr]    Compiling arrow-schema v59.0.0
[INFO] [stderr]    Compiling flatbuffers v25.12.19
[INFO] [stderr]    Compiling io-extras v0.18.4
[INFO] [stderr]    Compiling zstd-safe v7.2.4
[INFO] [stderr]    Compiling simd-adler32 v0.3.9
[INFO] [stderr]    Compiling snap v1.1.1
[INFO] [stderr]    Compiling rustix v1.1.4
[INFO] [stderr]    Compiling cap-primitives v3.4.6
[INFO] [stderr]    Compiling csv-core v0.1.13
[INFO] [stderr]    Compiling num-bigint v0.4.6
[INFO] [stderr]    Compiling miniz_oxide v0.8.9
[INFO] [stderr]    Compiling cap-std v3.4.6
[INFO] [stderr]    Compiling log v0.4.30
[INFO] [stderr]    Compiling block-buffer v0.12.1
[INFO] [stderr]    Compiling crypto-common v0.2.2
[INFO] [stderr]    Compiling zip v2.4.2
[INFO] [stderr]    Compiling zopfli v0.8.3
[INFO] [stderr]    Compiling csv v1.4.0
[INFO] [stderr]    Compiling regex v1.12.3
[INFO] [stderr]    Compiling displaydoc v0.2.6
[INFO] [stderr]    Compiling twox-hash v2.1.2
[INFO] [stderr]    Compiling base64 v0.22.1
[INFO] [stderr]    Compiling thiserror v2.0.18
[INFO] [stderr]    Compiling flate2 v1.1.9
[INFO] [stderr]    Compiling clap_derive v4.6.1
[INFO] [stderr]    Compiling digest v0.11.3
[INFO] [stderr]    Compiling sha2 v0.11.0
[INFO] [stderr]    Compiling serde v1.0.228
[INFO] [stderr]    Compiling clap v4.6.1
[INFO] [stderr]    Compiling toml_datetime v0.6.11
[INFO] [stderr]    Compiling serde_spanned v0.6.9
[INFO] [stderr]    Compiling toml_edit v0.22.27
[INFO] [stderr]    Compiling fs-set-times v0.20.3
[INFO] [stderr]    Compiling rustix-linux-procfs v0.1.1
[INFO] [stderr]    Compiling dag-ml-data-core v0.2.12
[INFO] [stderr]    Compiling toml v0.8.23
[INFO] [stderr]    Compiling half v2.7.1
[INFO] [stderr]    Compiling ahash v0.8.12
[INFO] [stderr]    Compiling nirs4all-io-core v0.2.6
[INFO] [stderr]    Compiling arrow-buffer v59.0.0
[INFO] [stderr]    Compiling arrow-data v59.0.0
[INFO] [stderr]    Compiling arrow-array v59.0.0
[INFO] [stderr]    Compiling dag-ml-data v0.2.12
[INFO] [stderr]    Compiling dag-ml-data-provider v0.2.12
[INFO] [stderr]    Compiling arrow-select v59.0.0
[INFO] [stderr]    Compiling arrow-ipc v59.0.0
[INFO] [stderr]    Compiling zstd v0.13.3
[INFO] [stderr]    Compiling parquet v59.0.0
[INFO] [stderr]    Compiling nirs4all-io v0.2.6
[INFO] [stderr]    Compiling nirs4all-io-dagml v0.2.6 (/opt/rustwide/workdir)
[INFO] [stderr]     Finished `release` profile [optimized] target(s) in 41.26s
[INFO] running `Command { std: "docker" "inspect" "c00369727efa749e94483c5a532fa2f3ac0a13ee6ab5ef033f7e0abf0b044bd9", kill_on_drop: false }`
[INFO] running `Command { std: "docker" "exec" "-e" "SOURCE_DIR=/opt/rustwide/workdir" "-e" "CARGO_HOME=/opt/rustwide/cargo-home" "-e" "RUSTUP_HOME=/opt/rustwide/rustup-home" "-e" "CARGO_TARGET_DIR=/opt/rustwide/target" "-e" "CARGO_INCREMENTAL=0" "-e" "RUST_BACKTRACE=full" "-e" "RUSTFLAGS=--cap-lints=warn" "-e" "RUSTDOCFLAGS=--cap-lints=warn" "-w" "/opt/rustwide/workdir" "--user" "0:0" "c00369727efa749e94483c5a532fa2f3ac0a13ee6ab5ef033f7e0abf0b044bd9" "/opt/rustwide/cargo-home/bin/cargo" "+1.99.0-beta.8" "test" "--frozen" "--no-run" "--message-format=json" "--release", kill_on_drop: false }`
[INFO] [stderr]    Compiling nirs4all-io-dagml v0.2.6 (/opt/rustwide/workdir)
[INFO] [stderr]     Finished `release` profile [optimized] target(s) in 2.47s
[INFO] running `Command { std: "docker" "inspect" "c00369727efa749e94483c5a532fa2f3ac0a13ee6ab5ef033f7e0abf0b044bd9", kill_on_drop: false }`
[INFO] running `Command { std: "docker" "exec" "-e" "SOURCE_DIR=/opt/rustwide/workdir" "-e" "CARGO_HOME=/opt/rustwide/cargo-home" "-e" "RUSTUP_HOME=/opt/rustwide/rustup-home" "-e" "CARGO_TARGET_DIR=/opt/rustwide/target" "-e" "CARGO_INCREMENTAL=0" "-e" "RUST_BACKTRACE=full" "-e" "RUSTFLAGS=--cap-lints=warn" "-e" "RUSTDOCFLAGS=--cap-lints=warn" "-w" "/opt/rustwide/workdir" "--user" "0:0" "c00369727efa749e94483c5a532fa2f3ac0a13ee6ab5ef033f7e0abf0b044bd9" "/opt/rustwide/cargo-home/bin/cargo" "+1.99.0-beta.8" "test" "--frozen" "--release", kill_on_drop: false }`
[INFO] [stderr]     Finished `release` profile [optimized] target(s) in 0.08s
[INFO] [stderr]      Running unittests src/lib.rs (/opt/rustwide/target/release/deps/nirs4all_io_dagml-df08cf42cf432bff)
[INFO] [stdout] 
[INFO] [stdout] running 14 tests
[INFO] [stdout] test tests::emits_processing_stack_when_variations_exist ... ok
[INFO] [stdout] test tests::emits_feature_block_set_for_multi_source_join ... ok
[INFO] [stdout] test tests::emits_standard_single_source_signal_target_and_metadata ... ok
[INFO] [stdout] test tests::folds_use_prepartition_observation_provenance_not_block_order ... ok
[INFO] [stdout] test tests::methods_predict_cohort_is_target_free_and_matches_the_cross_runtime_vector ... ok
[INFO] [stdout] test tests::methods_predict_cohort_refuses_duplicate_or_nonfinite_rows ... ok
[INFO] [stdout] test tests::emits_target_matrix_for_uniform_multivariate_targets ... ok
[INFO] [stdout] test tests::preflight_refuses_fold_overlap_and_group_leakage ... ok
[INFO] [stdout] test tests::preflight_refuses_missing_stable_sample_identity ... ok
[INFO] [stdout] test tests::preflight_refuses_repeated_samples_without_observation_provenance ... ok
[INFO] [stdout] test tests::preflight_refuses_same_sample_across_fold_roles_without_group ... ok
[INFO] [stdout] test tests::dataset_package_materializes_provider_without_spectrodataset ... ok
[INFO] [stdout] test tests::source_schema_is_a_validated_union_of_partition_blocks ... ok
[INFO] [stdout] test tests::preserves_weights_partitions_and_fold_provenance ... ok
[INFO] [stdout] 
[INFO] [stdout] test result: ok. 14 passed; 0 failed; 0 ignored; 0 measured; 0 filtered out; finished in 0.00s
[INFO] [stdout] 
[INFO] [stderr]      Running unittests src/bin/emit_dagml.rs (/opt/rustwide/target/release/deps/emit_dagml-2b02e74bc97012ff)
[INFO] [stdout] 
[INFO] [stdout] running 0 tests
[INFO] [stdout] 
[INFO] [stdout] test result: ok. 0 passed; 0 failed; 0 ignored; 0 measured; 0 filtered out; finished in 0.00s
[INFO] [stdout] 
[INFO] [stderr]      Running tests/emit.rs (/opt/rustwide/target/release/deps/emit-501e3d0032b1a06a)
[INFO] [stdout] 
[INFO] [stdout] running 1 test
[INFO] [stdout] test corpus_without_stable_identity_is_refused ... FAILED
[INFO] [stdout] 
[INFO] [stdout] failures:
[INFO] [stdout] 
[INFO] [stdout] ---- corpus_without_stable_identity_is_refused stdout ----
[INFO] [stdout] 
[INFO] [stdout] thread 'corpus_without_stable_identity_is_refused' (1894) panicked at tests/emit.rs:28:53:
[INFO] [stdout] assemble: SpecError { message: "partition has no feature source" }
[INFO] [stdout] stack backtrace:
[INFO] [stdout]    0:     0x5ed5d69d3b71 - <<std[70759c8f55707aa4]::sys::backtrace::BacktraceLock>::print::DisplayBacktrace as core[df12db4294e9bfd3]::fmt::Display>::fmt
[INFO] [stdout]    1:     0x5ed5d69ec0ca - core[df12db4294e9bfd3]::fmt::write
[INFO] [stdout]    2:     0x5ed5d69d82fc - <alloc[2182bb758b4b3781]::vec::Vec<u8> as core[df12db4294e9bfd3]::io::write::Write>::write_fmt
[INFO] [stdout]    3:     0x5ed5d69aec96 - std[70759c8f55707aa4]::panicking::default_hook::{closure#0}
[INFO] [stdout]    4:     0x5ed5d69cbb69 - std[70759c8f55707aa4]::panicking::default_hook
[INFO] [stdout]    5:     0x5ed5d62f52e0 - test[9d35eded1c95d3be]::test_main_inner::<test[9d35eded1c95d3be]::test_main_static::{closure#0}>::{closure#0}
[INFO] [stdout]    6:     0x5ed5d69cbd22 - std[70759c8f55707aa4]::panicking::panic_with_hook
[INFO] [stdout]    7:     0x5ed5d69aed42 - std[70759c8f55707aa4]::panicking::panic_handler::{closure#0}
[INFO] [stdout]    8:     0x5ed5d69a7899 - std[70759c8f55707aa4]::sys::backtrace::__rust_end_short_backtrace::<std[70759c8f55707aa4]::panicking::panic_handler::{closure#0}, !>
[INFO] [stdout]    9:     0x5ed5d69af93d - __rustc[8fa7c3cbc660c2b3]::rust_begin_unwind
[INFO] [stdout]   10:     0x5ed5d69ec8ac - core[df12db4294e9bfd3]::panicking::panic_fmt
[INFO] [stdout]   11:     0x5ed5d69ec682 - core[df12db4294e9bfd3]::result::unwrap_failed
[INFO] [stdout]   12:     0x5ed5d62e7d2d - <emit[16773649a8aff3c9]::corpus_without_stable_identity_is_refused::{closure#0} as core[df12db4294e9bfd3]::ops::function::FnOnce<()>>::call_once
[INFO] [stdout]   13:     0x5ed5d62e85cb - test[9d35eded1c95d3be]::__rust_begin_short_backtrace::<core[df12db4294e9bfd3]::result::Result<(), alloc[2182bb758b4b3781]::string::String>, fn() -> core[df12db4294e9bfd3]::result::Result<(), alloc[2182bb758b4b3781]::string::String>>
[INFO] [stdout]   14:     0x5ed5d62f5c35 - test[9d35eded1c95d3be]::run_test::{closure#0}
[INFO] [stdout]   15:     0x5ed5d62ef4f4 - std[70759c8f55707aa4]::sys::backtrace::__rust_begin_short_backtrace::<test[9d35eded1c95d3be]::run_test::{closure#1}, ()>
[INFO] [stdout]   16:     0x5ed5d62f8d92 - <std[70759c8f55707aa4]::thread::lifecycle::spawn_unchecked<test[9d35eded1c95d3be]::run_test::{closure#1}, ()>::{closure#1} as core[df12db4294e9bfd3]::ops::function::FnOnce<()>>::call_once::{shim:vtable#0}
[INFO] [stdout]   17:     0x5ed5d69d3129 - <std[70759c8f55707aa4]::sys::thread::unix::Thread>::new::thread_start
[INFO] [stdout]   18:     0x787abbe2fdfa - <unknown>
[INFO] [stdout]   19:     0x787abbec33d4 - clone
[INFO] [stdout]   20:                0x0 - <unknown>
[INFO] [stdout] 
[INFO] [stdout] 
[INFO] [stdout] failures:
[INFO] [stdout]     corpus_without_stable_identity_is_refused
[INFO] [stdout] 
[INFO] [stdout] test result: FAILED. 0 passed; 1 failed; 0 ignored; 0 measured; 0 filtered out; finished in 0.00s
[INFO] [stdout] 
[INFO] [stderr] error: test failed, to rerun pass `--test emit`
[INFO] running `Command { std: "docker" "inspect" "c00369727efa749e94483c5a532fa2f3ac0a13ee6ab5ef033f7e0abf0b044bd9", kill_on_drop: false }`
[INFO] running `Command { std: "docker" "rm" "-f" "c00369727efa749e94483c5a532fa2f3ac0a13ee6ab5ef033f7e0abf0b044bd9", kill_on_drop: false }`
[INFO] [stdout] c00369727efa749e94483c5a532fa2f3ac0a13ee6ab5ef033f7e0abf0b044bd9
