[INFO] fetching crate ninjen 0.1.1...
[INFO] testing ninjen-0.1.1 against 1.100.0-beta.1+cargoflags=--release for beta-release-1.100-2
[INFO] extracting crate ninjen 0.1.1 into /workspace/builds/worker-6-tc2/source
[INFO] started tweaking crates.io crate ninjen 0.1.1
[INFO] finished tweaking crates.io crate ninjen 0.1.1
[INFO] tweaked toml for crates.io crate ninjen 0.1.1 written to /workspace/builds/worker-6-tc2/source/Cargo.toml
[INFO] validating manifest of crates.io crate ninjen 0.1.1 on toolchain 1.100.0-beta.1
[INFO] running `Command { std: CARGO_HOME="/workspace/cargo-home" RUSTUP_HOME="/workspace/rustup-home" "/workspace/cargo-home/bin/cargo" "+1.100.0-beta.1" "metadata" "--manifest-path" "Cargo.toml" "--no-deps", kill_on_drop: false }`
[INFO] running `Command { std: CARGO_HOME="/workspace/cargo-home" RUSTUP_HOME="/workspace/rustup-home" "/workspace/cargo-home/bin/cargo" "+1.100.0-beta.1" "generate-lockfile" "--manifest-path" "Cargo.toml", kill_on_drop: false }`
[INFO] [stderr]     Updating crates.io index
[INFO] [stderr]      Locking 18 packages to highest compatible versions
[INFO] running `Command { std: CARGO_HOME="/workspace/cargo-home" RUSTUP_HOME="/workspace/rustup-home" "/workspace/cargo-home/bin/cargo" "+1.100.0-beta.1" "fetch" "--manifest-path" "Cargo.toml", kill_on_drop: false }`
[INFO] running `Command { std: "docker" "create" "-v" "/var/lib/crater-agent-workspace/builds/worker-6-tc2/source:/opt/rustwide/workdir:ro,Z" "-v" "/var/lib/crater-agent-workspace/builds/worker-6-tc2/target:/opt/rustwide/target:rw,Z" "-v" "/var/lib/crater-agent-workspace/cargo-home:/opt/rustwide/cargo-home:ro,Z" "-v" "/var/lib/crater-agent-workspace/rustup-home:/opt/rustwide/rustup-home:ro,Z" "-m" "1610612736" "--network" "none" "ghcr.io/rust-lang/crates-build-env/linux@sha256:77db811e55d90add9212f6832c23229e3de5f1c1f9905e8cb07319ea15df73ac" "sleep" "infinity", kill_on_drop: false }`
[INFO] [stdout] 9e68b18fdfc0f9218f6320a5e827eb98c5766ae226af2586e46d2ad97d4f10ce
[INFO] running `Command { std: "docker" "start" "9e68b18fdfc0f9218f6320a5e827eb98c5766ae226af2586e46d2ad97d4f10ce", kill_on_drop: false }`
[INFO] running `Command { std: "docker" "inspect" "9e68b18fdfc0f9218f6320a5e827eb98c5766ae226af2586e46d2ad97d4f10ce", kill_on_drop: false }`
[INFO] running `Command { std: "docker" "exec" "-e" "SOURCE_DIR=/opt/rustwide/workdir" "-e" "CARGO_HOME=/opt/rustwide/cargo-home" "-e" "RUSTUP_HOME=/opt/rustwide/rustup-home" "-e" "CARGO_TARGET_DIR=/opt/rustwide/target" "-w" "/opt/rustwide/workdir" "--user" "0:0" "9e68b18fdfc0f9218f6320a5e827eb98c5766ae226af2586e46d2ad97d4f10ce" "/opt/rustwide/cargo-home/bin/cargo" "+1.100.0-beta.1" "metadata" "--no-deps" "--format-version=1", kill_on_drop: false }`
[INFO] running `Command { std: "docker" "inspect" "9e68b18fdfc0f9218f6320a5e827eb98c5766ae226af2586e46d2ad97d4f10ce", kill_on_drop: false }`
[INFO] running `Command { std: "docker" "exec" "-e" "SOURCE_DIR=/opt/rustwide/workdir" "-e" "CARGO_HOME=/opt/rustwide/cargo-home" "-e" "RUSTUP_HOME=/opt/rustwide/rustup-home" "-e" "CARGO_TARGET_DIR=/opt/rustwide/target" "-e" "CARGO_INCREMENTAL=0" "-e" "RUST_BACKTRACE=full" "-e" "RUSTFLAGS=--cap-lints=warn" "-e" "RUSTDOCFLAGS=--cap-lints=warn" "-w" "/opt/rustwide/workdir" "--user" "0:0" "9e68b18fdfc0f9218f6320a5e827eb98c5766ae226af2586e46d2ad97d4f10ce" "/opt/rustwide/cargo-home/bin/cargo" "+1.100.0-beta.1" "build" "--frozen" "--message-format=json" "--release", kill_on_drop: false }`
[INFO] [stderr]    Compiling ninjen v0.1.1 (/opt/rustwide/workdir)
[INFO] [stderr]     Finished `release` profile [optimized] target(s) in 0.10s
[INFO] running `Command { std: "docker" "inspect" "9e68b18fdfc0f9218f6320a5e827eb98c5766ae226af2586e46d2ad97d4f10ce", kill_on_drop: false }`
[INFO] running `Command { std: "docker" "exec" "-e" "SOURCE_DIR=/opt/rustwide/workdir" "-e" "CARGO_HOME=/opt/rustwide/cargo-home" "-e" "RUSTUP_HOME=/opt/rustwide/rustup-home" "-e" "CARGO_TARGET_DIR=/opt/rustwide/target" "-e" "CARGO_INCREMENTAL=0" "-e" "RUST_BACKTRACE=full" "-e" "RUSTFLAGS=--cap-lints=warn" "-e" "RUSTDOCFLAGS=--cap-lints=warn" "-w" "/opt/rustwide/workdir" "--user" "0:0" "9e68b18fdfc0f9218f6320a5e827eb98c5766ae226af2586e46d2ad97d4f10ce" "/opt/rustwide/cargo-home/bin/cargo" "+1.100.0-beta.1" "test" "--frozen" "--no-run" "--message-format=json" "--release", kill_on_drop: false }`
[INFO] [stderr]    Compiling similar v2.7.0
[INFO] [stderr]    Compiling literally v0.1.3
[INFO] [stderr]    Compiling console v0.16.6
[INFO] [stderr]    Compiling tempfile v3.27.0
[INFO] [stderr]    Compiling insta v1.49.0
[INFO] [stderr]    Compiling ninjen v0.1.1 (/opt/rustwide/workdir)
[INFO] [stderr]     Finished `release` profile [optimized] target(s) in 3.09s
[INFO] running `Command { std: "docker" "inspect" "9e68b18fdfc0f9218f6320a5e827eb98c5766ae226af2586e46d2ad97d4f10ce", kill_on_drop: false }`
[INFO] running `Command { std: "docker" "exec" "-e" "SOURCE_DIR=/opt/rustwide/workdir" "-e" "CARGO_HOME=/opt/rustwide/cargo-home" "-e" "RUSTUP_HOME=/opt/rustwide/rustup-home" "-e" "CARGO_TARGET_DIR=/opt/rustwide/target" "-e" "CARGO_INCREMENTAL=0" "-e" "RUST_BACKTRACE=full" "-e" "RUSTFLAGS=--cap-lints=warn" "-e" "RUSTDOCFLAGS=--cap-lints=warn" "-w" "/opt/rustwide/workdir" "--user" "0:0" "9e68b18fdfc0f9218f6320a5e827eb98c5766ae226af2586e46d2ad97d4f10ce" "/opt/rustwide/cargo-home/bin/cargo" "+1.100.0-beta.1" "test" "--frozen" "--release", kill_on_drop: false }`
[INFO] [stderr]     Finished `release` profile [optimized] target(s) in 0.01s
[INFO] [stderr]      Running unittests src/lib.rs (/opt/rustwide/target/release/build/ninjen/6ba70129ad418d51/out/ninjen-6ba70129ad418d51)
[INFO] [stdout] 
[INFO] [stdout] running 3 tests
[INFO] [stdout] test tests::it_works ... ok
[INFO] [stdout] test tests::build ... FAILED
[INFO] [stdout] test tests::basic ... FAILED
[INFO] [stdout] 
[INFO] [stdout] failures:
[INFO] [stdout] 
[INFO] [stdout] ---- tests::build stdout ----
[INFO] [stdout] ━━━━━━━━━━━━━━━━━━━━━━━━━━━━━━━ Snapshot Summary ━━━━━━━━━━━━━━━━━━━━━━━━━━━━━━━
[INFO] [stdout] Snapshot file: src/snapshots/ninjen__tests__test-2.snap
[INFO] [stdout] Snapshot: test-2
[INFO] [stdout] Source: src/lib.rs:146
[INFO] [stdout] ────────────────────────────────────────────────────────────────────────────────
[INFO] [stdout] Expression: n.done()
[INFO] [stdout] ────────────────────────────────────────────────────────────────────────────────
[INFO] [stdout] +new results
[INFO] [stdout] ────────────┬───────────────────────────────────────────────────────────────────
[INFO] [stdout]           1 │+build out: cc in
[INFO] [stdout]           2 │+  name = value
[INFO] [stdout] ────────────┴───────────────────────────────────────────────────────────────────
[INFO] [stdout] 
[INFO] [stdout] thread 'tests::build' (255) panicked at src/lib.rs:146:9:
[INFO] [stdout] called `Result::unwrap()` on an `Err` value: FileIo(Os { code: 30, kind: ReadOnlyFilesystem, message: "Read-only file system" }, "/opt/rustwide/workdir/src/snapshots/ninjen__tests__test-2.snap.new")
[INFO] [stdout] stack backtrace:
[INFO] [stdout]    0:     0x6216547f6c81 - <<std[617be2ca0a6fd877]::sys::backtrace::BacktraceLock>::print::DisplayBacktrace as core[a373ad73a504971]::fmt::Display>::fmt
[INFO] [stdout]    1:     0x62165480d7ea - core[a373ad73a504971]::fmt::write
[INFO] [stdout]    2:     0x6216547fb40c - <alloc[2e1b2a31b91974c5]::vec::Vec<u8> as core[a373ad73a504971]::io::write::Write>::write_fmt
[INFO] [stdout]    3:     0x6216547cff46 - std[617be2ca0a6fd877]::panicking::default_hook::{closure#0}
[INFO] [stdout]    4:     0x6216547eddb9 - std[617be2ca0a6fd877]::panicking::default_hook
[INFO] [stdout]    5:     0x621654787df0 - test[aada8e7e76ba119b]::test_main_inner::{closure#0}
[INFO] [stdout]    6:     0x6216547edf72 - std[617be2ca0a6fd877]::panicking::panic_with_hook
[INFO] [stdout]    7:     0x6216547cfff2 - std[617be2ca0a6fd877]::panicking::panic_handler::{closure#0}
[INFO] [stdout]    8:     0x6216547c8829 - std[617be2ca0a6fd877]::sys::backtrace::__rust_end_short_backtrace::<std[617be2ca0a6fd877]::panicking::panic_handler::{closure#0}, !>
[INFO] [stdout]    9:     0x6216547d0c9d - __rustc[ea4f61d10b84890b]::rust_begin_unwind
[INFO] [stdout]   10:     0x62165480df4c - core[a373ad73a504971]::panicking::panic_fmt
[INFO] [stdout]   11:     0x62165480dd22 - core[a373ad73a504971]::result::unwrap_failed
[INFO] [stdout]   12:     0x6216547100f6 - <ninjen[29d8340fe7066acc]::tests::build::{closure#0} as core[a373ad73a504971]::ops::function::FnOnce<()>>::call_once
[INFO] [stdout]   13:     0x62165477b23b - test[aada8e7e76ba119b]::__rust_begin_short_backtrace::<core[a373ad73a504971]::result::Result<(), alloc[2e1b2a31b91974c5]::string::String>, fn() -> core[a373ad73a504971]::result::Result<(), alloc[2e1b2a31b91974c5]::string::String>>
[INFO] [stdout]   14:     0x621654788415 - test[aada8e7e76ba119b]::run_test::{closure#0}
[INFO] [stdout]   15:     0x621654781d04 - std[617be2ca0a6fd877]::sys::backtrace::__rust_begin_short_backtrace::<test[aada8e7e76ba119b]::run_test::{closure#1}, ()>
[INFO] [stdout]   16:     0x62165478b4a2 - <std[617be2ca0a6fd877]::thread::lifecycle::spawn_unchecked<test[aada8e7e76ba119b]::run_test::{closure#1}, ()>::{closure#1} as core[a373ad73a504971]::ops::function::FnOnce<()>>::call_once::{shim:vtable#0}
[INFO] [stdout]   17:     0x6216547f5c5f - <std[617be2ca0a6fd877]::sys::thread::unix::Thread>::new::thread_start
[INFO] [stdout]   18:     0x782b0622cdfa - <unknown>
[INFO] [stdout]   19:     0x782b062c03d4 - clone
[INFO] [stdout]   20:                0x0 - <unknown>
[INFO] [stdout] 
[INFO] [stdout] ---- tests::basic stdout ----
[INFO] [stdout] ━━━━━━━━━━━━━━━━━━━━━━━━━━━━━━━ Snapshot Summary ━━━━━━━━━━━━━━━━━━━━━━━━━━━━━━━
[INFO] [stdout] Snapshot file: src/snapshots/ninjen__tests__test.snap
[INFO] [stdout] Snapshot: test
[INFO] [stdout] Source: src/lib.rs:146
[INFO] [stdout] ────────────────────────────────────────────────────────────────────────────────
[INFO] [stdout] Expression: n.done()
[INFO] [stdout] ────────────────────────────────────────────────────────────────────────────────
[INFO] [stdout] +new results
[INFO] [stdout] ────────────┬───────────────────────────────────────────────────────────────────
[INFO] [stdout]           1 │+key = value
[INFO] [stdout]           2 │+
[INFO] [stdout]           3 │+pool pool
[INFO] [stdout]           4 │+  depth = 5
[INFO] [stdout]           5 │+include foo.ninja
[INFO] [stdout]           6 │+subninja bax.ninja
[INFO] [stdout] ────────────┴───────────────────────────────────────────────────────────────────
[INFO] [stdout] 
[INFO] [stdout] thread 'tests::basic' (254) panicked at src/lib.rs:146:9:
[INFO] [stdout] called `Result::unwrap()` on an `Err` value: FileIo(Os { code: 30, kind: ReadOnlyFilesystem, message: "Read-only file system" }, "/opt/rustwide/workdir/src/snapshots/ninjen__tests__test.snap.new")
[INFO] [stdout] stack backtrace:
[INFO] [stdout]    0:     0x6216547f6c81 - <<std[617be2ca0a6fd877]::sys::backtrace::BacktraceLock>::print::DisplayBacktrace as core[a373ad73a504971]::fmt::Display>::fmt
[INFO] [stdout]    1:     0x62165480d7ea - core[a373ad73a504971]::fmt::write
[INFO] [stdout]    2:     0x6216547fb40c - <alloc[2e1b2a31b91974c5]::vec::Vec<u8> as core[a373ad73a504971]::io::write::Write>::write_fmt
[INFO] [stdout]    3:     0x6216547cff46 - std[617be2ca0a6fd877]::panicking::default_hook::{closure#0}
[INFO] [stdout]    4:     0x6216547eddb9 - std[617be2ca0a6fd877]::panicking::default_hook
[INFO] [stdout]    5:     0x621654787df0 - test[aada8e7e76ba119b]::test_main_inner::{closure#0}
[INFO] [stdout]    6:     0x6216547edf72 - std[617be2ca0a6fd877]::panicking::panic_with_hook
[INFO] [stdout]    7:     0x6216547cfff2 - std[617be2ca0a6fd877]::panicking::panic_handler::{closure#0}
[INFO] [stdout]    8:     0x6216547c8829 - std[617be2ca0a6fd877]::sys::backtrace::__rust_end_short_backtrace::<std[617be2ca0a6fd877]::panicking::panic_handler::{closure#0}, !>
[INFO] [stdout]    9:     0x6216547d0c9d - __rustc[ea4f61d10b84890b]::rust_begin_unwind
[INFO] [stdout]   10:     0x62165480df4c - core[a373ad73a504971]::panicking::panic_fmt
[INFO] [stdout]   11:     0x62165480dd22 - core[a373ad73a504971]::result::unwrap_failed
[INFO] [stdout]   12:     0x62165470faee - <ninjen[29d8340fe7066acc]::tests::basic::{closure#0} as core[a373ad73a504971]::ops::function::FnOnce<()>>::call_once
[INFO] [stdout]   13:     0x62165477b23b - test[aada8e7e76ba119b]::__rust_begin_short_backtrace::<core[a373ad73a504971]::result::Result<(), alloc[2e1b2a31b91974c5]::string::String>, fn() -> core[a373ad73a504971]::result::Result<(), alloc[2e1b2a31b91974c5]::string::String>>
[INFO] [stdout]   14:     0x621654788415 - test[aada8e7e76ba119b]::run_test::{closure#0}
[INFO] [stdout]   15:     0x621654781d04 - std[617be2ca0a6fd877]::sys::backtrace::__rust_begin_short_backtrace::<test[aada8e7e76ba119b]::run_test::{closure#1}, ()>
[INFO] [stdout]   16:     0x62165478b4a2 - <std[617be2ca0a6fd877]::thread::lifecycle::spawn_unchecked<test[aada8e7e76ba119b]::run_test::{closure#1}, ()>::{closure#1} as core[a373ad73a504971]::ops::function::FnOnce<()>>::call_once::{shim:vtable#0}
[INFO] [stdout]   17:     0x6216547f5c5f - <std[617be2ca0a6fd877]::sys::thread::unix::Thread>::new::thread_start
[INFO] [stdout]   18:     0x782b0622cdfa - <unknown>
[INFO] [stdout]   19:     0x782b062c03d4 - clone
[INFO] [stdout]   20:                0x0 - <unknown>
[INFO] [stdout] 
[INFO] [stdout] 
[INFO] [stdout] failures:
[INFO] [stdout]     tests::basic
[INFO] [stdout]     tests::build
[INFO] [stdout] 
[INFO] [stdout] test result: FAILED. 1 passed; 2 failed; 0 ignored; 0 measured; 0 filtered out; finished in 0.14s
[INFO] [stdout] 
[INFO] [stderr] error: test failed, to rerun pass `--lib`
[INFO] running `Command { std: "docker" "inspect" "9e68b18fdfc0f9218f6320a5e827eb98c5766ae226af2586e46d2ad97d4f10ce", kill_on_drop: false }`
[INFO] running `Command { std: "docker" "rm" "-f" "9e68b18fdfc0f9218f6320a5e827eb98c5766ae226af2586e46d2ad97d4f10ce", kill_on_drop: false }`
[INFO] [stdout] 9e68b18fdfc0f9218f6320a5e827eb98c5766ae226af2586e46d2ad97d4f10ce
