[INFO] fetching crate nina 1.0.0...
[INFO] testing nina-1.0.0 against 1.99.0-beta.8+cargoflags=--release for beta-release-1.100-2
[INFO] extracting crate nina 1.0.0 into /workspace/builds/worker-7-tc1/source
[INFO] started tweaking crates.io crate nina 1.0.0
[INFO] finished tweaking crates.io crate nina 1.0.0
[INFO] tweaked toml for crates.io crate nina 1.0.0 written to /workspace/builds/worker-7-tc1/source/Cargo.toml
[INFO] validating manifest of crates.io crate nina 1.0.0 on toolchain 1.99.0-beta.8
[INFO] running `Command { std: CARGO_HOME="/workspace/cargo-home" RUSTUP_HOME="/workspace/rustup-home" "/workspace/cargo-home/bin/cargo" "+1.99.0-beta.8" "metadata" "--manifest-path" "Cargo.toml" "--no-deps", kill_on_drop: false }`
[INFO] running `Command { std: CARGO_HOME="/workspace/cargo-home" RUSTUP_HOME="/workspace/rustup-home" "/workspace/cargo-home/bin/cargo" "+1.99.0-beta.8" "generate-lockfile" "--manifest-path" "Cargo.toml", kill_on_drop: false }`
[INFO] [stderr]     Updating crates.io index
[INFO] [stderr]      Locking 26 packages to highest compatible versions
[INFO] running `Command { std: CARGO_HOME="/workspace/cargo-home" RUSTUP_HOME="/workspace/rustup-home" "/workspace/cargo-home/bin/cargo" "+1.99.0-beta.8" "fetch" "--manifest-path" "Cargo.toml", kill_on_drop: false }`
[INFO] [stderr]  Downloading crates ...
[INFO] [stderr]   Downloaded curl v0.4.51
[INFO] [stderr]   Downloaded curl-sys v0.4.91+curl-8.22.0
[INFO] running `Command { std: "docker" "create" "-v" "/var/lib/crater-agent-workspace/builds/worker-7-tc1/source:/opt/rustwide/workdir:ro,Z" "-v" "/var/lib/crater-agent-workspace/builds/worker-7-tc1/target:/opt/rustwide/target:rw,Z" "-v" "/var/lib/crater-agent-workspace/cargo-home:/opt/rustwide/cargo-home:ro,Z" "-v" "/var/lib/crater-agent-workspace/rustup-home:/opt/rustwide/rustup-home:ro,Z" "-m" "1610612736" "--network" "none" "ghcr.io/rust-lang/crates-build-env/linux@sha256:77db811e55d90add9212f6832c23229e3de5f1c1f9905e8cb07319ea15df73ac" "sleep" "infinity", kill_on_drop: false }`
[INFO] [stdout] c3a70a81a92b14c48da7bf2825be9d23220e3a9550b120a362667632d8727fca
[INFO] running `Command { std: "docker" "start" "c3a70a81a92b14c48da7bf2825be9d23220e3a9550b120a362667632d8727fca", kill_on_drop: false }`
[INFO] running `Command { std: "docker" "inspect" "c3a70a81a92b14c48da7bf2825be9d23220e3a9550b120a362667632d8727fca", kill_on_drop: false }`
[INFO] running `Command { std: "docker" "exec" "-e" "SOURCE_DIR=/opt/rustwide/workdir" "-e" "CARGO_HOME=/opt/rustwide/cargo-home" "-e" "RUSTUP_HOME=/opt/rustwide/rustup-home" "-e" "CARGO_TARGET_DIR=/opt/rustwide/target" "-w" "/opt/rustwide/workdir" "--user" "0:0" "c3a70a81a92b14c48da7bf2825be9d23220e3a9550b120a362667632d8727fca" "/opt/rustwide/cargo-home/bin/cargo" "+1.99.0-beta.8" "metadata" "--no-deps" "--format-version=1", kill_on_drop: false }`
[INFO] running `Command { std: "docker" "inspect" "c3a70a81a92b14c48da7bf2825be9d23220e3a9550b120a362667632d8727fca", kill_on_drop: false }`
[INFO] running `Command { std: "docker" "exec" "-e" "SOURCE_DIR=/opt/rustwide/workdir" "-e" "CARGO_HOME=/opt/rustwide/cargo-home" "-e" "RUSTUP_HOME=/opt/rustwide/rustup-home" "-e" "CARGO_TARGET_DIR=/opt/rustwide/target" "-e" "CARGO_INCREMENTAL=0" "-e" "RUST_BACKTRACE=full" "-e" "RUSTFLAGS=--cap-lints=warn" "-e" "RUSTDOCFLAGS=--cap-lints=warn" "-w" "/opt/rustwide/workdir" "--user" "0:0" "c3a70a81a92b14c48da7bf2825be9d23220e3a9550b120a362667632d8727fca" "/opt/rustwide/cargo-home/bin/cargo" "+1.99.0-beta.8" "build" "--frozen" "--message-format=json" "--release", kill_on_drop: false }`
[INFO] [stderr]    Compiling cc v1.8.0
[INFO] [stderr]    Compiling proc-macro2 v1.0.107
[INFO] [stderr]    Compiling quote v1.0.47
[INFO] [stderr]    Compiling curl v0.4.51
[INFO] [stderr]    Compiling socket2 v0.6.5
[INFO] [stderr]    Compiling serde_json v1.0.154
[INFO] [stderr]    Compiling syn v3.0.9
[INFO] [stderr]    Compiling libz-sys v1.1.30
[INFO] [stderr]    Compiling openssl-sys v0.9.117
[INFO] [stderr]    Compiling curl-sys v0.4.91+curl-8.22.0
[INFO] [stderr]    Compiling serde_derive v1.0.229
[INFO] [stderr]    Compiling serde v1.0.229
[INFO] [stderr]    Compiling nina v1.0.0 (/opt/rustwide/workdir)
[INFO] [stderr]     Finished `release` profile [optimized] target(s) in 17.07s
[INFO] running `Command { std: "docker" "inspect" "c3a70a81a92b14c48da7bf2825be9d23220e3a9550b120a362667632d8727fca", kill_on_drop: false }`
[INFO] running `Command { std: "docker" "exec" "-e" "SOURCE_DIR=/opt/rustwide/workdir" "-e" "CARGO_HOME=/opt/rustwide/cargo-home" "-e" "RUSTUP_HOME=/opt/rustwide/rustup-home" "-e" "CARGO_TARGET_DIR=/opt/rustwide/target" "-e" "CARGO_INCREMENTAL=0" "-e" "RUST_BACKTRACE=full" "-e" "RUSTFLAGS=--cap-lints=warn" "-e" "RUSTDOCFLAGS=--cap-lints=warn" "-w" "/opt/rustwide/workdir" "--user" "0:0" "c3a70a81a92b14c48da7bf2825be9d23220e3a9550b120a362667632d8727fca" "/opt/rustwide/cargo-home/bin/cargo" "+1.99.0-beta.8" "test" "--frozen" "--no-run" "--message-format=json" "--release", kill_on_drop: false }`
[INFO] [stderr]    Compiling nina v1.0.0 (/opt/rustwide/workdir)
[INFO] [stderr]     Finished `release` profile [optimized] target(s) in 2.95s
[INFO] running `Command { std: "docker" "inspect" "c3a70a81a92b14c48da7bf2825be9d23220e3a9550b120a362667632d8727fca", kill_on_drop: false }`
[INFO] running `Command { std: "docker" "exec" "-e" "SOURCE_DIR=/opt/rustwide/workdir" "-e" "CARGO_HOME=/opt/rustwide/cargo-home" "-e" "RUSTUP_HOME=/opt/rustwide/rustup-home" "-e" "CARGO_TARGET_DIR=/opt/rustwide/target" "-e" "CARGO_INCREMENTAL=0" "-e" "RUST_BACKTRACE=full" "-e" "RUSTFLAGS=--cap-lints=warn" "-e" "RUSTDOCFLAGS=--cap-lints=warn" "-w" "/opt/rustwide/workdir" "--user" "0:0" "c3a70a81a92b14c48da7bf2825be9d23220e3a9550b120a362667632d8727fca" "/opt/rustwide/cargo-home/bin/cargo" "+1.99.0-beta.8" "test" "--frozen" "--release", kill_on_drop: false }`
[INFO] [stderr]     Finished `release` profile [optimized] target(s) in 0.10s
[INFO] [stderr]      Running unittests src/lib.rs (/opt/rustwide/target/release/deps/nina-140f7c04dcb60dae)
[INFO] [stdout] 
[INFO] [stdout] running 5 tests
[INFO] [stdout] test tests::test_katwarn ... FAILED
[INFO] [stdout] test tests::test_covidrules ... FAILED
[INFO] [stdout] test tests::test_overview ... FAILED
[INFO] [stdout] test tests::test_mowas ... FAILED
[INFO] [stdout] test tests::test_biwapp ... FAILED
[INFO] [stdout] 
[INFO] [stdout] failures:
[INFO] [stdout] 
[INFO] [stdout] ---- tests::test_katwarn stdout ----
[INFO] [stdout] 
[INFO] [stdout] thread 'tests::test_katwarn' (486) panicked at src/lib.rs:18:28:
[INFO] [stdout] called `Result::unwrap()` on an `Err` value: Error { description: "Could not resolve hostname", code: 6, extra: Some("Could not resolve host: warnung.bund.de") }
[INFO] [stdout] stack backtrace:
[INFO] [stdout]    0:     0x6000323abd11 - <<std[70759c8f55707aa4]::sys::backtrace::BacktraceLock>::print::DisplayBacktrace as core[df12db4294e9bfd3]::fmt::Display>::fmt
[INFO] [stdout]    1:     0x6000323c0ffa - core[df12db4294e9bfd3]::fmt::write
[INFO] [stdout]    2:     0x6000323b026c - <alloc[2182bb758b4b3781]::vec::Vec<u8> as core[df12db4294e9bfd3]::io::write::Write>::write_fmt
[INFO] [stdout]    3:     0x6000323880c6 - std[70759c8f55707aa4]::panicking::default_hook::{closure#0}
[INFO] [stdout]    4:     0x6000323a4249 - std[70759c8f55707aa4]::panicking::default_hook
[INFO] [stdout]    5:     0x60003233c140 - test[9d35eded1c95d3be]::test_main_inner::<test[9d35eded1c95d3be]::test_main_static::{closure#0}>::{closure#0}
[INFO] [stdout]    6:     0x6000323a4572 - std[70759c8f55707aa4]::panicking::panic_with_hook
[INFO] [stdout]    7:     0x600032388172 - std[70759c8f55707aa4]::panicking::panic_handler::{closure#0}
[INFO] [stdout]    8:     0x600032380ef9 - std[70759c8f55707aa4]::sys::backtrace::__rust_end_short_backtrace::<std[70759c8f55707aa4]::panicking::panic_handler::{closure#0}, !>
[INFO] [stdout]    9:     0x600032388d6d - __rustc[8fa7c3cbc660c2b3]::rust_begin_unwind
[INFO] [stdout]   10:     0x6000323c175c - core[df12db4294e9bfd3]::panicking::panic_fmt
[INFO] [stdout]   11:     0x6000323c1532 - core[df12db4294e9bfd3]::result::unwrap_failed
[INFO] [stdout]   12:     0x600032329f40 - nina[89d0a3c1ed5cf1a8]::curl
[INFO] [stdout]   13:     0x600032328233 - nina[89d0a3c1ed5cf1a8]::tests::test_katwarn
[INFO] [stdout]   14:     0x60003232a869 - <nina[89d0a3c1ed5cf1a8]::tests::test_katwarn::{closure#0} as core[df12db4294e9bfd3]::ops::function::FnOnce<()>>::call_once
[INFO] [stdout]   15:     0x60003232f42b - test[9d35eded1c95d3be]::__rust_begin_short_backtrace::<core[df12db4294e9bfd3]::result::Result<(), alloc[2182bb758b4b3781]::string::String>, fn() -> core[df12db4294e9bfd3]::result::Result<(), alloc[2182bb758b4b3781]::string::String>>
[INFO] [stdout]   16:     0x60003233ca95 - test[9d35eded1c95d3be]::run_test::{closure#0}
[INFO] [stdout]   17:     0x600032336354 - std[70759c8f55707aa4]::sys::backtrace::__rust_begin_short_backtrace::<test[9d35eded1c95d3be]::run_test::{closure#1}, ()>
[INFO] [stdout]   18:     0x60003233fbf2 - <std[70759c8f55707aa4]::thread::lifecycle::spawn_unchecked<test[9d35eded1c95d3be]::run_test::{closure#1}, ()>::{closure#1} as core[df12db4294e9bfd3]::ops::function::FnOnce<()>>::call_once::{shim:vtable#0}
[INFO] [stdout]   19:     0x6000323ab5d9 - <std[70759c8f55707aa4]::sys::thread::unix::Thread>::new::thread_start
[INFO] [stdout]   20:     0x70e2113b2dfa - <unknown>
[INFO] [stdout]   21:     0x70e2114463d4 - clone
[INFO] [stdout]   22:                0x0 - <unknown>
[INFO] [stdout] 
[INFO] [stdout] ---- tests::test_covidrules stdout ----
[INFO] [stdout] 
[INFO] [stdout] thread 'tests::test_covidrules' (485) panicked at src/lib.rs:18:28:
[INFO] [stdout] called `Result::unwrap()` on an `Err` value: Error { description: "Could not resolve hostname", code: 6, extra: Some("Could not resolve host: warnung.bund.de") }
[INFO] [stdout] stack backtrace:
[INFO] [stdout]    0:     0x6000323abd11 - <<std[70759c8f55707aa4]::sys::backtrace::BacktraceLock>::print::DisplayBacktrace as core[df12db4294e9bfd3]::fmt::Display>::fmt
[INFO] [stdout]    1:     0x6000323c0ffa - core[df12db4294e9bfd3]::fmt::write
[INFO] [stdout]    2:     0x6000323b026c - <alloc[2182bb758b4b3781]::vec::Vec<u8> as core[df12db4294e9bfd3]::io::write::Write>::write_fmt
[INFO] [stdout]    3:     0x6000323880c6 - std[70759c8f55707aa4]::panicking::default_hook::{closure#0}
[INFO] [stdout]    4:     0x6000323a4249 - std[70759c8f55707aa4]::panicking::default_hook
[INFO] [stdout]    5:     0x60003233c140 - test[9d35eded1c95d3be]::test_main_inner::<test[9d35eded1c95d3be]::test_main_static::{closure#0}>::{closure#0}
[INFO] [stdout]    6:     0x6000323a4572 - std[70759c8f55707aa4]::panicking::panic_with_hook
[INFO] [stdout]    7:     0x600032388172 - std[70759c8f55707aa4]::panicking::panic_handler::{closure#0}
[INFO] [stdout]    8:     0x600032380ef9 - std[70759c8f55707aa4]::sys::backtrace::__rust_end_short_backtrace::<std[70759c8f55707aa4]::panicking::panic_handler::{closure#0}, !>
[INFO] [stdout]    9:     0x600032388d6d - __rustc[8fa7c3cbc660c2b3]::rust_begin_unwind
[INFO] [stdout]   10:     0x6000323c175c - core[df12db4294e9bfd3]::panicking::panic_fmt
[INFO] [stdout]   11:     0x6000323c1532 - core[df12db4294e9bfd3]::result::unwrap_failed
[INFO] [stdout]   12:     0x600032329f40 - nina[89d0a3c1ed5cf1a8]::curl
[INFO] [stdout]   13:     0x600032329be1 - nina[89d0a3c1ed5cf1a8]::covidrules
[INFO] [stdout]   14:     0x60003232857c - nina[89d0a3c1ed5cf1a8]::tests::test_covidrules
[INFO] [stdout]   15:     0x60003232a8a9 - <nina[89d0a3c1ed5cf1a8]::tests::test_covidrules::{closure#0} as core[df12db4294e9bfd3]::ops::function::FnOnce<()>>::call_once
[INFO] [stdout]   16:     0x60003232f42b - test[9d35eded1c95d3be]::__rust_begin_short_backtrace::<core[df12db4294e9bfd3]::result::Result<(), alloc[2182bb758b4b3781]::string::String>, fn() -> core[df12db4294e9bfd3]::result::Result<(), alloc[2182bb758b4b3781]::string::String>>
[INFO] [stdout]   17:     0x60003233ca95 - test[9d35eded1c95d3be]::run_test::{closure#0}
[INFO] [stdout]   18:     0x600032336354 - std[70759c8f55707aa4]::sys::backtrace::__rust_begin_short_backtrace::<test[9d35eded1c95d3be]::run_test::{closure#1}, ()>
[INFO] [stdout]   19:     0x60003233fbf2 - <std[70759c8f55707aa4]::thread::lifecycle::spawn_unchecked<test[9d35eded1c95d3be]::run_test::{closure#1}, ()>::{closure#1} as core[df12db4294e9bfd3]::ops::function::FnOnce<()>>::call_once::{shim:vtable#0}
[INFO] [stdout]   20:     0x6000323ab5d9 - <std[70759c8f55707aa4]::sys::thread::unix::Thread>::new::thread_start
[INFO] [stdout]   21:     0x70e2113b2dfa - <unknown>
[INFO] [stdout]   22:     0x70e2114463d4 - clone
[INFO] [stdout]   23:                0x0 - <unknown>
[INFO] [stdout] 
[INFO] [stdout] ---- tests::test_overview stdout ----
[INFO] [stdout] 
[INFO] [stdout] thread 'tests::test_overview' (488) panicked at src/lib.rs:18:28:
[INFO] [stdout] called `Result::unwrap()` on an `Err` value: Error { description: "Could not resolve hostname", code: 6, extra: Some("Could not resolve host: warnung.bund.de") }
[INFO] [stdout] stack backtrace:
[INFO] [stdout]    0:     0x6000323abd11 - <<std[70759c8f55707aa4]::sys::backtrace::BacktraceLock>::print::DisplayBacktrace as core[df12db4294e9bfd3]::fmt::Display>::fmt
[INFO] [stdout]    1:     0x6000323c0ffa - core[df12db4294e9bfd3]::fmt::write
[INFO] [stdout]    2:     0x6000323b026c - <alloc[2182bb758b4b3781]::vec::Vec<u8> as core[df12db4294e9bfd3]::io::write::Write>::write_fmt
[INFO] [stdout]    3:     0x6000323880c6 - std[70759c8f55707aa4]::panicking::default_hook::{closure#0}
[INFO] [stdout]    4:     0x6000323a4249 - std[70759c8f55707aa4]::panicking::default_hook
[INFO] [stdout]    5:     0x60003233c140 - test[9d35eded1c95d3be]::test_main_inner::<test[9d35eded1c95d3be]::test_main_static::{closure#0}>::{closure#0}
[INFO] [stdout]    6:     0x6000323a4572 - std[70759c8f55707aa4]::panicking::panic_with_hook
[INFO] [stdout]    7:     0x600032388172 - std[70759c8f55707aa4]::panicking::panic_handler::{closure#0}
[INFO] [stdout]    8:     0x600032380ef9 - std[70759c8f55707aa4]::sys::backtrace::__rust_end_short_backtrace::<std[70759c8f55707aa4]::panicking::panic_handler::{closure#0}, !>
[INFO] [stdout]    9:     0x600032388d6d - __rustc[8fa7c3cbc660c2b3]::rust_begin_unwind
[INFO] [stdout]   10:     0x6000323c175c - core[df12db4294e9bfd3]::panicking::panic_fmt
[INFO] [stdout]   11:     0x6000323c1532 - core[df12db4294e9bfd3]::result::unwrap_failed
[INFO] [stdout]   12:     0x600032329f40 - nina[89d0a3c1ed5cf1a8]::curl
[INFO] [stdout]   13:     0x60003232a0d7 - nina[89d0a3c1ed5cf1a8]::overview
[INFO] [stdout]   14:     0x6000323283ff - nina[89d0a3c1ed5cf1a8]::tests::test_overview
[INFO] [stdout]   15:     0x60003232a889 - <nina[89d0a3c1ed5cf1a8]::tests::test_overview::{closure#0} as core[df12db4294e9bfd3]::ops::function::FnOnce<()>>::call_once
[INFO] [stdout]   16:     0x60003232f42b - test[9d35eded1c95d3be]::__rust_begin_short_backtrace::<core[df12db4294e9bfd3]::result::Result<(), alloc[2182bb758b4b3781]::string::String>, fn() -> core[df12db4294e9bfd3]::result::Result<(), alloc[2182bb758b4b3781]::string::String>>
[INFO] [stdout]   17:     0x60003233ca95 - test[9d35eded1c95d3be]::run_test::{closure#0}
[INFO] [stdout]   18:     0x600032336354 - std[70759c8f55707aa4]::sys::backtrace::__rust_begin_short_backtrace::<test[9d35eded1c95d3be]::run_test::{closure#1}, ()>
[INFO] [stdout]   19:     0x60003233fbf2 - <std[70759c8f55707aa4]::thread::lifecycle::spawn_unchecked<test[9d35eded1c95d3be]::run_test::{closure#1}, ()>::{closure#1} as core[df12db4294e9bfd3]::ops::function::FnOnce<()>>::call_once::{shim:vtable#0}
[INFO] [stdout]   20:     0x6000323ab5d9 - <std[70759c8f55707aa4]::sys::thread::unix::Thread>::new::thread_start
[INFO] [stdout]   21:     0x70e2113b2dfa - <unknown>
[INFO] [stdout]   22:     0x70e2114463d4 - clone
[INFO] [stdout]   23:                0x0 - <unknown>
[INFO] [stdout] 
[INFO] [stdout] ---- tests::test_mowas stdout ----
[INFO] [stdout] 
[INFO] [stdout] thread 'tests::test_mowas' (487) panicked at src/lib.rs:18:28:
[INFO] [stdout] called `Result::unwrap()` on an `Err` value: Error { description: "Could not resolve hostname", code: 6, extra: Some("Could not resolve host: warnung.bund.de") }
[INFO] [stdout] stack backtrace:
[INFO] [stdout]    0:     0x6000323abd11 - <<std[70759c8f55707aa4]::sys::backtrace::BacktraceLock>::print::DisplayBacktrace as core[df12db4294e9bfd3]::fmt::Display>::fmt
[INFO] [stdout]    1:     0x6000323c0ffa - core[df12db4294e9bfd3]::fmt::write
[INFO] [stdout]    2:     0x6000323b026c - <alloc[2182bb758b4b3781]::vec::Vec<u8> as core[df12db4294e9bfd3]::io::write::Write>::write_fmt
[INFO] [stdout]    3:     0x6000323880c6 - std[70759c8f55707aa4]::panicking::default_hook::{closure#0}
[INFO] [stdout]    4:     0x6000323a4249 - std[70759c8f55707aa4]::panicking::default_hook
[INFO] [stdout]    5:     0x60003233c140 - test[9d35eded1c95d3be]::test_main_inner::<test[9d35eded1c95d3be]::test_main_static::{closure#0}>::{closure#0}
[INFO] [stdout]    6:     0x6000323a4572 - std[70759c8f55707aa4]::panicking::panic_with_hook
[INFO] [stdout]    7:     0x600032388172 - std[70759c8f55707aa4]::panicking::panic_handler::{closure#0}
[INFO] [stdout]    8:     0x600032380ef9 - std[70759c8f55707aa4]::sys::backtrace::__rust_end_short_backtrace::<std[70759c8f55707aa4]::panicking::panic_handler::{closure#0}, !>
[INFO] [stdout]    9:     0x600032388d6d - __rustc[8fa7c3cbc660c2b3]::rust_begin_unwind
[INFO] [stdout]   10:     0x6000323c175c - core[df12db4294e9bfd3]::panicking::panic_fmt
[INFO] [stdout]   11:     0x6000323c1532 - core[df12db4294e9bfd3]::result::unwrap_failed
[INFO] [stdout]   12:     0x600032329f40 - nina[89d0a3c1ed5cf1a8]::curl
[INFO] [stdout]   13:     0x600032327e93 - nina[89d0a3c1ed5cf1a8]::tests::test_mowas
[INFO] [stdout]   14:     0x60003232a829 - <nina[89d0a3c1ed5cf1a8]::tests::test_mowas::{closure#0} as core[df12db4294e9bfd3]::ops::function::FnOnce<()>>::call_once
[INFO] [stdout]   15:     0x60003232f42b - test[9d35eded1c95d3be]::__rust_begin_short_backtrace::<core[df12db4294e9bfd3]::result::Result<(), alloc[2182bb758b4b3781]::string::String>, fn() -> core[df12db4294e9bfd3]::result::Result<(), alloc[2182bb758b4b3781]::string::String>>
[INFO] [stdout]   16:     0x60003233ca95 - test[9d35eded1c95d3be]::run_test::{closure#0}
[INFO] [stdout]   17:     0x600032336354 - std[70759c8f55707aa4]::sys::backtrace::__rust_begin_short_backtrace::<test[9d35eded1c95d3be]::run_test::{closure#1}, ()>
[INFO] [stdout]   18:     0x60003233fbf2 - <std[70759c8f55707aa4]::thread::lifecycle::spawn_unchecked<test[9d35eded1c95d3be]::run_test::{closure#1}, ()>::{closure#1} as core[df12db4294e9bfd3]::ops::function::FnOnce<()>>::call_once::{shim:vtable#0}
[INFO] [stdout]   19:     0x6000323ab5d9 - <std[70759c8f55707aa4]::sys::thread::unix::Thread>::new::thread_start
[INFO] [stdout]   20:     0x70e2113b2dfa - <unknown>
[INFO] [stdout]   21:     0x70e2114463d4 - clone
[INFO] [stdout]   22:                0x0 - <unknown>
[INFO] [stdout] 
[INFO] [stdout] ---- tests::test_biwapp stdout ----
[INFO] [stdout] 
[INFO] [stdout] thread 'tests::test_biwapp' (484) panicked at src/lib.rs:18:28:
[INFO] [stdout] called `Result::unwrap()` on an `Err` value: Error { description: "Could not resolve hostname", code: 6, extra: Some("Could not resolve host: warnung.bund.de") }
[INFO] [stdout] stack backtrace:
[INFO] [stdout]    0:     0x6000323abd11 - <<std[70759c8f55707aa4]::sys::backtrace::BacktraceLock>::print::DisplayBacktrace as core[df12db4294e9bfd3]::fmt::Display>::fmt
[INFO] [stdout]    1:     0x6000323c0ffa - core[df12db4294e9bfd3]::fmt::write
[INFO] [stdout]    2:     0x6000323b026c - <alloc[2182bb758b4b3781]::vec::Vec<u8> as core[df12db4294e9bfd3]::io::write::Write>::write_fmt
[INFO] [stdout]    3:     0x6000323880c6 - std[70759c8f55707aa4]::panicking::default_hook::{closure#0}
[INFO] [stdout]    4:     0x6000323a4249 - std[70759c8f55707aa4]::panicking::default_hook
[INFO] [stdout]    5:     0x60003233c140 - test[9d35eded1c95d3be]::test_main_inner::<test[9d35eded1c95d3be]::test_main_static::{closure#0}>::{closure#0}
[INFO] [stdout]    6:     0x6000323a4572 - std[70759c8f55707aa4]::panicking::panic_with_hook
[INFO] [stdout]    7:     0x600032388172 - std[70759c8f55707aa4]::panicking::panic_handler::{closure#0}
[INFO] [stdout]    8:     0x600032380ef9 - std[70759c8f55707aa4]::sys::backtrace::__rust_end_short_backtrace::<std[70759c8f55707aa4]::panicking::panic_handler::{closure#0}, !>
[INFO] [stdout]    9:     0x600032388d6d - __rustc[8fa7c3cbc660c2b3]::rust_begin_unwind
[INFO] [stdout]   10:     0x6000323c175c - core[df12db4294e9bfd3]::panicking::panic_fmt
[INFO] [stdout]   11:     0x6000323c1532 - core[df12db4294e9bfd3]::result::unwrap_failed
[INFO] [stdout]   12:     0x600032329f40 - nina[89d0a3c1ed5cf1a8]::curl
[INFO] [stdout]   13:     0x600032328063 - nina[89d0a3c1ed5cf1a8]::tests::test_biwapp
[INFO] [stdout]   14:     0x60003232a849 - <nina[89d0a3c1ed5cf1a8]::tests::test_biwapp::{closure#0} as core[df12db4294e9bfd3]::ops::function::FnOnce<()>>::call_once
[INFO] [stdout]   15:     0x60003232f42b - test[9d35eded1c95d3be]::__rust_begin_short_backtrace::<core[df12db4294e9bfd3]::result::Result<(), alloc[2182bb758b4b3781]::string::String>, fn() -> core[df12db4294e9bfd3]::result::Result<(), alloc[2182bb758b4b3781]::string::String>>
[INFO] [stdout]   16:     0x60003233ca95 - test[9d35eded1c95d3be]::run_test::{closure#0}
[INFO] [stdout]   17:     0x600032336354 - std[70759c8f55707aa4]::sys::backtrace::__rust_begin_short_backtrace::<test[9d35eded1c95d3be]::run_test::{closure#1}, ()>
[INFO] [stdout]   18:     0x60003233fbf2 - <std[70759c8f55707aa4]::thread::lifecycle::spawn_unchecked<test[9d35eded1c95d3be]::run_test::{closure#1}, ()>::{closure#1} as core[df12db4294e9bfd3]::ops::function::FnOnce<()>>::call_once::{shim:vtable#0}
[INFO] [stdout]   19:     0x6000323ab5d9 - <std[70759c8f55707aa4]::sys::thread::unix::Thread>::new::thread_start
[INFO] [stdout]   20:     0x70e2113b2dfa - <unknown>
[INFO] [stdout]   21:     0x70e2114463d4 - clone
[INFO] [stdout]   22:                0x0 - <unknown>
[INFO] [stdout] 
[INFO] [stdout] 
[INFO] [stdout] failures:
[INFO] [stdout]     tests::test_biwapp
[INFO] [stdout]     tests::test_covidrules
[INFO] [stdout]     tests::test_katwarn
[INFO] [stdout]     tests::test_mowas
[INFO] [stdout]     tests::test_overview
[INFO] [stdout] 
[INFO] [stdout] test result: FAILED. 0 passed; 5 failed; 0 ignored; 0 measured; 0 filtered out; finished in 0.02s
[INFO] [stdout] 
[INFO] [stderr] error: test failed, to rerun pass `--lib`
[INFO] running `Command { std: "docker" "inspect" "c3a70a81a92b14c48da7bf2825be9d23220e3a9550b120a362667632d8727fca", kill_on_drop: false }`
[INFO] running `Command { std: "docker" "rm" "-f" "c3a70a81a92b14c48da7bf2825be9d23220e3a9550b120a362667632d8727fca", kill_on_drop: false }`
[INFO] [stdout] c3a70a81a92b14c48da7bf2825be9d23220e3a9550b120a362667632d8727fca
