[INFO] fetching crate nils-zsh-kit 1.21.9...
[INFO] testing nils-zsh-kit-1.21.9 against 1.99.0-beta.8+cargoflags=--release for beta-release-1.100-2
[INFO] extracting crate nils-zsh-kit 1.21.9 into /workspace/builds/worker-0-tc1/source
[INFO] started tweaking crates.io crate nils-zsh-kit 1.21.9
[INFO] removed 0 missing tests
[INFO] finished tweaking crates.io crate nils-zsh-kit 1.21.9
[INFO] tweaked toml for crates.io crate nils-zsh-kit 1.21.9 written to /workspace/builds/worker-0-tc1/source/Cargo.toml
[INFO] validating manifest of crates.io crate nils-zsh-kit 1.21.9 on toolchain 1.99.0-beta.8
[INFO] running `Command { std: CARGO_HOME="/workspace/cargo-home" RUSTUP_HOME="/workspace/rustup-home" "/workspace/cargo-home/bin/cargo" "+1.99.0-beta.8" "metadata" "--manifest-path" "Cargo.toml" "--no-deps", kill_on_drop: false }`
[INFO] crate crates.io crate nils-zsh-kit 1.21.9 already has a lockfile, it will not be regenerated
[INFO] running `Command { std: CARGO_HOME="/workspace/cargo-home" RUSTUP_HOME="/workspace/rustup-home" "/workspace/cargo-home/bin/cargo" "+1.99.0-beta.8" "fetch" "--manifest-path" "Cargo.toml", kill_on_drop: false }`
[INFO] [stderr]     Updating crates.io index
[INFO] [stderr]  Downloading crates ...
[INFO] [stderr]   Downloaded regex v1.13.0
[INFO] [stderr]   Downloaded nils-build-info v1.21.9
[INFO] [stderr]   Downloaded nils-test-support v1.21.9
[INFO] [stderr]   Downloaded defmt-macros v1.1.0
[INFO] [stderr]   Downloaded defmt v1.1.0
[INFO] [stderr]   Downloaded anyhow v1.0.103
[INFO] [stderr]   Downloaded nils-common v1.21.9
[INFO] [stderr]   Downloaded clap_complete v4.6.7
[INFO] [stderr]   Downloaded jiff-static v0.2.32
[INFO] [stderr]   Downloaded jiff v0.2.32
[INFO] running `Command { std: "docker" "create" "-v" "/var/lib/crater-agent-workspace/builds/worker-0-tc1/source:/opt/rustwide/workdir:ro,Z" "-v" "/var/lib/crater-agent-workspace/builds/worker-0-tc1/target:/opt/rustwide/target:rw,Z" "-v" "/var/lib/crater-agent-workspace/cargo-home:/opt/rustwide/cargo-home:ro,Z" "-v" "/var/lib/crater-agent-workspace/rustup-home:/opt/rustwide/rustup-home:ro,Z" "-m" "1610612736" "--network" "none" "ghcr.io/rust-lang/crates-build-env/linux@sha256:77db811e55d90add9212f6832c23229e3de5f1c1f9905e8cb07319ea15df73ac" "sleep" "infinity", kill_on_drop: false }`
[INFO] [stdout] 950fc00dff95d2a1e66419b213989c2edc7a6093430e84f5491fcea720045cee
[INFO] running `Command { std: "docker" "start" "950fc00dff95d2a1e66419b213989c2edc7a6093430e84f5491fcea720045cee", kill_on_drop: false }`
[INFO] running `Command { std: "docker" "inspect" "950fc00dff95d2a1e66419b213989c2edc7a6093430e84f5491fcea720045cee", kill_on_drop: false }`
[INFO] running `Command { std: "docker" "exec" "-e" "SOURCE_DIR=/opt/rustwide/workdir" "-e" "CARGO_HOME=/opt/rustwide/cargo-home" "-e" "RUSTUP_HOME=/opt/rustwide/rustup-home" "-e" "CARGO_TARGET_DIR=/opt/rustwide/target" "-w" "/opt/rustwide/workdir" "--user" "0:0" "950fc00dff95d2a1e66419b213989c2edc7a6093430e84f5491fcea720045cee" "/opt/rustwide/cargo-home/bin/cargo" "+1.99.0-beta.8" "metadata" "--no-deps" "--format-version=1", kill_on_drop: false }`
[INFO] running `Command { std: "docker" "inspect" "950fc00dff95d2a1e66419b213989c2edc7a6093430e84f5491fcea720045cee", kill_on_drop: false }`
[INFO] running `Command { std: "docker" "exec" "-e" "SOURCE_DIR=/opt/rustwide/workdir" "-e" "CARGO_HOME=/opt/rustwide/cargo-home" "-e" "RUSTUP_HOME=/opt/rustwide/rustup-home" "-e" "CARGO_TARGET_DIR=/opt/rustwide/target" "-e" "CARGO_INCREMENTAL=0" "-e" "RUST_BACKTRACE=full" "-e" "RUSTFLAGS=--cap-lints=warn" "-e" "RUSTDOCFLAGS=--cap-lints=warn" "-w" "/opt/rustwide/workdir" "--user" "0:0" "950fc00dff95d2a1e66419b213989c2edc7a6093430e84f5491fcea720045cee" "/opt/rustwide/cargo-home/bin/cargo" "+1.99.0-beta.8" "build" "--frozen" "--message-format=json" "--release", kill_on_drop: false }`
[INFO] [stderr]    Compiling memchr v2.8.2
[INFO] [stderr]    Compiling anyhow v1.0.103
[INFO] [stderr]    Compiling nils-build-info v1.21.9
[INFO] [stderr]    Compiling is_executable v1.0.6
[INFO] [stderr]    Compiling shlex v2.0.1
[INFO] [stderr]    Compiling syn v2.0.117
[INFO] [stderr]    Compiling clap_builder v4.6.0
[INFO] [stderr]    Compiling jiff v0.2.32
[INFO] [stderr]    Compiling aho-corasick v1.1.4
[INFO] [stderr]    Compiling serde_json v1.0.150
[INFO] [stderr]    Compiling regex-automata v0.4.14
[INFO] [stderr]    Compiling clap_derive v4.6.1
[INFO] [stderr]    Compiling serde_derive v1.0.228
[INFO] [stderr]    Compiling thiserror-impl v2.0.18
[INFO] [stderr]    Compiling thiserror v2.0.18
[INFO] [stderr]    Compiling clap v4.6.1
[INFO] [stderr]    Compiling clap_complete v4.6.7
[INFO] [stderr]    Compiling regex v1.13.0
[INFO] [stderr]    Compiling serde v1.0.228
[INFO] [stderr]    Compiling nils-common v1.21.9
[INFO] [stderr]    Compiling nils-zsh-kit v1.21.9 (/opt/rustwide/workdir)
[INFO] [stderr]     Finished `release` profile [optimized] target(s) in 11.24s
[INFO] running `Command { std: "docker" "inspect" "950fc00dff95d2a1e66419b213989c2edc7a6093430e84f5491fcea720045cee", kill_on_drop: false }`
[INFO] running `Command { std: "docker" "exec" "-e" "SOURCE_DIR=/opt/rustwide/workdir" "-e" "CARGO_HOME=/opt/rustwide/cargo-home" "-e" "RUSTUP_HOME=/opt/rustwide/rustup-home" "-e" "CARGO_TARGET_DIR=/opt/rustwide/target" "-e" "CARGO_INCREMENTAL=0" "-e" "RUST_BACKTRACE=full" "-e" "RUSTFLAGS=--cap-lints=warn" "-e" "RUSTDOCFLAGS=--cap-lints=warn" "-w" "/opt/rustwide/workdir" "--user" "0:0" "950fc00dff95d2a1e66419b213989c2edc7a6093430e84f5491fcea720045cee" "/opt/rustwide/cargo-home/bin/cargo" "+1.99.0-beta.8" "test" "--frozen" "--no-run" "--message-format=json" "--release", kill_on_drop: false }`
[INFO] [stderr]    Compiling libc v0.2.186
[INFO] [stderr]    Compiling bitflags v2.13.0
[INFO] [stderr]    Compiling once_cell v1.21.4
[INFO] [stderr]    Compiling yansi v1.0.1
[INFO] [stderr]    Compiling diff v0.1.13
[INFO] [stderr]    Compiling rustix v1.1.4
[INFO] [stderr]    Compiling pretty_assertions v1.4.1
[INFO] [stderr]    Compiling getrandom v0.4.2
[INFO] [stderr]    Compiling tempfile v3.27.0
[INFO] [stderr]    Compiling nils-test-support v1.21.9
[INFO] [stderr]    Compiling nils-zsh-kit v1.21.9 (/opt/rustwide/workdir)
[INFO] [stderr]     Finished `release` profile [optimized] target(s) in 4.40s
[INFO] running `Command { std: "docker" "inspect" "950fc00dff95d2a1e66419b213989c2edc7a6093430e84f5491fcea720045cee", kill_on_drop: false }`
[INFO] running `Command { std: "docker" "exec" "-e" "SOURCE_DIR=/opt/rustwide/workdir" "-e" "CARGO_HOME=/opt/rustwide/cargo-home" "-e" "RUSTUP_HOME=/opt/rustwide/rustup-home" "-e" "CARGO_TARGET_DIR=/opt/rustwide/target" "-e" "CARGO_INCREMENTAL=0" "-e" "RUST_BACKTRACE=full" "-e" "RUSTFLAGS=--cap-lints=warn" "-e" "RUSTDOCFLAGS=--cap-lints=warn" "-w" "/opt/rustwide/workdir" "--user" "0:0" "950fc00dff95d2a1e66419b213989c2edc7a6093430e84f5491fcea720045cee" "/opt/rustwide/cargo-home/bin/cargo" "+1.99.0-beta.8" "test" "--frozen" "--release", kill_on_drop: false }`
[INFO] [stderr]     Finished `release` profile [optimized] target(s) in 0.05s
[INFO] [stderr]      Running unittests src/lib.rs (/opt/rustwide/target/release/deps/nils_zsh_kit-15b2068d1c6aec2b)
[INFO] [stdout] 
[INFO] [stdout] running 0 tests
[INFO] [stdout] 
[INFO] [stdout] test result: ok. 0 passed; 0 failed; 0 ignored; 0 measured; 0 filtered out; finished in 0.00s
[INFO] [stdout] 
[INFO] [stderr]      Running unittests src/main.rs (/opt/rustwide/target/release/deps/zsh_kit-23796c02bcc42304)
[INFO] [stdout] 
[INFO] [stdout] running 0 tests
[INFO] [stdout] 
[INFO] [stdout] test result: ok. 0 passed; 0 failed; 0 ignored; 0 measured; 0 filtered out; finished in 0.00s
[INFO] [stdout] 
[INFO] [stderr]      Running tests/plugin.rs (/opt/rustwide/target/release/deps/plugin-3ef8ce32e1edd948)
[INFO] [stdout] 
[INFO] [stdout] running 6 tests
[INFO] [stdout] test plugin_fetch_refuses_invalid_entry_without_touching_plugin_dirs ... ok
[INFO] [stdout] test plugin_maybe_update_writes_timestamp_when_due ... ok
[INFO] [stdout] test plugin_status_reports_interval_from_timestamp_file ... ok
[INFO] [stdout] test plugin_fetch_dry_run_reports_clone_without_creating_plugin_dir ... ok
[INFO] [stdout] test plugin_update_dry_run_lists_git_plugin_repositories ... ok
[INFO] [stdout] test plugin_fetch_clones_local_git_repo ... ok
[INFO] [stdout] 
[INFO] [stdout] test result: ok. 6 passed; 0 failed; 0 ignored; 0 measured; 0 filtered out; finished in 0.11s
[INFO] [stdout] 
[INFO] [stderr]      Running tests/plugin_coverage.rs (/opt/rustwide/target/release/deps/plugin_coverage-8ade491175c678d4)
[INFO] [stdout] 
[INFO] [stdout] running 26 tests
[INFO] [stdout] test fetch_without_git_url_is_skipped ... ok
[INFO] [stdout] test interval_days_resolved_from_environment ... ok
[INFO] [stdout] test fetch_force_dry_run_plans_reclone_then_reports_existing_dir ... ok
[INFO] [stdout] test invalid_now_epoch_is_rejected ... ok
[INFO] [stdout] test maybe_update_dry_run_when_due_does_not_write_timestamp ... ok
[INFO] [stdout] test plugins_dir_is_required_without_env_or_home ... ok
[INFO] [stdout] test interval_days_zero_is_rejected ... ok
[INFO] [stdout] test invalid_interval_env_is_rejected ... ok
[INFO] [stdout] test plugins_dir_resolves_from_zsh_plugins_dir_env ... ok
[INFO] [stdout] test fetch_invalid_entry_text_format_writes_error_to_stderr ... ok
[INFO] [stdout] test plugins_dir_tilde_is_expanded_against_home ... ok
[INFO] [stdout] test status_reports_due_when_interval_elapsed ... ok
[INFO] [stdout] test maybe_update_skips_when_not_due ... ok
[INFO] [stdout] test status_uses_real_clock_when_no_epoch_override ... ok
[INFO] [stdout] test timestamp_file_falls_back_to_home_cache_dir ... ok
[INFO] [stdout] test timestamp_file_is_required_without_env_or_home ... ok
[INFO] [stdout] test plugins_dir_resolves_from_zdotdir_env ... ok
[INFO] [stdout] test timestamp_file_resolves_from_plugin_update_file_env ... ok
[INFO] [stdout] test status_reports_never_updated_without_timestamp ... ok
[INFO] [stdout] test timestamp_file_resolves_from_cache_dir_env ... ok
[INFO] [stdout] test update_missing_directory_is_unchanged ... ok
[INFO] [stdout] test fetch_reports_clone_failure_for_unreachable_source ... ok
[INFO] [stdout] test update_without_remote_records_failure ... ok
[INFO] [stdout] test fetch_force_reclones_over_existing_directory ... ok
[INFO] [stdout] test update_reports_up_to_date_when_current ... ok
[INFO] [stdout] test update_fast_forwards_new_upstream_commits ... ok
[INFO] [stdout] 
[INFO] [stdout] test result: ok. 26 passed; 0 failed; 0 ignored; 0 measured; 0 filtered out; finished in 0.09s
[INFO] [stdout] 
[INFO] [stderr]      Running tests/setup.rs (/opt/rustwide/target/release/deps/setup-1f955c1c1349a942)
[INFO] [stdout] 
[INFO] [stdout] running 9 tests
[INFO] [stdout] test completion_export_contains_setup_flags ... ok
[INFO] [stdout] test credential_url_refuses_and_redacts ... ok
[INFO] [stdout] test ssh_url_userinfo_is_not_treated_as_embedded_credentials ... ok
[INFO] [stdout] test missing_hook_refuses_local_source_before_clone ... ok
[INFO] [stdout] test path_conflict_refuses ... ok
[INFO] [stdout] test dry_run_reports_plan_without_mutating_destination ... ok
[INFO] [stdout] test apply_clones_repo_and_dispatches_hook ... FAILED
[INFO] [stdout] test write_zshenv_preserves_features_and_sources_zdotdir_env ... FAILED
[INFO] [stdout] test dirty_destination_refuses_without_force ... ok
[INFO] [stdout] 
[INFO] [stdout] failures:
[INFO] [stdout] 
[INFO] [stdout] ---- apply_clones_repo_and_dispatches_hook stdout ----
[INFO] [stdout] 
[INFO] [stdout] thread 'apply_clones_repo_and_dispatches_hook' (1231) panicked at tests/setup.rs:101:5:
[INFO] [stdout] assertion failed: `(left == right)`: stderr: 
[INFO] [stdout] 
[INFO] [stdout] [1mDiff[0m [31m< left[0m / [32mright >[0m :
[INFO] [stdout] [31m<[0m[1;48;5;52;31m69[0m
[INFO] [stdout] [32m>[0m[1;48;5;22;32m0[0m
[INFO] [stdout] 
[INFO] [stdout] 
[INFO] [stdout] stack backtrace:
[INFO] [stdout]    0:     0x6268569c05d1 - <<std[70759c8f55707aa4]::sys::backtrace::BacktraceLock>::print::DisplayBacktrace as core[df12db4294e9bfd3]::fmt::Display>::fmt
[INFO] [stdout]    1:     0x6268569d564a - core[df12db4294e9bfd3]::fmt::write
[INFO] [stdout]    2:     0x6268569c4dfc - <alloc[2182bb758b4b3781]::vec::Vec<u8> as core[df12db4294e9bfd3]::io::write::Write>::write_fmt
[INFO] [stdout]    3:     0x62685699a346 - std[70759c8f55707aa4]::panicking::default_hook::{closure#0}
[INFO] [stdout]    4:     0x6268569b7f89 - std[70759c8f55707aa4]::panicking::default_hook
[INFO] [stdout]    5:     0x626856943370 - test[9d35eded1c95d3be]::test_main_inner::<test[9d35eded1c95d3be]::test_main_static::{closure#0}>::{closure#0}
[INFO] [stdout]    6:     0x6268569b8142 - std[70759c8f55707aa4]::panicking::panic_with_hook
[INFO] [stdout]    7:     0x62685699a3f2 - std[70759c8f55707aa4]::panicking::panic_handler::{closure#0}
[INFO] [stdout]    8:     0x626856992ec9 - std[70759c8f55707aa4]::sys::backtrace::__rust_end_short_backtrace::<std[70759c8f55707aa4]::panicking::panic_handler::{closure#0}, !>
[INFO] [stdout]    9:     0x62685699b0ad - __rustc[8fa7c3cbc660c2b3]::rust_begin_unwind
[INFO] [stdout]   10:     0x6268569d5d7c - core[df12db4294e9bfd3]::panicking::panic_fmt
[INFO] [stdout]   11:     0x62685692c6c4 - <setup[a1d28a79b852f6d6]::apply_clones_repo_and_dispatches_hook::{closure#0} as core[df12db4294e9bfd3]::ops::function::FnOnce<()>>::call_once
[INFO] [stdout]   12:     0x62685693665b - test[9d35eded1c95d3be]::__rust_begin_short_backtrace::<core[df12db4294e9bfd3]::result::Result<(), alloc[2182bb758b4b3781]::string::String>, fn() -> core[df12db4294e9bfd3]::result::Result<(), alloc[2182bb758b4b3781]::string::String>>
[INFO] [stdout]   13:     0x626856943cc5 - test[9d35eded1c95d3be]::run_test::{closure#0}
[INFO] [stdout]   14:     0x62685693d584 - std[70759c8f55707aa4]::sys::backtrace::__rust_begin_short_backtrace::<test[9d35eded1c95d3be]::run_test::{closure#1}, ()>
[INFO] [stdout]   15:     0x626856946e22 - <std[70759c8f55707aa4]::thread::lifecycle::spawn_unchecked<test[9d35eded1c95d3be]::run_test::{closure#1}, ()>::{closure#1} as core[df12db4294e9bfd3]::ops::function::FnOnce<()>>::call_once::{shim:vtable#0}
[INFO] [stdout]   16:     0x6268569bf949 - <std[70759c8f55707aa4]::sys::thread::unix::Thread>::new::thread_start
[INFO] [stdout]   17:     0x7ac95c3dcdfa - <unknown>
[INFO] [stdout]   18:     0x7ac95c4703d4 - clone
[INFO] [stdout]   19:                0x0 - <unknown>
[INFO] [stdout] 
[INFO] [stdout] ---- write_zshenv_preserves_features_and_sources_zdotdir_env stdout ----
[INFO] [stdout] 
[INFO] [stdout] thread 'write_zshenv_preserves_features_and_sources_zdotdir_env' (1242) panicked at tests/setup.rs:148:5:
[INFO] [stdout] assertion failed: `(left == right)`: stderr: 
[INFO] [stdout] 
[INFO] [stdout] [1mDiff[0m [31m< left[0m / [32mright >[0m :
[INFO] [stdout] [31m<[0m[1;48;5;52;31m69[0m
[INFO] [stdout] [32m>[0m[1;48;5;22;32m0[0m
[INFO] [stdout] 
[INFO] [stdout] 
[INFO] [stdout] stack backtrace:
[INFO] [stdout]    0:     0x6268569c05d1 - <<std[70759c8f55707aa4]::sys::backtrace::BacktraceLock>::print::DisplayBacktrace as core[df12db4294e9bfd3]::fmt::Display>::fmt
[INFO] [stdout]    1:     0x6268569d564a - core[df12db4294e9bfd3]::fmt::write
[INFO] [stdout]    2:     0x6268569c4dfc - <alloc[2182bb758b4b3781]::vec::Vec<u8> as core[df12db4294e9bfd3]::io::write::Write>::write_fmt
[INFO] [stdout]    3:     0x62685699a346 - std[70759c8f55707aa4]::panicking::default_hook::{closure#0}
[INFO] [stdout]    4:     0x6268569b7f89 - std[70759c8f55707aa4]::panicking::default_hook
[INFO] [stdout]    5:     0x626856943370 - test[9d35eded1c95d3be]::test_main_inner::<test[9d35eded1c95d3be]::test_main_static::{closure#0}>::{closure#0}
[INFO] [stdout]    6:     0x6268569b8142 - std[70759c8f55707aa4]::panicking::panic_with_hook
[INFO] [stdout]    7:     0x62685699a3f2 - std[70759c8f55707aa4]::panicking::panic_handler::{closure#0}
[INFO] [stdout]    8:     0x626856992ec9 - std[70759c8f55707aa4]::sys::backtrace::__rust_end_short_backtrace::<std[70759c8f55707aa4]::panicking::panic_handler::{closure#0}, !>
[INFO] [stdout]    9:     0x62685699b0ad - __rustc[8fa7c3cbc660c2b3]::rust_begin_unwind
[INFO] [stdout]   10:     0x6268569d5d7c - core[df12db4294e9bfd3]::panicking::panic_fmt
[INFO] [stdout]   11:     0x62685692f28f - <setup[a1d28a79b852f6d6]::write_zshenv_preserves_features_and_sources_zdotdir_env::{closure#0} as core[df12db4294e9bfd3]::ops::function::FnOnce<()>>::call_once
[INFO] [stdout]   12:     0x62685693665b - test[9d35eded1c95d3be]::__rust_begin_short_backtrace::<core[df12db4294e9bfd3]::result::Result<(), alloc[2182bb758b4b3781]::string::String>, fn() -> core[df12db4294e9bfd3]::result::Result<(), alloc[2182bb758b4b3781]::string::String>>
[INFO] [stdout]   13:     0x626856943cc5 - test[9d35eded1c95d3be]::run_test::{closure#0}
[INFO] [stdout]   14:     0x62685693d584 - std[70759c8f55707aa4]::sys::backtrace::__rust_begin_short_backtrace::<test[9d35eded1c95d3be]::run_test::{closure#1}, ()>
[INFO] [stdout]   15:     0x626856946e22 - <std[70759c8f55707aa4]::thread::lifecycle::spawn_unchecked<test[9d35eded1c95d3be]::run_test::{closure#1}, ()>::{closure#1} as core[df12db4294e9bfd3]::ops::function::FnOnce<()>>::call_once::{shim:vtable#0}
[INFO] [stdout]   16:     0x6268569bf949 - <std[70759c8f55707aa4]::sys::thread::unix::Thread>::new::thread_start
[INFO] [stdout]   17:     0x7ac95c3dcdfa - <unknown>
[INFO] [stdout]   18:     0x7ac95c4703d4 - clone
[INFO] [stdout]   19:                0x0 - <unknown>
[INFO] [stdout] 
[INFO] [stdout] 
[INFO] [stdout] failures:
[INFO] [stdout]     apply_clones_repo_and_dispatches_hook
[INFO] [stdout]     write_zshenv_preserves_features_and_sources_zdotdir_env
[INFO] [stdout] 
[INFO] [stdout] test result: FAILED. 7 passed; 2 failed; 0 ignored; 0 measured; 0 filtered out; finished in 0.06s
[INFO] [stdout] 
[INFO] [stderr] error: test failed, to rerun pass `--test setup`
[INFO] running `Command { std: "docker" "inspect" "950fc00dff95d2a1e66419b213989c2edc7a6093430e84f5491fcea720045cee", kill_on_drop: false }`
[INFO] running `Command { std: "docker" "rm" "-f" "950fc00dff95d2a1e66419b213989c2edc7a6093430e84f5491fcea720045cee", kill_on_drop: false }`
[INFO] [stdout] 950fc00dff95d2a1e66419b213989c2edc7a6093430e84f5491fcea720045cee
