[INFO] fetching crate nils-plan-issue 1.21.9...
[INFO] testing nils-plan-issue-1.21.9 against 1.100.0-beta.1+cargoflags=--release for beta-release-1.100-2
[INFO] extracting crate nils-plan-issue 1.21.9 into /workspace/builds/worker-4-tc2/source
[INFO] started tweaking crates.io crate nils-plan-issue 1.21.9
[INFO] removed 0 missing tests
[INFO] finished tweaking crates.io crate nils-plan-issue 1.21.9
[INFO] tweaked toml for crates.io crate nils-plan-issue 1.21.9 written to /workspace/builds/worker-4-tc2/source/Cargo.toml
[INFO] validating manifest of crates.io crate nils-plan-issue 1.21.9 on toolchain 1.100.0-beta.1
[INFO] running `Command { std: CARGO_HOME="/workspace/cargo-home" RUSTUP_HOME="/workspace/rustup-home" "/workspace/cargo-home/bin/cargo" "+1.100.0-beta.1" "metadata" "--manifest-path" "Cargo.toml" "--no-deps", kill_on_drop: false }`
[INFO] crate crates.io crate nils-plan-issue 1.21.9 already has a lockfile, it will not be regenerated
[INFO] running `Command { std: CARGO_HOME="/workspace/cargo-home" RUSTUP_HOME="/workspace/rustup-home" "/workspace/cargo-home/bin/cargo" "+1.100.0-beta.1" "fetch" "--manifest-path" "Cargo.toml", kill_on_drop: false }`
[INFO] running `Command { std: "docker" "create" "-v" "/var/lib/crater-agent-workspace/builds/worker-4-tc2/source:/opt/rustwide/workdir:ro,Z" "-v" "/var/lib/crater-agent-workspace/builds/worker-4-tc2/target:/opt/rustwide/target:rw,Z" "-v" "/var/lib/crater-agent-workspace/cargo-home:/opt/rustwide/cargo-home:ro,Z" "-v" "/var/lib/crater-agent-workspace/rustup-home:/opt/rustwide/rustup-home:ro,Z" "-m" "1610612736" "--network" "none" "ghcr.io/rust-lang/crates-build-env/linux@sha256:77db811e55d90add9212f6832c23229e3de5f1c1f9905e8cb07319ea15df73ac" "sleep" "infinity", kill_on_drop: false }`
[INFO] [stdout] 5add6faafcb8eee73fb36032f5cefef54e84f606b45ee2769fa5f527eec8a754
[INFO] running `Command { std: "docker" "start" "5add6faafcb8eee73fb36032f5cefef54e84f606b45ee2769fa5f527eec8a754", kill_on_drop: false }`
[INFO] running `Command { std: "docker" "inspect" "5add6faafcb8eee73fb36032f5cefef54e84f606b45ee2769fa5f527eec8a754", kill_on_drop: false }`
[INFO] running `Command { std: "docker" "exec" "-e" "SOURCE_DIR=/opt/rustwide/workdir" "-e" "CARGO_HOME=/opt/rustwide/cargo-home" "-e" "RUSTUP_HOME=/opt/rustwide/rustup-home" "-e" "CARGO_TARGET_DIR=/opt/rustwide/target" "-w" "/opt/rustwide/workdir" "--user" "0:0" "5add6faafcb8eee73fb36032f5cefef54e84f606b45ee2769fa5f527eec8a754" "/opt/rustwide/cargo-home/bin/cargo" "+1.100.0-beta.1" "metadata" "--no-deps" "--format-version=1", kill_on_drop: false }`
[INFO] running `Command { std: "docker" "inspect" "5add6faafcb8eee73fb36032f5cefef54e84f606b45ee2769fa5f527eec8a754", kill_on_drop: false }`
[INFO] running `Command { std: "docker" "exec" "-e" "SOURCE_DIR=/opt/rustwide/workdir" "-e" "CARGO_HOME=/opt/rustwide/cargo-home" "-e" "RUSTUP_HOME=/opt/rustwide/rustup-home" "-e" "CARGO_TARGET_DIR=/opt/rustwide/target" "-e" "CARGO_INCREMENTAL=0" "-e" "RUST_BACKTRACE=full" "-e" "RUSTFLAGS=--cap-lints=warn" "-e" "RUSTDOCFLAGS=--cap-lints=warn" "-w" "/opt/rustwide/workdir" "--user" "0:0" "5add6faafcb8eee73fb36032f5cefef54e84f606b45ee2769fa5f527eec8a754" "/opt/rustwide/cargo-home/bin/cargo" "+1.100.0-beta.1" "build" "--frozen" "--message-format=json" "--release", kill_on_drop: false }`
[INFO] [stderr]    Compiling aho-corasick v1.1.4
[INFO] [stderr]    Compiling serde_json v1.0.150
[INFO] [stderr]    Compiling portable-atomic v1.13.1
[INFO] [stderr]    Compiling unit-prefix v0.5.2
[INFO] [stderr]    Compiling jiff v0.2.32
[INFO] [stderr]    Compiling nils-build-info v1.21.9
[INFO] [stderr]    Compiling syn v2.0.117
[INFO] [stderr]    Compiling clap_builder v4.6.0
[INFO] [stderr]    Compiling console v0.16.4
[INFO] [stderr]    Compiling shlex v2.0.1
[INFO] [stderr]    Compiling is_executable v1.0.6
[INFO] [stderr]    Compiling memo-map v0.3.3
[INFO] [stderr]    Compiling indicatif v0.18.6
[INFO] [stderr]    Compiling regex-automata v0.4.14
[INFO] [stderr]    Compiling nils-term v1.21.9
[INFO] [stderr]    Compiling serde_derive v1.0.228
[INFO] [stderr]    Compiling clap_derive v4.6.1
[INFO] [stderr]    Compiling thiserror-impl v2.0.18
[INFO] [stderr]    Compiling thiserror v2.0.18
[INFO] [stderr]    Compiling clap v4.6.1
[INFO] [stderr]    Compiling clap_complete v4.6.7
[INFO] [stderr]    Compiling regex v1.13.0
[INFO] [stderr]    Compiling serde v1.0.228
[INFO] [stderr]    Compiling nils-common v1.21.9
[INFO] [stderr]    Compiling minijinja v2.21.0
[INFO] [stderr]    Compiling nils-plan-tooling v1.21.9
[INFO] [stderr]    Compiling nils-markdown v1.21.9
[INFO] [stderr]    Compiling nils-plan-issue v1.21.9 (/opt/rustwide/workdir)
[INFO] [stderr]     Finished `release` profile [optimized] target(s) in 46.58s
[INFO] running `Command { std: "docker" "inspect" "5add6faafcb8eee73fb36032f5cefef54e84f606b45ee2769fa5f527eec8a754", kill_on_drop: false }`
[INFO] running `Command { std: "docker" "exec" "-e" "SOURCE_DIR=/opt/rustwide/workdir" "-e" "CARGO_HOME=/opt/rustwide/cargo-home" "-e" "RUSTUP_HOME=/opt/rustwide/rustup-home" "-e" "CARGO_TARGET_DIR=/opt/rustwide/target" "-e" "CARGO_INCREMENTAL=0" "-e" "RUST_BACKTRACE=full" "-e" "RUSTFLAGS=--cap-lints=warn" "-e" "RUSTDOCFLAGS=--cap-lints=warn" "-w" "/opt/rustwide/workdir" "--user" "0:0" "5add6faafcb8eee73fb36032f5cefef54e84f606b45ee2769fa5f527eec8a754" "/opt/rustwide/cargo-home/bin/cargo" "+1.100.0-beta.1" "test" "--frozen" "--no-run" "--message-format=json" "--release", kill_on_drop: false }`
[INFO] [stderr]    Compiling getrandom v0.4.2
[INFO] [stderr]    Compiling rustix v1.1.4
[INFO] [stderr]    Compiling nils-markdown v1.21.9
[INFO] [stderr]    Compiling nils-plan-issue v1.21.9 (/opt/rustwide/workdir)
[INFO] [stderr]    Compiling tempfile v3.27.0
[INFO] [stderr]    Compiling nils-test-support v1.21.9
[INFO] [stderr]     Finished `release` profile [optimized] target(s) in 44.03s
[INFO] running `Command { std: "docker" "inspect" "5add6faafcb8eee73fb36032f5cefef54e84f606b45ee2769fa5f527eec8a754", kill_on_drop: false }`
[INFO] running `Command { std: "docker" "exec" "-e" "SOURCE_DIR=/opt/rustwide/workdir" "-e" "CARGO_HOME=/opt/rustwide/cargo-home" "-e" "RUSTUP_HOME=/opt/rustwide/rustup-home" "-e" "CARGO_TARGET_DIR=/opt/rustwide/target" "-e" "CARGO_INCREMENTAL=0" "-e" "RUST_BACKTRACE=full" "-e" "RUSTFLAGS=--cap-lints=warn" "-e" "RUSTDOCFLAGS=--cap-lints=warn" "-w" "/opt/rustwide/workdir" "--user" "0:0" "5add6faafcb8eee73fb36032f5cefef54e84f606b45ee2769fa5f527eec8a754" "/opt/rustwide/cargo-home/bin/cargo" "+1.100.0-beta.1" "test" "--frozen" "--release", kill_on_drop: false }`
[INFO] [stderr]     Finished `release` profile [optimized] target(s) in 0.08s
[INFO] [stderr]      Running unittests src/lib.rs (/opt/rustwide/target/release/build/nils-plan-issue/feef0de85038709a/out/plan_issue-feef0de85038709a)
[INFO] [stdout] 
[INFO] [stdout] running 172 tests
[INFO] [stdout] test dispatch_record::tests::test_serializes_required_keys ... ok
[INFO] [stdout] test commands::tracking::tests::run_phase_arg_as_str_matches_wire_contract ... ok
[INFO] [stdout] test execute::tests::absolutize_makes_relative_paths_absolute_and_leaves_absolute_paths_absolute ... ok
[INFO] [stdout] test execute::tests::attach_open_exec_state_sync_skips_without_bundle_state ... ok
[INFO] [stdout] test execute::tests::collect_required_prs_and_merge_checks_cover_success_and_errors ... ok
[INFO] [stdout] test dispatch_record::tests::test_round_trip_equals ... ok
[INFO] [stdout] test dispatch_record::tests::test_worktree_abs_path_mirrors_worktree ... ok
[INFO] [stdout] test execute::tests::detect_resumable_tracker_returns_none_when_no_identity_matches ... ok
[INFO] [stdout] test execute::tests::helper_url_validation_and_comment_mode_are_stable ... ok
[INFO] [stdout] test execute::tests::classify_exec_state_issue_covers_missing_consistent_mismatch ... ok
[INFO] [stdout] test execute::tests::detect_resumable_tracker_matches_source_snapshot_identity ... ok
[INFO] [stdout] test execute::tests::issue_number_from_url_parses_github_and_gitlab ... ok
[INFO] [stdout] test dispatch_record::tests::test_default_workflow_role_is_implementation ... ok
[INFO] [stdout] test dispatch_record::tests::write_dispatch_record_creates_parent_dirs ... ok
[INFO] [stdout] test execute::tests::close_exec_state_writeback_skips_without_bundle ... ok
[INFO] [stdout] test execute::tests::previous_sprint_gate_enforces_status_pr_and_merge_requirements ... ok
[INFO] [stdout] test execute::tests::attach_open_exec_state_sync_writes_tracking_url_and_reports ... ok
[INFO] [stdout] test execute::tests::plan_status_comment_matches_golden_empty ... ok
[INFO] [stdout] test execute::tests::path_normalization_helpers_are_stable ... ok
[INFO] [stdout] test execute::tests::dispatch_profile_state_checkpoint_payload_is_also_accumulative ... ok
[INFO] [stdout] test execute::tests::plan_status_comment_matches_golden_mixed ... ok
[INFO] [stdout] test execute::tests::close_exec_state_writeback_sets_terminal_header_fields ... ok
[INFO] [stdout] test execute::tests::checkpoint_marker_reflects_selected_profile ... ok
[INFO] [stdout] test execute::tests::record_open_finalize_leaves_partial_tracker_after_source_posts ... ok
[INFO] [stdout] test execute::tests::record_open_finalize_reports_when_rollback_close_fails ... ok
[INFO] [stdout] test execute::tests::record_open_resume_attaches_only_missing_roles ... ok
[INFO] [stdout] test execute::tests::state_checkpoint_payload_accumulates_linked_prs ... ok
[INFO] [stdout] test execute::tests::state_checkpoint_payload_resolves_ledger_from_bundle_when_only_bundle_recorded ... ok
[INFO] [stdout] test execute::tests::subagent_prompt_matches_golden ... ok
[INFO] [stdout] test execute::tests::record_open_finalize_rolls_back_orphaned_issue_on_post_failure ... ok
[INFO] [stdout] test execute::tests::record_open_resume_is_noop_when_all_roles_present ... ok
[INFO] [stdout] test execute::tests::render_status_and_build_options_helpers_are_deterministic ... ok
[INFO] [stdout] test execute::tests::state_checkpoint_payload_carries_full_accumulative_ledger ... ok
[INFO] [stdout] test execute::tests::state_checkpoint_payload_derives_progress_and_scope_from_ledger ... ok
[INFO] [stdout] test execute::tests::summary_and_close_comment_loaders_cover_inline_file_and_error ... ok
[INFO] [stdout] test execute::tests::task_spec_from_issue_rows_preserves_runtime_truth_metadata ... ok
[INFO] [stdout] test forge_cli_adapter::tests::close_issue_passes_reason_on_github_only ... ok
[INFO] [stdout] test forge_cli_adapter::tests::close_issue_with_comment_posts_then_closes ... ok
[INFO] [stdout] test forge_cli_adapter::tests::comment_issue_returns_data_url_from_envelope ... ok
[INFO] [stdout] test execute::tests::write_subagent_prompts_groups_tasks_by_runtime_lane ... ok
[INFO] [stdout] test forge_cli_adapter::tests::create_issue_passes_provider_and_repo_and_parses_envelope ... ok
[INFO] [stdout] test forge_cli_adapter::tests::edit_issue_body_passes_body_file_flag ... ok
[INFO] [stdout] test forge_cli_adapter::tests::close_issue_blank_comment_skips_the_comment_call ... ok
[INFO] [stdout] test forge_cli_adapter::tests::close_issue_without_comment_invokes_only_issue_close ... ok
[INFO] [stdout] test forge_cli_adapter::tests::edit_issue_labels_skips_blank_entries_and_omits_call_when_both_empty ... ok
[INFO] [stdout] test forge_cli_adapter::tests::forge_cli_error_envelope_is_propagated ... ok
[INFO] [stdout] test forge_cli_adapter::tests::github_tracker_scan_preserves_legacy_200_issue_limit ... ok
[INFO] [stdout] test execute::tests::resolve_repo_for_live_and_binary_guards_work_as_expected ... ok
[INFO] [stdout] test forge_cli_adapter::tests::issue_evidence_reshapes_comments_into_gh_compatible_envelope ... ok
[INFO] [stdout] test forge_cli_adapter::tests::list_open_tracker_issues_uses_broad_resume_scan_limit ... ok
[INFO] [stdout] test forge_cli_adapter::tests::local_adapter_emits_provider_local ... ok
[INFO] [stdout] test forge_cli_adapter::tests::pr_is_merged_returns_false_for_open_state ... ok
[INFO] [stdout] test forge_cli_adapter::tests::pr_merge_summary_github_fails_closed_when_required_checks_cannot_be_read ... ok
[INFO] [stdout] test forge_cli_adapter::tests::pr_merge_summary_github_fails_when_required_checks_cannot_be_read ... ok
[INFO] [stdout] test forge_cli_adapter::tests::pr_merge_summary_github_passes_with_clean_required_checks ... ok
[INFO] [stdout] test issue_body::tests::parse_task_table_extracts_rows ... ok
[INFO] [stdout] test issue_body::tests::placeholder_and_pr_normalization_cover_common_cases ... ok
[INFO] [stdout] test forge_cli_adapter::tests::pr_merge_summary_github_zero_required_checks_passes ... ok
[INFO] [stdout] test issue_body::tests::task_table_schema_helpers_and_parser_stay_aligned ... ok
[INFO] [stdout] test issue_body::tests::validate_rows_accepts_equivalent_pr_references_in_shared_lane ... ok
[INFO] [stdout] test issue_body::tests::render_task_decomposition_block_matches_helper_composition_for_sample_rows ... ok
[INFO] [stdout] test issue_body::tests::row_sprint_prefers_notes_then_task_id ... ok
[INFO] [stdout] test forge_cli_adapter::tests::pr_merge_summary_github_reports_non_required_failures_without_blocking ... ok
[INFO] [stdout] test issue_body::tests::validate_rows_detects_conflicting_shared_lane_pr_values ... ok
[INFO] [stdout] test forge_cli_adapter::tests::pr_comments_reshapes_url_to_html_url_for_resolve_approval ... ok
[INFO] [stdout] test forge_cli_adapter::tests::pr_is_merged_returns_true_for_merged_state ... ok
[INFO] [stdout] test issue_body::tests::validate_rows_detects_conflicting_shared_lane_metadata ... ok
[INFO] [stdout] test issue_body::tests::render_task_decomposition_block_matches_helper_composition_for_empty_rows ... ok
[INFO] [stdout] test forge_cli_adapter::tests::pr_merge_summary_github_blocks_on_failing_required_check ... ok
[INFO] [stdout] test issue_body::tests::render_task_decomposition_block_matches_committed_golden ... ok
[INFO] [stdout] test issue_body::tests::validate_rows_flags_non_subagent_owner_for_done_rows ... ok
[INFO] [stdout] test forge_cli_adapter::tests::pr_merge_summary_gitlab_keeps_zero_required_path ... ok
[INFO] [stdout] test issue_body::tests::validate_rows_detects_conflicting_per_sprint_lane_metadata ... ok
[INFO] [stdout] test forge_cli_adapter::tests::pr_merge_summary_composes_view_and_checks ... ok
[INFO] [stdout] test lifecycle_record::sprint3_tests::audit_treats_v2_marker_without_payload_fence_as_payload_none ... ok
[INFO] [stdout] test lifecycle_record::sprint3_tests::golden_closeout_post_comment_locks_full_wire_shape ... ok
[INFO] [stdout] test lifecycle_lock::tests::lifecycle_lock_key_is_path_safe ... ok
[INFO] [stdout] test lifecycle_record::sprint3_tests::audit_strict_fails_on_malformed_payload ... ok
[INFO] [stdout] test lifecycle_record::sprint3_tests::extract_payload_ignores_payload_markers_inside_snapshot_details ... ok
[INFO] [stdout] test lifecycle_record::sprint3_tests::golden_review_post_comment_locks_full_wire_shape ... ok
[INFO] [stdout] test lifecycle_record::sprint3_tests::render_record_post_comment_emits_marker_and_hidden_payload_carrier ... ok
[INFO] [stdout] test lifecycle_record::sprint3_tests::golden_validation_post_comment_locks_full_wire_shape ... ok
[INFO] [stdout] test issue_body::tests::validate_rows_rejects_per_task_execution_mode ... ok
[INFO] [stdout] test issue_body::tests::validate_rows_requires_unique_branch_and_worktree_for_pr_isolated_rows ... ok
[INFO] [stdout] test lifecycle_record::sprint3_tests::render_record_post_comment_synthesizes_validation_review_and_closeout ... ok
[INFO] [stdout] test lifecycle_record::sprint3_tests::render_record_snapshot_comment_includes_details_and_hidden_payload ... ok
[INFO] [stdout] test lifecycle_record::sprint3_tests::render_record_post_comment_rejects_source_or_plan ... ok
[INFO] [stdout] test lifecycle_record::sprint3_tests::required_check_label_emits_five_distinct_branches ... ok
[INFO] [stdout] test lifecycle_record::sprint3_tests::strict_gate_blocks_when_approval_empty ... ok
[INFO] [stdout] test lifecycle_record::sprint3_tests::golden_state_post_comment_locks_full_wire_shape ... ok
[INFO] [stdout] test lifecycle_record::sprint3_tests::strict_gate_blocks_when_state_not_complete ... ok
[INFO] [stdout] test lifecycle_record::sprint3_tests::strict_gate_emits_linked_pr_checks_failed_when_required_fail ... ok
[INFO] [stdout] test lifecycle_record::sprint3_tests::strict_gate_blocks_when_review_rejected_or_unresolved ... ok
[INFO] [stdout] test lifecycle_record::sprint3_tests::task_ledger_display_expanded_emits_no_fold ... ok
[INFO] [stdout] test lifecycle_record::sprint3_tests::strict_gate_override_unblocks_unknown_required_state_aggregate_fail ... ok
[INFO] [stdout] test lifecycle_record::sprint3_tests::strict_gate_blocks_when_linked_pr_missing_merge_sha ... ok
[INFO] [stdout] test lifecycle_vnext::registry::tests::closeout_is_record_close_owned ... ok
[INFO] [stdout] test lifecycle_record::sprint3_tests::strict_gate_passes_when_state_tasks_include_waived ... ok
[INFO] [stdout] test lifecycle_vnext::registry::tests::registry_headings_match_taxonomy_doc ... ok
[INFO] [stdout] test lifecycle_vnext::registry::tests::registry_has_every_role ... ok
[INFO] [stdout] test lifecycle_record::sprint3_tests::strict_gate_passes_with_non_required_failure_when_required_pass ... ok
[INFO] [stdout] test lifecycle_record::sprint3_tests::task_ledger_display_collapsed_emits_closed_fold ... ok
[INFO] [stdout] test lifecycle_vnext::registry::tests::every_role_has_visible_section_and_payload_schema ... ok
[INFO] [stdout] test lifecycle_vnext::render::tests::render_maps_every_comment_kind_to_registry_role ... ok
[INFO] [stdout] test lifecycle_vnext::registry::tests::source_and_plan_are_open_attach_only ... ok
[INFO] [stdout] test lifecycle_vnext::visible_lint::tests::final_state_ignores_summary_quoted_collapsed_ledger ... ok
[INFO] [stdout] test lifecycle_vnext::visible_lint::tests::final_state_uses_real_task_ledger_after_summary_heading ... ok
[INFO] [stdout] test output::json::tests::error_envelope_carries_schema_command_status_and_error_pair ... ok
[INFO] [stdout] test output::json::tests::success_envelope_carries_schema_command_status_and_payload ... ok
[INFO] [stdout] test output::json::tests::error_envelope_does_not_emit_data_field ... ok
[INFO] [stdout] test lifecycle_vnext::registry::tests::state_requires_task_ledger_heading ... ok
[INFO] [stdout] test output::text::tests::error_renders_schema_command_status_code_message_lines ... ok
[INFO] [stdout] test provider::tests::classify_host_is_case_insensitive_and_trims ... ok
[INFO] [stdout] test output::text::tests::success_renders_schema_command_status_payload_lines ... ok
[INFO] [stdout] test provider::tests::parse_remote_url_handles_common_forms ... ok
[INFO] [stdout] test lifecycle_vnext::templates::tests::json_template_includes_envelope_schema_and_role ... ok
[INFO] [stdout] test provider::tests::parse_remote_url_strips_basic_auth_userinfo ... ok
[INFO] [stdout] test provider::tests::parse_remote_url_strips_userinfo_from_ssh_scheme ... ok
[INFO] [stdout] test provider::tests::parse_repo_with_host_strips_userinfo_from_ssh_scheme ... ok
[INFO] [stdout] test provider::tests::is_group_project_path_accepts_nested_groups_only ... ok
[INFO] [stdout] test lifecycle_vnext::templates::tests::markdown_template_includes_role_heading_and_marker ... ok
[INFO] [stdout] test lifecycle_vnext::registry::tests::direct_post_policy_matches_taxonomy ... ok
[INFO] [stdout] test lifecycle_record::sprint3_tests::task_ledger_display_open_emits_open_fold ... ok
[INFO] [stdout] test lifecycle_record::sprint3_tests::strict_gate_passes_when_all_v2_evidence_complete_and_merged ... ok
[INFO] [stdout] test runtime_layout::tests::test_repo_slug_uses_double_underscore ... ok
[INFO] [stdout] test provider::tests::classify_host_recognises_github_and_gitlab ... ok
[INFO] [stdout] test provider::tests::parse_repo_with_host_handles_https_and_ssh_forms ... ok
[INFO] [stdout] test provider::tests::parse_repo_with_host_strips_basic_auth_userinfo ... ok
[INFO] [stdout] test provider::tests::classify_host_recognises_github_enterprise_hosts ... ok
[INFO] [stdout] test provider::tests::resolve_repo_recognises_local_scheme ... ok
[INFO] [stdout] test provider::tests::local_provider_renders_local_scheme_urls ... ok
[INFO] [stdout] test provider::tests::resolve_repo_rejects_empty_local_slug ... ok
[INFO] [stdout] test task_spec::tests::canonical_lane_anchor_uses_deterministic_task_id_fallback_when_note_absent ... ok
[INFO] [stdout] test runtime_layout::tests::test_ensure_dir_is_idempotent ... ok
[INFO] [stdout] test task_spec::tests::execution_mode_by_task_auto_multi_group_keeps_group_modes ... ok
[INFO] [stdout] test task_spec::tests::execution_mode_by_task_auto_single_lane_uses_per_sprint ... ok
[INFO] [stdout] test task_spec::tests::canonical_lane_anchor_uses_stable_task_order_even_when_notes_disagree ... ok
[INFO] [stdout] test task_spec::tests::execution_mode_by_task_deterministic_single_lane_uses_per_sprint ... ok
[INFO] [stdout] test tracking::events::tests::tracking_events_appends_without_rewriting_prior_lines ... ok
[INFO] [stdout] test task_spec::tests::runtime_lane_canonicalization_uses_shared_anchor_metadata ... ok
[INFO] [stdout] test tracking::events::tests::tracking_events_skips_empty_lines_and_reports_malformed ... ok
[INFO] [stdout] test tracking::events::tests::tracking_events_round_trip_single_event ... ok
[INFO] [stdout] test tracking::fsm::tests::tracking_fsm_blocked_when_state_status_blocked ... ok
[INFO] [stdout] test tracking::fsm::tests::tracking_fsm_closed_when_closeout_present ... ok
[INFO] [stdout] test tracking::fsm::tests::tracking_fsm_open_initial_when_source_plan_state_present ... ok
[INFO] [stdout] test tracking::fsm::tests::tracking_fsm_ready_for_close_when_all_present_and_complete ... ok
[INFO] [stdout] test tracking::fsm::tests::tracking_fsm_open_active_when_session_present ... ok
[INFO] [stdout] test tracking::fsm::tests::tracking_fsm_reviewed_when_review_but_not_complete ... ok
[INFO] [stdout] test tracking::fsm::tests::tracking_fsm_unopened_when_audit_missing ... ok
[INFO] [stdout] test tracking::reconcile::tests::tracking_reconcile_emits_state_and_recommended_action ... ok
[INFO] [stdout] test tracking::reconcile::tests::tracking_reconcile_flags_run_state_ahead_when_validation_passed_but_not_posted ... ok
[INFO] [stdout] test tracking::reconcile::tests::tracking_reconcile_reports_stale_when_issue_closed_but_run_active ... ok
[INFO] [stdout] test tracking::fsm::tests::tracking_fsm_validating_when_validation_present ... ok
[INFO] [stdout] test tracking::run_state::tests::tracking_run_state_rejects_missing_required_field ... ok
[INFO] [stdout] test tracking::run_state::tests::tracking_run_state_rejects_wrong_schema ... ok
[INFO] [stdout] test tracking::run_state::tests::tracking_run_state_round_trips_required_and_recommended_fields ... ok
[INFO] [stdout] test tracking::run_state::tests::tracking_run_state_runroot_layout_under_state_dir ... ok
[INFO] [stdout] test tracking::reconcile::tests::tracking_reconcile_surfaces_missing_role_warnings ... ok
[INFO] [stdout] test execute::tests::linked_worktree_listing_and_cleanup_modes_are_covered ... ok
[INFO] [stdout] test execute::tests::cleanup_skips_current_worktree_root_path ... ok
[INFO] [stdout] test execute::tests::temp_markdown_and_prompt_outputs_use_state_dir_and_expected_paths ... ok
[INFO] [stdout] test lifecycle_lock::tests::lifecycle_lock_is_issue_scoped_and_released_on_drop ... ok
[INFO] [stdout] test runtime_layout::tests::test_issue_root_path_layout ... ok
[INFO] [stdout] test runtime_layout::tests::test_runtime_root_falls_back_to_xdg_default_when_env_unset ... ok
[INFO] [stdout] test runtime_layout::tests::test_assigned_worktree_canonical_paths ... ok
[INFO] [stdout] test runtime_layout::tests::test_runtime_root_uses_state_dir_value ... ok
[INFO] [stdout] test runtime_layout::tests::test_sprint_root_rejects_invalid_task_id ... ok
[INFO] [stdout] test state::tests::env_used_when_override_unset ... ok
[INFO] [stdout] test runtime_layout::tests::test_sprint_root_path_layout ... ok
[INFO] [stdout] test runtime_layout::tests::test_issue_root_rejects_invalid_repo_slug ... ok
[INFO] [stderr]      Running unittests src/main.rs (/opt/rustwide/target/release/build/nils-plan-issue/669a4c622f5cded2/out/plan_issue-669a4c622f5cded2)
[INFO] [stdout] test state::tests::cli_override_wins_over_env_and_xdg ... ok
[INFO] [stdout] test state::tests::xdg_default_when_neither_override_nor_env_set ... ok
[INFO] [stdout] 
[INFO] [stdout] test result: ok. 172 passed; 0 failed; 0 ignored; 0 measured; 0 filtered out; finished in 0.21s
[INFO] [stdout] 
[INFO] [stdout] 
[INFO] [stdout] running 0 tests
[INFO] [stdout] 
[INFO] [stdout] test result: ok. 0 passed; 0 failed; 0 ignored; 0 measured; 0 filtered out; finished in 0.00s
[INFO] [stdout] 
[INFO] [stderr]      Running unittests src/bin/plan-issue-local.rs (/opt/rustwide/target/release/build/nils-plan-issue/99e5e32814146d07/out/plan_issue_local-99e5e32814146d07)
[INFO] [stdout] 
[INFO] [stderr]      Running tests/golden_lifecycle_record.rs (/opt/rustwide/target/release/build/nils-plan-issue/823ec3a238068d44/out/golden_lifecycle_record-823ec3a238068d44)
[INFO] [stdout] running 0 tests
[INFO] [stdout] 
[INFO] [stdout] test result: ok. 0 passed; 0 failed; 0 ignored; 0 measured; 0 filtered out; finished in 0.00s
[INFO] [stdout] 
[INFO] [stdout] 
[INFO] [stdout] running 12 tests
[INFO] [stdout] test post_comment_review_matches_golden ... ok
[INFO] [stdout] test post_comment_state_matches_golden ... ok
[INFO] [stdout] test dashboard_full_matches_golden ... ok
[INFO] [stdout] test snapshot_plan_full_matches_golden ... ok
[INFO] [stdout] test post_comment_validation_matches_golden ... ok
[INFO] [stdout] test snapshot_plan_minimal_matches_golden ... ok
[INFO] [stdout] test dashboard_pending_matches_golden ... ok
[INFO] [stdout] test dashboard_complete_matches_golden ... ok
[INFO] [stdout] test snapshot_source_full_matches_golden ... ok
[INFO] [stdout] test post_comment_closeout_matches_golden ... ok
[INFO] [stdout] test post_comment_session_matches_golden ... ok
[INFO] [stdout] test post_comment_state_with_summary_matches_golden ... ok
[INFO] [stdout] 
[INFO] [stdout] test result: ok. 12 passed; 0 failed; 0 ignored; 0 measured; 0 filtered out; finished in 0.00s
[INFO] [stderr]      Running tests/golden_lifecycle_vnext.rs (/opt/rustwide/target/release/build/nils-plan-issue/4e65d7ae75c3a653/out/golden_lifecycle_vnext-4e65d7ae75c3a653)
[INFO] [stdout] 
[INFO] [stdout] 
[INFO] [stdout] running 7 tests
[INFO] [stdout] test lifecycle_vnext_session_tracking_matches_golden ... ok
[INFO] [stdout] test lifecycle_vnext_closeout_tracking_matches_golden ... ok
[INFO] [stdout] test lifecycle_vnext_plan_tracking_matches_golden ... ok
[INFO] [stdout] test lifecycle_vnext_review_tracking_matches_golden ... ok
[INFO] [stdout] test lifecycle_vnext_state_tracking_matches_golden ... ok
[INFO] [stdout] test lifecycle_vnext_source_tracking_matches_golden ... ok
[INFO] [stdout] test lifecycle_vnext_validation_tracking_matches_golden ... ok
[INFO] [stdout] 
[INFO] [stdout] test result: ok. 7 passed; 0 failed; 0 ignored; 0 measured; 0 filtered out; finished in 0.00s
[INFO] [stdout] 
[INFO] [stderr]      Running tests/golden_render.rs (/opt/rustwide/target/release/build/nils-plan-issue/60937605c767a065/out/golden_render-60937605c767a065)
[INFO] [stdout] 
[INFO] [stdout] running 6 tests
[INFO] [stdout] test sprint_comment_ready_matches_golden ... ok
[INFO] [stdout] test sprint_comment_accepted_matches_golden ... ok
[INFO] [stdout] test plan_issue_body_multi_rows_matches_golden ... ok
[INFO] [stdout] test plan_issue_body_single_row_matches_golden ... ok
[INFO] [stdout] test sprint_comment_start_matches_golden ... ok
[INFO] [stdout] test plan_issue_body_no_rows_matches_golden ... ok
[INFO] [stdout] 
[INFO] [stdout] test result: ok. 6 passed; 0 failed; 0 ignored; 0 measured; 0 filtered out; finished in 0.01s
[INFO] [stdout] 
[INFO] [stderr]      Running tests/integration.rs (/opt/rustwide/target/release/build/nils-plan-issue/815ecf2483a9d8f3/out/integration-815ecf2483a9d8f3)
[INFO] [stdout] 
[INFO] [stdout] running 273 tests
[INFO] [stdout] test cli_contract::cli_conflict_rules_reject_summary_and_summary_file_together ... ok
[INFO] [stdout] test cli_contract::cli_conflict_rules_require_pr_group_mapping_for_group_mode ... ok
[INFO] [stdout] test cli_contract::cli_conflict_rules_reject_default_pr_grouping_with_deterministic ... ok
[INFO] [stdout] test cli_contract::cli_parse_contract_record_close_accepts_add_remove_label ... ok
[INFO] [stdout] test cli_contract::cli_conflict_rules_auto_allows_no_pr_group_mapping ... ok
[INFO] [stdout] test cli_contract::cli_parse_contract_accept_sprint_auto_accepts_default_grouping ... ok
[INFO] [stdout] test cli_contract::cli_parse_contract_record_close_rejects_require_complete_flag ... ok
[INFO] [stdout] test cli_contract::cli_parse_contract_record_close_accepts_strict_inputs ... ok
[INFO] [stdout] test cli_contract::cli_parse_contract_link_pr_supports_task_and_status_targeting ... ok
[INFO] [stdout] test cli_contract::cli_parse_contract_record_open_accepts_explicit_bundle_paths ... ok
[INFO] [stdout] test cli_contract::cli_parse_contract_record_open_accepts_plan_bundle ... ok
[INFO] [stdout] test cli_contract::cli_parse_contract_ready_sprint_auto_accepts_default_grouping ... ok
[INFO] [stdout] test cli_contract::cli_parse_contract_record_post_accepts_add_remove_label ... ok
[INFO] [stdout] test cli_contract::cli_parse_contract_record_close_rejects_other_require_flags ... ok
[INFO] [stdout] test cli_contract::cli_parse_contract_build_task_spec_accepts_per_spring_alias ... ok
[INFO] [stdout] test cli_contract::cli_parse_contract_record_open_accepts_repeatable_label ... ok
[INFO] [stdout] test cli_contract::cli_conflict_rules_reject_pr_grouping_with_auto ... ok
[INFO] [stdout] test cli_contract::cli_parse_contract_record_post_accepts_execution_state_file_and_display ... ok
[INFO] [stdout] test cli_contract::cli_parse_contract_record_post_rejects_marker_family_flag ... ok
[INFO] [stdout] test cli_contract::cli_parse_contract_record_post_accepts_open_task_ledger_display ... ok
[INFO] [stdout] test cli_contract::cli_parse_contract_start_sprint_parses_typed_group_mapping ... ok
[INFO] [stdout] test cli_contract::cli_parse_contract_start_plan_auto_accepts_default_grouping ... ok
[INFO] [stdout] test cli_contract::cli_parse_contract_record_repair_dashboard_accepts_fixture_inputs ... ok
[INFO] [stdout] test cli_contract::cli_parse_contract_record_post_accepts_kind_and_payload_file ... ok
[INFO] [stdout] test cli_contract::cli_parse_contract_record_post_accepts_execution_state_file_with_summary_file ... ok
[INFO] [stdout] test cli_contract::cli_conflict_rules_reject_pr_group_without_group_mode ... ok
[INFO] [stdout] test cli_contract::cli_parse_contract_record_close_accepts_fixture_mode ... ok
[INFO] [stdout] test cli_contract::cli_parse_contract_record_attach_accepts_existing_issue_bundle ... ok
[INFO] [stdout] test exit_codes::missing_required_args_exits_usage ... ok
[INFO] [stdout] test exit_codes::unknown_subcommand_exits_usage ... ok
[INFO] [stdout] test lifecycle_record::lifecycle_record_dashboard_render_is_idempotent_for_same_audit ... ok
[INFO] [stdout] test lifecycle_record::lifecycle_record_dashboard_renders_final_when_state_complete ... ok
[INFO] [stdout] test cli_contract::cli_help_lists_full_surface_for_live_and_local_bins ... ok
[INFO] [stdout] test exit_codes::help_flag_exits_success ... ok
[INFO] [stdout] test cli_contract::cli_parse_contract_record_rejects_retired_helper_subcommands ... ok
[INFO] [stdout] test auto_single_lane_runtime_truth::auto_single_lane_end_to_end_keeps_per_sprint_runtime_truth ... FAILED
[INFO] [stdout] test help_snapshot::help_snapshot_json_format_conflict_is_parse_time ... ok
[INFO] [stdout] test lifecycle_record::lifecycle_record_structured_payloads_closeout_final_checks_and_merge_evidence ... ok
[INFO] [stdout] test lifecycle_record::lifecycle_record_dashboard_renders_from_audit_without_explicit_urls ... ok
[INFO] [stdout] test grouping_default::start_sprint_grouping_silent_plan_still_requires_explicit_flags ... ok
[INFO] [stdout] test lifecycle_record::lifecycle_record_structured_payloads_reject_missing_fence ... ok
[INFO] [stdout] test lifecycle_record::lifecycle_record_structured_payloads_review_findings_and_decision ... ok
[INFO] [stdout] test lifecycle_record::lifecycle_record_structured_payloads_state_round_trip ... ok
[INFO] [stdout] test lifecycle_record::lifecycle_record_audit_returns_typed_v2_evidence_and_ignores_v1_markers ... ok
[INFO] [stdout] test lifecycle_record::lifecycle_record_audit_latest_marker_per_role_wins_by_timestamp ... ok
[INFO] [stdout] test lifecycle_record::lifecycle_record_structured_payloads_reject_invalid_json ... ok
[INFO] [stdout] test lifecycle_vnext_registry::lifecycle_vnext_registry_payload_schemas_declared_for_every_role ... ok
[INFO] [stdout] test lifecycle_vnext_registry::lifecycle_vnext_registry_covers_every_payload_role ... ok
[INFO] [stdout] test lifecycle_record::lifecycle_record_audit_reports_stable_missing_required_codes ... ok
[INFO] [stdout] test lifecycle_vnext_registry::lifecycle_vnext_registry_state_requires_task_ledger ... ok
[INFO] [stdout] test lifecycle_record::lifecycle_record_structured_payloads_reject_schema_mismatch ... ok
[INFO] [stdout] test lifecycle_vnext_registry::lifecycle_vnext_registry_closeout_is_record_close_owned ... ok
[INFO] [stdout] test lifecycle_vnext_render::lifecycle_vnext_render_closeout_passes_lint_via_template_then_lint ... ok
[INFO] [stdout] test lifecycle_vnext_registry::lifecycle_vnext_registry_iteration_proves_visible_template_and_schema ... ok
[INFO] [stdout] test help_snapshot::help_snapshot_root_help ... ok
[INFO] [stdout] test lifecycle_vnext_registry::lifecycle_vnext_registry_headings_match_taxonomy ... ok
[INFO] [stdout] test lifecycle_record::lifecycle_record_structured_payloads_validation_command_rows ... ok
[INFO] [stdout] test lifecycle_vnext_registry::lifecycle_vnext_registry_source_and_plan_open_attach_only ... ok
[INFO] [stdout] test grouping_default::start_sprint_grouping_default_inferred_for_group_intent ... ok
[INFO] [stdout] test help_snapshot::version_output_uses_binary_name ... ok
[INFO] [stdout] test lifecycle_record::lifecycle_record_structured_payloads_reject_role_decode_mismatch ... ok
[INFO] [stdout] test lifecycle_vnext_render::lifecycle_vnext_render_state_final_expands_task_ledger ... ok
[INFO] [stdout] test lifecycle_vnext_render::lifecycle_vnext_render_state_non_final_collapses_task_ledger ... ok
[INFO] [stdout] test link_pr_flow::link_pr_body_file_sprint_target_rejects_ambiguous_multi_lane_scope ... ok
[INFO] [stdout] test lifecycle_vnext_render::lifecycle_vnext_render_session_visible_body_passes_lint ... ok
[INFO] [stdout] test link_pr_flow::link_pr_body_file_task_target_syncs_all_rows_in_per_sprint_lane ... ok
[INFO] [stdout] test lifecycle_vnext_render::lifecycle_vnext_render_review_visible_body_passes_lint ... ok
[INFO] [stdout] test lifecycle_vnext_render::lifecycle_vnext_render_validation_visible_body_passes_lint ... ok
[INFO] [stdout] test link_pr_flow::link_pr_body_file_sprint_pr_group_updates_only_selected_shared_lane ... ok
[INFO] [stdout] test grouping_default::start_sprint_grouping_default_inferred_when_plan_only ... ok
[INFO] [stdout] test live_record_ops::agent_runtime_kit_lifecycle_fixture_blocks_when_pr_unmerged ... ok
[INFO] [stdout] test live_issue_ops::github_adapter_live_commands_use_forge_cli_backend_for_issue_and_pr_state ... FAILED
[INFO] [stdout] test live_issue_ops::live_sprint_commands_start_ready_accept_and_guide_are_deterministic ... FAILED
[INFO] [stdout] test live_record_ops::record_close_fixture_blocks_when_review_request_changes ... ok
[INFO] [stdout] test live_record_ops::agent_runtime_kit_lifecycle_fixture_passes_strict_v2_closeout_end_to_end ... ok
[INFO] [stdout] test grouping_default::start_sprint_grouping_cli_overrides_plan_metadata ... ok
[INFO] [stdout] test live_record_ops::record_close_fixture_blocks_when_linked_pr_not_merged ... ok
[INFO] [stdout] test live_record_ops::record_close_fixture_blocks_when_session_comment_missing ... ok
[INFO] [stdout] test live_record_ops::record_close_requires_non_empty_approval ... ok
[INFO] [stdout] test live_record_ops::record_close_fixture_blocks_when_state_not_complete ... ok
[INFO] [stdout] test live_record_ops::record_close_fixture_includes_label_mutations ... ok
[INFO] [stdout] test live_record_ops::record_close_fixture_override_passes_when_required_unknown_aggregate_fails ... ok
[INFO] [stdout] test live_record_ops::record_close_fixture_blocks_with_linked_pr_checks_failed_when_required_fail ... ok
[INFO] [stdout] test live_record_ops::record_close_fixture_passes_with_non_required_failure_when_zero_required ... ok
[INFO] [stdout] test live_record_ops::record_close_body_file_mode_blocks_unresolved_linked_pr ... ok
[INFO] [stdout] test live_record_ops::record_close_fixture_passes_with_non_required_failure_when_required_pass ... ok
[INFO] [stdout] test live_record_ops::record_close_rejects_conflicting_label_mutations ... ok
[INFO] [stdout] test live_record_ops::record_close_fixture_passes_strict_gate_with_complete_v2_evidence ... ok
[INFO] [stdout] test live_record_ops::record_post_live_refuses_when_lifecycle_lock_is_busy ... ok
[INFO] [stdout] test live_record_ops::record_post_dry_run_includes_label_mutations ... ok
[INFO] [stdout] test live_record_ops::record_post_execution_state_file_rejects_empty_document ... ok
[INFO] [stdout] test live_issue_ops::live_ready_plan_label_update_flag_applies_review_label ... ok
[INFO] [stdout] test live_record_ops::record_post_execution_state_file_requires_state_kind_and_task_ledger ... ok
[INFO] [stdout] test live_record_ops::record_post_live_rejects_summary_payload_carrier_before_provider_mutation ... ok
[INFO] [stdout] test live_issue_ops::github_adapter_force_does_not_bypass_forge_cli_markdown_guard ... ok
[INFO] [stdout] test live_record_ops::record_post_rejects_conflicting_label_mutations ... ok
[INFO] [stdout] test live_issue_ops::github_adapter_rejects_literal_escaped_newline_without_force ... ok
[INFO] [stdout] test live_record_ops::record_post_live_rejects_summary_payload_carrier_before_unclosed_details ... ok
[INFO] [stdout] test live_record_ops::record_post_state_execution_state_file_expands_final_in_dry_run ... ok
[INFO] [stdout] test live_record_ops::record_post_state_execution_state_file_preserves_execution_metadata_fields ... ok
[INFO] [stdout] test live_record_ops::record_post_state_execution_state_file_collapses_non_final_in_dry_run ... ok
[INFO] [stdout] test live_record_ops::record_post_state_fixture_returns_rendered_body_without_provider_call ... ok
[INFO] [stdout] test live_record_ops::record_post_state_execution_state_file_composes_summary_in_dry_run ... ok
[INFO] [stdout] test live_record_ops::record_post_rejects_source_plan_and_closeout_kinds ... ok
[INFO] [stdout] test live_record_ops::record_post_state_summary_file_is_rendered_in_dry_run ... ok
[INFO] [stdout] test live_record_ops::record_post_state_with_payload_file_renders_v2_marker_in_dry_run ... ok
[INFO] [stdout] test live_record_ops::record_repair_dashboard_allows_new_valid_state_to_supersede_old_malformed_state ... ok
[INFO] [stdout] test live_record_ops::record_post_state_rejects_payload_that_cannot_drive_dashboard ... ok
[INFO] [stdout] test live_record_ops::record_repair_dashboard_out_writes_local_dashboard_file ... ok
[INFO] [stdout] test live_record_ops::record_repair_dashboard_rejects_malformed_state_payload_instead_of_pending ... ok
[INFO] [stdout] test output_contract::output_json_contract_error_envelope_contains_code_and_message ... ok
[INFO] [stdout] test live_record_ops::record_post_live_rejects_local_path_from_summary_file_before_provider_mutation ... ok
[INFO] [stdout] test live_record_ops::record_repair_dashboard_renders_canonical_dashboard_from_body_and_comments ... ok
[INFO] [stdout] test output_contract::output_text_contract_error_output_is_deterministic ... ok
[INFO] [stdout] test parity_guardrails::command_guardrails_close_plan_requires_github_comment_url_format ... ok
[INFO] [stdout] test live_record_ops::record_open_fixture_mode_returns_v2_evidence_urls ... ok
[INFO] [stdout] test parity_guardrails::command_guardrails_close_plan_requires_body_file_in_dry_run_mode ... ok
[INFO] [stdout] test output_contract::output_json_contract_success_envelope_contains_version_status_and_payload ... FAILED
[INFO] [stdout] test output_contract::output_text_contract_success_output_is_deterministic ... FAILED
[INFO] [stdout] test parity_guardrails::json_contract_guardrail_error_envelope_is_stable ... ok
[INFO] [stdout] test parity_guardrails::command_guardrails_close_plan_rejects_body_file_without_dry_run ... ok
[INFO] [stdout] test parity_guardrails::command_guardrails_multi_sprint_guide_rejects_reverse_range ... ok
[INFO] [stdout] test live_start_sprint_runtime_truth::live_start_sprint_uses_issue_table_runtime_truth_without_rewrite ... FAILED
[INFO] [stdout] test parity_guardrails::command_guardrails_local_issue_path_error_contains_subcommand_specific_guidance ... ok
[INFO] [stdout] test parity_guardrails::parity_shell_help_surface_tracks_current_command_contract ... ok
[INFO] [stdout] test record_audit::record_audit_default_does_not_emit_visible_block ... ok
[INFO] [stdout] test live_issue_ops::live_plan_commands_ready_and_close_follow_gate_contracts ... FAILED
[INFO] [stdout] test parity_guardrails::parity_shell_multi_sprint_guide_matches_shell_fixture_after_normalization ... FAILED
[INFO] [stdout] test parity_guardrails::json_contract_multi_sprint_guide_success_envelope_is_stable ... FAILED
[INFO] [stdout] test record_compat_baseline::lifecycle_comment_kind_value_enum_keeps_seven_roles ... ok
[INFO] [stdout] test record_audit::record_audit_expect_visible_help_mentions_flag ... ok
[INFO] [stdout] test record_compat_baseline::lifecycle_vnext_registry_matches_released_role_set ... ok
[INFO] [stdout] test lifecycle_vnext_render::lifecycle_vnext_render_source_and_plan_via_record_attach ... ok
[INFO] [stdout] test parity_guardrails::parity_shell_start_comment_template_matches_shell_fixture ... FAILED
[INFO] [stdout] test parity_guardrails::parity_shell_completion_scripts_emit_expected_headers ... ok
[INFO] [stdout] test record_audit::record_audit_expect_visible_blocks_missing_task_ledger ... ok
[INFO] [stdout] test live_record_ops::record_open_dry_run_resolves_relative_bundle ... ok
[INFO] [stdout] test live_record_ops::record_open_allow_dirty_permits_uncommitted_bundle ... ok
[INFO] [stdout] test record_compat_baseline::tracking_run_state_schema_constants_are_stable ... ok
[INFO] [stdout] test record_audit::record_audit_expect_visible_blocks_profile_only_session ... ok
[INFO] [stdout] test record_compat_baseline::record_audit_runtime_failure_envelope_is_stable ... ok
[INFO] [stdout] test record_restore::record_restore_help_mentions_out_and_offline_inputs ... ok
[INFO] [stdout] test record_restore::record_restore_errors_on_missing_required_role ... ok
[INFO] [stdout] test record_compat_baseline::record_audit_success_envelope_shape_is_stable ... ok
[INFO] [stdout] test record_restore::record_restore_preserves_nested_details_in_content ... ok
[INFO] [stdout] test record_compat_baseline::record_audit_failure_returns_usage_exit_for_missing_arg ... ok
[INFO] [stdout] test record_compat_baseline::plan_issue_local_keeps_record_subcommand_help ... ok
[INFO] [stdout] test live_record_ops::record_open_dry_run_includes_labels_in_preview ... ok
[INFO] [stdout] test live_record_ops::record_attach_dry_run_renders_source_plan_and_state_comments ... ok
[INFO] [stdout] test record_template::record_template_envelope_shape_is_stable ... ok
[INFO] [stdout] test record_restore::record_restore_selects_latest_snapshot_per_role ... ok
[INFO] [stdout] test record_audit::record_audit_expect_visible_passes_for_complete_evidence ... ok
[INFO] [stdout] test record_restore::record_restore_round_trips_source_and_plan ... ok
[INFO] [stdout] test live_record_ops::record_open_initial_state_task_ledger_defaults_to_open_fold ... ok
[INFO] [stdout] test record_template::record_template_state_markdown_includes_task_ledger ... ok
[INFO] [stdout] test live_record_ops::record_repair_dashboard_live_rejects_local_path_in_rendered_dashboard_before_edit ... ok
[INFO] [stdout] test runtime_layout_parity::runtime_layout_parity ... FAILED
[INFO] [stdout] test record_compat_baseline::lifecycle_reader_help_declares_no_old_state_payload_contract ... ok
[INFO] [stdout] test resolve_approval::resolve_approval_text_prints_url_when_exactly_one_match ... ok
[INFO] [stdout] test resolve_approval::resolve_approval_text_fails_when_multiple_decision_merge_comments ... ok
[INFO] [stdout] test start_plan_canonical::start_plan_emits_canonical_artifacts ... FAILED
[INFO] [stdout] test runtime_truth_plan_and_sprint_flow::write_subagent_prompts_groups_tasks_by_runtime_lane ... FAILED
[INFO] [stdout] test resolve_approval::resolve_approval_text_fails_when_no_decision_merge_comment ... ok
[INFO] [stdout] test runtime_truth_plan_and_sprint_flow::start_sprint_uses_issue_table_runtime_truth_and_rejects_drift ... FAILED
[INFO] [stdout] test parity_guardrails::json_contract_local_binary_success_envelope_is_stable ... FAILED
[INFO] [stdout] test runtime_truth_plan_and_sprint_flow::start_plan_dry_run_writes_runtime_truth_task_decomposition_metadata ... FAILED
[INFO] [stdout] test start_sprint_canonical::dispatch_record_omits_runtime_adapter_keys ... FAILED
[INFO] [stdout] test start_plan_canonical::start_plan_writes_plan_branch_ref ... FAILED
[INFO] [stdout] test start_plan_canonical::status_plan_emits_repo_slug_and_v2_schema_version ... FAILED
[INFO] [stdout] test start_plan_canonical::start_plan_local_uses_placeholder_issue ... FAILED
[INFO] [stdout] test start_sprint_canonical::start_sprint_emits_pr_groups_array ... FAILED
[INFO] [stdout] test start_sprint_canonical::start_sprint_emits_prompt_manifest ... FAILED
[INFO] [stdout] test start_sprint_canonical::start_sprint_omits_subagent_init_snapshot_post_0_8 ... FAILED
[INFO] [stdout] test start_sprint_canonical::start_sprint_relocates_task_prompt ... FAILED
[INFO] [stdout] test start_sprint_canonical::start_sprint_emits_plan_snapshot ... FAILED
[INFO] [stdout] test resolve_approval::resolve_approval_json_reports_zero_one_or_many_candidates ... ok
[INFO] [stdout] test start_sprint_canonical::start_sprint_emits_repo_slug_and_v2_schema_version ... FAILED
[INFO] [stdout] test record_template::record_template_json_renders_every_role ... ok
[INFO] [stdout] test task_spec_flow::local_flow_plan_issue_local_dry_run_end_to_end_generates_artifacts ... FAILED
[INFO] [stdout] test task_spec_flow::local_start_plan_returns_deterministic_issue_placeholder ... FAILED
[INFO] [stdout] test task_spec_flow::local_flow_status_plan_body_file_reports_counts_and_comment_preview ... FAILED
[INFO] [stdout] test task_spec_flow::local_flow_ready_plan_missing_summary_file_returns_error ... FAILED
[INFO] [stdout] test task_spec_flow::render_issue_body_start_plan_writes_issue_body_artifact ... FAILED
[INFO] [stdout] test task_spec_flow::render_issue_body_start_plan_creates_missing_issue_body_directory ... FAILED
[INFO] [stdout] test task_spec_flow::render_issue_body_start_plan_falls_back_when_preface_sections_missing ... FAILED
[INFO] [stdout] test task_spec_flow::render_issue_body_start_sprint_writes_start_comment_with_modes ... FAILED
[INFO] [stdout] test task_spec_flow::render_issue_body_start_sprint_group_auto_single_pr_lane_uses_per_sprint_mode ... FAILED
[INFO] [stdout] test start_plan_canonical::start_plan_emits_repo_slug_and_v2_schema_version ... FAILED
[INFO] [stdout] test task_spec_flow::render_issue_body_start_sprint_group_deterministic_single_pr_lane_uses_per_sprint_mode ... FAILED
[INFO] [stdout] test task_spec_flow::strategy_auto_partial_mapping_allows_unmapped_rows ... FAILED
[INFO] [stdout] test task_spec_flow::start_sprint_rejects_deterministic_grouping_mismatch_with_plan_metadata ... ok
[INFO] [stdout] test tracking_checkpoint_dry_run::tracking_checkpoint_blocks_review_role_without_decision ... ok
[INFO] [stdout] test tracking_checkpoint_dry_run::tracking_checkpoint_dry_run_renders_rich_review_evidence ... ok
[INFO] [stdout] test task_spec_flow::task_spec_generation_build_task_spec_writes_grouped_rows ... FAILED
[INFO] [stdout] test task_spec_flow::task_spec_generation_creates_missing_output_directory ... FAILED
[INFO] [stdout] test tracking_checkpoint_dry_run::tracking_checkpoint_dry_run_renders_state_role_from_run_state ... ok
[INFO] [stdout] test tracking_checkpoint_dry_run::tracking_checkpoint_dry_run_session_renders_from_activity_validation_still_skips ... ok
[INFO] [stdout] test tracking_checkpoint_dry_run::tracking_checkpoint_dry_run_ignores_prior_review_disposition_hint ... ok
[INFO] [stdout] test tracking_checkpoint_dry_run::tracking_checkpoint_dry_run_writes_rendered_bodies_under_run_dir ... ok
[INFO] [stdout] test task_spec_flow::write_subagent_prompts_groups_tasks_by_runtime_lane ... FAILED
[INFO] [stdout] test tracking_checkpoint_dry_run::tracking_checkpoint_state_body_renders_live_header_not_frozen_preflight ... ok
[INFO] [stdout] test task_spec_flow::task_decomposition_writer_and_parser_use_one_sanitized_schema ... FAILED
[INFO] [stdout] test tracking_checkpoint_dry_run::tracking_checkpoint_state_body_renders_full_execution_state_ledger ... ok
[INFO] [stdout] test tracking_checkpoint_dry_run::tracking_checkpoint_dry_run_session_skipped_for_bare_run_state ... ok
[INFO] [stdout] test tracking_checkpoint_live::tracking_checkpoint_live_fixture_refuses_when_lifecycle_lock_is_busy ... ok
[INFO] [stdout] test tracking_checkpoint_live::tracking_checkpoint_live_fixture_posts_state_and_review_in_declaration_order ... ok
[INFO] [stdout] test tracking_checkpoint_live::tracking_checkpoint_live_fixture_returns_posted_state_role_with_synthesized_url ... ok
[INFO] [stdout] test tracking_checkpoint_refusals::tracking_checkpoint_refusals_block_when_run_state_stale_vs_issue_closed ... ok
[INFO] [stdout] test tracking_checkpoint_live::tracking_checkpoint_live_missing_issue_blocks_when_run_state_has_none ... ok
[INFO] [stdout] test tracking_checkpoint_live::tracking_checkpoint_live_fixture_repair_dashboard_returns_fixture_repair_result ... ok
[INFO] [stdout] test tracking_checkpoint_live::tracking_checkpoint_live_visible_completeness_failure_short_circuits_before_posting ... ok
[INFO] [stdout] test tracking_checkpoint_refusals::tracking_checkpoint_refusals_block_unknown_role ... ok
[INFO] [stdout] test tracking_checkpoint_live::tracking_checkpoint_live_inherits_issue_from_run_state ... ok
[INFO] [stdout] test tracking_checkpoint_refusals::tracking_checkpoint_blocks_when_recorded_ledger_ref_is_unresolvable ... ok
[INFO] [stdout] test tracking_close_ready::tracking_close_ready_blocks_when_missing_validation ... ok
[INFO] [stdout] test tracking_close_ready::tracking_close_ready_collects_linked_prs_from_state_and_flag ... ok
[INFO] [stdout] test tracking_close_ready::tracking_close_ready_is_non_mutating ... ok
[INFO] [stdout] test tracking_events::tracking_events_appends_run_start_through_checkpoint_in_order ... ok
[INFO] [stdout] test tracking_events::tracking_events_jsonl_does_not_rewrite_prior_lines ... ok
[INFO] [stdout] test tracking_close_ready_ledger_blocker::close_ready_emits_ledger_rows_pending_when_phase_ready_and_rows_pending ... ok
[INFO] [stdout] test tracking_close_ready::tracking_close_ready_reports_ready_for_complete_fixture ... ok
[INFO] [stdout] test tracking_events::tracking_events_schema_identifier_is_stable ... ok
[INFO] [stdout] test tracking_close_ready_ledger_blocker::close_ready_no_ledger_blocker_when_all_rows_done ... ok
[INFO] [stdout] test tracking_fsm::tracking_fsm_blocked_state_maps_to_state_payload_status ... ok
[INFO] [stdout] test tracking_close_ready_ledger_blocker::close_ready_no_ledger_blocker_when_phase_implementing ... ok
[INFO] [stdout] test tracking_fsm::tracking_fsm_handles_full_lifecycle_progression ... ok
[INFO] [stdout] test tracking_close_ready::tracking_close_ready_help_lists_required_args ... ok
[INFO] [stdout] test tracking_fsm::tracking_fsm_safe_transitions_are_stable_per_state ... ok
[INFO] [stdout] test tracking_fsm::tracking_fsm_missing_roles_produce_precise_next_actions ... ok
[INFO] [stdout] test tracking_reconcile::tracking_reconcile_emits_run_state_ahead_for_unposted_validation ... ok
[INFO] [stdout] test tracking_events::tracking_events_large_detail_can_be_stored_as_path_pointer ... ok
[INFO] [stdout] test tracking_reconcile::tracking_reconcile_missing_role_warnings_are_role_specific ... ok
[INFO] [stdout] test tracking_reconcile::tracking_reconcile_provider_evidence_wins_when_issue_closed ... ok
[INFO] [stdout] test tracking_run_state::tracking_run_state_runroot_uses_existing_layout_contract ... ok
[INFO] [stdout] test tracking_reconcile::tracking_reconcile_safe_transitions_match_fsm ... ok
[INFO] [stdout] test tracking_run_state::tracking_run_state_schema_identifier_is_stable ... ok
[INFO] [stdout] test tracking_run_state::tracking_run_state_rejects_wrong_schema_id ... ok
[INFO] [stdout] test tracking_run_state::tracking_run_state_round_trips_disk_io ... ok
[INFO] [stdout] test record_template::record_template_help_lists_template_under_record ... ok
[INFO] [stdout] test tracking_run_update::tracking_run_update_help_lists_run_init_and_update ... ok
[INFO] [stdout] test tracking_run_update::tracking_run_update_rejects_invalid_run_state ... ok
[INFO] [stdout] test tracking_run_update::tracking_run_update_init_writes_run_state_and_events ... ok
[INFO] [stdout] test task_spec_flow::local_flow_ready_plan_body_file_accepts_summary_file_without_comment ... FAILED
[INFO] [stdout] test tracking_run_update::tracking_run_init_defaults_now_to_wallclock_when_now_omitted ... ok
[INFO] [stdout] test tracking_run_update::tracking_run_update_records_rich_review_evidence ... ok
[INFO] [stdout] test record_restore::record_restore_refuses_overwrite_without_force ... ok
[INFO] [stdout] test visible_lint::visible_lint_closeout_requires_approval_and_linked_pr ... ok
[INFO] [stdout] test tracking_status::tracking_status_expect_visible_flows_through_to_visible_lint ... ok
[INFO] [stdout] test tracking_status::tracking_status_blocked_state_recommends_resolve_blocker ... ok
[INFO] [stdout] test tracking_status::tracking_status_emits_stable_envelope_for_fixture_input ... ok
[INFO] [stdout] test visible_lint::visible_lint_review_decision_and_disposition ... ok
[INFO] [stdout] test visible_lint::visible_lint_rejects_profile_only_state_body ... ok
[INFO] [stdout] test visible_lint::visible_lint_session_requires_non_empty_summary ... ok
[INFO] [stdout] test visible_lint::visible_lint_state_final_expanded_passes ... ok
[INFO] [stdout] test visible_lint::visible_lint_source_and_plan_reject_profile_only ... ok
[INFO] [stdout] test visible_lint::visible_lint_state_final_must_expand_task_ledger ... ok
[INFO] [stdout] test visible_lint::visible_lint_state_final_anchors_to_rendered_task_ledger ... ok
[INFO] [stdout] test tracking_close_ready_ledger_blocker::close_ready_silent_skips_when_bundle_absent ... ok
[INFO] [stdout] test visible_lint::visible_lint_validation_requires_overall_and_evidence ... ok
[INFO] [stdout] test visible_lint::visible_lint_state_missing_task_ledger_is_blocked ... ok
[INFO] [stdout] test visible_lint::visible_lint_missing_heading_returns_role_specific_code ... ok
[INFO] [stdout] test visible_lint::visible_lint_state_passing_non_final ... ok
[INFO] [stdout] test tracking_run_update::tracking_run_update_changes_phase_and_appends_event ... ok
[INFO] [stdout] test visible_lint::visible_lint_state_final_prefers_later_execution_anchor_over_summary_current_state ... ok
[INFO] [stdout] test tracking_status::tracking_status_help_lists_status_subcommand ... ok
[INFO] [stdout] test tracking_status::tracking_status_ready_for_close_emits_run_close_ready ... ok
[INFO] [stdout] test tracking_checkpoint_refusals::tracking_checkpoint_refusals_reject_source_plan_closeout_post_kinds ... ok
[INFO] [stdout] test tracking_status::tracking_status_reports_stale_run_state_when_issue_closed ... ok
[INFO] [stdout] test start_sprint_canonical::start_sprint_emits_dispatch_record_per_task ... FAILED
[INFO] [stdout] test record_compat_baseline::record_subcommand_help_keeps_released_command_surface ... ok
[INFO] [stdout] test record_template::record_template_dispatch_profile_renders_for_every_role ... ok
[INFO] [stdout] test record_template::record_template_markdown_renders_every_role ... ok
[INFO] [stdout] test live_record_ops::record_open_dry_run_returns_preview_without_gh_calls ... ok
[INFO] [stdout] 
[INFO] [stdout] failures:
[INFO] [stdout] 
[INFO] [stdout] ---- auto_single_lane_runtime_truth::auto_single_lane_end_to_end_keeps_per_sprint_runtime_truth stdout ----
[INFO] [stdout] 
[INFO] [stdout] thread 'auto_single_lane_runtime_truth::auto_single_lane_end_to_end_keeps_per_sprint_runtime_truth' (1622) panicked at tests/integration/auto_single_lane_runtime_truth.rs:201:5:
[INFO] [stdout] assertion failed: `(left == right)`: stderr: 
[INFO] [stdout] 
[INFO] [stdout] [1mDiff[0m [31m< left[0m / [32mright >[0m :
[INFO] [stdout] [31m<[0m[1;48;5;52;31m64[0m
[INFO] [stdout] [32m>[0m[1;48;5;22;32m0[0m
[INFO] [stdout] 
[INFO] [stdout] 
[INFO] [stdout] stack backtrace:
[INFO] [stdout]    0:     0x5d96fa8b2dc1 - <<std[617be2ca0a6fd877]::sys::backtrace::BacktraceLock>::print::DisplayBacktrace as core[a373ad73a504971]::fmt::Display>::fmt
[INFO] [stdout]    1:     0x5d96fa8cad8a - core[a373ad73a504971]::fmt::write
[INFO] [stdout]    2:     0x5d96fa8b743c - <alloc[2e1b2a31b91974c5]::vec::Vec<u8> as core[a373ad73a504971]::io::write::Write>::write_fmt
[INFO] [stdout]    3:     0x5d96fa88b4d6 - std[617be2ca0a6fd877]::panicking::default_hook::{closure#0}
[INFO] [stdout]    4:     0x5d96fa8a96d9 - std[617be2ca0a6fd877]::panicking::default_hook
[INFO] [stdout]    5:     0x5d96fa5e9a00 - test[aada8e7e76ba119b]::test_main_inner::{closure#0}
[INFO] [stdout]    6:     0x5d96fa8a9892 - std[617be2ca0a6fd877]::panicking::panic_with_hook
[INFO] [stdout]    7:     0x5d96fa88b582 - std[617be2ca0a6fd877]::panicking::panic_handler::{closure#0}
[INFO] [stdout]    8:     0x5d96fa883f49 - std[617be2ca0a6fd877]::sys::backtrace::__rust_end_short_backtrace::<std[617be2ca0a6fd877]::panicking::panic_handler::{closure#0}, !>
[INFO] [stdout]    9:     0x5d96fa88c24d - __rustc[ea4f61d10b84890b]::rust_begin_unwind
[INFO] [stdout]   10:     0x5d96fa8cb56c - core[a373ad73a504971]::panicking::panic_fmt
[INFO] [stdout]   11:     0x5d96fa4e8da6 - integration[5bcce010c12eabb3]::auto_single_lane_runtime_truth::auto_single_lane_end_to_end_keeps_per_sprint_runtime_truth
[INFO] [stdout]   12:     0x5d96fa4f1b59 - <integration[5bcce010c12eabb3]::auto_single_lane_runtime_truth::auto_single_lane_end_to_end_keeps_per_sprint_runtime_truth::{closure#0} as core[a373ad73a504971]::ops::function::FnOnce<()>>::call_once
[INFO] [stdout]   13:     0x5d96fa5dce4b - test[aada8e7e76ba119b]::__rust_begin_short_backtrace::<core[a373ad73a504971]::result::Result<(), alloc[2e1b2a31b91974c5]::string::String>, fn() -> core[a373ad73a504971]::result::Result<(), alloc[2e1b2a31b91974c5]::string::String>>
[INFO] [stdout]   14:     0x5d96fa5ea025 - test[aada8e7e76ba119b]::run_test::{closure#0}
[INFO] [stdout]   15:     0x5d96fa5e3914 - std[617be2ca0a6fd877]::sys::backtrace::__rust_begin_short_backtrace::<test[aada8e7e76ba119b]::run_test::{closure#1}, ()>
[INFO] [stdout]   16:     0x5d96fa5ed0b2 - <std[617be2ca0a6fd877]::thread::lifecycle::spawn_unchecked<test[aada8e7e76ba119b]::run_test::{closure#1}, ()>::{closure#1} as core[a373ad73a504971]::ops::function::FnOnce<()>>::call_once::{shim:vtable#0}
[INFO] [stdout]   17:     0x5d96fa8b201f - <std[617be2ca0a6fd877]::sys::thread::unix::Thread>::new::thread_start
[INFO] [stdout]   18:     0x7bd4b5ab8dfa - <unknown>
[INFO] [stdout]   19:     0x7bd4b5b4c3d4 - clone
[INFO] [stdout]   20:                0x0 - <unknown>
[INFO] [stdout] 
[INFO] [stdout] ---- live_issue_ops::github_adapter_live_commands_use_forge_cli_backend_for_issue_and_pr_state stdout ----
[INFO] [stdout] 
[INFO] [stdout] thread 'live_issue_ops::github_adapter_live_commands_use_forge_cli_backend_for_issue_and_pr_state' (1735) panicked at tests/integration/live_issue_ops.rs:125:5:
[INFO] [stdout] assertion failed: `(left == right)`: stderr: 
[INFO] [stdout] 
[INFO] [stdout] [1mDiff[0m [31m< left[0m / [32mright >[0m :
[INFO] [stdout] [31m<[0m[1;48;5;52;31m1[0m
[INFO] [stdout] [32m>[0m[1;48;5;22;32m0[0m
[INFO] [stdout] 
[INFO] [stdout] 
[INFO] [stdout] stack backtrace:
[INFO] [stdout]    0:     0x5d96fa8b2dc1 - <<std[617be2ca0a6fd877]::sys::backtrace::BacktraceLock>::print::DisplayBacktrace as core[a373ad73a504971]::fmt::Display>::fmt
[INFO] [stdout]    1:     0x5d96fa8cad8a - core[a373ad73a504971]::fmt::write
[INFO] [stdout]    2:     0x5d96fa8b743c - <alloc[2e1b2a31b91974c5]::vec::Vec<u8> as core[a373ad73a504971]::io::write::Write>::write_fmt
[INFO] [stdout]    3:     0x5d96fa88b4d6 - std[617be2ca0a6fd877]::panicking::default_hook::{closure#0}
[INFO] [stdout]    4:     0x5d96fa8a96d9 - std[617be2ca0a6fd877]::panicking::default_hook
[INFO] [stdout]    5:     0x5d96fa5e9a00 - test[aada8e7e76ba119b]::test_main_inner::{closure#0}
[INFO] [stdout]    6:     0x5d96fa8a9892 - std[617be2ca0a6fd877]::panicking::panic_with_hook
[INFO] [stdout]    7:     0x5d96fa88b582 - std[617be2ca0a6fd877]::panicking::panic_handler::{closure#0}
[INFO] [stdout]    8:     0x5d96fa883f49 - std[617be2ca0a6fd877]::sys::backtrace::__rust_end_short_backtrace::<std[617be2ca0a6fd877]::panicking::panic_handler::{closure#0}, !>
[INFO] [stdout]    9:     0x5d96fa88c24d - __rustc[ea4f61d10b84890b]::rust_begin_unwind
[INFO] [stdout]   10:     0x5d96fa8cb56c - core[a373ad73a504971]::panicking::panic_fmt
[INFO] [stdout]   11:     0x5d96fa518540 - <integration[5bcce010c12eabb3]::live_issue_ops::github_adapter_live_commands_use_forge_cli_backend_for_issue_and_pr_state::{closure#0} as core[a373ad73a504971]::ops::function::FnOnce<()>>::call_once
[INFO] [stdout]   12:     0x5d96fa5dce4b - test[aada8e7e76ba119b]::__rust_begin_short_backtrace::<core[a373ad73a504971]::result::Result<(), alloc[2e1b2a31b91974c5]::string::String>, fn() -> core[a373ad73a504971]::result::Result<(), alloc[2e1b2a31b91974c5]::string::String>>
[INFO] [stdout]   13:     0x5d96fa5ea025 - test[aada8e7e76ba119b]::run_test::{closure#0}
[INFO] [stdout]   14:     0x5d96fa5e3914 - std[617be2ca0a6fd877]::sys::backtrace::__rust_begin_short_backtrace::<test[aada8e7e76ba119b]::run_test::{closure#1}, ()>
[INFO] [stdout]   15:     0x5d96fa5ed0b2 - <std[617be2ca0a6fd877]::thread::lifecycle::spawn_unchecked<test[aada8e7e76ba119b]::run_test::{closure#1}, ()>::{closure#1} as core[a373ad73a504971]::ops::function::FnOnce<()>>::call_once::{shim:vtable#0}
[INFO] [stdout]   16:     0x5d96fa8b201f - <std[617be2ca0a6fd877]::sys::thread::unix::Thread>::new::thread_start
[INFO] [stdout]   17:     0x7bd4b5ab8dfa - <unknown>
[INFO] [stdout]   18:     0x7bd4b5b4c3d4 - clone
[INFO] [stdout]   19:                0x0 - <unknown>
[INFO] [stdout] 
[INFO] [stdout] ---- live_issue_ops::live_sprint_commands_start_ready_accept_and_guide_are_deterministic stdout ----
[INFO] [stdout] 
[INFO] [stdout] thread 'live_issue_ops::live_sprint_commands_start_ready_accept_and_guide_are_deterministic' (1750) panicked at tests/integration/live_issue_ops.rs:325:5:
[INFO] [stdout] assertion failed: `(left == right)`: stderr: 
[INFO] [stdout] 
[INFO] [stdout] [1mDiff[0m [31m< left[0m / [32mright >[0m :
[INFO] [stdout] [31m<[0m[1;48;5;52;31m1[0m
[INFO] [stdout] [32m>[0m[1;48;5;22;32m0[0m
[INFO] [stdout] 
[INFO] [stdout] 
[INFO] [stdout] stack backtrace:
[INFO] [stdout]    0:     0x5d96fa8b2dc1 - <<std[617be2ca0a6fd877]::sys::backtrace::BacktraceLock>::print::DisplayBacktrace as core[a373ad73a504971]::fmt::Display>::fmt
[INFO] [stdout]    1:     0x5d96fa8cad8a - core[a373ad73a504971]::fmt::write
[INFO] [stdout]    2:     0x5d96fa8b743c - <alloc[2e1b2a31b91974c5]::vec::Vec<u8> as core[a373ad73a504971]::io::write::Write>::write_fmt
[INFO] [stdout]    3:     0x5d96fa88b4d6 - std[617be2ca0a6fd877]::panicking::default_hook::{closure#0}
[INFO] [stdout]    4:     0x5d96fa8a96d9 - std[617be2ca0a6fd877]::panicking::default_hook
[INFO] [stdout]    5:     0x5d96fa5e9a00 - test[aada8e7e76ba119b]::test_main_inner::{closure#0}
[INFO] [stdout]    6:     0x5d96fa8a9892 - std[617be2ca0a6fd877]::panicking::panic_with_hook
[INFO] [stdout]    7:     0x5d96fa88b582 - std[617be2ca0a6fd877]::panicking::panic_handler::{closure#0}
[INFO] [stdout]    8:     0x5d96fa883f49 - std[617be2ca0a6fd877]::sys::backtrace::__rust_end_short_backtrace::<std[617be2ca0a6fd877]::panicking::panic_handler::{closure#0}, !>
[INFO] [stdout]    9:     0x5d96fa88c24d - __rustc[ea4f61d10b84890b]::rust_begin_unwind
[INFO] [stdout]   10:     0x5d96fa8cb56c - core[a373ad73a504971]::panicking::panic_fmt
[INFO] [stdout]   11:     0x5d96fa5172fb - <integration[5bcce010c12eabb3]::live_issue_ops::live_sprint_commands_start_ready_accept_and_guide_are_deterministic::{closure#0} as core[a373ad73a504971]::ops::function::FnOnce<()>>::call_once
[INFO] [stdout]   12:     0x5d96fa5dce4b - test[aada8e7e76ba119b]::__rust_begin_short_backtrace::<core[a373ad73a504971]::result::Result<(), alloc[2e1b2a31b91974c5]::string::String>, fn() -> core[a373ad73a504971]::result::Result<(), alloc[2e1b2a31b91974c5]::string::String>>
[INFO] [stdout]   13:     0x5d96fa5ea025 - test[aada8e7e76ba119b]::run_test::{closure#0}
[INFO] [stdout]   14:     0x5d96fa5e3914 - std[617be2ca0a6fd877]::sys::backtrace::__rust_begin_short_backtrace::<test[aada8e7e76ba119b]::run_test::{closure#1}, ()>
[INFO] [stdout]   15:     0x5d96fa5ed0b2 - <std[617be2ca0a6fd877]::thread::lifecycle::spawn_unchecked<test[aada8e7e76ba119b]::run_test::{closure#1}, ()>::{closure#1} as core[a373ad73a504971]::ops::function::FnOnce<()>>::call_once::{shim:vtable#0}
[INFO] [stdout]   16:     0x5d96fa8b201f - <std[617be2ca0a6fd877]::sys::thread::unix::Thread>::new::thread_start
[INFO] [stdout]   17:     0x7bd4b5ab8dfa - <unknown>
[INFO] [stdout]   18:     0x7bd4b5b4c3d4 - clone
[INFO] [stdout]   19:                0x0 - <unknown>
[INFO] [stdout] 
[INFO] [stdout] ---- output_contract::output_json_contract_success_envelope_contains_version_status_and_payload stdout ----
[INFO] [stdout] 
[INFO] [stdout] thread 'output_contract::output_json_contract_success_envelope_contains_version_status_and_payload' (1936) panicked at tests/integration/output_contract.rs:19:5:
[INFO] [stdout] assertion failed: `(left == right)`: stderr: 
[INFO] [stdout] 
[INFO] [stdout] [1mDiff[0m [31m< left[0m / [32mright >[0m :
[INFO] [stdout] [31m<[0m[1;48;5;52;31m1[0m
[INFO] [stdout] [32m>[0m[1;48;5;22;32m0[0m
[INFO] [stdout] 
[INFO] [stdout] 
[INFO] [stdout] stack backtrace:
[INFO] [stdout]    0:     0x5d96fa8b2dc1 - <<std[617be2ca0a6fd877]::sys::backtrace::BacktraceLock>::print::DisplayBacktrace as core[a373ad73a504971]::fmt::Display>::fmt
[INFO] [stdout]    1:     0x5d96fa8cad8a - core[a373ad73a504971]::fmt::write
[INFO] [stdout]    2:     0x5d96fa8b743c - <alloc[2e1b2a31b91974c5]::vec::Vec<u8> as core[a373ad73a504971]::io::write::Write>::write_fmt
[INFO] [stdout]    3:     0x5d96fa88b4d6 - std[617be2ca0a6fd877]::panicking::default_hook::{closure#0}
[INFO] [stdout]    4:     0x5d96fa8a96d9 - std[617be2ca0a6fd877]::panicking::default_hook
[INFO] [stdout]    5:     0x5d96fa5e9a00 - test[aada8e7e76ba119b]::test_main_inner::{closure#0}
[INFO] [stdout]    6:     0x5d96fa8a9892 - std[617be2ca0a6fd877]::panicking::panic_with_hook
[INFO] [stdout]    7:     0x5d96fa88b582 - std[617be2ca0a6fd877]::panicking::panic_handler::{closure#0}
[INFO] [stdout]    8:     0x5d96fa883f49 - std[617be2ca0a6fd877]::sys::backtrace::__rust_end_short_backtrace::<std[617be2ca0a6fd877]::panicking::panic_handler::{closure#0}, !>
[INFO] [stdout]    9:     0x5d96fa88c24d - __rustc[ea4f61d10b84890b]::rust_begin_unwind
[INFO] [stdout]   10:     0x5d96fa8cb56c - core[a373ad73a504971]::panicking::panic_fmt
[INFO] [stdout]   11:     0x5d96fa543662 - <integration[5bcce010c12eabb3]::output_contract::output_json_contract_success_envelope_contains_version_status_and_payload::{closure#0} as core[a373ad73a504971]::ops::function::FnOnce<()>>::call_once
[INFO] [stdout]   12:     0x5d96fa5dce4b - test[aada8e7e76ba119b]::__rust_begin_short_backtrace::<core[a373ad73a504971]::result::Result<(), alloc[2e1b2a31b91974c5]::string::String>, fn() -> core[a373ad73a504971]::result::Result<(), alloc[2e1b2a31b91974c5]::string::String>>
[INFO] [stdout]   13:     0x5d96fa5ea025 - test[aada8e7e76ba119b]::run_test::{closure#0}
[INFO] [stdout]   14:     0x5d96fa5e3914 - std[617be2ca0a6fd877]::sys::backtrace::__rust_begin_short_backtrace::<test[aada8e7e76ba119b]::run_test::{closure#1}, ()>
[INFO] [stdout]   15:     0x5d96fa5ed0b2 - <std[617be2ca0a6fd877]::thread::lifecycle::spawn_unchecked<test[aada8e7e76ba119b]::run_test::{closure#1}, ()>::{closure#1} as core[a373ad73a504971]::ops::function::FnOnce<()>>::call_once::{shim:vtable#0}
[INFO] [stdout]   16:     0x5d96fa8b201f - <std[617be2ca0a6fd877]::sys::thread::unix::Thread>::new::thread_start
[INFO] [stdout]   17:     0x7bd4b5ab8dfa - <unknown>
[INFO] [stdout]   18:     0x7bd4b5b4c3d4 - clone
[INFO] [stdout]   19:                0x0 - <unknown>
[INFO] [stdout] 
[INFO] [stdout] ---- output_contract::output_text_contract_success_output_is_deterministic stdout ----
[INFO] [stdout] 
[INFO] [stdout] thread 'output_contract::output_text_contract_success_output_is_deterministic' (1948) panicked at tests/integration/output_contract.rs:79:5:
[INFO] [stdout] assertion failed: `(left == right)`: stderr: schema_version: plan-issue.build.plan.task.spec.v1
[INFO] [stdout] command: build-plan-task-spec
[INFO] [stdout] status: error
[INFO] [stdout] code: task-spec-generation-failed
[INFO] [stdout] message: plan file not found: crates/plan-issue/tests/fixtures/plans/plan-issue-rust-cli-full-delivery-plan.md
[INFO] [stdout] 
[INFO] [stdout] 
[INFO] [stdout] [1mDiff[0m [31m< left[0m / [32mright >[0m :
[INFO] [stdout] [31m<[0m[1;48;5;52;31m1[0m
[INFO] [stdout] [32m>[0m[1;48;5;22;32m0[0m
[INFO] [stdout] 
[INFO] [stdout] 
[INFO] [stdout] stack backtrace:
[INFO] [stdout]    0:     0x5d96fa8b2dc1 - <<std[617be2ca0a6fd877]::sys::backtrace::BacktraceLock>::print::DisplayBacktrace as core[a373ad73a504971]::fmt::Display>::fmt
[INFO] [stdout]    1:     0x5d96fa8cad8a - core[a373ad73a504971]::fmt::write
[INFO] [stdout]    2:     0x5d96fa8b743c - <alloc[2e1b2a31b91974c5]::vec::Vec<u8> as core[a373ad73a504971]::io::write::Write>::write_fmt
[INFO] [stdout]    3:     0x5d96fa88b4d6 - std[617be2ca0a6fd877]::panicking::default_hook::{closure#0}
[INFO] [stdout]    4:     0x5d96fa8a96d9 - std[617be2ca0a6fd877]::panicking::default_hook
[INFO] [stdout]    5:     0x5d96fa5e9a00 - test[aada8e7e76ba119b]::test_main_inner::{closure#0}
[INFO] [stdout]    6:     0x5d96fa8a9892 - std[617be2ca0a6fd877]::panicking::panic_with_hook
[INFO] [stdout]    7:     0x5d96fa88b582 - std[617be2ca0a6fd877]::panicking::panic_handler::{closure#0}
[INFO] [stdout]    8:     0x5d96fa883f49 - std[617be2ca0a6fd877]::sys::backtrace::__rust_end_short_backtrace::<std[617be2ca0a6fd877]::panicking::panic_handler::{closure#0}, !>
[INFO] [stdout]    9:     0x5d96fa88c24d - __rustc[ea4f61d10b84890b]::rust_begin_unwind
[INFO] [stdout]   10:     0x5d96fa8cb56c - core[a373ad73a504971]::panicking::panic_fmt
[INFO] [stdout]   11:     0x5d96fa542a83 - <integration[5bcce010c12eabb3]::output_contract::output_text_contract_success_output_is_deterministic::{closure#0} as core[a373ad73a504971]::ops::function::FnOnce<()>>::call_once
[INFO] [stdout]   12:     0x5d96fa5dce4b - test[aada8e7e76ba119b]::__rust_begin_short_backtrace::<core[a373ad73a504971]::result::Result<(), alloc[2e1b2a31b91974c5]::string::String>, fn() -> core[a373ad73a504971]::result::Result<(), alloc[2e1b2a31b91974c5]::string::String>>
[INFO] [stdout]   13:     0x5d96fa5ea025 - test[aada8e7e76ba119b]::run_test::{closure#0}
[INFO] [stdout]   14:     0x5d96fa5e3914 - std[617be2ca0a6fd877]::sys::backtrace::__rust_begin_short_backtrace::<test[aada8e7e76ba119b]::run_test::{closure#1}, ()>
[INFO] [stdout]   15:     0x5d96fa5ed0b2 - <std[617be2ca0a6fd877]::thread::lifecycle::spawn_unchecked<test[aada8e7e76ba119b]::run_test::{closure#1}, ()>::{closure#1} as core[a373ad73a504971]::ops::function::FnOnce<()>>::call_once::{shim:vtable#0}
[INFO] [stdout]   16:     0x5d96fa8b201f - <std[617be2ca0a6fd877]::sys::thread::unix::Thread>::new::thread_start
[INFO] [stdout]   17:     0x7bd4b5ab8dfa - <unknown>
[INFO] [stdout]   18:     0x7bd4b5b4c3d4 - clone
[INFO] [stdout]   19:                0x0 - <unknown>
[INFO] [stdout] 
[INFO] [stdout] ---- live_start_sprint_runtime_truth::live_start_sprint_uses_issue_table_runtime_truth_without_rewrite stdout ----
[INFO] [stdout] 
[INFO] [stdout] thread 'live_start_sprint_runtime_truth::live_start_sprint_uses_issue_table_runtime_truth_without_rewrite' (1934) panicked at tests/integration/live_start_sprint_runtime_truth.rs:204:5:
[INFO] [stdout] assertion failed: `(left == right)`: stderr: 
[INFO] [stdout] 
[INFO] [stdout] [1mDiff[0m [31m< left[0m / [32mright >[0m :
[INFO] [stdout] [31m<[0m[1;48;5;52;31m64[0m
[INFO] [stdout] [32m>[0m[1;48;5;22;32m0[0m
[INFO] [stdout] 
[INFO] [stdout] 
[INFO] [stdout] stack backtrace:
[INFO] [stdout]    0:     0x5d96fa8b2dc1 - <<std[617be2ca0a6fd877]::sys::backtrace::BacktraceLock>::print::DisplayBacktrace as core[a373ad73a504971]::fmt::Display>::fmt
[INFO] [stdout]    1:     0x5d96fa8cad8a - core[a373ad73a504971]::fmt::write
[INFO] [stdout]    2:     0x5d96fa8b743c - <alloc[2e1b2a31b91974c5]::vec::Vec<u8> as core[a373ad73a504971]::io::write::Write>::write_fmt
[INFO] [stdout]    3:     0x5d96fa88b4d6 - std[617be2ca0a6fd877]::panicking::default_hook::{closure#0}
[INFO] [stdout]    4:     0x5d96fa8a96d9 - std[617be2ca0a6fd877]::panicking::default_hook
[INFO] [stdout]    5:     0x5d96fa5e9a00 - test[aada8e7e76ba119b]::test_main_inner::{closure#0}
[INFO] [stdout]    6:     0x5d96fa8a9892 - std[617be2ca0a6fd877]::panicking::panic_with_hook
[INFO] [stdout]    7:     0x5d96fa88b582 - std[617be2ca0a6fd877]::panicking::panic_handler::{closure#0}
[INFO] [stdout]    8:     0x5d96fa883f49 - std[617be2ca0a6fd877]::sys::backtrace::__rust_end_short_backtrace::<std[617be2ca0a6fd877]::panicking::panic_handler::{closure#0}, !>
[INFO] [stdout]    9:     0x5d96fa88c24d - __rustc[ea4f61d10b84890b]::rust_begin_unwind
[INFO] [stdout]   10:     0x5d96fa8cb56c - core[a373ad73a504971]::panicking::panic_fmt
[INFO] [stdout]   11:     0x5d96fa540149 - integration[5bcce010c12eabb3]::live_start_sprint_runtime_truth::live_start_sprint_uses_issue_table_runtime_truth_without_rewrite
[INFO] [stdout]   12:     0x5d96fa5469f9 - <integration[5bcce010c12eabb3]::live_start_sprint_runtime_truth::live_start_sprint_uses_issue_table_runtime_truth_without_rewrite::{closure#0} as core[a373ad73a504971]::ops::function::FnOnce<()>>::call_once
[INFO] [stdout]   13:     0x5d96fa5dce4b - test[aada8e7e76ba119b]::__rust_begin_short_backtrace::<core[a373ad73a504971]::result::Result<(), alloc[2e1b2a31b91974c5]::string::String>, fn() -> core[a373ad73a504971]::result::Result<(), alloc[2e1b2a31b91974c5]::string::String>>
[INFO] [stdout]   14:     0x5d96fa5ea025 - test[aada8e7e76ba119b]::run_test::{closure#0}
[INFO] [stdout]   15:     0x5d96fa5e3914 - std[617be2ca0a6fd877]::sys::backtrace::__rust_begin_short_backtrace::<test[aada8e7e76ba119b]::run_test::{closure#1}, ()>
[INFO] [stdout]   16:     0x5d96fa5ed0b2 - <std[617be2ca0a6fd877]::thread::lifecycle::spawn_unchecked<test[aada8e7e76ba119b]::run_test::{closure#1}, ()>::{closure#1} as core[a373ad73a504971]::ops::function::FnOnce<()>>::call_once::{shim:vtable#0}
[INFO] [stdout]   17:     0x5d96fa8b201f - <std[617be2ca0a6fd877]::sys::thread::unix::Thread>::new::thread_start
[INFO] [stdout]   18:     0x7bd4b5ab8dfa - <unknown>
[INFO] [stdout]   19:     0x7bd4b5b4c3d4 - clone
[INFO] [stdout]   20:                0x0 - <unknown>
[INFO] [stdout] 
[INFO] [stdout] ---- live_issue_ops::live_plan_commands_ready_and_close_follow_gate_contracts stdout ----
[INFO] [stdout] 
[INFO] [stdout] thread 'live_issue_ops::live_plan_commands_ready_and_close_follow_gate_contracts' (1745) panicked at tests/integration/live_issue_ops.rs:211:5:
[INFO] [stdout] assertion failed: `(left == right)`: stderr: 
[INFO] [stdout] 
[INFO] [stdout] [1mDiff[0m [31m< left[0m / [32mright >[0m :
[INFO] [stdout] [31m<[0m[1;48;5;52;31m1[0m
[INFO] [stdout] [32m>[0m[1;48;5;22;32m0[0m
[INFO] [stdout] 
[INFO] [stdout] 
[INFO] [stdout] stack backtrace:
[INFO] [stdout]    0:     0x5d96fa8b2dc1 - <<std[617be2ca0a6fd877]::sys::backtrace::BacktraceLock>::print::DisplayBacktrace as core[a373ad73a504971]::fmt::Display>::fmt
[INFO] [stdout]    1:     0x5d96fa8cad8a - core[a373ad73a504971]::fmt::write
[INFO] [stdout]    2:     0x5d96fa8b743c - <alloc[2e1b2a31b91974c5]::vec::Vec<u8> as core[a373ad73a504971]::io::write::Write>::write_fmt
[INFO] [stdout]    3:     0x5d96fa88b4d6 - std[617be2ca0a6fd877]::panicking::default_hook::{closure#0}
[INFO] [stdout]    4:     0x5d96fa8a96d9 - std[617be2ca0a6fd877]::panicking::default_hook
[INFO] [stdout]    5:     0x5d96fa5e9a00 - test[aada8e7e76ba119b]::test_main_inner::{closure#0}
[INFO] [stdout]    6:     0x5d96fa8a9892 - std[617be2ca0a6fd877]::panicking::panic_with_hook
[INFO] [stdout]    7:     0x5d96fa88b582 - std[617be2ca0a6fd877]::panicking::panic_handler::{closure#0}
[INFO] [stdout]    8:     0x5d96fa883f49 - std[617be2ca0a6fd877]::sys::backtrace::__rust_end_short_backtrace::<std[617be2ca0a6fd877]::panicking::panic_handler::{closure#0}, !>
[INFO] [stdout]    9:     0x5d96fa88c24d - __rustc[ea4f61d10b84890b]::rust_begin_unwind
[INFO] [stdout]   10:     0x5d96fa8cb56c - core[a373ad73a504971]::panicking::panic_fmt
[INFO] [stdout]   11:     0x5d96fa513cfe - <integration[5bcce010c12eabb3]::live_issue_ops::live_plan_commands_ready_and_close_follow_gate_contracts::{closure#0} as core[a373ad73a504971]::ops::function::FnOnce<()>>::call_once
[INFO] [stdout]   12:     0x5d96fa5dce4b - test[aada8e7e76ba119b]::__rust_begin_short_backtrace::<core[a373ad73a504971]::result::Result<(), alloc[2e1b2a31b91974c5]::string::String>, fn() -> core[a373ad73a504971]::result::Result<(), alloc[2e1b2a31b91974c5]::string::String>>
[INFO] [stdout]   13:     0x5d96fa5ea025 - test[aada8e7e76ba119b]::run_test::{closure#0}
[INFO] [stdout]   14:     0x5d96fa5e3914 - std[617be2ca0a6fd877]::sys::backtrace::__rust_begin_short_backtrace::<test[aada8e7e76ba119b]::run_test::{closure#1}, ()>
[INFO] [stdout]   15:     0x5d96fa5ed0b2 - <std[617be2ca0a6fd877]::thread::lifecycle::spawn_unchecked<test[aada8e7e76ba119b]::run_test::{closure#1}, ()>::{closure#1} as core[a373ad73a504971]::ops::function::FnOnce<()>>::call_once::{shim:vtable#0}
[INFO] [stdout]   16:     0x5d96fa8b201f - <std[617be2ca0a6fd877]::sys::thread::unix::Thread>::new::thread_start
[INFO] [stdout]   17:     0x7bd4b5ab8dfa - <unknown>
[INFO] [stdout]   18:     0x7bd4b5b4c3d4 - clone
[INFO] [stdout]   19:                0x0 - <unknown>
[INFO] [stdout] 
[INFO] [stdout] ---- parity_guardrails::parity_shell_multi_sprint_guide_matches_shell_fixture_after_normalization stdout ----
[INFO] [stdout] 
[INFO] [stdout] thread 'parity_guardrails::parity_shell_multi_sprint_guide_matches_shell_fixture_after_normalization' (1998) panicked at tests/integration/parity_guardrails.rs:117:5:
[INFO] [stdout] assertion failed: `(left == right)`: stderr: 
[INFO] [stdout] 
[INFO] [stdout] [1mDiff[0m [31m< left[0m / [32mright >[0m :
[INFO] [stdout] [31m<[0m[1;48;5;52;31m1[0m
[INFO] [stdout] [32m>[0m[1;48;5;22;32m0[0m
[INFO] [stdout] 
[INFO] [stdout] 
[INFO] [stdout] stack backtrace:
[INFO] [stdout]    0:     0x5d96fa8b2dc1 - <<std[617be2ca0a6fd877]::sys::backtrace::BacktraceLock>::print::DisplayBacktrace as core[a373ad73a504971]::fmt::Display>::fmt
[INFO] [stdout]    1:     0x5d96fa8cad8a - core[a373ad73a504971]::fmt::write
[INFO] [stdout]    2:     0x5d96fa8b743c - <alloc[2e1b2a31b91974c5]::vec::Vec<u8> as core[a373ad73a504971]::io::write::Write>::write_fmt
[INFO] [stdout]    3:     0x5d96fa88b4d6 - std[617be2ca0a6fd877]::panicking::default_hook::{closure#0}
[INFO] [stdout]    4:     0x5d96fa8a96d9 - std[617be2ca0a6fd877]::panicking::default_hook
[INFO] [stdout]    5:     0x5d96fa5e9a00 - test[aada8e7e76ba119b]::test_main_inner::{closure#0}
[INFO] [stdout]    6:     0x5d96fa8a9892 - std[617be2ca0a6fd877]::panicking::panic_with_hook
[INFO] [stdout]    7:     0x5d96fa88b582 - std[617be2ca0a6fd877]::panicking::panic_handler::{closure#0}
[INFO] [stdout]    8:     0x5d96fa883f49 - std[617be2ca0a6fd877]::sys::backtrace::__rust_end_short_backtrace::<std[617be2ca0a6fd877]::panicking::panic_handler::{closure#0}, !>
[INFO] [stdout]    9:     0x5d96fa88c24d - __rustc[ea4f61d10b84890b]::rust_begin_unwind
[INFO] [stdout]   10:     0x5d96fa8cb56c - core[a373ad73a504971]::panicking::panic_fmt
[INFO] [stdout]   11:     0x5d96fa532429 - <integration[5bcce010c12eabb3]::parity_guardrails::parity_shell_multi_sprint_guide_matches_shell_fixture_after_normalization::{closure#0} as core[a373ad73a504971]::ops::function::FnOnce<()>>::call_once
[INFO] [stdout]   12:     0x5d96fa5dce4b - test[aada8e7e76ba119b]::__rust_begin_short_backtrace::<core[a373ad73a504971]::result::Result<(), alloc[2e1b2a31b91974c5]::string::String>, fn() -> core[a373ad73a504971]::result::Result<(), alloc[2e1b2a31b91974c5]::string::String>>
[INFO] [stdout]   13:     0x5d96fa5ea025 - test[aada8e7e76ba119b]::run_test::{closure#0}
[INFO] [stdout]   14:     0x5d96fa5e3914 - std[617be2ca0a6fd877]::sys::backtrace::__rust_begin_short_backtrace::<test[aada8e7e76ba119b]::run_test::{closure#1}, ()>
[INFO] [stdout]   15:     0x5d96fa5ed0b2 - <std[617be2ca0a6fd877]::thread::lifecycle::spawn_unchecked<test[aada8e7e76ba119b]::run_test::{closure#1}, ()>::{closure#1} as core[a373ad73a504971]::ops::function::FnOnce<()>>::call_once::{shim:vtable#0}
[INFO] [stdout]   16:     0x5d96fa8b201f - <std[617be2ca0a6fd877]::sys::thread::unix::Thread>::new::thread_start
[INFO] [stdout]   17:     0x7bd4b5ab8dfa - <unknown>
[INFO] [stdout]   18:     0x7bd4b5b4c3d4 - clone
[INFO] [stdout]   19:                0x0 - <unknown>
[INFO] [stdout] 
[INFO] [stdout] ---- parity_guardrails::json_contract_multi_sprint_guide_success_envelope_is_stable stdout ----
[INFO] [stdout] 
[INFO] [stdout] thread 'parity_guardrails::json_contract_multi_sprint_guide_success_envelope_is_stable' (1983) panicked at tests/integration/parity_guardrails.rs:315:5:
[INFO] [stdout] assertion failed: `(left == right)`: stderr: 
[INFO] [stdout] 
[INFO] [stdout] [1mDiff[0m [31m< left[0m / [32mright >[0m :
[INFO] [stdout] [31m<[0m[1;48;5;52;31m1[0m
[INFO] [stdout] [32m>[0m[1;48;5;22;32m0[0m
[INFO] [stdout] 
[INFO] [stdout] 
[INFO] [stdout] stack backtrace:
[INFO] [stdout]    0:     0x5d96fa8b2dc1 - <<std[617be2ca0a6fd877]::sys::backtrace::BacktraceLock>::print::DisplayBacktrace as core[a373ad73a504971]::fmt::Display>::fmt
[INFO] [stdout]    1:     0x5d96fa8cad8a - core[a373ad73a504971]::fmt::write
[INFO] [stdout]    2:     0x5d96fa8b743c - <alloc[2e1b2a31b91974c5]::vec::Vec<u8> as core[a373ad73a504971]::io::write::Write>::write_fmt
[INFO] [stdout]    3:     0x5d96fa88b4d6 - std[617be2ca0a6fd877]::panicking::default_hook::{closure#0}
[INFO] [stdout]    4:     0x5d96fa8a96d9 - std[617be2ca0a6fd877]::panicking::default_hook
[INFO] [stdout]    5:     0x5d96fa5e9a00 - test[aada8e7e76ba119b]::test_main_inner::{closure#0}
[INFO] [stdout]    6:     0x5d96fa8a9892 - std[617be2ca0a6fd877]::panicking::panic_with_hook
[INFO] [stdout]    7:     0x5d96fa88b582 - std[617be2ca0a6fd877]::panicking::panic_handler::{closure#0}
[INFO] [stdout]    8:     0x5d96fa883f49 - std[617be2ca0a6fd877]::sys::backtrace::__rust_end_short_backtrace::<std[617be2ca0a6fd877]::panicking::panic_handler::{closure#0}, !>
[INFO] [stdout]    9:     0x5d96fa88c24d - __rustc[ea4f61d10b84890b]::rust_begin_unwind
[INFO] [stdout]   10:     0x5d96fa8cb56c - core[a373ad73a504971]::panicking::panic_fmt
[INFO] [stdout]   11:     0x5d96fa530d07 - <integration[5bcce010c12eabb3]::parity_guardrails::json_contract_multi_sprint_guide_success_envelope_is_stable::{closure#0} as core[a373ad73a504971]::ops::function::FnOnce<()>>::call_once
[INFO] [stdout]   12:     0x5d96fa5dce4b - test[aada8e7e76ba119b]::__rust_begin_short_backtrace::<core[a373ad73a504971]::result::Result<(), alloc[2e1b2a31b91974c5]::string::String>, fn() -> core[a373ad73a504971]::result::Result<(), alloc[2e1b2a31b91974c5]::string::String>>
[INFO] [stdout]   13:     0x5d96fa5ea025 - test[aada8e7e76ba119b]::run_test::{closure#0}
[INFO] [stdout]   14:     0x5d96fa5e3914 - std[617be2ca0a6fd877]::sys::backtrace::__rust_begin_short_backtrace::<test[aada8e7e76ba119b]::run_test::{closure#1}, ()>
[INFO] [stdout]   15:     0x5d96fa5ed0b2 - <std[617be2ca0a6fd877]::thread::lifecycle::spawn_unchecked<test[aada8e7e76ba119b]::run_test::{closure#1}, ()>::{closure#1} as core[a373ad73a504971]::ops::function::FnOnce<()>>::call_once::{shim:vtable#0}
[INFO] [stdout]   16:     0x5d96fa8b201f - <std[617be2ca0a6fd877]::sys::thread::unix::Thread>::new::thread_start
[INFO] [stdout]   17:     0x7bd4b5ab8dfa - <unknown>
[INFO] [stdout]   18:     0x7bd4b5b4c3d4 - clone
[INFO] [stdout]   19:                0x0 - <unknown>
[INFO] [stdout] 
[INFO] [stdout] ---- parity_guardrails::parity_shell_start_comment_template_matches_shell_fixture stdout ----
[INFO] [stdout] 
[INFO] [stdout] thread 'parity_guardrails::parity_shell_start_comment_template_matches_shell_fixture' (2009) panicked at tests/integration/parity_guardrails.rs:183:5:
[INFO] [stdout] assertion failed: `(left == right)`: stderr: 
[INFO] [stdout] 
[INFO] [stdout] [1mDiff[0m [31m< left[0m / [32mright >[0m :
[INFO] [stdout] [31m<[0m[1;48;5;52;31m1[0m
[INFO] [stdout] [32m>[0m[1;48;5;22;32m0[0m
[INFO] [stdout] 
[INFO] [stdout] 
[INFO] [stdout] stack backtrace:
[INFO] [stdout]    0:     0x5d96fa8b2dc1 - <<std[617be2ca0a6fd877]::sys::backtrace::BacktraceLock>::print::DisplayBacktrace as core[a373ad73a504971]::fmt::Display>::fmt
[INFO] [stdout]    1:     0x5d96fa8cad8a - core[a373ad73a504971]::fmt::write
[INFO] [stdout]    2:     0x5d96fa8b743c - <alloc[2e1b2a31b91974c5]::vec::Vec<u8> as core[a373ad73a504971]::io::write::Write>::write_fmt
[INFO] [stdout]    3:     0x5d96fa88b4d6 - std[617be2ca0a6fd877]::panicking::default_hook::{closure#0}
[INFO] [stdout]    4:     0x5d96fa8a96d9 - std[617be2ca0a6fd877]::panicking::default_hook
[INFO] [stdout]    5:     0x5d96fa5e9a00 - test[aada8e7e76ba119b]::test_main_inner::{closure#0}
[INFO] [stdout]    6:     0x5d96fa8a9892 - std[617be2ca0a6fd877]::panicking::panic_with_hook
[INFO] [stdout]    7:     0x5d96fa88b582 - std[617be2ca0a6fd877]::panicking::panic_handler::{closure#0}
[INFO] [stdout]    8:     0x5d96fa883f49 - std[617be2ca0a6fd877]::sys::backtrace::__rust_end_short_backtrace::<std[617be2ca0a6fd877]::panicking::panic_handler::{closure#0}, !>
[INFO] [stdout]    9:     0x5d96fa88c24d - __rustc[ea4f61d10b84890b]::rust_begin_unwind
[INFO] [stdout]   10:     0x5d96fa8cb56c - core[a373ad73a504971]::panicking::panic_fmt
[INFO] [stdout]   11:     0x5d96fa52fee6 - <integration[5bcce010c12eabb3]::parity_guardrails::parity_shell_start_comment_template_matches_shell_fixture::{closure#0} as core[a373ad73a504971]::ops::function::FnOnce<()>>::call_once
[INFO] [stdout]   12:     0x5d96fa5dce4b - test[aada8e7e76ba119b]::__rust_begin_short_backtrace::<core[a373ad73a504971]::result::Result<(), alloc[2e1b2a31b91974c5]::string::String>, fn() -> core[a373ad73a504971]::result::Result<(), alloc[2e1b2a31b91974c5]::string::String>>
[INFO] [stdout]   13:     0x5d96fa5ea025 - test[aada8e7e76ba119b]::run_test::{closure#0}
[INFO] [stdout]   14:     0x5d96fa5e3914 - std[617be2ca0a6fd877]::sys::backtrace::__rust_begin_short_backtrace::<test[aada8e7e76ba119b]::run_test::{closure#1}, ()>
[INFO] [stdout]   15:     0x5d96fa5ed0b2 - <std[617be2ca0a6fd877]::thread::lifecycle::spawn_unchecked<test[aada8e7e76ba119b]::run_test::{closure#1}, ()>::{closure#1} as core[a373ad73a504971]::ops::function::FnOnce<()>>::call_once::{shim:vtable#0}
[INFO] [stdout]   16:     0x5d96fa8b201f - <std[617be2ca0a6fd877]::sys::thread::unix::Thread>::new::thread_start
[INFO] [stdout]   17:     0x7bd4b5ab8dfa - <unknown>
[INFO] [stdout]   18:     0x7bd4b5b4c3d4 - clone
[INFO] [stdout]   19:                0x0 - <unknown>
[INFO] [stdout] 
[INFO] [stdout] ---- runtime_layout_parity::runtime_layout_parity stdout ----
[INFO] [stdout] 
[INFO] [stdout] thread 'runtime_layout_parity::runtime_layout_parity' (2090) panicked at tests/integration/runtime_layout_parity.rs:68:5:
[INFO] [stdout] assertion failed: `(left == right)`: stderr: 
[INFO] [stdout] 
[INFO] [stdout] [1mDiff[0m [31m< left[0m / [32mright >[0m :
[INFO] [stdout] [31m<[0m[1;48;5;52;31m1[0m
[INFO] [stdout] [32m>[0m[1;48;5;22;32m0[0m
[INFO] [stdout] 
[INFO] [stdout] 
[INFO] [stdout] stack backtrace:
[INFO] [stdout]    0:     0x5d96fa8b2dc1 - <<std[617be2ca0a6fd877]::sys::backtrace::BacktraceLock>::print::DisplayBacktrace as core[a373ad73a504971]::fmt::Display>::fmt
[INFO] [stdout]    1:     0x5d96fa8cad8a - core[a373ad73a504971]::fmt::write
[INFO] [stdout]    2:     0x5d96fa8b743c - <alloc[2e1b2a31b91974c5]::vec::Vec<u8> as core[a373ad73a504971]::io::write::Write>::write_fmt
[INFO] [stdout]    3:     0x5d96fa88b4d6 - std[617be2ca0a6fd877]::panicking::default_hook::{closure#0}
[INFO] [stdout]    4:     0x5d96fa8a96d9 - std[617be2ca0a6fd877]::panicking::default_hook
[INFO] [stdout]    5:     0x5d96fa5e9a00 - test[aada8e7e76ba119b]::test_main_inner::{closure#0}
[INFO] [stdout]    6:     0x5d96fa8a9892 - std[617be2ca0a6fd877]::panicking::panic_with_hook
[INFO] [stdout]    7:     0x5d96fa88b582 - std[617be2ca0a6fd877]::panicking::panic_handler::{closure#0}
[INFO] [stdout]    8:     0x5d96fa883f49 - std[617be2ca0a6fd877]::sys::backtrace::__rust_end_short_backtrace::<std[617be2ca0a6fd877]::panicking::panic_handler::{closure#0}, !>
[INFO] [stdout]    9:     0x5d96fa88c24d - __rustc[ea4f61d10b84890b]::rust_begin_unwind
[INFO] [stdout]   10:     0x5d96fa8cb56c - core[a373ad73a504971]::panicking::panic_fmt
[INFO] [stdout]   11:     0x5d96fa4d06b4 - integration[5bcce010c12eabb3]::runtime_layout_parity::runtime_layout_parity
[INFO] [stdout]   12:     0x5d96fa4d94d9 - <integration[5bcce010c12eabb3]::runtime_layout_parity::runtime_layout_parity::{closure#0} as core[a373ad73a504971]::ops::function::FnOnce<()>>::call_once
[INFO] [stdout]   13:     0x5d96fa5dce4b - test[aada8e7e76ba119b]::__rust_begin_short_backtrace::<core[a373ad73a504971]::result::Result<(), alloc[2e1b2a31b91974c5]::string::String>, fn() -> core[a373ad73a504971]::result::Result<(), alloc[2e1b2a31b91974c5]::string::String>>
[INFO] [stdout]   14:     0x5d96fa5ea025 - test[aada8e7e76ba119b]::run_test::{closure#0}
[INFO] [stdout]   15:     0x5d96fa5e3914 - std[617be2ca0a6fd877]::sys::backtrace::__rust_begin_short_backtrace::<test[aada8e7e76ba119b]::run_test::{closure#1}, ()>
[INFO] [stdout]   16:     0x5d96fa5ed0b2 - <std[617be2ca0a6fd877]::thread::lifecycle::spawn_unchecked<test[aada8e7e76ba119b]::run_test::{closure#1}, ()>::{closure#1} as core[a373ad73a504971]::ops::function::FnOnce<()>>::call_once::{shim:vtable#0}
[INFO] [stdout]   17:     0x5d96fa8b201f - <std[617be2ca0a6fd877]::sys::thread::unix::Thread>::new::thread_start
[INFO] [stdout]   18:     0x7bd4b5ab8dfa - <unknown>
[INFO] [stdout]   19:     0x7bd4b5b4c3d4 - clone
[INFO] [stdout]   20:                0x0 - <unknown>
[INFO] [stdout] 
[INFO] [stdout] ---- start_plan_canonical::start_plan_emits_canonical_artifacts stdout ----
[INFO] [stdout] 
[INFO] [stdout] thread 'start_plan_canonical::start_plan_emits_canonical_artifacts' (2110) panicked at tests/integration/start_plan_canonical.rs:37:5:
[INFO] [stdout] assertion failed: `(left == right)`: stderr: 
[INFO] [stdout] 
[INFO] [stdout] [1mDiff[0m [31m< left[0m / [32mright >[0m :
[INFO] [stdout] [31m<[0m[1;48;5;52;31m1[0m
[INFO] [stdout] [32m>[0m[1;48;5;22;32m0[0m
[INFO] [stdout] 
[INFO] [stdout] 
[INFO] [stdout] stack backtrace:
[INFO] [stdout]    0:     0x5d96fa8b2dc1 - <<std[617be2ca0a6fd877]::sys::backtrace::BacktraceLock>::print::DisplayBacktrace as core[a373ad73a504971]::fmt::Display>::fmt
[INFO] [stdout]    1:     0x5d96fa8cad8a - core[a373ad73a504971]::fmt::write
[INFO] [stdout]    2:     0x5d96fa8b743c - <alloc[2e1b2a31b91974c5]::vec::Vec<u8> as core[a373ad73a504971]::io::write::Write>::write_fmt
[INFO] [stdout]    3:     0x5d96fa88b4d6 - std[617be2ca0a6fd877]::panicking::default_hook::{closure#0}
[INFO] [stdout]    4:     0x5d96fa8a96d9 - std[617be2ca0a6fd877]::panicking::default_hook
[INFO] [stdout]    5:     0x5d96fa5e9a00 - test[aada8e7e76ba119b]::test_main_inner::{closure#0}
[INFO] [stdout]    6:     0x5d96fa8a9892 - std[617be2ca0a6fd877]::panicking::panic_with_hook
[INFO] [stdout]    7:     0x5d96fa88b582 - std[617be2ca0a6fd877]::panicking::panic_handler::{closure#0}
[INFO] [stdout]    8:     0x5d96fa883f49 - std[617be2ca0a6fd877]::sys::backtrace::__rust_end_short_backtrace::<std[617be2ca0a6fd877]::panicking::panic_handler::{closure#0}, !>
[INFO] [stdout]    9:     0x5d96fa88c24d - __rustc[ea4f61d10b84890b]::rust_begin_unwind
[INFO] [stdout]   10:     0x5d96fa8cb56c - core[a373ad73a504971]::panicking::panic_fmt
[INFO] [stdout]   11:     0x5d96fa525c44 - <integration[5bcce010c12eabb3]::start_plan_canonical::start_plan_emits_canonical_artifacts::{closure#0} as core[a373ad73a504971]::ops::function::FnOnce<()>>::call_once
[INFO] [stdout]   12:     0x5d96fa5dce4b - test[aada8e7e76ba119b]::__rust_begin_short_backtrace::<core[a373ad73a504971]::result::Result<(), alloc[2e1b2a31b91974c5]::string::String>, fn() -> core[a373ad73a504971]::result::Result<(), alloc[2e1b2a31b91974c5]::string::String>>
[INFO] [stdout]   13:     0x5d96fa5ea025 - test[aada8e7e76ba119b]::run_test::{closure#0}
[INFO] [stdout]   14:     0x5d96fa5e3914 - std[617be2ca0a6fd877]::sys::backtrace::__rust_begin_short_backtrace::<test[aada8e7e76ba119b]::run_test::{closure#1}, ()>
[INFO] [stdout]   15:     0x5d96fa5ed0b2 - <std[617be2ca0a6fd877]::thread::lifecycle::spawn_unchecked<test[aada8e7e76ba119b]::run_test::{closure#1}, ()>::{closure#1} as core[a373ad73a504971]::ops::function::FnOnce<()>>::call_once::{shim:vtable#0}
[INFO] [stdout]   16:     0x5d96fa8b201f - <std[617be2ca0a6fd877]::sys::thread::unix::Thread>::new::thread_start
[INFO] [stdout]   17:     0x7bd4b5ab8dfa - <unknown>
[INFO] [stdout]   18:     0x7bd4b5b4c3d4 - clone
[INFO] [stdout]   19:                0x0 - <unknown>
[INFO] [stdout] 
[INFO] [stdout] ---- runtime_truth_plan_and_sprint_flow::write_subagent_prompts_groups_tasks_by_runtime_lane stdout ----
[INFO] [stdout] 
[INFO] [stdout] thread 'runtime_truth_plan_and_sprint_flow::write_subagent_prompts_groups_tasks_by_runtime_lane' (2104) panicked at tests/integration/runtime_truth_plan_and_sprint_flow.rs:219:5:
[INFO] [stdout] assertion failed: `(left == right)`: stderr: 
[INFO] [stdout] 
[INFO] [stdout] [1mDiff[0m [31m< left[0m / [32mright >[0m :
[INFO] [stdout] [31m<[0m[1;48;5;52;31m64[0m
[INFO] [stdout] [32m>[0m[1;48;5;22;32m0[0m
[INFO] [stdout] 
[INFO] [stdout] 
[INFO] [stdout] stack backtrace:
[INFO] [stdout]    0:     0x5d96fa8b2dc1 - <<std[617be2ca0a6fd877]::sys::backtrace::BacktraceLock>::print::DisplayBacktrace as core[a373ad73a504971]::fmt::Display>::fmt
[INFO] [stdout]    1:     0x5d96fa8cad8a - core[a373ad73a504971]::fmt::write
[INFO] [stdout]    2:     0x5d96fa8b743c - <alloc[2e1b2a31b91974c5]::vec::Vec<u8> as core[a373ad73a504971]::io::write::Write>::write_fmt
[INFO] [stdout]    3:     0x5d96fa88b4d6 - std[617be2ca0a6fd877]::panicking::default_hook::{closure#0}
[INFO] [stdout]    4:     0x5d96fa8a96d9 - std[617be2ca0a6fd877]::panicking::default_hook
[INFO] [stdout]    5:     0x5d96fa5e9a00 - test[aada8e7e76ba119b]::test_main_inner::{closure#0}
[INFO] [stdout]    6:     0x5d96fa8a9892 - std[617be2ca0a6fd877]::panicking::panic_with_hook
[INFO] [stdout]    7:     0x5d96fa88b582 - std[617be2ca0a6fd877]::panicking::panic_handler::{closure#0}
[INFO] [stdout]    8:     0x5d96fa883f49 - std[617be2ca0a6fd877]::sys::backtrace::__rust_end_short_backtrace::<std[617be2ca0a6fd877]::panicking::panic_handler::{closure#0}, !>
[INFO] [stdout]    9:     0x5d96fa88c24d - __rustc[ea4f61d10b84890b]::rust_begin_unwind
[INFO] [stdout]   10:     0x5d96fa8cb56c - core[a373ad73a504971]::panicking::panic_fmt
[INFO] [stdout]   11:     0x5d96fa577f3e - integration[5bcce010c12eabb3]::runtime_truth_plan_and_sprint_flow::start_plan_dry_run_writes_runtime_truth_task_decomposition_metadata
[INFO] [stdout]   12:     0x5d96fa57c6d9 - <integration[5bcce010c12eabb3]::runtime_truth_plan_and_sprint_flow::start_plan_dry_run_writes_runtime_truth_task_decomposition_metadata::{closure#0} as core[a373ad73a504971]::ops::function::FnOnce<()>>::call_once
[INFO] [stdout]   13:     0x5d96fa5dce4b - test[aada8e7e76ba119b]::__rust_begin_short_backtrace::<core[a373ad73a504971]::result::Result<(), alloc[2e1b2a31b91974c5]::string::String>, fn() -> core[a373ad73a504971]::result::Result<(), alloc[2e1b2a31b91974c5]::string::String>>
[INFO] [stdout]   14:     0x5d96fa5ea025 - test[aada8e7e76ba119b]::run_test::{closure#0}
[INFO] [stdout]   15:     0x5d96fa5e3914 - std[617be2ca0a6fd877]::sys::backtrace::__rust_begin_short_backtrace::<test[aada8e7e76ba119b]::run_test::{closure#1}, ()>
[INFO] [stdout]   16:     0x5d96fa5ed0b2 - <std[617be2ca0a6fd877]::thread::lifecycle::spawn_unchecked<test[aada8e7e76ba119b]::run_test::{closure#1}, ()>::{closure#1} as core[a373ad73a504971]::ops::function::FnOnce<()>>::call_once::{shim:vtable#0}
[INFO] [stdout]   17:     0x5d96fa8b201f - <std[617be2ca0a6fd877]::sys::thread::unix::Thread>::new::thread_start
[INFO] [stdout]   18:     0x7bd4b5ab8dfa - <unknown>
[INFO] [stdout]   19:     0x7bd4b5b4c3d4 - clone
[INFO] [stdout]   20:                0x0 - <unknown>
[INFO] [stdout] 
[INFO] [stdout] ---- runtime_truth_plan_and_sprint_flow::start_sprint_uses_issue_table_runtime_truth_and_rejects_drift stdout ----
[INFO] [stdout] 
[INFO] [stdout] thread 'runtime_truth_plan_and_sprint_flow::start_sprint_uses_issue_table_runtime_truth_and_rejects_drift' (2103) panicked at tests/integration/runtime_truth_plan_and_sprint_flow.rs:446:5:
[INFO] [stdout] assertion failed: `(left == right)`: stderr: 
[INFO] [stdout] 
[INFO] [stdout] [1mDiff[0m [31m< left[0m / [32mright >[0m :
[INFO] [stdout] [31m<[0m[1;48;5;52;31m64[0m
[INFO] [stdout] [32m>[0m[1;48;5;22;32m0[0m
[INFO] [stdout] 
[INFO] [stdout] 
[INFO] [stdout] stack backtrace:
[INFO] [stdout]    0:     0x5d96fa8b2dc1 - <<std[617be2ca0a6fd877]::sys::backtrace::BacktraceLock>::print::DisplayBacktrace as core[a373ad73a504971]::fmt::Display>::fmt
[INFO] [stdout]    1:     0x5d96fa8cad8a - core[a373ad73a504971]::fmt::write
[INFO] [stdout]    2:     0x5d96fa8b743c - <alloc[2e1b2a31b91974c5]::vec::Vec<u8> as core[a373ad73a504971]::io::write::Write>::write_fmt
[INFO] [stdout]    3:     0x5d96fa88b4d6 - std[617be2ca0a6fd877]::panicking::default_hook::{closure#0}
[INFO] [stdout]    4:     0x5d96fa8a96d9 - std[617be2ca0a6fd877]::panicking::default_hook
[INFO] [stdout]    5:     0x5d96fa5e9a00 - test[aada8e7e76ba119b]::test_main_inner::{closure#0}
[INFO] [stdout]    6:     0x5d96fa8a9892 - std[617be2ca0a6fd877]::panicking::panic_with_hook
[INFO] [stdout]    7:     0x5d96fa88b582 - std[617be2ca0a6fd877]::panicking::panic_handler::{closure#0}
[INFO] [stdout]    8:     0x5d96fa883f49 - std[617be2ca0a6fd877]::sys::backtrace::__rust_end_short_backtrace::<std[617be2ca0a6fd877]::panicking::panic_handler::{closure#0}, !>
[INFO] [stdout]    9:     0x5d96fa88c24d - __rustc[ea4f61d10b84890b]::rust_begin_unwind
[INFO] [stdout]   10:     0x5d96fa8cb56c - core[a373ad73a504971]::panicking::panic_fmt
[INFO] [stdout]   11:     0x5d96fa5740bf - integration[5bcce010c12eabb3]::runtime_truth_plan_and_sprint_flow::start_sprint_uses_issue_table_runtime_truth_and_rejects_drift
[INFO] [stdout]   12:     0x5d96fa57c6f9 - <integration[5bcce010c12eabb3]::runtime_truth_plan_and_sprint_flow::start_sprint_uses_issue_table_runtime_truth_and_rejects_drift::{closure#0} as core[a373ad73a504971]::ops::function::FnOnce<()>>::call_once
[INFO] [stdout]   13:     0x5d96fa5dce4b - test[aada8e7e76ba119b]::__rust_begin_short_backtrace::<core[a373ad73a504971]::result::Result<(), alloc[2e1b2a31b91974c5]::string::String>, fn() -> core[a373ad73a504971]::result::Result<(), alloc[2e1b2a31b91974c5]::string::String>>
[INFO] [stdout]   14:     0x5d96fa5ea025 - test[aada8e7e76ba119b]::run_test::{closure#0}
[INFO] [stdout]   15:     0x5d96fa5e3914 - std[617be2ca0a6fd877]::sys::backtrace::__rust_begin_short_backtrace::<test[aada8e7e76ba119b]::run_test::{closure#1}, ()>
[INFO] [stdout]   16:     0x5d96fa5ed0b2 - <std[617be2ca0a6fd877]::thread::lifecycle::spawn_unchecked<test[aada8e7e76ba119b]::run_test::{closure#1}, ()>::{closure#1} as core[a373ad73a504971]::ops::function::FnOnce<()>>::call_once::{shim:vtable#0}
[INFO] [stdout]   17:     0x5d96fa8b201f - <std[617be2ca0a6fd877]::sys::thread::unix::Thread>::new::thread_start
[INFO] [stdout]   18:     0x7bd4b5ab8dfa - <unknown>
[INFO] [stdout]   19:     0x7bd4b5b4c3d4 - clone
[INFO] [stdout]   20:                0x0 - <unknown>
[INFO] [stdout] 
[INFO] [stdout] ---- parity_guardrails::json_contract_local_binary_success_envelope_is_stable stdout ----
[INFO] [stdout] 
[INFO] [stdout] thread 'parity_guardrails::json_contract_local_binary_success_envelope_is_stable' (1982) panicked at tests/integration/parity_guardrails.rs:384:5:
[INFO] [stdout] assertion failed: `(left == right)`: stderr: 
[INFO] [stdout] 
[INFO] [stdout] [1mDiff[0m [31m< left[0m / [32mright >[0m :
[INFO] [stdout] [31m<[0m[1;48;5;52;31m1[0m
[INFO] [stdout] [32m>[0m[1;48;5;22;32m0[0m
[INFO] [stdout] 
[INFO] [stdout] 
[INFO] [stdout] stack backtrace:
[INFO] [stdout]    0:     0x5d96fa8b2dc1 - <<std[617be2ca0a6fd877]::sys::backtrace::BacktraceLock>::print::DisplayBacktrace as core[a373ad73a504971]::fmt::Display>::fmt
[INFO] [stdout]    1:     0x5d96fa8cad8a - core[a373ad73a504971]::fmt::write
[INFO] [stdout]    2:     0x5d96fa8b743c - <alloc[2e1b2a31b91974c5]::vec::Vec<u8> as core[a373ad73a504971]::io::write::Write>::write_fmt
[INFO] [stdout]    3:     0x5d96fa88b4d6 - std[617be2ca0a6fd877]::panicking::default_hook::{closure#0}
[INFO] [stdout]    4:     0x5d96fa8a96d9 - std[617be2ca0a6fd877]::panicking::default_hook
[INFO] [stdout]    5:     0x5d96fa5e9a00 - test[aada8e7e76ba119b]::test_main_inner::{closure#0}
[INFO] [stdout]    6:     0x5d96fa8a9892 - std[617be2ca0a6fd877]::panicking::panic_with_hook
[INFO] [stdout]    7:     0x5d96fa88b582 - std[617be2ca0a6fd877]::panicking::panic_handler::{closure#0}
[INFO] [stdout]    8:     0x5d96fa883f49 - std[617be2ca0a6fd877]::sys::backtrace::__rust_end_short_backtrace::<std[617be2ca0a6fd877]::panicking::panic_handler::{closure#0}, !>
[INFO] [stdout]    9:     0x5d96fa88c24d - __rustc[ea4f61d10b84890b]::rust_begin_unwind
[INFO] [stdout]   10:     0x5d96fa8cb56c - core[a373ad73a504971]::panicking::panic_fmt
[INFO] [stdout]   11:     0x5d96fa52ea09 - <integration[5bcce010c12eabb3]::parity_guardrails::json_contract_local_binary_success_envelope_is_stable::{closure#0} as core[a373ad73a504971]::ops::function::FnOnce<()>>::call_once
[INFO] [stdout]   12:     0x5d96fa5dce4b - test[aada8e7e76ba119b]::__rust_begin_short_backtrace::<core[a373ad73a504971]::result::Result<(), alloc[2e1b2a31b91974c5]::string::String>, fn() -> core[a373ad73a504971]::result::Result<(), alloc[2e1b2a31b91974c5]::string::String>>
[INFO] [stdout]   13:     0x5d96fa5ea025 - test[aada8e7e76ba119b]::run_test::{closure#0}
[INFO] [stdout]   14:     0x5d96fa5e3914 - std[617be2ca0a6fd877]::sys::backtrace::__rust_begin_short_backtrace::<test[aada8e7e76ba119b]::run_test::{closure#1}, ()>
[INFO] [stdout]   15:     0x5d96fa5ed0b2 - <std[617be2ca0a6fd877]::thread::lifecycle::spawn_unchecked<test[aada8e7e76ba119b]::run_test::{closure#1}, ()>::{closure#1} as core[a373ad73a504971]::ops::function::FnOnce<()>>::call_once::{shim:vtable#0}
[INFO] [stdout]   16:     0x5d96fa8b201f - <std[617be2ca0a6fd877]::sys::thread::unix::Thread>::new::thread_start
[INFO] [stdout]   17:     0x7bd4b5ab8dfa - <unknown>
[INFO] [stdout]   18:     0x7bd4b5b4c3d4 - clone
[INFO] [stdout]   19:                0x0 - <unknown>
[INFO] [stdout] 
[INFO] [stdout] ---- runtime_truth_plan_and_sprint_flow::start_plan_dry_run_writes_runtime_truth_task_decomposition_metadata stdout ----
[INFO] [stdout] 
[INFO] [stdout] thread 'runtime_truth_plan_and_sprint_flow::start_plan_dry_run_writes_runtime_truth_task_decomposition_metadata' (2095) panicked at tests/integration/runtime_truth_plan_and_sprint_flow.rs:219:5:
[INFO] [stdout] assertion failed: `(left == right)`: stderr: 
[INFO] [stdout] 
[INFO] [stdout] [1mDiff[0m [31m< left[0m / [32mright >[0m :
[INFO] [stdout] [31m<[0m[1;48;5;52;31m64[0m
[INFO] [stdout] [32m>[0m[1;48;5;22;32m0[0m
[INFO] [stdout] 
[INFO] [stdout] 
[INFO] [stdout] stack backtrace:
[INFO] [stdout]    0:     0x5d96fa8b2dc1 - <<std[617be2ca0a6fd877]::sys::backtrace::BacktraceLock>::print::DisplayBacktrace as core[a373ad73a504971]::fmt::Display>::fmt
[INFO] [stdout]    1:     0x5d96fa8cad8a - core[a373ad73a504971]::fmt::write
[INFO] [stdout]    2:     0x5d96fa8b743c - <alloc[2e1b2a31b91974c5]::vec::Vec<u8> as core[a373ad73a504971]::io::write::Write>::write_fmt
[INFO] [stdout]    3:     0x5d96fa88b4d6 - std[617be2ca0a6fd877]::panicking::default_hook::{closure#0}
[INFO] [stdout]    4:     0x5d96fa8a96d9 - std[617be2ca0a6fd877]::panicking::default_hook
[INFO] [stdout]    5:     0x5d96fa5e9a00 - test[aada8e7e76ba119b]::test_main_inner::{closure#0}
[INFO] [stdout]    6:     0x5d96fa8a9892 - std[617be2ca0a6fd877]::panicking::panic_with_hook
[INFO] [stdout]    7:     0x5d96fa88b582 - std[617be2ca0a6fd877]::panicking::panic_handler::{closure#0}
[INFO] [stdout]    8:     0x5d96fa883f49 - std[617be2ca0a6fd877]::sys::backtrace::__rust_end_short_backtrace::<std[617be2ca0a6fd877]::panicking::panic_handler::{closure#0}, !>
[INFO] [stdout]    9:     0x5d96fa88c24d - __rustc[ea4f61d10b84890b]::rust_begin_unwind
[INFO] [stdout]   10:     0x5d96fa8cb56c - core[a373ad73a504971]::panicking::panic_fmt
[INFO] [stdout]   11:     0x5d96fa577f3e - integration[5bcce010c12eabb3]::runtime_truth_plan_and_sprint_flow::start_plan_dry_run_writes_runtime_truth_task_decomposition_metadata
[INFO] [stdout]   12:     0x5d96fa57c6d9 - <integration[5bcce010c12eabb3]::runtime_truth_plan_and_sprint_flow::start_plan_dry_run_writes_runtime_truth_task_decomposition_metadata::{closure#0} as core[a373ad73a504971]::ops::function::FnOnce<()>>::call_once
[INFO] [stdout]   13:     0x5d96fa5dce4b - test[aada8e7e76ba119b]::__rust_begin_short_backtrace::<core[a373ad73a504971]::result::Result<(), alloc[2e1b2a31b91974c5]::string::String>, fn() -> core[a373ad73a504971]::result::Result<(), alloc[2e1b2a31b91974c5]::string::String>>
[INFO] [stdout]   14:     0x5d96fa5ea025 - test[aada8e7e76ba119b]::run_test::{closure#0}
[INFO] [stdout]   15:     0x5d96fa5e3914 - std[617be2ca0a6fd877]::sys::backtrace::__rust_begin_short_backtrace::<test[aada8e7e76ba119b]::run_test::{closure#1}, ()>
[INFO] [stdout]   16:     0x5d96fa5ed0b2 - <std[617be2ca0a6fd877]::thread::lifecycle::spawn_unchecked<test[aada8e7e76ba119b]::run_test::{closure#1}, ()>::{closure#1} as core[a373ad73a504971]::ops::function::FnOnce<()>>::call_once::{shim:vtable#0}
[INFO] [stdout]   17:     0x5d96fa8b201f - <std[617be2ca0a6fd877]::sys::thread::unix::Thread>::new::thread_start
[INFO] [stdout]   18:     0x7bd4b5ab8dfa - <unknown>
[INFO] [stdout]   19:     0x7bd4b5b4c3d4 - clone
[INFO] [stdout]   20:                0x0 - <unknown>
[INFO] [stdout] 
[INFO] [stdout] ---- start_sprint_canonical::dispatch_record_omits_runtime_adapter_keys stdout ----
[INFO] [stdout] 
[INFO] [stdout] thread 'start_sprint_canonical::dispatch_record_omits_runtime_adapter_keys' (2136) panicked at tests/integration/start_sprint_canonical.rs:47:5:
[INFO] [stdout] assertion failed: `(left == right)`: stderr: 
[INFO] [stdout] 
[INFO] [stdout] [1mDiff[0m [31m< left[0m / [32mright >[0m :
[INFO] [stdout] [31m<[0m[1;48;5;52;31m1[0m
[INFO] [stdout] [32m>[0m[1;48;5;22;32m0[0m
[INFO] [stdout] 
[INFO] [stdout] 
[INFO] [stdout] stack backtrace:
[INFO] [stdout]    0:     0x5d96fa8b2dc1 - <<std[617be2ca0a6fd877]::sys::backtrace::BacktraceLock>::print::DisplayBacktrace as core[a373ad73a504971]::fmt::Display>::fmt
[INFO] [stdout]    1:     0x5d96fa8cad8a - core[a373ad73a504971]::fmt::write
[INFO] [stdout]    2:     0x5d96fa8b743c - <alloc[2e1b2a31b91974c5]::vec::Vec<u8> as core[a373ad73a504971]::io::write::Write>::write_fmt
[INFO] [stdout]    3:     0x5d96fa88b4d6 - std[617be2ca0a6fd877]::panicking::default_hook::{closure#0}
[INFO] [stdout]    4:     0x5d96fa8a96d9 - std[617be2ca0a6fd877]::panicking::default_hook
[INFO] [stdout]    5:     0x5d96fa5e9a00 - test[aada8e7e76ba119b]::test_main_inner::{closure#0}
[INFO] [stdout]    6:     0x5d96fa8a9892 - std[617be2ca0a6fd877]::panicking::panic_with_hook
[INFO] [stdout]    7:     0x5d96fa88b582 - std[617be2ca0a6fd877]::panicking::panic_handler::{closure#0}
[INFO] [stdout]    8:     0x5d96fa883f49 - std[617be2ca0a6fd877]::sys::backtrace::__rust_end_short_backtrace::<std[617be2ca0a6fd877]::panicking::panic_handler::{closure#0}, !>
[INFO] [stdout]    9:     0x5d96fa88c24d - __rustc[ea4f61d10b84890b]::rust_begin_unwind
[INFO] [stdout]   10:     0x5d96fa8cb56c - core[a373ad73a504971]::panicking::panic_fmt
[INFO] [stdout]   11:     0x5d96fa53c48a - integration[5bcce010c12eabb3]::start_sprint_canonical::run_local_start_sprint
[INFO] [stdout]   12:     0x5d96fa5453fa - <integration[5bcce010c12eabb3]::start_sprint_canonical::dispatch_record_omits_runtime_adapter_keys::{closure#0} as core[a373ad73a504971]::ops::function::FnOnce<()>>::call_once
[INFO] [stdout]   13:     0x5d96fa5dce4b - test[aada8e7e76ba119b]::__rust_begin_short_backtrace::<core[a373ad73a504971]::result::Result<(), alloc[2e1b2a31b91974c5]::string::String>, fn() -> core[a373ad73a504971]::result::Result<(), alloc[2e1b2a31b91974c5]::string::String>>
[INFO] [stdout]   14:     0x5d96fa5ea025 - test[aada8e7e76ba119b]::run_test::{closure#0}
[INFO] [stdout]   15:     0x5d96fa5e3914 - std[617be2ca0a6fd877]::sys::backtrace::__rust_begin_short_backtrace::<test[aada8e7e76ba119b]::run_test::{closure#1}, ()>
[INFO] [stdout]   16:     0x5d96fa5ed0b2 - <std[617be2ca0a6fd877]::thread::lifecycle::spawn_unchecked<test[aada8e7e76ba119b]::run_test::{closure#1}, ()>::{closure#1} as core[a373ad73a504971]::ops::function::FnOnce<()>>::call_once::{shim:vtable#0}
[INFO] [stdout]   17:     0x5d96fa8b201f - <std[617be2ca0a6fd877]::sys::thread::unix::Thread>::new::thread_start
[INFO] [stdout]   18:     0x7bd4b5ab8dfa - <unknown>
[INFO] [stdout]   19:     0x7bd4b5b4c3d4 - clone
[INFO] [stdout]   20:                0x0 - <unknown>
[INFO] [stdout] 
[INFO] [stdout] ---- start_plan_canonical::start_plan_writes_plan_branch_ref stdout ----
[INFO] [stdout] 
[INFO] [stdout] thread 'start_plan_canonical::start_plan_writes_plan_branch_ref' (2128) panicked at tests/integration/start_plan_canonical.rs:112:5:
[INFO] [stdout] assertion failed: `(left == right)`: stderr: 
[INFO] [stdout] 
[INFO] [stdout] [1mDiff[0m [31m< left[0m / [32mright >[0m :
[INFO] [stdout] [31m<[0m[1;48;5;52;31m1[0m
[INFO] [stdout] [32m>[0m[1;48;5;22;32m0[0m
[INFO] [stdout] 
[INFO] [stdout] 
[INFO] [stdout] stack backtrace:
[INFO] [stdout]    0:     0x5d96fa8b2dc1 - <<std[617be2ca0a6fd877]::sys::backtrace::BacktraceLock>::print::DisplayBacktrace as core[a373ad73a504971]::fmt::Display>::fmt
[INFO] [stdout]    1:     0x5d96fa8cad8a - core[a373ad73a504971]::fmt::write
[INFO] [stdout]    2:     0x5d96fa8b743c - <alloc[2e1b2a31b91974c5]::vec::Vec<u8> as core[a373ad73a504971]::io::write::Write>::write_fmt
[INFO] [stdout]    3:     0x5d96fa88b4d6 - std[617be2ca0a6fd877]::panicking::default_hook::{closure#0}
[INFO] [stdout]    4:     0x5d96fa8a96d9 - std[617be2ca0a6fd877]::panicking::default_hook
[INFO] [stdout]    5:     0x5d96fa5e9a00 - test[aada8e7e76ba119b]::test_main_inner::{closure#0}
[INFO] [stdout]    6:     0x5d96fa8a9892 - std[617be2ca0a6fd877]::panicking::panic_with_hook
[INFO] [stdout]    7:     0x5d96fa88b582 - std[617be2ca0a6fd877]::panicking::panic_handler::{closure#0}
[INFO] [stdout]    8:     0x5d96fa883f49 - std[617be2ca0a6fd877]::sys::backtrace::__rust_end_short_backtrace::<std[617be2ca0a6fd877]::panicking::panic_handler::{closure#0}, !>
[INFO] [stdout]    9:     0x5d96fa88c24d - __rustc[ea4f61d10b84890b]::rust_begin_unwind
[INFO] [stdout]   10:     0x5d96fa8cb56c - core[a373ad73a504971]::panicking::panic_fmt
[INFO] [stdout]   11:     0x5d96fa524b29 - <integration[5bcce010c12eabb3]::start_plan_canonical::start_plan_writes_plan_branch_ref::{closure#0} as core[a373ad73a504971]::ops::function::FnOnce<()>>::call_once
[INFO] [stdout]   12:     0x5d96fa5dce4b - test[aada8e7e76ba119b]::__rust_begin_short_backtrace::<core[a373ad73a504971]::result::Result<(), alloc[2e1b2a31b91974c5]::string::String>, fn() -> core[a373ad73a504971]::result::Result<(), alloc[2e1b2a31b91974c5]::string::String>>
[INFO] [stdout]   13:     0x5d96fa5ea025 - test[aada8e7e76ba119b]::run_test::{closure#0}
[INFO] [stdout]   14:     0x5d96fa5e3914 - std[617be2ca0a6fd877]::sys::backtrace::__rust_begin_short_backtrace::<test[aada8e7e76ba119b]::run_test::{closure#1}, ()>
[INFO] [stdout]   15:     0x5d96fa5ed0b2 - <std[617be2ca0a6fd877]::thread::lifecycle::spawn_unchecked<test[aada8e7e76ba119b]::run_test::{closure#1}, ()>::{closure#1} as core[a373ad73a504971]::ops::function::FnOnce<()>>::call_once::{shim:vtable#0}
[INFO] [stdout]   16:     0x5d96fa8b201f - <std[617be2ca0a6fd877]::sys::thread::unix::Thread>::new::thread_start
[INFO] [stdout]   17:     0x7bd4b5ab8dfa - <unknown>
[INFO] [stdout]   18:     0x7bd4b5b4c3d4 - clone
[INFO] [stdout]   19:                0x0 - <unknown>
[INFO] [stdout] 
[INFO] [stdout] ---- start_plan_canonical::status_plan_emits_repo_slug_and_v2_schema_version stdout ----
[INFO] [stdout] 
[INFO] [stdout] thread 'start_plan_canonical::status_plan_emits_repo_slug_and_v2_schema_version' (2131) panicked at tests/integration/start_plan_canonical.rs:172:5:
[INFO] [stdout] assertion failed: `(left == right)`: start-plan stderr: 
[INFO] [stdout] 
[INFO] [stdout] [1mDiff[0m [31m< left[0m / [32mright >[0m :
[INFO] [stdout] [31m<[0m[1;48;5;52;31m1[0m
[INFO] [stdout] [32m>[0m[1;48;5;22;32m0[0m
[INFO] [stdout] 
[INFO] [stdout] 
[INFO] [stdout] stack backtrace:
[INFO] [stdout]    0:     0x5d96fa8b2dc1 - <<std[617be2ca0a6fd877]::sys::backtrace::BacktraceLock>::print::DisplayBacktrace as core[a373ad73a504971]::fmt::Display>::fmt
[INFO] [stdout]    1:     0x5d96fa8cad8a - core[a373ad73a504971]::fmt::write
[INFO] [stdout]    2:     0x5d96fa8b743c - <alloc[2e1b2a31b91974c5]::vec::Vec<u8> as core[a373ad73a504971]::io::write::Write>::write_fmt
[INFO] [stdout]    3:     0x5d96fa88b4d6 - std[617be2ca0a6fd877]::panicking::default_hook::{closure#0}
[INFO] [stdout]    4:     0x5d96fa8a96d9 - std[617be2ca0a6fd877]::panicking::default_hook
[INFO] [stdout]    5:     0x5d96fa5e9a00 - test[aada8e7e76ba119b]::test_main_inner::{closure#0}
[INFO] [stdout]    6:     0x5d96fa8a9892 - std[617be2ca0a6fd877]::panicking::panic_with_hook
[INFO] [stdout]    7:     0x5d96fa88b582 - std[617be2ca0a6fd877]::panicking::panic_handler::{closure#0}
[INFO] [stdout]    8:     0x5d96fa883f49 - std[617be2ca0a6fd877]::sys::backtrace::__rust_end_short_backtrace::<std[617be2ca0a6fd877]::panicking::panic_handler::{closure#0}, !>
[INFO] [stdout]    9:     0x5d96fa88c24d - __rustc[ea4f61d10b84890b]::rust_begin_unwind
[INFO] [stdout]   10:     0x5d96fa8cb56c - core[a373ad73a504971]::panicking::panic_fmt
[INFO] [stdout]   11:     0x5d96fa5280eb - <integration[5bcce010c12eabb3]::start_plan_canonical::status_plan_emits_repo_slug_and_v2_schema_version::{closure#0} as core[a373ad73a504971]::ops::function::FnOnce<()>>::call_once
[INFO] [stdout]   12:     0x5d96fa5dce4b - test[aada8e7e76ba119b]::__rust_begin_short_backtrace::<core[a373ad73a504971]::result::Result<(), alloc[2e1b2a31b91974c5]::string::String>, fn() -> core[a373ad73a504971]::result::Result<(), alloc[2e1b2a31b91974c5]::string::String>>
[INFO] [stdout]   13:     0x5d96fa5ea025 - test[aada8e7e76ba119b]::run_test::{closure#0}
[INFO] [stdout]   14:     0x5d96fa5e3914 - std[617be2ca0a6fd877]::sys::backtrace::__rust_begin_short_backtrace::<test[aada8e7e76ba119b]::run_test::{closure#1}, ()>
[INFO] [stdout]   15:     0x5d96fa5ed0b2 - <std[617be2ca0a6fd877]::thread::lifecycle::spawn_unchecked<test[aada8e7e76ba119b]::run_test::{closure#1}, ()>::{closure#1} as core[a373ad73a504971]::ops::function::FnOnce<()>>::call_once::{shim:vtable#0}
[INFO] [stdout]   16:     0x5d96fa8b201f - <std[617be2ca0a6fd877]::sys::thread::unix::Thread>::new::thread_start
[INFO] [stdout]   17:     0x7bd4b5ab8dfa - <unknown>
[INFO] [stdout]   18:     0x7bd4b5b4c3d4 - clone
[INFO] [stdout]   19:                0x0 - <unknown>
[INFO] [stdout] 
[INFO] [stdout] ---- start_plan_canonical::start_plan_local_uses_placeholder_issue stdout ----
[INFO] [stdout] 
[INFO] [stdout] thread 'start_plan_canonical::start_plan_local_uses_placeholder_issue' (2127) panicked at tests/integration/start_plan_canonical.rs:147:5:
[INFO] [stdout] assertion failed: `(left == right)`: stderr: 
[INFO] [stdout] 
[INFO] [stdout] [1mDiff[0m [31m< left[0m / [32mright >[0m :
[INFO] [stdout] [31m<[0m[1;48;5;52;31m1[0m
[INFO] [stdout] [32m>[0m[1;48;5;22;32m0[0m
[INFO] [stdout] 
[INFO] [stdout] 
[INFO] [stdout] stack backtrace:
[INFO] [stdout]    0:     0x5d96fa8b2dc1 - <<std[617be2ca0a6fd877]::sys::backtrace::BacktraceLock>::print::DisplayBacktrace as core[a373ad73a504971]::fmt::Display>::fmt
[INFO] [stdout]    1:     0x5d96fa8cad8a - core[a373ad73a504971]::fmt::write
[INFO] [stdout]    2:     0x5d96fa8b743c - <alloc[2e1b2a31b91974c5]::vec::Vec<u8> as core[a373ad73a504971]::io::write::Write>::write_fmt
[INFO] [stdout]    3:     0x5d96fa88b4d6 - std[617be2ca0a6fd877]::panicking::default_hook::{closure#0}
[INFO] [stdout]    4:     0x5d96fa8a96d9 - std[617be2ca0a6fd877]::panicking::default_hook
[INFO] [stdout]    5:     0x5d96fa5e9a00 - test[aada8e7e76ba119b]::test_main_inner::{closure#0}
[INFO] [stdout]    6:     0x5d96fa8a9892 - std[617be2ca0a6fd877]::panicking::panic_with_hook
[INFO] [stdout]    7:     0x5d96fa88b582 - std[617be2ca0a6fd877]::panicking::panic_handler::{closure#0}
[INFO] [stdout]    8:     0x5d96fa883f49 - std[617be2ca0a6fd877]::sys::backtrace::__rust_end_short_backtrace::<std[617be2ca0a6fd877]::panicking::panic_handler::{closure#0}, !>
[INFO] [stdout]    9:     0x5d96fa88c24d - __rustc[ea4f61d10b84890b]::rust_begin_unwind
[INFO] [stdout]   10:     0x5d96fa8cb56c - core[a373ad73a504971]::panicking::panic_fmt
[INFO] [stdout]   11:     0x5d96fa526a20 - <integration[5bcce010c12eabb3]::start_plan_canonical::start_plan_local_uses_placeholder_issue::{closure#0} as core[a373ad73a504971]::ops::function::FnOnce<()>>::call_once
[INFO] [stdout]   12:     0x5d96fa5dce4b - test[aada8e7e76ba119b]::__rust_begin_short_backtrace::<core[a373ad73a504971]::result::Result<(), alloc[2e1b2a31b91974c5]::string::String>, fn() -> core[a373ad73a504971]::result::Result<(), alloc[2e1b2a31b91974c5]::string::String>>
[INFO] [stdout]   13:     0x5d96fa5ea025 - test[aada8e7e76ba119b]::run_test::{closure#0}
[INFO] [stdout]   14:     0x5d96fa5e3914 - std[617be2ca0a6fd877]::sys::backtrace::__rust_begin_short_backtrace::<test[aada8e7e76ba119b]::run_test::{closure#1}, ()>
[INFO] [stdout]   15:     0x5d96fa5ed0b2 - <std[617be2ca0a6fd877]::thread::lifecycle::spawn_unchecked<test[aada8e7e76ba119b]::run_test::{closure#1}, ()>::{closure#1} as core[a373ad73a504971]::ops::function::FnOnce<()>>::call_once::{shim:vtable#0}
[INFO] [stdout]   16:     0x5d96fa8b201f - <std[617be2ca0a6fd877]::sys::thread::unix::Thread>::new::thread_start
[INFO] [stderr] error: test failed, to rerun pass `--test integration`
[INFO] [stdout]   17:     0x7bd4b5ab8dfa - <unknown>
[INFO] [stdout]   18:     0x7bd4b5b4c3d4 - clone
[INFO] [stdout]   19:                0x0 - <unknown>
[INFO] [stdout] 
[INFO] [stdout] ---- start_sprint_canonical::start_sprint_emits_pr_groups_array stdout ----
[INFO] [stdout] 
[INFO] [stdout] thread 'start_sprint_canonical::start_sprint_emits_pr_groups_array' (2146) panicked at tests/integration/start_sprint_canonical.rs:47:5:
[INFO] [stdout] assertion failed: `(left == right)`: stderr: 
[INFO] [stdout] 
[INFO] [stdout] [1mDiff[0m [31m< left[0m / [32mright >[0m :
[INFO] [stdout] [31m<[0m[1;48;5;52;31m1[0m
[INFO] [stdout] [32m>[0m[1;48;5;22;32m0[0m
[INFO] [stdout] 
[INFO] [stdout] 
[INFO] [stdout] stack backtrace:
[INFO] [stdout]    0:     0x5d96fa8b2dc1 - <<std[617be2ca0a6fd877]::sys::backtrace::BacktraceLock>::print::DisplayBacktrace as core[a373ad73a504971]::fmt::Display>::fmt
[INFO] [stdout]    1:     0x5d96fa8cad8a - core[a373ad73a504971]::fmt::write
[INFO] [stdout]    2:     0x5d96fa8b743c - <alloc[2e1b2a31b91974c5]::vec::Vec<u8> as core[a373ad73a504971]::io::write::Write>::write_fmt
[INFO] [stdout]    3:     0x5d96fa88b4d6 - std[617be2ca0a6fd877]::panicking::default_hook::{closure#0}
[INFO] [stdout]    4:     0x5d96fa8a96d9 - std[617be2ca0a6fd877]::panicking::default_hook
[INFO] [stdout]    5:     0x5d96fa5e9a00 - test[aada8e7e76ba119b]::test_main_inner::{closure#0}
[INFO] [stdout]    6:     0x5d96fa8a9892 - std[617be2ca0a6fd877]::panicking::panic_with_hook
[INFO] [stdout]    7:     0x5d96fa88b582 - std[617be2ca0a6fd877]::panicking::panic_handler::{closure#0}
[INFO] [stdout]    8:     0x5d96fa883f49 - std[617be2ca0a6fd877]::sys::backtrace::__rust_end_short_backtrace::<std[617be2ca0a6fd877]::panicking::panic_handler::{closure#0}, !>
[INFO] [stdout]    9:     0x5d96fa88c24d - __rustc[ea4f61d10b84890b]::rust_begin_unwind
[INFO] [stdout]   10:     0x5d96fa8cb56c - core[a373ad73a504971]::panicking::panic_fmt
[INFO] [stdout]   11:     0x5d96fa53c48a - integration[5bcce010c12eabb3]::start_sprint_canonical::run_local_start_sprint
[INFO] [stdout]   12:     0x5d96fa543dfc - <integration[5bcce010c12eabb3]::start_sprint_canonical::start_sprint_emits_pr_groups_array::{closure#0} as core[a373ad73a504971]::ops::function::FnOnce<()>>::call_once
[INFO] [stdout]   13:     0x5d96fa5dce4b - test[aada8e7e76ba119b]::__rust_begin_short_backtrace::<core[a373ad73a504971]::result::Result<(), alloc[2e1b2a31b91974c5]::string::String>, fn() -> core[a373ad73a504971]::result::Result<(), alloc[2e1b2a31b91974c5]::string::String>>
[INFO] [stdout]   14:     0x5d96fa5ea025 - test[aada8e7e76ba119b]::run_test::{closure#0}
[INFO] [stdout]   15:     0x5d96fa5e3914 - std[617be2ca0a6fd877]::sys::backtrace::__rust_begin_short_backtrace::<test[aada8e7e76ba119b]::run_test::{closure#1}, ()>
[INFO] [stdout]   16:     0x5d96fa5ed0b2 - <std[617be2ca0a6fd877]::thread::lifecycle::spawn_unchecked<test[aada8e7e76ba119b]::run_test::{closure#1}, ()>::{closure#1} as core[a373ad73a504971]::ops::function::FnOnce<()>>::call_once::{shim:vtable#0}
[INFO] [stdout]   17:     0x5d96fa8b201f - <std[617be2ca0a6fd877]::sys::thread::unix::Thread>::new::thread_start
[INFO] [stdout]   18:     0x7bd4b5ab8dfa - <unknown>
[INFO] [stdout]   19:     0x7bd4b5b4c3d4 - clone
[INFO] [stdout]   20:                0x0 - <unknown>
[INFO] [stdout] 
[INFO] [stdout] ---- start_sprint_canonical::start_sprint_emits_prompt_manifest stdout ----
[INFO] [stdout] 
[INFO] [stdout] thread 'start_sprint_canonical::start_sprint_emits_prompt_manifest' (2150) panicked at tests/integration/start_sprint_canonical.rs:47:5:
[INFO] [stdout] assertion failed: `(left == right)`: stderr: 
[INFO] [stdout] 
[INFO] [stdout] [1mDiff[0m [31m< left[0m / [32mright >[0m :
[INFO] [stdout] [31m<[0m[1;48;5;52;31m1[0m
[INFO] [stdout] [32m>[0m[1;48;5;22;32m0[0m
[INFO] [stdout] 
[INFO] [stdout] 
[INFO] [stdout] stack backtrace:
[INFO] [stdout]    0:     0x5d96fa8b2dc1 - <<std[617be2ca0a6fd877]::sys::backtrace::BacktraceLock>::print::DisplayBacktrace as core[a373ad73a504971]::fmt::Display>::fmt
[INFO] [stdout]    1:     0x5d96fa8cad8a - core[a373ad73a504971]::fmt::write
[INFO] [stdout]    2:     0x5d96fa8b743c - <alloc[2e1b2a31b91974c5]::vec::Vec<u8> as core[a373ad73a504971]::io::write::Write>::write_fmt
[INFO] [stdout]    3:     0x5d96fa88b4d6 - std[617be2ca0a6fd877]::panicking::default_hook::{closure#0}
[INFO] [stdout]    4:     0x5d96fa8a96d9 - std[617be2ca0a6fd877]::panicking::default_hook
[INFO] [stdout]    5:     0x5d96fa5e9a00 - test[aada8e7e76ba119b]::test_main_inner::{closure#0}
[INFO] [stdout]    6:     0x5d96fa8a9892 - std[617be2ca0a6fd877]::panicking::panic_with_hook
[INFO] [stdout]    7:     0x5d96fa88b582 - std[617be2ca0a6fd877]::panicking::panic_handler::{closure#0}
[INFO] [stdout]    8:     0x5d96fa883f49 - std[617be2ca0a6fd877]::sys::backtrace::__rust_end_short_backtrace::<std[617be2ca0a6fd877]::panicking::panic_handler::{closure#0}, !>
[INFO] [stdout]    9:     0x5d96fa88c24d - __rustc[ea4f61d10b84890b]::rust_begin_unwind
[INFO] [stdout]   10:     0x5d96fa8cb56c - core[a373ad73a504971]::panicking::panic_fmt
[INFO] [stdout]   11:     0x5d96fa53c48a - integration[5bcce010c12eabb3]::start_sprint_canonical::run_local_start_sprint
[INFO] [stdout]   12:     0x5d96fa5442d6 - <integration[5bcce010c12eabb3]::start_sprint_canonical::start_sprint_emits_prompt_manifest::{closure#0} as core[a373ad73a504971]::ops::function::FnOnce<()>>::call_once
[INFO] [stdout]   13:     0x5d96fa5dce4b - test[aada8e7e76ba119b]::__rust_begin_short_backtrace::<core[a373ad73a504971]::result::Result<(), alloc[2e1b2a31b91974c5]::string::String>, fn() -> core[a373ad73a504971]::result::Result<(), alloc[2e1b2a31b91974c5]::string::String>>
[INFO] [stdout]   14:     0x5d96fa5ea025 - test[aada8e7e76ba119b]::run_test::{closure#0}
[INFO] [stdout]   15:     0x5d96fa5e3914 - std[617be2ca0a6fd877]::sys::backtrace::__rust_begin_short_backtrace::<test[aada8e7e76ba119b]::run_test::{closure#1}, ()>
[INFO] [stdout]   16:     0x5d96fa5ed0b2 - <std[617be2ca0a6fd877]::thread::lifecycle::spawn_unchecked<test[aada8e7e76ba119b]::run_test::{closure#1}, ()>::{closure#1} as core[a373ad73a504971]::ops::function::FnOnce<()>>::call_once::{shim:vtable#0}
[INFO] [stdout]   17:     0x5d96fa8b201f - <std[617be2ca0a6fd877]::sys::thread::unix::Thread>::new::thread_start
[INFO] [stdout]   18:     0x7bd4b5ab8dfa - <unknown>
[INFO] [stdout]   19:     0x7bd4b5b4c3d4 - clone
[INFO] [stdout]   20:                0x0 - <unknown>
[INFO] [stdout] 
[INFO] [stdout] ---- start_sprint_canonical::start_sprint_omits_subagent_init_snapshot_post_0_8 stdout ----
[INFO] [stdout] 
[INFO] [stdout] thread 'start_sprint_canonical::start_sprint_omits_subagent_init_snapshot_post_0_8' (2155) panicked at tests/integration/start_sprint_canonical.rs:47:5:
[INFO] [stdout] assertion failed: `(left == right)`: stderr: 
[INFO] [stdout] 
[INFO] [stdout] [1mDiff[0m [31m< left[0m / [32mright >[0m :
[INFO] [stdout] [31m<[0m[1;48;5;52;31m1[0m
[INFO] [stdout] [32m>[0m[1;48;5;22;32m0[0m
[INFO] [stdout] 
[INFO] [stdout] 
[INFO] [stdout] stack backtrace:
[INFO] [stdout]    0:     0x5d96fa8b2dc1 - <<std[617be2ca0a6fd877]::sys::backtrace::BacktraceLock>::print::DisplayBacktrace as core[a373ad73a504971]::fmt::Display>::fmt
[INFO] [stdout]    1:     0x5d96fa8cad8a - core[a373ad73a504971]::fmt::write
[INFO] [stdout]    2:     0x5d96fa8b743c - <alloc[2e1b2a31b91974c5]::vec::Vec<u8> as core[a373ad73a504971]::io::write::Write>::write_fmt
[INFO] [stdout]    3:     0x5d96fa88b4d6 - std[617be2ca0a6fd877]::panicking::default_hook::{closure#0}
[INFO] [stdout]    4:     0x5d96fa8a96d9 - std[617be2ca0a6fd877]::panicking::default_hook
[INFO] [stdout]    5:     0x5d96fa5e9a00 - test[aada8e7e76ba119b]::test_main_inner::{closure#0}
[INFO] [stdout]    6:     0x5d96fa8a9892 - std[617be2ca0a6fd877]::panicking::panic_with_hook
[INFO] [stdout]    7:     0x5d96fa88b582 - std[617be2ca0a6fd877]::panicking::panic_handler::{closure#0}
[INFO] [stdout]    8:     0x5d96fa883f49 - std[617be2ca0a6fd877]::sys::backtrace::__rust_end_short_backtrace::<std[617be2ca0a6fd877]::panicking::panic_handler::{closure#0}, !>
[INFO] [stdout]    9:     0x5d96fa88c24d - __rustc[ea4f61d10b84890b]::rust_begin_unwind
[INFO] [stdout]   10:     0x5d96fa8cb56c - core[a373ad73a504971]::panicking::panic_fmt
[INFO] [stdout]   11:     0x5d96fa53c48a - integration[5bcce010c12eabb3]::start_sprint_canonical::run_local_start_sprint
[INFO] [stdout]   12:     0x5d96fa5466ef - <integration[5bcce010c12eabb3]::start_sprint_canonical::start_sprint_omits_subagent_init_snapshot_post_0_8::{closure#0} as core[a373ad73a504971]::ops::function::FnOnce<()>>::call_once
[INFO] [stdout]   13:     0x5d96fa5dce4b - test[aada8e7e76ba119b]::__rust_begin_short_backtrace::<core[a373ad73a504971]::result::Result<(), alloc[2e1b2a31b91974c5]::string::String>, fn() -> core[a373ad73a504971]::result::Result<(), alloc[2e1b2a31b91974c5]::string::String>>
[INFO] [stdout]   14:     0x5d96fa5ea025 - test[aada8e7e76ba119b]::run_test::{closure#0}
[INFO] [stdout]   15:     0x5d96fa5e3914 - std[617be2ca0a6fd877]::sys::backtrace::__rust_begin_short_backtrace::<test[aada8e7e76ba119b]::run_test::{closure#1}, ()>
[INFO] [stdout]   16:     0x5d96fa5ed0b2 - <std[617be2ca0a6fd877]::thread::lifecycle::spawn_unchecked<test[aada8e7e76ba119b]::run_test::{closure#1}, ()>::{closure#1} as core[a373ad73a504971]::ops::function::FnOnce<()>>::call_once::{shim:vtable#0}
[INFO] [stdout]   17:     0x5d96fa8b201f - <std[617be2ca0a6fd877]::sys::thread::unix::Thread>::new::thread_start
[INFO] [stdout]   18:     0x7bd4b5ab8dfa - <unknown>
[INFO] [stdout]   19:     0x7bd4b5b4c3d4 - clone
[INFO] [stdout]   20:                0x0 - <unknown>
[INFO] [stdout] 
[INFO] [stdout] ---- start_sprint_canonical::start_sprint_relocates_task_prompt stdout ----
[INFO] [stdout] 
[INFO] [stdout] thread 'start_sprint_canonical::start_sprint_relocates_task_prompt' (2156) panicked at tests/integration/start_sprint_canonical.rs:47:5:
[INFO] [stdout] assertion failed: `(left == right)`: stderr: 
[INFO] [stdout] 
[INFO] [stdout] [1mDiff[0m [31m< left[0m / [32mright >[0m :
[INFO] [stdout] [31m<[0m[1;48;5;52;31m1[0m
[INFO] [stdout] [32m>[0m[1;48;5;22;32m0[0m
[INFO] [stdout] 
[INFO] [stdout] 
[INFO] [stdout] stack backtrace:
[INFO] [stdout]    0:     0x5d96fa8b2dc1 - <<std[617be2ca0a6fd877]::sys::backtrace::BacktraceLock>::print::DisplayBacktrace as core[a373ad73a504971]::fmt::Display>::fmt
[INFO] [stdout]    1:     0x5d96fa8cad8a - core[a373ad73a504971]::fmt::write
[INFO] [stdout]    2:     0x5d96fa8b743c - <alloc[2e1b2a31b91974c5]::vec::Vec<u8> as core[a373ad73a504971]::io::write::Write>::write_fmt
[INFO] [stdout]    3:     0x5d96fa88b4d6 - std[617be2ca0a6fd877]::panicking::default_hook::{closure#0}
[INFO] [stdout]    4:     0x5d96fa8a96d9 - std[617be2ca0a6fd877]::panicking::default_hook
[INFO] [stdout]    5:     0x5d96fa5e9a00 - test[aada8e7e76ba119b]::test_main_inner::{closure#0}
[INFO] [stdout]    6:     0x5d96fa8a9892 - std[617be2ca0a6fd877]::panicking::panic_with_hook
[INFO] [stdout]    7:     0x5d96fa88b582 - std[617be2ca0a6fd877]::panicking::panic_handler::{closure#0}
[INFO] [stdout]    8:     0x5d96fa883f49 - std[617be2ca0a6fd877]::sys::backtrace::__rust_end_short_backtrace::<std[617be2ca0a6fd877]::panicking::panic_handler::{closure#0}, !>
[INFO] [stdout]    9:     0x5d96fa88c24d - __rustc[ea4f61d10b84890b]::rust_begin_unwind
[INFO] [stdout]   10:     0x5d96fa8cb56c - core[a373ad73a504971]::panicking::panic_fmt
[INFO] [stdout]   11:     0x5d96fa53c48a - integration[5bcce010c12eabb3]::start_sprint_canonical::run_local_start_sprint
[INFO] [stdout]   12:     0x5d96fa544e64 - <integration[5bcce010c12eabb3]::start_sprint_canonical::start_sprint_relocates_task_prompt::{closure#0} as core[a373ad73a504971]::ops::function::FnOnce<()>>::call_once
[INFO] [stdout]   13:     0x5d96fa5dce4b - test[aada8e7e76ba119b]::__rust_begin_short_backtrace::<core[a373ad73a504971]::result::Result<(), alloc[2e1b2a31b91974c5]::string::String>, fn() -> core[a373ad73a504971]::result::Result<(), alloc[2e1b2a31b91974c5]::string::String>>
[INFO] [stdout]   14:     0x5d96fa5ea025 - test[aada8e7e76ba119b]::run_test::{closure#0}
[INFO] [stdout]   15:     0x5d96fa5e3914 - std[617be2ca0a6fd877]::sys::backtrace::__rust_begin_short_backtrace::<test[aada8e7e76ba119b]::run_test::{closure#1}, ()>
[INFO] [stdout]   16:     0x5d96fa5ed0b2 - <std[617be2ca0a6fd877]::thread::lifecycle::spawn_unchecked<test[aada8e7e76ba119b]::run_test::{closure#1}, ()>::{closure#1} as core[a373ad73a504971]::ops::function::FnOnce<()>>::call_once::{shim:vtable#0}
[INFO] [stdout]   17:     0x5d96fa8b201f - <std[617be2ca0a6fd877]::sys::thread::unix::Thread>::new::thread_start
[INFO] [stdout]   18:     0x7bd4b5ab8dfa - <unknown>
[INFO] [stdout]   19:     0x7bd4b5b4c3d4 - clone
[INFO] [stdout]   20:                0x0 - <unknown>
[INFO] [stdout] 
[INFO] [stdout] ---- start_sprint_canonical::start_sprint_emits_plan_snapshot stdout ----
[INFO] [stdout] 
[INFO] [stdout] thread 'start_sprint_canonical::start_sprint_emits_plan_snapshot' (2145) panicked at tests/integration/start_sprint_canonical.rs:47:5:
[INFO] [stdout] assertion failed: `(left == right)`: stderr: 
[INFO] [stdout] 
[INFO] [stdout] [1mDiff[0m [31m< left[0m / [32mright >[0m :
[INFO] [stdout] [31m<[0m[1;48;5;52;31m1[0m
[INFO] [stdout] [32m>[0m[1;48;5;22;32m0[0m
[INFO] [stdout] 
[INFO] [stdout] 
[INFO] [stdout] stack backtrace:
[INFO] [stdout]    0:     0x5d96fa8b2dc1 - <<std[617be2ca0a6fd877]::sys::backtrace::BacktraceLock>::print::DisplayBacktrace as core[a373ad73a504971]::fmt::Display>::fmt
[INFO] [stdout]    1:     0x5d96fa8cad8a - core[a373ad73a504971]::fmt::write
[INFO] [stdout]    2:     0x5d96fa8b743c - <alloc[2e1b2a31b91974c5]::vec::Vec<u8> as core[a373ad73a504971]::io::write::Write>::write_fmt
[INFO] [stdout]    3:     0x5d96fa88b4d6 - std[617be2ca0a6fd877]::panicking::default_hook::{closure#0}
[INFO] [stdout]    4:     0x5d96fa8a96d9 - std[617be2ca0a6fd877]::panicking::default_hook
[INFO] [stdout]    5:     0x5d96fa5e9a00 - test[aada8e7e76ba119b]::test_main_inner::{closure#0}
[INFO] [stdout]    6:     0x5d96fa8a9892 - std[617be2ca0a6fd877]::panicking::panic_with_hook
[INFO] [stdout]    7:     0x5d96fa88b582 - std[617be2ca0a6fd877]::panicking::panic_handler::{closure#0}
[INFO] [stdout]    8:     0x5d96fa883f49 - std[617be2ca0a6fd877]::sys::backtrace::__rust_end_short_backtrace::<std[617be2ca0a6fd877]::panicking::panic_handler::{closure#0}, !>
[INFO] [stdout]    9:     0x5d96fa88c24d - __rustc[ea4f61d10b84890b]::rust_begin_unwind
[INFO] [stdout]   10:     0x5d96fa8cb56c - core[a373ad73a504971]::panicking::panic_fmt
[INFO] [stdout]   11:     0x5d96fa53c48a - integration[5bcce010c12eabb3]::start_sprint_canonical::run_local_start_sprint
[INFO] [stdout]   12:     0x5d96fa54387a - <integration[5bcce010c12eabb3]::start_sprint_canonical::start_sprint_emits_plan_snapshot::{closure#0} as core[a373ad73a504971]::ops::function::FnOnce<()>>::call_once
[INFO] [stdout]   13:     0x5d96fa5dce4b - test[aada8e7e76ba119b]::__rust_begin_short_backtrace::<core[a373ad73a504971]::result::Result<(), alloc[2e1b2a31b91974c5]::string::String>, fn() -> core[a373ad73a504971]::result::Result<(), alloc[2e1b2a31b91974c5]::string::String>>
[INFO] [stdout]   14:     0x5d96fa5ea025 - test[aada8e7e76ba119b]::run_test::{closure#0}
[INFO] [stdout]   15:     0x5d96fa5e3914 - std[617be2ca0a6fd877]::sys::backtrace::__rust_begin_short_backtrace::<test[aada8e7e76ba119b]::run_test::{closure#1}, ()>
[INFO] [stdout]   16:     0x5d96fa5ed0b2 - <std[617be2ca0a6fd877]::thread::lifecycle::spawn_unchecked<test[aada8e7e76ba119b]::run_test::{closure#1}, ()>::{closure#1} as core[a373ad73a504971]::ops::function::FnOnce<()>>::call_once::{shim:vtable#0}
[INFO] [stdout]   17:     0x5d96fa8b201f - <std[617be2ca0a6fd877]::sys::thread::unix::Thread>::new::thread_start
[INFO] [stdout]   18:     0x7bd4b5ab8dfa - <unknown>
[INFO] [stdout]   19:     0x7bd4b5b4c3d4 - clone
[INFO] [stdout]   20:                0x0 - <unknown>
[INFO] [stdout] 
[INFO] [stdout] ---- start_sprint_canonical::start_sprint_emits_repo_slug_and_v2_schema_version stdout ----
[INFO] [stdout] 
[INFO] [stdout] thread 'start_sprint_canonical::start_sprint_emits_repo_slug_and_v2_schema_version' (2154) panicked at tests/integration/start_sprint_canonical.rs:47:5:
[INFO] [stdout] assertion failed: `(left == right)`: stderr: 
[INFO] [stdout] 
[INFO] [stdout] [1mDiff[0m [31m< left[0m / [32mright >[0m :
[INFO] [stdout] [31m<[0m[1;48;5;52;31m1[0m
[INFO] [stdout] [32m>[0m[1;48;5;22;32m0[0m
[INFO] [stdout] 
[INFO] [stdout] 
[INFO] [stdout] stack backtrace:
[INFO] [stdout]    0:     0x5d96fa8b2dc1 - <<std[617be2ca0a6fd877]::sys::backtrace::BacktraceLock>::print::DisplayBacktrace as core[a373ad73a504971]::fmt::Display>::fmt
[INFO] [stdout]    1:     0x5d96fa8cad8a - core[a373ad73a504971]::fmt::write
[INFO] [stdout]    2:     0x5d96fa8b743c - <alloc[2e1b2a31b91974c5]::vec::Vec<u8> as core[a373ad73a504971]::io::write::Write>::write_fmt
[INFO] [stdout]    3:     0x5d96fa88b4d6 - std[617be2ca0a6fd877]::panicking::default_hook::{closure#0}
[INFO] [stdout]    4:     0x5d96fa8a96d9 - std[617be2ca0a6fd877]::panicking::default_hook
[INFO] [stdout]    5:     0x5d96fa5e9a00 - test[aada8e7e76ba119b]::test_main_inner::{closure#0}
[INFO] [stdout]    6:     0x5d96fa8a9892 - std[617be2ca0a6fd877]::panicking::panic_with_hook
[INFO] [stdout]    7:     0x5d96fa88b582 - std[617be2ca0a6fd877]::panicking::panic_handler::{closure#0}
[INFO] [stdout]    8:     0x5d96fa883f49 - std[617be2ca0a6fd877]::sys::backtrace::__rust_end_short_backtrace::<std[617be2ca0a6fd877]::panicking::panic_handler::{closure#0}, !>
[INFO] [stdout]    9:     0x5d96fa88c24d - __rustc[ea4f61d10b84890b]::rust_begin_unwind
[INFO] [stdout]   10:     0x5d96fa8cb56c - core[a373ad73a504971]::panicking::panic_fmt
[INFO] [stdout]   11:     0x5d96fa53c48a - integration[5bcce010c12eabb3]::start_sprint_canonical::run_local_start_sprint
[INFO] [stdout]   12:     0x5d96fa5463cb - <integration[5bcce010c12eabb3]::start_sprint_canonical::start_sprint_emits_repo_slug_and_v2_schema_version::{closure#0} as core[a373ad73a504971]::ops::function::FnOnce<()>>::call_once
[INFO] [stdout]   13:     0x5d96fa5dce4b - test[aada8e7e76ba119b]::__rust_begin_short_backtrace::<core[a373ad73a504971]::result::Result<(), alloc[2e1b2a31b91974c5]::string::String>, fn() -> core[a373ad73a504971]::result::Result<(), alloc[2e1b2a31b91974c5]::string::String>>
[INFO] [stdout]   14:     0x5d96fa5ea025 - test[aada8e7e76ba119b]::run_test::{closure#0}
[INFO] [stdout]   15:     0x5d96fa5e3914 - std[617be2ca0a6fd877]::sys::backtrace::__rust_begin_short_backtrace::<test[aada8e7e76ba119b]::run_test::{closure#1}, ()>
[INFO] [stdout]   16:     0x5d96fa5ed0b2 - <std[617be2ca0a6fd877]::thread::lifecycle::spawn_unchecked<test[aada8e7e76ba119b]::run_test::{closure#1}, ()>::{closure#1} as core[a373ad73a504971]::ops::function::FnOnce<()>>::call_once::{shim:vtable#0}
[INFO] [stdout]   17:     0x5d96fa8b201f - <std[617be2ca0a6fd877]::sys::thread::unix::Thread>::new::thread_start
[INFO] [stdout]   18:     0x7bd4b5ab8dfa - <unknown>
[INFO] [stdout]   19:     0x7bd4b5b4c3d4 - clone
[INFO] [stdout]   20:                0x0 - <unknown>
[INFO] [stdout] 
[INFO] [stdout] ---- task_spec_flow::local_flow_plan_issue_local_dry_run_end_to_end_generates_artifacts stdout ----
[INFO] [stdout] 
[INFO] [stdout] thread 'task_spec_flow::local_flow_plan_issue_local_dry_run_end_to_end_generates_artifacts' (2164) panicked at tests/integration/task_spec_flow.rs:812:5:
[INFO] [stdout] assertion failed: `(left == right)`: stderr: 
[INFO] [stdout] 
[INFO] [stdout] [1mDiff[0m [31m< left[0m / [32mright >[0m :
[INFO] [stdout] [31m<[0m[1;48;5;52;31m1[0m
[INFO] [stdout] [32m>[0m[1;48;5;22;32m0[0m
[INFO] [stdout] 
[INFO] [stdout] 
[INFO] [stdout] stack backtrace:
[INFO] [stdout]    0:     0x5d96fa8b2dc1 - <<std[617be2ca0a6fd877]::sys::backtrace::BacktraceLock>::print::DisplayBacktrace as core[a373ad73a504971]::fmt::Display>::fmt
[INFO] [stdout]    1:     0x5d96fa8cad8a - core[a373ad73a504971]::fmt::write
[INFO] [stdout]    2:     0x5d96fa8b743c - <alloc[2e1b2a31b91974c5]::vec::Vec<u8> as core[a373ad73a504971]::io::write::Write>::write_fmt
[INFO] [stdout]    3:     0x5d96fa88b4d6 - std[617be2ca0a6fd877]::panicking::default_hook::{closure#0}
[INFO] [stdout]    4:     0x5d96fa8a96d9 - std[617be2ca0a6fd877]::panicking::default_hook
[INFO] [stdout]    5:     0x5d96fa5e9a00 - test[aada8e7e76ba119b]::test_main_inner::{closure#0}
[INFO] [stdout]    6:     0x5d96fa8a9892 - std[617be2ca0a6fd877]::panicking::panic_with_hook
[INFO] [stdout]    7:     0x5d96fa88b582 - std[617be2ca0a6fd877]::panicking::panic_handler::{closure#0}
[INFO] [stdout]    8:     0x5d96fa883f49 - std[617be2ca0a6fd877]::sys::backtrace::__rust_end_short_backtrace::<std[617be2ca0a6fd877]::panicking::panic_handler::{closure#0}, !>
[INFO] [stdout]    9:     0x5d96fa88c24d - __rustc[ea4f61d10b84890b]::rust_begin_unwind
[INFO] [stdout]   10:     0x5d96fa8cb56c - core[a373ad73a504971]::panicking::panic_fmt
[INFO] [stdout]   11:     0x5d96fa56a43d - <integration[5bcce010c12eabb3]::task_spec_flow::local_flow_plan_issue_local_dry_run_end_to_end_generates_artifacts::{closure#0} as core[a373ad73a504971]::ops::function::FnOnce<()>>::call_once
[INFO] [stdout]   12:     0x5d96fa5dce4b - test[aada8e7e76ba119b]::__rust_begin_short_backtrace::<core[a373ad73a504971]::result::Result<(), alloc[2e1b2a31b91974c5]::string::String>, fn() -> core[a373ad73a504971]::result::Result<(), alloc[2e1b2a31b91974c5]::string::String>>
[INFO] [stdout]   13:     0x5d96fa5ea025 - test[aada8e7e76ba119b]::run_test::{closure#0}
[INFO] [stdout]   14:     0x5d96fa5e3914 - std[617be2ca0a6fd877]::sys::backtrace::__rust_begin_short_backtrace::<test[aada8e7e76ba119b]::run_test::{closure#1}, ()>
[INFO] [stdout]   15:     0x5d96fa5ed0b2 - <std[617be2ca0a6fd877]::thread::lifecycle::spawn_unchecked<test[aada8e7e76ba119b]::run_test::{closure#1}, ()>::{closure#1} as core[a373ad73a504971]::ops::function::FnOnce<()>>::call_once::{shim:vtable#0}
[INFO] [stdout]   16:     0x5d96fa8b201f - <std[617be2ca0a6fd877]::sys::thread::unix::Thread>::new::thread_start
[INFO] [stdout]   17:     0x7bd4b5ab8dfa - <unknown>
[INFO] [stdout]   18:     0x7bd4b5b4c3d4 - clone
[INFO] [stdout]   19:                0x0 - <unknown>
[INFO] [stdout] 
[INFO] [stdout] ---- task_spec_flow::local_start_plan_returns_deterministic_issue_placeholder stdout ----
[INFO] [stdout] 
[INFO] [stdout] thread 'task_spec_flow::local_start_plan_returns_deterministic_issue_placeholder' (2177) panicked at tests/integration/task_spec_flow.rs:318:5:
[INFO] [stdout] assertion failed: `(left == right)`: stderr: 
[INFO] [stdout] 
[INFO] [stdout] [1mDiff[0m [31m< left[0m / [32mright >[0m :
[INFO] [stdout] [31m<[0m[1;48;5;52;31m1[0m
[INFO] [stdout] [32m>[0m[1;48;5;22;32m0[0m
[INFO] [stdout] 
[INFO] [stdout] 
[INFO] [stdout] stack backtrace:
[INFO] [stdout]    0:     0x5d96fa8b2dc1 - <<std[617be2ca0a6fd877]::sys::backtrace::BacktraceLock>::print::DisplayBacktrace as core[a373ad73a504971]::fmt::Display>::fmt
[INFO] [stdout]    1:     0x5d96fa8cad8a - core[a373ad73a504971]::fmt::write
[INFO] [stdout]    2:     0x5d96fa8b743c - <alloc[2e1b2a31b91974c5]::vec::Vec<u8> as core[a373ad73a504971]::io::write::Write>::write_fmt
[INFO] [stdout]    3:     0x5d96fa88b4d6 - std[617be2ca0a6fd877]::panicking::default_hook::{closure#0}
[INFO] [stdout]    4:     0x5d96fa8a96d9 - std[617be2ca0a6fd877]::panicking::default_hook
[INFO] [stdout]    5:     0x5d96fa5e9a00 - test[aada8e7e76ba119b]::test_main_inner::{closure#0}
[INFO] [stdout]    6:     0x5d96fa8a9892 - std[617be2ca0a6fd877]::panicking::panic_with_hook
[INFO] [stdout]    7:     0x5d96fa88b582 - std[617be2ca0a6fd877]::panicking::panic_handler::{closure#0}
[INFO] [stdout]    8:     0x5d96fa883f49 - std[617be2ca0a6fd877]::sys::backtrace::__rust_end_short_backtrace::<std[617be2ca0a6fd877]::panicking::panic_handler::{closure#0}, !>
[INFO] [stdout]    9:     0x5d96fa88c24d - __rustc[ea4f61d10b84890b]::rust_begin_unwind
[INFO] [stdout]   10:     0x5d96fa8cb56c - core[a373ad73a504971]::panicking::panic_fmt
[INFO] [stdout]   11:     0x5d96fa566613 - <integration[5bcce010c12eabb3]::task_spec_flow::local_start_plan_returns_deterministic_issue_placeholder::{closure#0} as core[a373ad73a504971]::ops::function::FnOnce<()>>::call_once
[INFO] [stdout]   12:     0x5d96fa5dce4b - test[aada8e7e76ba119b]::__rust_begin_short_backtrace::<core[a373ad73a504971]::result::Result<(), alloc[2e1b2a31b91974c5]::string::String>, fn() -> core[a373ad73a504971]::result::Result<(), alloc[2e1b2a31b91974c5]::string::String>>
[INFO] [stdout]   13:     0x5d96fa5ea025 - test[aada8e7e76ba119b]::run_test::{closure#0}
[INFO] [stdout]   14:     0x5d96fa5e3914 - std[617be2ca0a6fd877]::sys::backtrace::__rust_begin_short_backtrace::<test[aada8e7e76ba119b]::run_test::{closure#1}, ()>
[INFO] [stdout]   15:     0x5d96fa5ed0b2 - <std[617be2ca0a6fd877]::thread::lifecycle::spawn_unchecked<test[aada8e7e76ba119b]::run_test::{closure#1}, ()>::{closure#1} as core[a373ad73a504971]::ops::function::FnOnce<()>>::call_once::{shim:vtable#0}
[INFO] [stdout]   16:     0x5d96fa8b201f - <std[617be2ca0a6fd877]::sys::thread::unix::Thread>::new::thread_start
[INFO] [stdout]   17:     0x7bd4b5ab8dfa - <unknown>
[INFO] [stdout]   18:     0x7bd4b5b4c3d4 - clone
[INFO] [stdout]   19:                0x0 - <unknown>
[INFO] [stdout] 
[INFO] [stdout] ---- task_spec_flow::local_flow_status_plan_body_file_reports_counts_and_comment_preview stdout ----
[INFO] [stdout] 
[INFO] [stdout] thread 'task_spec_flow::local_flow_status_plan_body_file_reports_counts_and_comment_preview' (2173) panicked at tests/integration/task_spec_flow.rs:42:5:
[INFO] [stdout] assertion failed: `(left == right)`: stderr: 
[INFO] [stdout] 
[INFO] [stdout] [1mDiff[0m [31m< left[0m / [32mright >[0m :
[INFO] [stdout] [31m<[0m[1;48;5;52;31m1[0m
[INFO] [stdout] [32m>[0m[1;48;5;22;32m0[0m
[INFO] [stdout] 
[INFO] [stdout] 
[INFO] [stdout] stack backtrace:
[INFO] [stdout]    0:     0x5d96fa8b2dc1 - <<std[617be2ca0a6fd877]::sys::backtrace::BacktraceLock>::print::DisplayBacktrace as core[a373ad73a504971]::fmt::Display>::fmt
[INFO] [stdout]    1:     0x5d96fa8cad8a - core[a373ad73a504971]::fmt::write
[INFO] [stdout]    2:     0x5d96fa8b743c - <alloc[2e1b2a31b91974c5]::vec::Vec<u8> as core[a373ad73a504971]::io::write::Write>::write_fmt
[INFO] [stdout]    3:     0x5d96fa88b4d6 - std[617be2ca0a6fd877]::panicking::default_hook::{closure#0}
[INFO] [stdout]    4:     0x5d96fa8a96d9 - std[617be2ca0a6fd877]::panicking::default_hook
[INFO] [stdout]    5:     0x5d96fa5e9a00 - test[aada8e7e76ba119b]::test_main_inner::{closure#0}
[INFO] [stdout]    6:     0x5d96fa8a9892 - std[617be2ca0a6fd877]::panicking::panic_with_hook
[INFO] [stdout]    7:     0x5d96fa88b582 - std[617be2ca0a6fd877]::panicking::panic_handler::{closure#0}
[INFO] [stdout]    8:     0x5d96fa883f49 - std[617be2ca0a6fd877]::sys::backtrace::__rust_end_short_backtrace::<std[617be2ca0a6fd877]::panicking::panic_handler::{closure#0}, !>
[INFO] [stdout]    9:     0x5d96fa88c24d - __rustc[ea4f61d10b84890b]::rust_begin_unwind
[INFO] [stdout]   10:     0x5d96fa8cb56c - core[a373ad73a504971]::panicking::panic_fmt
[INFO] [stdout]   11:     0x5d96fa55fdb5 - integration[5bcce010c12eabb3]::task_spec_flow::render_issue_body_for_local_plan
[INFO] [stdout]   12:     0x5d96fa56aaf2 - <integration[5bcce010c12eabb3]::task_spec_flow::local_flow_status_plan_body_file_reports_counts_and_comment_preview::{closure#0} as core[a373ad73a504971]::ops::function::FnOnce<()>>::call_once
[INFO] [stdout]   13:     0x5d96fa5dce4b - test[aada8e7e76ba119b]::__rust_begin_short_backtrace::<core[a373ad73a504971]::result::Result<(), alloc[2e1b2a31b91974c5]::string::String>, fn() -> core[a373ad73a504971]::result::Result<(), alloc[2e1b2a31b91974c5]::string::String>>
[INFO] [stdout]   14:     0x5d96fa5ea025 - test[aada8e7e76ba119b]::run_test::{closure#0}
[INFO] [stdout]   15:     0x5d96fa5e3914 - std[617be2ca0a6fd877]::sys::backtrace::__rust_begin_short_backtrace::<test[aada8e7e76ba119b]::run_test::{closure#1}, ()>
[INFO] [stdout]   16:     0x5d96fa5ed0b2 - <std[617be2ca0a6fd877]::thread::lifecycle::spawn_unchecked<test[aada8e7e76ba119b]::run_test::{closure#1}, ()>::{closure#1} as core[a373ad73a504971]::ops::function::FnOnce<()>>::call_once::{shim:vtable#0}
[INFO] [stdout]   17:     0x5d96fa8b201f - <std[617be2ca0a6fd877]::sys::thread::unix::Thread>::new::thread_start
[INFO] [stdout]   18:     0x7bd4b5ab8dfa - <unknown>
[INFO] [stdout]   19:     0x7bd4b5b4c3d4 - clone
[INFO] [stdout]   20:                0x0 - <unknown>
[INFO] [stdout] 
[INFO] [stdout] ---- task_spec_flow::local_flow_ready_plan_missing_summary_file_returns_error stdout ----
[INFO] [stdout] 
[INFO] [stdout] thread 'task_spec_flow::local_flow_ready_plan_missing_summary_file_returns_error' (2171) panicked at tests/integration/task_spec_flow.rs:42:5:
[INFO] [stdout] assertion failed: `(left == right)`: stderr: 
[INFO] [stdout] 
[INFO] [stdout] [1mDiff[0m [31m< left[0m / [32mright >[0m :
[INFO] [stdout] [31m<[0m[1;48;5;52;31m1[0m
[INFO] [stdout] [32m>[0m[1;48;5;22;32m0[0m
[INFO] [stdout] 
[INFO] [stdout] 
[INFO] [stdout] stack backtrace:
[INFO] [stdout]    0:     0x5d96fa8b2dc1 - <<std[617be2ca0a6fd877]::sys::backtrace::BacktraceLock>::print::DisplayBacktrace as core[a373ad73a504971]::fmt::Display>::fmt
[INFO] [stdout]    1:     0x5d96fa8cad8a - core[a373ad73a504971]::fmt::write
[INFO] [stdout]    2:     0x5d96fa8b743c - <alloc[2e1b2a31b91974c5]::vec::Vec<u8> as core[a373ad73a504971]::io::write::Write>::write_fmt
[INFO] [stdout]    3:     0x5d96fa88b4d6 - std[617be2ca0a6fd877]::panicking::default_hook::{closure#0}
[INFO] [stdout]    4:     0x5d96fa8a96d9 - std[617be2ca0a6fd877]::panicking::default_hook
[INFO] [stdout]    5:     0x5d96fa5e9a00 - test[aada8e7e76ba119b]::test_main_inner::{closure#0}
[INFO] [stdout]    6:     0x5d96fa8a9892 - std[617be2ca0a6fd877]::panicking::panic_with_hook
[INFO] [stdout]    7:     0x5d96fa88b582 - std[617be2ca0a6fd877]::panicking::panic_handler::{closure#0}
[INFO] [stdout]    8:     0x5d96fa883f49 - std[617be2ca0a6fd877]::sys::backtrace::__rust_end_short_backtrace::<std[617be2ca0a6fd877]::panicking::panic_handler::{closure#0}, !>
[INFO] [stdout]    9:     0x5d96fa88c24d - __rustc[ea4f61d10b84890b]::rust_begin_unwind
[INFO] [stdout]   10:     0x5d96fa8cb56c - core[a373ad73a504971]::panicking::panic_fmt
[INFO] [stdout]   11:     0x5d96fa55fdb5 - integration[5bcce010c12eabb3]::task_spec_flow::render_issue_body_for_local_plan
[INFO] [stdout]   12:     0x5d96fa565712 - <integration[5bcce010c12eabb3]::task_spec_flow::local_flow_ready_plan_missing_summary_file_returns_error::{closure#0} as core[a373ad73a504971]::ops::function::FnOnce<()>>::call_once
[INFO] [stdout]   13:     0x5d96fa5dce4b - test[aada8e7e76ba119b]::__rust_begin_short_backtrace::<core[a373ad73a504971]::result::Result<(), alloc[2e1b2a31b91974c5]::string::String>, fn() -> core[a373ad73a504971]::result::Result<(), alloc[2e1b2a31b91974c5]::string::String>>
[INFO] [stdout]   14:     0x5d96fa5ea025 - test[aada8e7e76ba119b]::run_test::{closure#0}
[INFO] [stdout]   15:     0x5d96fa5e3914 - std[617be2ca0a6fd877]::sys::backtrace::__rust_begin_short_backtrace::<test[aada8e7e76ba119b]::run_test::{closure#1}, ()>
[INFO] [stdout]   16:     0x5d96fa5ed0b2 - <std[617be2ca0a6fd877]::thread::lifecycle::spawn_unchecked<test[aada8e7e76ba119b]::run_test::{closure#1}, ()>::{closure#1} as core[a373ad73a504971]::ops::function::FnOnce<()>>::call_once::{shim:vtable#0}
[INFO] [stdout]   17:     0x5d96fa8b201f - <std[617be2ca0a6fd877]::sys::thread::unix::Thread>::new::thread_start
[INFO] [stdout]   18:     0x7bd4b5ab8dfa - <unknown>
[INFO] [stdout]   19:     0x7bd4b5b4c3d4 - clone
[INFO] [stdout]   20:                0x0 - <unknown>
[INFO] [stdout] 
[INFO] [stdout] ---- task_spec_flow::render_issue_body_start_plan_writes_issue_body_artifact stdout ----
[INFO] [stdout] 
[INFO] [stdout] thread 'task_spec_flow::render_issue_body_start_plan_writes_issue_body_artifact' (2185) panicked at tests/integration/task_spec_flow.rs:218:5:
[INFO] [stdout] assertion failed: `(left == right)`: stderr: 
[INFO] [stdout] 
[INFO] [stdout] [1mDiff[0m [31m< left[0m / [32mright >[0m :
[INFO] [stdout] [31m<[0m[1;48;5;52;31m1[0m
[INFO] [stdout] [32m>[0m[1;48;5;22;32m0[0m
[INFO] [stdout] 
[INFO] [stdout] 
[INFO] [stdout] stack backtrace:
[INFO] [stdout]    0:     0x5d96fa8b2dc1 - <<std[617be2ca0a6fd877]::sys::backtrace::BacktraceLock>::print::DisplayBacktrace as core[a373ad73a504971]::fmt::Display>::fmt
[INFO] [stdout]    1:     0x5d96fa8cad8a - core[a373ad73a504971]::fmt::write
[INFO] [stdout]    2:     0x5d96fa8b743c - <alloc[2e1b2a31b91974c5]::vec::Vec<u8> as core[a373ad73a504971]::io::write::Write>::write_fmt
[INFO] [stdout]    3:     0x5d96fa88b4d6 - std[617be2ca0a6fd877]::panicking::default_hook::{closure#0}
[INFO] [stdout]    4:     0x5d96fa8a96d9 - std[617be2ca0a6fd877]::panicking::default_hook
[INFO] [stdout]    5:     0x5d96fa5e9a00 - test[aada8e7e76ba119b]::test_main_inner::{closure#0}
[INFO] [stdout]    6:     0x5d96fa8a9892 - std[617be2ca0a6fd877]::panicking::panic_with_hook
[INFO] [stdout]    7:     0x5d96fa88b582 - std[617be2ca0a6fd877]::panicking::panic_handler::{closure#0}
[INFO] [stdout]    8:     0x5d96fa883f49 - std[617be2ca0a6fd877]::sys::backtrace::__rust_end_short_backtrace::<std[617be2ca0a6fd877]::panicking::panic_handler::{closure#0}, !>
[INFO] [stdout]    9:     0x5d96fa88c24d - __rustc[ea4f61d10b84890b]::rust_begin_unwind
[INFO] [stdout]   10:     0x5d96fa8cb56c - core[a373ad73a504971]::panicking::panic_fmt
[INFO] [stdout]   11:     0x5d96fa56537b - <integration[5bcce010c12eabb3]::task_spec_flow::render_issue_body_start_plan_writes_issue_body_artifact::{closure#0} as core[a373ad73a504971]::ops::function::FnOnce<()>>::call_once
[INFO] [stdout]   12:     0x5d96fa5dce4b - test[aada8e7e76ba119b]::__rust_begin_short_backtrace::<core[a373ad73a504971]::result::Result<(), alloc[2e1b2a31b91974c5]::string::String>, fn() -> core[a373ad73a504971]::result::Result<(), alloc[2e1b2a31b91974c5]::string::String>>
[INFO] [stdout]   13:     0x5d96fa5ea025 - test[aada8e7e76ba119b]::run_test::{closure#0}
[INFO] [stdout]   14:     0x5d96fa5e3914 - std[617be2ca0a6fd877]::sys::backtrace::__rust_begin_short_backtrace::<test[aada8e7e76ba119b]::run_test::{closure#1}, ()>
[INFO] [stdout]   15:     0x5d96fa5ed0b2 - <std[617be2ca0a6fd877]::thread::lifecycle::spawn_unchecked<test[aada8e7e76ba119b]::run_test::{closure#1}, ()>::{closure#1} as core[a373ad73a504971]::ops::function::FnOnce<()>>::call_once::{shim:vtable#0}
[INFO] [stdout]   16:     0x5d96fa8b201f - <std[617be2ca0a6fd877]::sys::thread::unix::Thread>::new::thread_start
[INFO] [stdout]   17:     0x7bd4b5ab8dfa - <unknown>
[INFO] [stdout]   18:     0x7bd4b5b4c3d4 - clone
[INFO] [stdout]   19:                0x0 - <unknown>
[INFO] [stdout] 
[INFO] [stdout] ---- task_spec_flow::render_issue_body_start_plan_creates_missing_issue_body_directory stdout ----
[INFO] [stdout] 
[INFO] [stdout] thread 'task_spec_flow::render_issue_body_start_plan_creates_missing_issue_body_directory' (2178) panicked at tests/integration/task_spec_flow.rs:292:5:
[INFO] [stdout] assertion failed: `(left == right)`: stderr: 
[INFO] [stdout] 
[INFO] [stdout] [1mDiff[0m [31m< left[0m / [32mright >[0m :
[INFO] [stdout] [31m<[0m[1;48;5;52;31m1[0m
[INFO] [stdout] [32m>[0m[1;48;5;22;32m0[0m
[INFO] [stdout] 
[INFO] [stdout] 
[INFO] [stdout] stack backtrace:
[INFO] [stdout]    0:     0x5d96fa8b2dc1 - <<std[617be2ca0a6fd877]::sys::backtrace::BacktraceLock>::print::DisplayBacktrace as core[a373ad73a504971]::fmt::Display>::fmt
[INFO] [stdout]    1:     0x5d96fa8cad8a - core[a373ad73a504971]::fmt::write
[INFO] [stdout]    2:     0x5d96fa8b743c - <alloc[2e1b2a31b91974c5]::vec::Vec<u8> as core[a373ad73a504971]::io::write::Write>::write_fmt
[INFO] [stdout]    3:     0x5d96fa88b4d6 - std[617be2ca0a6fd877]::panicking::default_hook::{closure#0}
[INFO] [stdout]    4:     0x5d96fa8a96d9 - std[617be2ca0a6fd877]::panicking::default_hook
[INFO] [stdout]    5:     0x5d96fa5e9a00 - test[aada8e7e76ba119b]::test_main_inner::{closure#0}
[INFO] [stdout]    6:     0x5d96fa8a9892 - std[617be2ca0a6fd877]::panicking::panic_with_hook
[INFO] [stdout]    7:     0x5d96fa88b582 - std[617be2ca0a6fd877]::panicking::panic_handler::{closure#0}
[INFO] [stdout]    8:     0x5d96fa883f49 - std[617be2ca0a6fd877]::sys::backtrace::__rust_end_short_backtrace::<std[617be2ca0a6fd877]::panicking::panic_handler::{closure#0}, !>
[INFO] [stdout]    9:     0x5d96fa88c24d - __rustc[ea4f61d10b84890b]::rust_begin_unwind
[INFO] [stdout]   10:     0x5d96fa8cb56c - core[a373ad73a504971]::panicking::panic_fmt
[INFO] [stdout]   11:     0x5d96fa5697de - <integration[5bcce010c12eabb3]::task_spec_flow::render_issue_body_start_plan_creates_missing_issue_body_directory::{closure#0} as core[a373ad73a504971]::ops::function::FnOnce<()>>::call_once
[INFO] [stdout]   12:     0x5d96fa5dce4b - test[aada8e7e76ba119b]::__rust_begin_short_backtrace::<core[a373ad73a504971]::result::Result<(), alloc[2e1b2a31b91974c5]::string::String>, fn() -> core[a373ad73a504971]::result::Result<(), alloc[2e1b2a31b91974c5]::string::String>>
[INFO] [stdout]   13:     0x5d96fa5ea025 - test[aada8e7e76ba119b]::run_test::{closure#0}
[INFO] [stdout]   14:     0x5d96fa5e3914 - std[617be2ca0a6fd877]::sys::backtrace::__rust_begin_short_backtrace::<test[aada8e7e76ba119b]::run_test::{closure#1}, ()>
[INFO] [stdout]   15:     0x5d96fa5ed0b2 - <std[617be2ca0a6fd877]::thread::lifecycle::spawn_unchecked<test[aada8e7e76ba119b]::run_test::{closure#1}, ()>::{closure#1} as core[a373ad73a504971]::ops::function::FnOnce<()>>::call_once::{shim:vtable#0}
[INFO] [stdout]   16:     0x5d96fa8b201f - <std[617be2ca0a6fd877]::sys::thread::unix::Thread>::new::thread_start
[INFO] [stdout]   17:     0x7bd4b5ab8dfa - <unknown>
[INFO] [stdout]   18:     0x7bd4b5b4c3d4 - clone
[INFO] [stdout]   19:                0x0 - <unknown>
[INFO] [stdout] 
[INFO] [stdout] ---- task_spec_flow::render_issue_body_start_plan_falls_back_when_preface_sections_missing stdout ----
[INFO] [stdout] 
[INFO] [stdout] thread 'task_spec_flow::render_issue_body_start_plan_falls_back_when_preface_sections_missing' (2183) panicked at tests/integration/task_spec_flow.rs:377:5:
[INFO] [stdout] assertion failed: `(left == right)`: stderr: 
[INFO] [stdout] 
[INFO] [stdout] [1mDiff[0m [31m< left[0m / [32mright >[0m :
[INFO] [stdout] [31m<[0m[1;48;5;52;31m64[0m
[INFO] [stdout] [32m>[0m[1;48;5;22;32m0[0m
[INFO] [stdout] 
[INFO] [stdout] 
[INFO] [stdout] stack backtrace:
[INFO] [stdout]    0:     0x5d96fa8b2dc1 - <<std[617be2ca0a6fd877]::sys::backtrace::BacktraceLock>::print::DisplayBacktrace as core[a373ad73a504971]::fmt::Display>::fmt
[INFO] [stdout]    1:     0x5d96fa8cad8a - core[a373ad73a504971]::fmt::write
[INFO] [stdout]    2:     0x5d96fa8b743c - <alloc[2e1b2a31b91974c5]::vec::Vec<u8> as core[a373ad73a504971]::io::write::Write>::write_fmt
[INFO] [stdout]    3:     0x5d96fa88b4d6 - std[617be2ca0a6fd877]::panicking::default_hook::{closure#0}
[INFO] [stdout]    4:     0x5d96fa8a96d9 - std[617be2ca0a6fd877]::panicking::default_hook
[INFO] [stdout]    5:     0x5d96fa5e9a00 - test[aada8e7e76ba119b]::test_main_inner::{closure#0}
[INFO] [stdout]    6:     0x5d96fa8a9892 - std[617be2ca0a6fd877]::panicking::panic_with_hook
[INFO] [stdout]    7:     0x5d96fa88b582 - std[617be2ca0a6fd877]::panicking::panic_handler::{closure#0}
[INFO] [stdout]    8:     0x5d96fa883f49 - std[617be2ca0a6fd877]::sys::backtrace::__rust_end_short_backtrace::<std[617be2ca0a6fd877]::panicking::panic_handler::{closure#0}, !>
[INFO] [stdout]    9:     0x5d96fa88c24d - __rustc[ea4f61d10b84890b]::rust_begin_unwind
[INFO] [stdout]   10:     0x5d96fa8cb56c - core[a373ad73a504971]::panicking::panic_fmt
[INFO] [stdout]   11:     0x5d96fa56ca45 - <integration[5bcce010c12eabb3]::task_spec_flow::render_issue_body_start_plan_falls_back_when_preface_sections_missing::{closure#0} as core[a373ad73a504971]::ops::function::FnOnce<()>>::call_once
[INFO] [stdout]   12:     0x5d96fa5dce4b - test[aada8e7e76ba119b]::__rust_begin_short_backtrace::<core[a373ad73a504971]::result::Result<(), alloc[2e1b2a31b91974c5]::string::String>, fn() -> core[a373ad73a504971]::result::Result<(), alloc[2e1b2a31b91974c5]::string::String>>
[INFO] [stdout]   13:     0x5d96fa5ea025 - test[aada8e7e76ba119b]::run_test::{closure#0}
[INFO] [stdout]   14:     0x5d96fa5e3914 - std[617be2ca0a6fd877]::sys::backtrace::__rust_begin_short_backtrace::<test[aada8e7e76ba119b]::run_test::{closure#1}, ()>
[INFO] [stdout]   15:     0x5d96fa5ed0b2 - <std[617be2ca0a6fd877]::thread::lifecycle::spawn_unchecked<test[aada8e7e76ba119b]::run_test::{closure#1}, ()>::{closure#1} as core[a373ad73a504971]::ops::function::FnOnce<()>>::call_once::{shim:vtable#0}
[INFO] [stdout]   16:     0x5d96fa8b201f - <std[617be2ca0a6fd877]::sys::thread::unix::Thread>::new::thread_start
[INFO] [stdout]   17:     0x7bd4b5ab8dfa - <unknown>
[INFO] [stdout]   18:     0x7bd4b5b4c3d4 - clone
[INFO] [stdout]   19:                0x0 - <unknown>
[INFO] [stdout] 
[INFO] [stdout] ---- task_spec_flow::render_issue_body_start_sprint_writes_start_comment_with_modes stdout ----
[INFO] [stdout] 
[INFO] [stdout] thread 'task_spec_flow::render_issue_body_start_sprint_writes_start_comment_with_modes' (2194) panicked at tests/integration/task_spec_flow.rs:496:5:
[INFO] [stdout] assertion failed: `(left == right)`: stderr: 
[INFO] [stdout] 
[INFO] [stdout] [1mDiff[0m [31m< left[0m / [32mright >[0m :
[INFO] [stdout] [31m<[0m[1;48;5;52;31m1[0m
[INFO] [stdout] [32m>[0m[1;48;5;22;32m0[0m
[INFO] [stdout] 
[INFO] [stdout] 
[INFO] [stdout] stack backtrace:
[INFO] [stdout]    0:     0x5d96fa8b2dc1 - <<std[617be2ca0a6fd877]::sys::backtrace::BacktraceLock>::print::DisplayBacktrace as core[a373ad73a504971]::fmt::Display>::fmt
[INFO] [stdout]    1:     0x5d96fa8cad8a - core[a373ad73a504971]::fmt::write
[INFO] [stdout]    2:     0x5d96fa8b743c - <alloc[2e1b2a31b91974c5]::vec::Vec<u8> as core[a373ad73a504971]::io::write::Write>::write_fmt
[INFO] [stdout]    3:     0x5d96fa88b4d6 - std[617be2ca0a6fd877]::panicking::default_hook::{closure#0}
[INFO] [stdout]    4:     0x5d96fa8a96d9 - std[617be2ca0a6fd877]::panicking::default_hook
[INFO] [stdout]    5:     0x5d96fa5e9a00 - test[aada8e7e76ba119b]::test_main_inner::{closure#0}
[INFO] [stdout]    6:     0x5d96fa8a9892 - std[617be2ca0a6fd877]::panicking::panic_with_hook
[INFO] [stdout]    7:     0x5d96fa88b582 - std[617be2ca0a6fd877]::panicking::panic_handler::{closure#0}
[INFO] [stdout]    8:     0x5d96fa883f49 - std[617be2ca0a6fd877]::sys::backtrace::__rust_end_short_backtrace::<std[617be2ca0a6fd877]::panicking::panic_handler::{closure#0}, !>
[INFO] [stdout]    9:     0x5d96fa88c24d - __rustc[ea4f61d10b84890b]::rust_begin_unwind
[INFO] [stdout]   10:     0x5d96fa8cb56c - core[a373ad73a504971]::panicking::panic_fmt
[INFO] [stdout]   11:     0x5d96fa568c03 - <integration[5bcce010c12eabb3]::task_spec_flow::render_issue_body_start_sprint_writes_start_comment_with_modes::{closure#0} as core[a373ad73a504971]::ops::function::FnOnce<()>>::call_once
[INFO] [stdout]   12:     0x5d96fa5dce4b - test[aada8e7e76ba119b]::__rust_begin_short_backtrace::<core[a373ad73a504971]::result::Result<(), alloc[2e1b2a31b91974c5]::string::String>, fn() -> core[a373ad73a504971]::result::Result<(), alloc[2e1b2a31b91974c5]::string::String>>
[INFO] [stdout]   13:     0x5d96fa5ea025 - test[aada8e7e76ba119b]::run_test::{closure#0}
[INFO] [stdout]   14:     0x5d96fa5e3914 - std[617be2ca0a6fd877]::sys::backtrace::__rust_begin_short_backtrace::<test[aada8e7e76ba119b]::run_test::{closure#1}, ()>
[INFO] [stdout]   15:     0x5d96fa5ed0b2 - <std[617be2ca0a6fd877]::thread::lifecycle::spawn_unchecked<test[aada8e7e76ba119b]::run_test::{closure#1}, ()>::{closure#1} as core[a373ad73a504971]::ops::function::FnOnce<()>>::call_once::{shim:vtable#0}
[INFO] [stdout]   16:     0x5d96fa8b201f - <std[617be2ca0a6fd877]::sys::thread::unix::Thread>::new::thread_start
[INFO] [stdout]   17:     0x7bd4b5ab8dfa - <unknown>
[INFO] [stdout]   18:     0x7bd4b5b4c3d4 - clone
[INFO] [stdout]   19:                0x0 - <unknown>
[INFO] [stdout] 
[INFO] [stdout] ---- task_spec_flow::render_issue_body_start_sprint_group_auto_single_pr_lane_uses_per_sprint_mode stdout ----
[INFO] [stdout] 
[INFO] [stdout] thread 'task_spec_flow::render_issue_body_start_sprint_group_auto_single_pr_lane_uses_per_sprint_mode' (2188) panicked at tests/integration/task_spec_flow.rs:561:5:
[INFO] [stdout] assertion failed: `(left == right)`: stderr: 
[INFO] [stdout] 
[INFO] [stdout] [1mDiff[0m [31m< left[0m / [32mright >[0m :
[INFO] [stdout] [31m<[0m[1;48;5;52;31m64[0m
[INFO] [stdout] [32m>[0m[1;48;5;22;32m0[0m
[INFO] [stdout] 
[INFO] [stdout] 
[INFO] [stdout] stack backtrace:
[INFO] [stdout]    0:     0x5d96fa8b2dc1 - <<std[617be2ca0a6fd877]::sys::backtrace::BacktraceLock>::print::DisplayBacktrace as core[a373ad73a504971]::fmt::Display>::fmt
[INFO] [stdout]    1:     0x5d96fa8cad8a - core[a373ad73a504971]::fmt::write
[INFO] [stdout]    2:     0x5d96fa8b743c - <alloc[2e1b2a31b91974c5]::vec::Vec<u8> as core[a373ad73a504971]::io::write::Write>::write_fmt
[INFO] [stdout]    3:     0x5d96fa88b4d6 - std[617be2ca0a6fd877]::panicking::default_hook::{closure#0}
[INFO] [stdout]    4:     0x5d96fa8a96d9 - std[617be2ca0a6fd877]::panicking::default_hook
[INFO] [stdout]    5:     0x5d96fa5e9a00 - test[aada8e7e76ba119b]::test_main_inner::{closure#0}
[INFO] [stdout]    6:     0x5d96fa8a9892 - std[617be2ca0a6fd877]::panicking::panic_with_hook
[INFO] [stdout]    7:     0x5d96fa88b582 - std[617be2ca0a6fd877]::panicking::panic_handler::{closure#0}
[INFO] [stdout]    8:     0x5d96fa883f49 - std[617be2ca0a6fd877]::sys::backtrace::__rust_end_short_backtrace::<std[617be2ca0a6fd877]::panicking::panic_handler::{closure#0}, !>
[INFO] [stdout]    9:     0x5d96fa88c24d - __rustc[ea4f61d10b84890b]::rust_begin_unwind
[INFO] [stdout]   10:     0x5d96fa8cb56c - core[a373ad73a504971]::panicking::panic_fmt
[INFO] [stdout]   11:     0x5d96fa56e012 - <integration[5bcce010c12eabb3]::task_spec_flow::render_issue_body_start_sprint_group_auto_single_pr_lane_uses_per_sprint_mode::{closure#0} as core[a373ad73a504971]::ops::function::FnOnce<()>>::call_once
[INFO] [stdout]   12:     0x5d96fa5dce4b - test[aada8e7e76ba119b]::__rust_begin_short_backtrace::<core[a373ad73a504971]::result::Result<(), alloc[2e1b2a31b91974c5]::string::String>, fn() -> core[a373ad73a504971]::result::Result<(), alloc[2e1b2a31b91974c5]::string::String>>
[INFO] [stdout]   13:     0x5d96fa5ea025 - test[aada8e7e76ba119b]::run_test::{closure#0}
[INFO] [stdout]   14:     0x5d96fa5e3914 - std[617be2ca0a6fd877]::sys::backtrace::__rust_begin_short_backtrace::<test[aada8e7e76ba119b]::run_test::{closure#1}, ()>
[INFO] [stdout]   15:     0x5d96fa5ed0b2 - <std[617be2ca0a6fd877]::thread::lifecycle::spawn_unchecked<test[aada8e7e76ba119b]::run_test::{closure#1}, ()>::{closure#1} as core[a373ad73a504971]::ops::function::FnOnce<()>>::call_once::{shim:vtable#0}
[INFO] [stdout]   16:     0x5d96fa8b201f - <std[617be2ca0a6fd877]::sys::thread::unix::Thread>::new::thread_start
[INFO] [stdout]   17:     0x7bd4b5ab8dfa - <unknown>
[INFO] [stdout]   18:     0x7bd4b5b4c3d4 - clone
[INFO] [stdout]   19:                0x0 - <unknown>
[INFO] [stdout] 
[INFO] [stdout] ---- start_plan_canonical::start_plan_emits_repo_slug_and_v2_schema_version stdout ----
[INFO] [stdout] 
[INFO] [stdout] thread 'start_plan_canonical::start_plan_emits_repo_slug_and_v2_schema_version' (2124) panicked at tests/integration/start_plan_canonical.rs:220:5:
[INFO] [stdout] assertion failed: `(left == right)`: stderr: 
[INFO] [stdout] 
[INFO] [stdout] [1mDiff[0m [31m< left[0m / [32mright >[0m :
[INFO] [stdout] [31m<[0m[1;48;5;52;31m1[0m
[INFO] [stdout] [32m>[0m[1;48;5;22;32m0[0m
[INFO] [stdout] 
[INFO] [stdout] 
[INFO] [stdout] stack backtrace:
[INFO] [stdout]    0:     0x5d96fa8b2dc1 - <<std[617be2ca0a6fd877]::sys::backtrace::BacktraceLock>::print::DisplayBacktrace as core[a373ad73a504971]::fmt::Display>::fmt
[INFO] [stdout]    1:     0x5d96fa8cad8a - core[a373ad73a504971]::fmt::write
[INFO] [stdout]    2:     0x5d96fa8b743c - <alloc[2e1b2a31b91974c5]::vec::Vec<u8> as core[a373ad73a504971]::io::write::Write>::write_fmt
[INFO] [stdout]    3:     0x5d96fa88b4d6 - std[617be2ca0a6fd877]::panicking::default_hook::{closure#0}
[INFO] [stdout]    4:     0x5d96fa8a96d9 - std[617be2ca0a6fd877]::panicking::default_hook
[INFO] [stdout]    5:     0x5d96fa5e9a00 - test[aada8e7e76ba119b]::test_main_inner::{closure#0}
[INFO] [stdout]    6:     0x5d96fa8a9892 - std[617be2ca0a6fd877]::panicking::panic_with_hook
[INFO] [stdout]    7:     0x5d96fa88b582 - std[617be2ca0a6fd877]::panicking::panic_handler::{closure#0}
[INFO] [stdout]    8:     0x5d96fa883f49 - std[617be2ca0a6fd877]::sys::backtrace::__rust_end_short_backtrace::<std[617be2ca0a6fd877]::panicking::panic_handler::{closure#0}, !>
[INFO] [stdout]    9:     0x5d96fa88c24d - __rustc[ea4f61d10b84890b]::rust_begin_unwind
[INFO] [stdout]   10:     0x5d96fa8cb56c - core[a373ad73a504971]::panicking::panic_fmt
[INFO] [stdout]   11:     0x5d96fa527536 - <integration[5bcce010c12eabb3]::start_plan_canonical::start_plan_emits_repo_slug_and_v2_schema_version::{closure#0} as core[a373ad73a504971]::ops::function::FnOnce<()>>::call_once
[INFO] [stdout]   12:     0x5d96fa5dce4b - test[aada8e7e76ba119b]::__rust_begin_short_backtrace::<core[a373ad73a504971]::result::Result<(), alloc[2e1b2a31b91974c5]::string::String>, fn() -> core[a373ad73a504971]::result::Result<(), alloc[2e1b2a31b91974c5]::string::String>>
[INFO] [stdout]   13:     0x5d96fa5ea025 - test[aada8e7e76ba119b]::run_test::{closure#0}
[INFO] [stdout]   14:     0x5d96fa5e3914 - std[617be2ca0a6fd877]::sys::backtrace::__rust_begin_short_backtrace::<test[aada8e7e76ba119b]::run_test::{closure#1}, ()>
[INFO] [stdout]   15:     0x5d96fa5ed0b2 - <std[617be2ca0a6fd877]::thread::lifecycle::spawn_unchecked<test[aada8e7e76ba119b]::run_test::{closure#1}, ()>::{closure#1} as core[a373ad73a504971]::ops::function::FnOnce<()>>::call_once::{shim:vtable#0}
[INFO] [stdout]   16:     0x5d96fa8b201f - <std[617be2ca0a6fd877]::sys::thread::unix::Thread>::new::thread_start
[INFO] [stdout]   17:     0x7bd4b5ab8dfa - <unknown>
[INFO] [stdout]   18:     0x7bd4b5b4c3d4 - clone
[INFO] [stdout]   19:                0x0 - <unknown>
[INFO] [stdout] 
[INFO] [stdout] ---- task_spec_flow::render_issue_body_start_sprint_group_deterministic_single_pr_lane_uses_per_sprint_mode stdout ----
[INFO] [stdout] 
[INFO] [stdout] thread 'task_spec_flow::render_issue_body_start_sprint_group_deterministic_single_pr_lane_uses_per_sprint_mode' (2191) panicked at tests/integration/task_spec_flow.rs:637:5:
[INFO] [stdout] assertion failed: `(left == right)`: stderr: 
[INFO] [stdout] 
[INFO] [stdout] [1mDiff[0m [31m< left[0m / [32mright >[0m :
[INFO] [stdout] [31m<[0m[1;48;5;52;31m64[0m
[INFO] [stdout] [32m>[0m[1;48;5;22;32m0[0m
[INFO] [stdout] 
[INFO] [stdout] 
[INFO] [stdout] stack backtrace:
[INFO] [stdout]    0:     0x5d96fa8b2dc1 - <<std[617be2ca0a6fd877]::sys::backtrace::BacktraceLock>::print::DisplayBacktrace as core[a373ad73a504971]::fmt::Display>::fmt
[INFO] [stdout]    1:     0x5d96fa8cad8a - core[a373ad73a504971]::fmt::write
[INFO] [stdout]    2:     0x5d96fa8b743c - <alloc[2e1b2a31b91974c5]::vec::Vec<u8> as core[a373ad73a504971]::io::write::Write>::write_fmt
[INFO] [stdout]    3:     0x5d96fa88b4d6 - std[617be2ca0a6fd877]::panicking::default_hook::{closure#0}
[INFO] [stdout]    4:     0x5d96fa8a96d9 - std[617be2ca0a6fd877]::panicking::default_hook
[INFO] [stdout]    5:     0x5d96fa5e9a00 - test[aada8e7e76ba119b]::test_main_inner::{closure#0}
[INFO] [stdout]    6:     0x5d96fa8a9892 - std[617be2ca0a6fd877]::panicking::panic_with_hook
[INFO] [stdout]    7:     0x5d96fa88b582 - std[617be2ca0a6fd877]::panicking::panic_handler::{closure#0}
[INFO] [stdout]    8:     0x5d96fa883f49 - std[617be2ca0a6fd877]::sys::backtrace::__rust_end_short_backtrace::<std[617be2ca0a6fd877]::panicking::panic_handler::{closure#0}, !>
[INFO] [stdout]    9:     0x5d96fa88c24d - __rustc[ea4f61d10b84890b]::rust_begin_unwind
[INFO] [stdout]   10:     0x5d96fa8cb56c - core[a373ad73a504971]::panicking::panic_fmt
[INFO] [stdout]   11:     0x5d96fa56eabd - <integration[5bcce010c12eabb3]::task_spec_flow::render_issue_body_start_sprint_group_deterministic_single_pr_lane_uses_per_sprint_mode::{closure#0} as core[a373ad73a504971]::ops::function::FnOnce<()>>::call_once
[INFO] [stdout]   12:     0x5d96fa5dce4b - test[aada8e7e76ba119b]::__rust_begin_short_backtrace::<core[a373ad73a504971]::result::Result<(), alloc[2e1b2a31b91974c5]::string::String>, fn() -> core[a373ad73a504971]::result::Result<(), alloc[2e1b2a31b91974c5]::string::String>>
[INFO] [stdout]   13:     0x5d96fa5ea025 - test[aada8e7e76ba119b]::run_test::{closure#0}
[INFO] [stdout]   14:     0x5d96fa5e3914 - std[617be2ca0a6fd877]::sys::backtrace::__rust_begin_short_backtrace::<test[aada8e7e76ba119b]::run_test::{closure#1}, ()>
[INFO] [stdout]   15:     0x5d96fa5ed0b2 - <std[617be2ca0a6fd877]::thread::lifecycle::spawn_unchecked<test[aada8e7e76ba119b]::run_test::{closure#1}, ()>::{closure#1} as core[a373ad73a504971]::ops::function::FnOnce<()>>::call_once::{shim:vtable#0}
[INFO] [stdout]   16:     0x5d96fa8b201f - <std[617be2ca0a6fd877]::sys::thread::unix::Thread>::new::thread_start
[INFO] [stdout]   17:     0x7bd4b5ab8dfa - <unknown>
[INFO] [stdout]   18:     0x7bd4b5b4c3d4 - clone
[INFO] [stdout]   19:                0x0 - <unknown>
[INFO] [stdout] 
[INFO] [stdout] ---- task_spec_flow::strategy_auto_partial_mapping_allows_unmapped_rows stdout ----
[INFO] [stdout] 
[INFO] [stdout] thread 'task_spec_flow::strategy_auto_partial_mapping_allows_unmapped_rows' (2205) panicked at tests/integration/task_spec_flow.rs:150:5:
[INFO] [stdout] assertion failed: `(left == right)`: stderr: 
[INFO] [stdout] 
[INFO] [stdout] [1mDiff[0m [31m< left[0m / [32mright >[0m :
[INFO] [stdout] [31m<[0m[1;48;5;52;31m1[0m
[INFO] [stdout] [32m>[0m[1;48;5;22;32m0[0m
[INFO] [stdout] 
[INFO] [stdout] 
[INFO] [stdout] stack backtrace:
[INFO] [stdout]    0:     0x5d96fa8b2dc1 - <<std[617be2ca0a6fd877]::sys::backtrace::BacktraceLock>::print::DisplayBacktrace as core[a373ad73a504971]::fmt::Display>::fmt
[INFO] [stdout]    1:     0x5d96fa8cad8a - core[a373ad73a504971]::fmt::write
[INFO] [stdout]    2:     0x5d96fa8b743c - <alloc[2e1b2a31b91974c5]::vec::Vec<u8> as core[a373ad73a504971]::io::write::Write>::write_fmt
[INFO] [stdout]    3:     0x5d96fa88b4d6 - std[617be2ca0a6fd877]::panicking::default_hook::{closure#0}
[INFO] [stdout]    4:     0x5d96fa8a96d9 - std[617be2ca0a6fd877]::panicking::default_hook
[INFO] [stdout]    5:     0x5d96fa5e9a00 - test[aada8e7e76ba119b]::test_main_inner::{closure#0}
[INFO] [stdout]    6:     0x5d96fa8a9892 - std[617be2ca0a6fd877]::panicking::panic_with_hook
[INFO] [stdout]    7:     0x5d96fa88b582 - std[617be2ca0a6fd877]::panicking::panic_handler::{closure#0}
[INFO] [stdout]    8:     0x5d96fa883f49 - std[617be2ca0a6fd877]::sys::backtrace::__rust_end_short_backtrace::<std[617be2ca0a6fd877]::panicking::panic_handler::{closure#0}, !>
[INFO] [stdout]    9:     0x5d96fa88c24d - __rustc[ea4f61d10b84890b]::rust_begin_unwind
[INFO] [stdout]   10:     0x5d96fa8cb56c - core[a373ad73a504971]::panicking::panic_fmt
[INFO] [stdout]   11:     0x5d96fa562d32 - <integration[5bcce010c12eabb3]::task_spec_flow::strategy_auto_partial_mapping_allows_unmapped_rows::{closure#0} as core[a373ad73a504971]::ops::function::FnOnce<()>>::call_once
[INFO] [stdout]   12:     0x5d96fa5dce4b - test[aada8e7e76ba119b]::__rust_begin_short_backtrace::<core[a373ad73a504971]::result::Result<(), alloc[2e1b2a31b91974c5]::string::String>, fn() -> core[a373ad73a504971]::result::Result<(), alloc[2e1b2a31b91974c5]::string::String>>
[INFO] [stdout]   13:     0x5d96fa5ea025 - test[aada8e7e76ba119b]::run_test::{closure#0}
[INFO] [stdout]   14:     0x5d96fa5e3914 - std[617be2ca0a6fd877]::sys::backtrace::__rust_begin_short_backtrace::<test[aada8e7e76ba119b]::run_test::{closure#1}, ()>
[INFO] [stdout]   15:     0x5d96fa5ed0b2 - <std[617be2ca0a6fd877]::thread::lifecycle::spawn_unchecked<test[aada8e7e76ba119b]::run_test::{closure#1}, ()>::{closure#1} as core[a373ad73a504971]::ops::function::FnOnce<()>>::call_once::{shim:vtable#0}
[INFO] [stdout]   16:     0x5d96fa8b201f - <std[617be2ca0a6fd877]::sys::thread::unix::Thread>::new::thread_start
[INFO] [stdout]   17:     0x7bd4b5ab8dfa - <unknown>
[INFO] [stdout]   18:     0x7bd4b5b4c3d4 - clone
[INFO] [stdout]   19:                0x0 - <unknown>
[INFO] [stdout] 
[INFO] [stdout] ---- task_spec_flow::task_spec_generation_build_task_spec_writes_grouped_rows stdout ----
[INFO] [stdout] 
[INFO] [stdout] thread 'task_spec_flow::task_spec_generation_build_task_spec_writes_grouped_rows' (2209) panicked at tests/integration/task_spec_flow.rs:72:5:
[INFO] [stdout] assertion failed: `(left == right)`: stderr: 
[INFO] [stdout] 
[INFO] [stdout] [1mDiff[0m [31m< left[0m / [32mright >[0m :
[INFO] [stdout] [31m<[0m[1;48;5;52;31m1[0m
[INFO] [stdout] [32m>[0m[1;48;5;22;32m0[0m
[INFO] [stdout] 
[INFO] [stdout] 
[INFO] [stdout] stack backtrace:
[INFO] [stdout]    0:     0x5d96fa8b2dc1 - <<std[617be2ca0a6fd877]::sys::backtrace::BacktraceLock>::print::DisplayBacktrace as core[a373ad73a504971]::fmt::Display>::fmt
[INFO] [stdout]    1:     0x5d96fa8cad8a - core[a373ad73a504971]::fmt::write
[INFO] [stdout]    2:     0x5d96fa8b743c - <alloc[2e1b2a31b91974c5]::vec::Vec<u8> as core[a373ad73a504971]::io::write::Write>::write_fmt
[INFO] [stdout]    3:     0x5d96fa88b4d6 - std[617be2ca0a6fd877]::panicking::default_hook::{closure#0}
[INFO] [stdout]    4:     0x5d96fa8a96d9 - std[617be2ca0a6fd877]::panicking::default_hook
[INFO] [stdout]    5:     0x5d96fa5e9a00 - test[aada8e7e76ba119b]::test_main_inner::{closure#0}
[INFO] [stdout]    6:     0x5d96fa8a9892 - std[617be2ca0a6fd877]::panicking::panic_with_hook
[INFO] [stdout]    7:     0x5d96fa88b582 - std[617be2ca0a6fd877]::panicking::panic_handler::{closure#0}
[INFO] [stdout]    8:     0x5d96fa883f49 - std[617be2ca0a6fd877]::sys::backtrace::__rust_end_short_backtrace::<std[617be2ca0a6fd877]::panicking::panic_handler::{closure#0}, !>
[INFO] [stdout]    9:     0x5d96fa88c24d - __rustc[ea4f61d10b84890b]::rust_begin_unwind
[INFO] [stdout]   10:     0x5d96fa8cb56c - core[a373ad73a504971]::panicking::panic_fmt
[INFO] [stdout]   11:     0x5d96fa5670e0 - <integration[5bcce010c12eabb3]::task_spec_flow::task_spec_generation_build_task_spec_writes_grouped_rows::{closure#0} as core[a373ad73a504971]::ops::function::FnOnce<()>>::call_once
[INFO] [stdout]   12:     0x5d96fa5dce4b - test[aada8e7e76ba119b]::__rust_begin_short_backtrace::<core[a373ad73a504971]::result::Result<(), alloc[2e1b2a31b91974c5]::string::String>, fn() -> core[a373ad73a504971]::result::Result<(), alloc[2e1b2a31b91974c5]::string::String>>
[INFO] [stdout]   13:     0x5d96fa5ea025 - test[aada8e7e76ba119b]::run_test::{closure#0}
[INFO] [stdout]   14:     0x5d96fa5e3914 - std[617be2ca0a6fd877]::sys::backtrace::__rust_begin_short_backtrace::<test[aada8e7e76ba119b]::run_test::{closure#1}, ()>
[INFO] [stdout]   15:     0x5d96fa5ed0b2 - <std[617be2ca0a6fd877]::thread::lifecycle::spawn_unchecked<test[aada8e7e76ba119b]::run_test::{closure#1}, ()>::{closure#1} as core[a373ad73a504971]::ops::function::FnOnce<()>>::call_once::{shim:vtable#0}
[INFO] [stdout]   16:     0x5d96fa8b201f - <std[617be2ca0a6fd877]::sys::thread::unix::Thread>::new::thread_start
[INFO] [stdout]   17:     0x7bd4b5ab8dfa - <unknown>
[INFO] [stdout]   18:     0x7bd4b5b4c3d4 - clone
[INFO] [stdout]   19:                0x0 - <unknown>
[INFO] [stdout] 
[INFO] [stdout] ---- task_spec_flow::task_spec_generation_creates_missing_output_directory stdout ----
[INFO] [stdout] 
[INFO] [stdout] thread 'task_spec_flow::task_spec_generation_creates_missing_output_directory' (2215) panicked at tests/integration/task_spec_flow.rs:118:5:
[INFO] [stdout] assertion failed: `(left == right)`: stderr: 
[INFO] [stdout] 
[INFO] [stdout] [1mDiff[0m [31m< left[0m / [32mright >[0m :
[INFO] [stdout] [31m<[0m[1;48;5;52;31m1[0m
[INFO] [stdout] [32m>[0m[1;48;5;22;32m0[0m
[INFO] [stdout] 
[INFO] [stdout] 
[INFO] [stdout] stack backtrace:
[INFO] [stdout]    0:     0x5d96fa8b2dc1 - <<std[617be2ca0a6fd877]::sys::backtrace::BacktraceLock>::print::DisplayBacktrace as core[a373ad73a504971]::fmt::Display>::fmt
[INFO] [stdout]    1:     0x5d96fa8cad8a - core[a373ad73a504971]::fmt::write
[INFO] [stdout]    2:     0x5d96fa8b743c - <alloc[2e1b2a31b91974c5]::vec::Vec<u8> as core[a373ad73a504971]::io::write::Write>::write_fmt
[INFO] [stdout]    3:     0x5d96fa88b4d6 - std[617be2ca0a6fd877]::panicking::default_hook::{closure#0}
[INFO] [stdout]    4:     0x5d96fa8a96d9 - std[617be2ca0a6fd877]::panicking::default_hook
[INFO] [stdout]    5:     0x5d96fa5e9a00 - test[aada8e7e76ba119b]::test_main_inner::{closure#0}
[INFO] [stdout]    6:     0x5d96fa8a9892 - std[617be2ca0a6fd877]::panicking::panic_with_hook
[INFO] [stdout]    7:     0x5d96fa88b582 - std[617be2ca0a6fd877]::panicking::panic_handler::{closure#0}
[INFO] [stdout]    8:     0x5d96fa883f49 - std[617be2ca0a6fd877]::sys::backtrace::__rust_end_short_backtrace::<std[617be2ca0a6fd877]::panicking::panic_handler::{closure#0}, !>
[INFO] [stdout]    9:     0x5d96fa88c24d - __rustc[ea4f61d10b84890b]::rust_begin_unwind
[INFO] [stdout]   10:     0x5d96fa8cb56c - core[a373ad73a504971]::panicking::panic_fmt
[INFO] [stdout]   11:     0x5d96fa56449d - <integration[5bcce010c12eabb3]::task_spec_flow::task_spec_generation_creates_missing_output_directory::{closure#0} as core[a373ad73a504971]::ops::function::FnOnce<()>>::call_once
[INFO] [stdout]   12:     0x5d96fa5dce4b - test[aada8e7e76ba119b]::__rust_begin_short_backtrace::<core[a373ad73a504971]::result::Result<(), alloc[2e1b2a31b91974c5]::string::String>, fn() -> core[a373ad73a504971]::result::Result<(), alloc[2e1b2a31b91974c5]::string::String>>
[INFO] [stdout]   13:     0x5d96fa5ea025 - test[aada8e7e76ba119b]::run_test::{closure#0}
[INFO] [stdout]   14:     0x5d96fa5e3914 - std[617be2ca0a6fd877]::sys::backtrace::__rust_begin_short_backtrace::<test[aada8e7e76ba119b]::run_test::{closure#1}, ()>
[INFO] [stdout]   15:     0x5d96fa5ed0b2 - <std[617be2ca0a6fd877]::thread::lifecycle::spawn_unchecked<test[aada8e7e76ba119b]::run_test::{closure#1}, ()>::{closure#1} as core[a373ad73a504971]::ops::function::FnOnce<()>>::call_once::{shim:vtable#0}
[INFO] [stdout]   16:     0x5d96fa8b201f - <std[617be2ca0a6fd877]::sys::thread::unix::Thread>::new::thread_start
[INFO] [stdout]   17:     0x7bd4b5ab8dfa - <unknown>
[INFO] [stdout]   18:     0x7bd4b5b4c3d4 - clone
[INFO] [stdout]   19:                0x0 - <unknown>
[INFO] [stdout] 
[INFO] [stdout] ---- task_spec_flow::write_subagent_prompts_groups_tasks_by_runtime_lane stdout ----
[INFO] [stdout] 
[INFO] [stdout] thread 'task_spec_flow::write_subagent_prompts_groups_tasks_by_runtime_lane' (2216) panicked at tests/integration/task_spec_flow.rs:775:5:
[INFO] [stdout] assertion failed: `(left == right)`: stderr: 
[INFO] [stdout] 
[INFO] [stdout] [1mDiff[0m [31m< left[0m / [32mright >[0m :
[INFO] [stdout] [31m<[0m[1;48;5;52;31m64[0m
[INFO] [stdout] [32m>[0m[1;48;5;22;32m0[0m
[INFO] [stdout] 
[INFO] [stdout] 
[INFO] [stdout] stack backtrace:
[INFO] [stdout]    0:     0x5d96fa8b2dc1 - <<std[617be2ca0a6fd877]::sys::backtrace::BacktraceLock>::print::DisplayBacktrace as core[a373ad73a504971]::fmt::Display>::fmt
[INFO] [stdout]    1:     0x5d96fa8cad8a - core[a373ad73a504971]::fmt::write
[INFO] [stdout]    2:     0x5d96fa8b743c - <alloc[2e1b2a31b91974c5]::vec::Vec<u8> as core[a373ad73a504971]::io::write::Write>::write_fmt
[INFO] [stdout]    3:     0x5d96fa88b4d6 - std[617be2ca0a6fd877]::panicking::default_hook::{closure#0}
[INFO] [stdout]    4:     0x5d96fa8a96d9 - std[617be2ca0a6fd877]::panicking::default_hook
[INFO] [stdout]    5:     0x5d96fa5e9a00 - test[aada8e7e76ba119b]::test_main_inner::{closure#0}
[INFO] [stdout]    6:     0x5d96fa8a9892 - std[617be2ca0a6fd877]::panicking::panic_with_hook
[INFO] [stdout]    7:     0x5d96fa88b582 - std[617be2ca0a6fd877]::panicking::panic_handler::{closure#0}
[INFO] [stdout]    8:     0x5d96fa883f49 - std[617be2ca0a6fd877]::sys::backtrace::__rust_end_short_backtrace::<std[617be2ca0a6fd877]::panicking::panic_handler::{closure#0}, !>
[INFO] [stdout]    9:     0x5d96fa88c24d - __rustc[ea4f61d10b84890b]::rust_begin_unwind
[INFO] [stdout]   10:     0x5d96fa8cb56c - core[a373ad73a504971]::panicking::panic_fmt
[INFO] [stdout]   11:     0x5d96fa563b97 - <integration[5bcce010c12eabb3]::task_spec_flow::write_subagent_prompts_groups_tasks_by_runtime_lane::{closure#0} as core[a373ad73a504971]::ops::function::FnOnce<()>>::call_once
[INFO] [stdout]   12:     0x5d96fa5dce4b - test[aada8e7e76ba119b]::__rust_begin_short_backtrace::<core[a373ad73a504971]::result::Result<(), alloc[2e1b2a31b91974c5]::string::String>, fn() -> core[a373ad73a504971]::result::Result<(), alloc[2e1b2a31b91974c5]::string::String>>
[INFO] [stdout]   13:     0x5d96fa5ea025 - test[aada8e7e76ba119b]::run_test::{closure#0}
[INFO] [stdout]   14:     0x5d96fa5e3914 - std[617be2ca0a6fd877]::sys::backtrace::__rust_begin_short_backtrace::<test[aada8e7e76ba119b]::run_test::{closure#1}, ()>
[INFO] [stdout]   15:     0x5d96fa5ed0b2 - <std[617be2ca0a6fd877]::thread::lifecycle::spawn_unchecked<test[aada8e7e76ba119b]::run_test::{closure#1}, ()>::{closure#1} as core[a373ad73a504971]::ops::function::FnOnce<()>>::call_once::{shim:vtable#0}
[INFO] [stdout]   16:     0x5d96fa8b201f - <std[617be2ca0a6fd877]::sys::thread::unix::Thread>::new::thread_start
[INFO] [stdout]   17:     0x7bd4b5ab8dfa - <unknown>
[INFO] [stdout]   18:     0x7bd4b5b4c3d4 - clone
[INFO] [stdout]   19:                0x0 - <unknown>
[INFO] [stdout] 
[INFO] [stdout] ---- task_spec_flow::task_decomposition_writer_and_parser_use_one_sanitized_schema stdout ----
[INFO] [stdout] 
[INFO] [stdout] thread 'task_spec_flow::task_decomposition_writer_and_parser_use_one_sanitized_schema' (2206) panicked at tests/integration/task_spec_flow.rs:438:5:
[INFO] [stdout] assertion failed: `(left == right)`: stderr: 
[INFO] [stdout] 
[INFO] [stdout] [1mDiff[0m [31m< left[0m / [32mright >[0m :
[INFO] [stdout] [31m<[0m[1;48;5;52;31m64[0m
[INFO] [stdout] [32m>[0m[1;48;5;22;32m0[0m
[INFO] [stdout] 
[INFO] [stdout] 
[INFO] [stdout] stack backtrace:
[INFO] [stdout]    0:     0x5d96fa8b2dc1 - <<std[617be2ca0a6fd877]::sys::backtrace::BacktraceLock>::print::DisplayBacktrace as core[a373ad73a504971]::fmt::Display>::fmt
[INFO] [stdout]    1:     0x5d96fa8cad8a - core[a373ad73a504971]::fmt::write
[INFO] [stdout]    2:     0x5d96fa8b743c - <alloc[2e1b2a31b91974c5]::vec::Vec<u8> as core[a373ad73a504971]::io::write::Write>::write_fmt
[INFO] [stdout]    3:     0x5d96fa88b4d6 - std[617be2ca0a6fd877]::panicking::default_hook::{closure#0}
[INFO] [stdout]    4:     0x5d96fa8a96d9 - std[617be2ca0a6fd877]::panicking::default_hook
[INFO] [stdout]    5:     0x5d96fa5e9a00 - test[aada8e7e76ba119b]::test_main_inner::{closure#0}
[INFO] [stdout]    6:     0x5d96fa8a9892 - std[617be2ca0a6fd877]::panicking::panic_with_hook
[INFO] [stdout]    7:     0x5d96fa88b582 - std[617be2ca0a6fd877]::panicking::panic_handler::{closure#0}
[INFO] [stdout]    8:     0x5d96fa883f49 - std[617be2ca0a6fd877]::sys::backtrace::__rust_end_short_backtrace::<std[617be2ca0a6fd877]::panicking::panic_handler::{closure#0}, !>
[INFO] [stdout]    9:     0x5d96fa88c24d - __rustc[ea4f61d10b84890b]::rust_begin_unwind
[INFO] [stdout]   10:     0x5d96fa8cb56c - core[a373ad73a504971]::panicking::panic_fmt
[INFO] [stdout]   11:     0x5d96fa567f89 - <integration[5bcce010c12eabb3]::task_spec_flow::task_decomposition_writer_and_parser_use_one_sanitized_schema::{closure#0} as core[a373ad73a504971]::ops::function::FnOnce<()>>::call_once
[INFO] [stdout]   12:     0x5d96fa5dce4b - test[aada8e7e76ba119b]::__rust_begin_short_backtrace::<core[a373ad73a504971]::result::Result<(), alloc[2e1b2a31b91974c5]::string::String>, fn() -> core[a373ad73a504971]::result::Result<(), alloc[2e1b2a31b91974c5]::string::String>>
[INFO] [stdout]   13:     0x5d96fa5ea025 - test[aada8e7e76ba119b]::run_test::{closure#0}
[INFO] [stdout]   14:     0x5d96fa5e3914 - std[617be2ca0a6fd877]::sys::backtrace::__rust_begin_short_backtrace::<test[aada8e7e76ba119b]::run_test::{closure#1}, ()>
[INFO] [stdout]   15:     0x5d96fa5ed0b2 - <std[617be2ca0a6fd877]::thread::lifecycle::spawn_unchecked<test[aada8e7e76ba119b]::run_test::{closure#1}, ()>::{closure#1} as core[a373ad73a504971]::ops::function::FnOnce<()>>::call_once::{shim:vtable#0}
[INFO] [stdout]   16:     0x5d96fa8b201f - <std[617be2ca0a6fd877]::sys::thread::unix::Thread>::new::thread_start
[INFO] [stdout]   17:     0x7bd4b5ab8dfa - <unknown>
[INFO] [stdout]   18:     0x7bd4b5b4c3d4 - clone
[INFO] [stdout]   19:                0x0 - <unknown>
[INFO] [stdout] 
[INFO] [stdout] ---- task_spec_flow::local_flow_ready_plan_body_file_accepts_summary_file_without_comment stdout ----
[INFO] [stdout] 
[INFO] [stdout] thread 'task_spec_flow::local_flow_ready_plan_body_file_accepts_summary_file_without_comment' (2168) panicked at tests/integration/task_spec_flow.rs:42:5:
[INFO] [stdout] assertion failed: `(left == right)`: stderr: 
[INFO] [stdout] 
[INFO] [stdout] [1mDiff[0m [31m< left[0m / [32mright >[0m :
[INFO] [stdout] [31m<[0m[1;48;5;52;31m1[0m
[INFO] [stdout] [32m>[0m[1;48;5;22;32m0[0m
[INFO] [stdout] 
[INFO] [stdout] 
[INFO] [stdout] stack backtrace:
[INFO] [stdout]    0:     0x5d96fa8b2dc1 - <<std[617be2ca0a6fd877]::sys::backtrace::BacktraceLock>::print::DisplayBacktrace as core[a373ad73a504971]::fmt::Display>::fmt
[INFO] [stdout]    1:     0x5d96fa8cad8a - core[a373ad73a504971]::fmt::write
[INFO] [stdout]    2:     0x5d96fa8b743c - <alloc[2e1b2a31b91974c5]::vec::Vec<u8> as core[a373ad73a504971]::io::write::Write>::write_fmt
[INFO] [stdout]    3:     0x5d96fa88b4d6 - std[617be2ca0a6fd877]::panicking::default_hook::{closure#0}
[INFO] [stdout]    4:     0x5d96fa8a96d9 - std[617be2ca0a6fd877]::panicking::default_hook
[INFO] [stdout]    5:     0x5d96fa5e9a00 - test[aada8e7e76ba119b]::test_main_inner::{closure#0}
[INFO] [stdout]    6:     0x5d96fa8a9892 - std[617be2ca0a6fd877]::panicking::panic_with_hook
[INFO] [stdout]    7:     0x5d96fa88b582 - std[617be2ca0a6fd877]::panicking::panic_handler::{closure#0}
[INFO] [stdout]    8:     0x5d96fa883f49 - std[617be2ca0a6fd877]::sys::backtrace::__rust_end_short_backtrace::<std[617be2ca0a6fd877]::panicking::panic_handler::{closure#0}, !>
[INFO] [stdout]    9:     0x5d96fa88c24d - __rustc[ea4f61d10b84890b]::rust_begin_unwind
[INFO] [stdout]   10:     0x5d96fa8cb56c - core[a373ad73a504971]::panicking::panic_fmt
[INFO] [stdout]   11:     0x5d96fa55fdb5 - integration[5bcce010c12eabb3]::task_spec_flow::render_issue_body_for_local_plan
[INFO] [stdout]   12:     0x5d96fa56b552 - <integration[5bcce010c12eabb3]::task_spec_flow::local_flow_ready_plan_body_file_accepts_summary_file_without_comment::{closure#0} as core[a373ad73a504971]::ops::function::FnOnce<()>>::call_once
[INFO] [stdout]   13:     0x5d96fa5dce4b - test[aada8e7e76ba119b]::__rust_begin_short_backtrace::<core[a373ad73a504971]::result::Result<(), alloc[2e1b2a31b91974c5]::string::String>, fn() -> core[a373ad73a504971]::result::Result<(), alloc[2e1b2a31b91974c5]::string::String>>
[INFO] [stdout]   14:     0x5d96fa5ea025 - test[aada8e7e76ba119b]::run_test::{closure#0}
[INFO] [stdout]   15:     0x5d96fa5e3914 - std[617be2ca0a6fd877]::sys::backtrace::__rust_begin_short_backtrace::<test[aada8e7e76ba119b]::run_test::{closure#1}, ()>
[INFO] [stdout]   16:     0x5d96fa5ed0b2 - <std[617be2ca0a6fd877]::thread::lifecycle::spawn_unchecked<test[aada8e7e76ba119b]::run_test::{closure#1}, ()>::{closure#1} as core[a373ad73a504971]::ops::function::FnOnce<()>>::call_once::{shim:vtable#0}
[INFO] [stdout]   17:     0x5d96fa8b201f - <std[617be2ca0a6fd877]::sys::thread::unix::Thread>::new::thread_start
[INFO] [stdout]   18:     0x7bd4b5ab8dfa - <unknown>
[INFO] [stdout]   19:     0x7bd4b5b4c3d4 - clone
[INFO] [stdout]   20:                0x0 - <unknown>
[INFO] [stdout] 
[INFO] [stdout] ---- start_sprint_canonical::start_sprint_emits_dispatch_record_per_task stdout ----
[INFO] [stdout] 
[INFO] [stdout] thread 'start_sprint_canonical::start_sprint_emits_dispatch_record_per_task' (2141) panicked at tests/integration/start_sprint_canonical.rs:47:5:
[INFO] [stdout] assertion failed: `(left == right)`: stderr: 
[INFO] [stdout] 
[INFO] [stdout] [1mDiff[0m [31m< left[0m / [32mright >[0m :
[INFO] [stdout] [31m<[0m[1;48;5;52;31m1[0m
[INFO] [stdout] [32m>[0m[1;48;5;22;32m0[0m
[INFO] [stdout] 
[INFO] [stdout] 
[INFO] [stdout] stack backtrace:
[INFO] [stdout]    0:     0x5d96fa8b2dc1 - <<std[617be2ca0a6fd877]::sys::backtrace::BacktraceLock>::print::DisplayBacktrace as core[a373ad73a504971]::fmt::Display>::fmt
[INFO] [stdout]    1:     0x5d96fa8cad8a - core[a373ad73a504971]::fmt::write
[INFO] [stdout]    2:     0x5d96fa8b743c - <alloc[2e1b2a31b91974c5]::vec::Vec<u8> as core[a373ad73a504971]::io::write::Write>::write_fmt
[INFO] [stdout]    3:     0x5d96fa88b4d6 - std[617be2ca0a6fd877]::panicking::default_hook::{closure#0}
[INFO] [stdout]    4:     0x5d96fa8a96d9 - std[617be2ca0a6fd877]::panicking::default_hook
[INFO] [stdout]    5:     0x5d96fa5e9a00 - test[aada8e7e76ba119b]::test_main_inner::{closure#0}
[INFO] [stdout]    6:     0x5d96fa8a9892 - std[617be2ca0a6fd877]::panicking::panic_with_hook
[INFO] [stdout]    7:     0x5d96fa88b582 - std[617be2ca0a6fd877]::panicking::panic_handler::{closure#0}
[INFO] [stdout]    8:     0x5d96fa883f49 - std[617be2ca0a6fd877]::sys::backtrace::__rust_end_short_backtrace::<std[617be2ca0a6fd877]::panicking::panic_handler::{closure#0}, !>
[INFO] [stdout]    9:     0x5d96fa88c24d - __rustc[ea4f61d10b84890b]::rust_begin_unwind
[INFO] [stdout]   10:     0x5d96fa8cb56c - core[a373ad73a504971]::panicking::panic_fmt
[INFO] [stdout]   11:     0x5d96fa53c48a - integration[5bcce010c12eabb3]::start_sprint_canonical::run_local_start_sprint
[INFO] [stdout]   12:     0x5d96fa5458a6 - <integration[5bcce010c12eabb3]::start_sprint_canonical::start_sprint_emits_dispatch_record_per_task::{closure#0} as core[a373ad73a504971]::ops::function::FnOnce<()>>::call_once
[INFO] [stdout]   13:     0x5d96fa5dce4b - test[aada8e7e76ba119b]::__rust_begin_short_backtrace::<core[a373ad73a504971]::result::Result<(), alloc[2e1b2a31b91974c5]::string::String>, fn() -> core[a373ad73a504971]::result::Result<(), alloc[2e1b2a31b91974c5]::string::String>>
[INFO] [stdout]   14:     0x5d96fa5ea025 - test[aada8e7e76ba119b]::run_test::{closure#0}
[INFO] [stdout]   15:     0x5d96fa5e3914 - std[617be2ca0a6fd877]::sys::backtrace::__rust_begin_short_backtrace::<test[aada8e7e76ba119b]::run_test::{closure#1}, ()>
[INFO] [stdout]   16:     0x5d96fa5ed0b2 - <std[617be2ca0a6fd877]::thread::lifecycle::spawn_unchecked<test[aada8e7e76ba119b]::run_test::{closure#1}, ()>::{closure#1} as core[a373ad73a504971]::ops::function::FnOnce<()>>::call_once::{shim:vtable#0}
[INFO] [stdout]   17:     0x5d96fa8b201f - <std[617be2ca0a6fd877]::sys::thread::unix::Thread>::new::thread_start
[INFO] [stdout]   18:     0x7bd4b5ab8dfa - <unknown>
[INFO] [stdout]   19:     0x7bd4b5b4c3d4 - clone
[INFO] [stdout]   20:                0x0 - <unknown>
[INFO] [stdout] 
[INFO] [stdout] 
[INFO] [stdout] failures:
[INFO] [stdout]     auto_single_lane_runtime_truth::auto_single_lane_end_to_end_keeps_per_sprint_runtime_truth
[INFO] [stdout]     live_issue_ops::github_adapter_live_commands_use_forge_cli_backend_for_issue_and_pr_state
[INFO] [stdout]     live_issue_ops::live_plan_commands_ready_and_close_follow_gate_contracts
[INFO] [stdout]     live_issue_ops::live_sprint_commands_start_ready_accept_and_guide_are_deterministic
[INFO] [stdout]     live_start_sprint_runtime_truth::live_start_sprint_uses_issue_table_runtime_truth_without_rewrite
[INFO] [stdout]     output_contract::output_json_contract_success_envelope_contains_version_status_and_payload
[INFO] [stdout]     output_contract::output_text_contract_success_output_is_deterministic
[INFO] [stdout]     parity_guardrails::json_contract_local_binary_success_envelope_is_stable
[INFO] [stdout]     parity_guardrails::json_contract_multi_sprint_guide_success_envelope_is_stable
[INFO] [stdout]     parity_guardrails::parity_shell_multi_sprint_guide_matches_shell_fixture_after_normalization
[INFO] [stdout]     parity_guardrails::parity_shell_start_comment_template_matches_shell_fixture
[INFO] [stdout]     runtime_layout_parity::runtime_layout_parity
[INFO] [stdout]     runtime_truth_plan_and_sprint_flow::start_plan_dry_run_writes_runtime_truth_task_decomposition_metadata
[INFO] [stdout]     runtime_truth_plan_and_sprint_flow::start_sprint_uses_issue_table_runtime_truth_and_rejects_drift
[INFO] [stdout]     runtime_truth_plan_and_sprint_flow::write_subagent_prompts_groups_tasks_by_runtime_lane
[INFO] [stdout]     start_plan_canonical::start_plan_emits_canonical_artifacts
[INFO] [stdout]     start_plan_canonical::start_plan_emits_repo_slug_and_v2_schema_version
[INFO] [stdout]     start_plan_canonical::start_plan_local_uses_placeholder_issue
[INFO] [stdout]     start_plan_canonical::start_plan_writes_plan_branch_ref
[INFO] [stdout]     start_plan_canonical::status_plan_emits_repo_slug_and_v2_schema_version
[INFO] [stdout]     start_sprint_canonical::dispatch_record_omits_runtime_adapter_keys
[INFO] [stdout]     start_sprint_canonical::start_sprint_emits_dispatch_record_per_task
[INFO] [stdout]     start_sprint_canonical::start_sprint_emits_plan_snapshot
[INFO] [stdout]     start_sprint_canonical::start_sprint_emits_pr_groups_array
[INFO] [stdout]     start_sprint_canonical::start_sprint_emits_prompt_manifest
[INFO] [stdout]     start_sprint_canonical::start_sprint_emits_repo_slug_and_v2_schema_version
[INFO] [stdout]     start_sprint_canonical::start_sprint_omits_subagent_init_snapshot_post_0_8
[INFO] [stdout]     start_sprint_canonical::start_sprint_relocates_task_prompt
[INFO] [stdout]     task_spec_flow::local_flow_plan_issue_local_dry_run_end_to_end_generates_artifacts
[INFO] [stdout]     task_spec_flow::local_flow_ready_plan_body_file_accepts_summary_file_without_comment
[INFO] [stdout]     task_spec_flow::local_flow_ready_plan_missing_summary_file_returns_error
[INFO] [stdout]     task_spec_flow::local_flow_status_plan_body_file_reports_counts_and_comment_preview
[INFO] [stdout]     task_spec_flow::local_start_plan_returns_deterministic_issue_placeholder
[INFO] [stdout]     task_spec_flow::render_issue_body_start_plan_creates_missing_issue_body_directory
[INFO] [stdout]     task_spec_flow::render_issue_body_start_plan_falls_back_when_preface_sections_missing
[INFO] [stdout]     task_spec_flow::render_issue_body_start_plan_writes_issue_body_artifact
[INFO] [stdout]     task_spec_flow::render_issue_body_start_sprint_group_auto_single_pr_lane_uses_per_sprint_mode
[INFO] [stdout]     task_spec_flow::render_issue_body_start_sprint_group_deterministic_single_pr_lane_uses_per_sprint_mode
[INFO] [stdout]     task_spec_flow::render_issue_body_start_sprint_writes_start_comment_with_modes
[INFO] [stdout]     task_spec_flow::strategy_auto_partial_mapping_allows_unmapped_rows
[INFO] [stdout]     task_spec_flow::task_decomposition_writer_and_parser_use_one_sanitized_schema
[INFO] [stdout]     task_spec_flow::task_spec_generation_build_task_spec_writes_grouped_rows
[INFO] [stdout]     task_spec_flow::task_spec_generation_creates_missing_output_directory
[INFO] [stdout]     task_spec_flow::write_subagent_prompts_groups_tasks_by_runtime_lane
[INFO] [stdout] 
[INFO] [stdout] test result: FAILED. 229 passed; 44 failed; 0 ignored; 0 measured; 0 filtered out; finished in 0.33s
[INFO] [stdout] 
[INFO] running `Command { std: "docker" "inspect" "5add6faafcb8eee73fb36032f5cefef54e84f606b45ee2769fa5f527eec8a754", kill_on_drop: false }`
[INFO] running `Command { std: "docker" "rm" "-f" "5add6faafcb8eee73fb36032f5cefef54e84f606b45ee2769fa5f527eec8a754", kill_on_drop: false }`
[INFO] [stdout] 5add6faafcb8eee73fb36032f5cefef54e84f606b45ee2769fa5f527eec8a754
