[INFO] fetching crate nils-gemini-cli 1.21.9...
[INFO] testing nils-gemini-cli-1.21.9 against 1.99.0-beta.8+cargoflags=--release for beta-release-1.100-2
[INFO] extracting crate nils-gemini-cli 1.21.9 into /workspace/builds/worker-3-tc1/source
[INFO] started tweaking crates.io crate nils-gemini-cli 1.21.9
[INFO] removed 0 missing tests
[INFO] finished tweaking crates.io crate nils-gemini-cli 1.21.9
[INFO] tweaked toml for crates.io crate nils-gemini-cli 1.21.9 written to /workspace/builds/worker-3-tc1/source/Cargo.toml
[INFO] validating manifest of crates.io crate nils-gemini-cli 1.21.9 on toolchain 1.99.0-beta.8
[INFO] running `Command { std: CARGO_HOME="/workspace/cargo-home" RUSTUP_HOME="/workspace/rustup-home" "/workspace/cargo-home/bin/cargo" "+1.99.0-beta.8" "metadata" "--manifest-path" "Cargo.toml" "--no-deps", kill_on_drop: false }`
[INFO] crate crates.io crate nils-gemini-cli 1.21.9 already has a lockfile, it will not be regenerated
[INFO] running `Command { std: CARGO_HOME="/workspace/cargo-home" RUSTUP_HOME="/workspace/rustup-home" "/workspace/cargo-home/bin/cargo" "+1.99.0-beta.8" "fetch" "--manifest-path" "Cargo.toml", kill_on_drop: false }`
[INFO] [stderr]     Updating crates.io index
[INFO] [stderr]     Blocking waiting for file lock on package cache
[INFO] [stderr]  Downloading crates ...
[INFO] [stderr]   Downloaded nils-build-info v1.21.9
[INFO] [stderr]   Downloaded nils-common v1.21.9
[INFO] [stderr]   Downloaded nils-test-support v1.21.9
[INFO] [stderr]   Downloaded jiff-static v0.2.32
[INFO] [stderr]   Downloaded clap_complete v4.6.7
[INFO] [stderr]   Downloaded jiff v0.2.32
[INFO] running `Command { std: "docker" "create" "-v" "/var/lib/crater-agent-workspace/builds/worker-3-tc1/source:/opt/rustwide/workdir:ro,Z" "-v" "/var/lib/crater-agent-workspace/builds/worker-3-tc1/target:/opt/rustwide/target:rw,Z" "-v" "/var/lib/crater-agent-workspace/cargo-home:/opt/rustwide/cargo-home:ro,Z" "-v" "/var/lib/crater-agent-workspace/rustup-home:/opt/rustwide/rustup-home:ro,Z" "-m" "1610612736" "--network" "none" "ghcr.io/rust-lang/crates-build-env/linux@sha256:77db811e55d90add9212f6832c23229e3de5f1c1f9905e8cb07319ea15df73ac" "sleep" "infinity", kill_on_drop: false }`
[INFO] [stdout] 4029873050aeb1ebf0df1b0ed110f77b12bb71fcbc5e0cd8d970bc49f5e20116
[INFO] running `Command { std: "docker" "start" "4029873050aeb1ebf0df1b0ed110f77b12bb71fcbc5e0cd8d970bc49f5e20116", kill_on_drop: false }`
[INFO] running `Command { std: "docker" "inspect" "4029873050aeb1ebf0df1b0ed110f77b12bb71fcbc5e0cd8d970bc49f5e20116", kill_on_drop: false }`
[INFO] running `Command { std: "docker" "exec" "-e" "SOURCE_DIR=/opt/rustwide/workdir" "-e" "CARGO_HOME=/opt/rustwide/cargo-home" "-e" "RUSTUP_HOME=/opt/rustwide/rustup-home" "-e" "CARGO_TARGET_DIR=/opt/rustwide/target" "-w" "/opt/rustwide/workdir" "--user" "0:0" "4029873050aeb1ebf0df1b0ed110f77b12bb71fcbc5e0cd8d970bc49f5e20116" "/opt/rustwide/cargo-home/bin/cargo" "+1.99.0-beta.8" "metadata" "--no-deps" "--format-version=1", kill_on_drop: false }`
[INFO] running `Command { std: "docker" "inspect" "4029873050aeb1ebf0df1b0ed110f77b12bb71fcbc5e0cd8d970bc49f5e20116", kill_on_drop: false }`
[INFO] running `Command { std: "docker" "exec" "-e" "SOURCE_DIR=/opt/rustwide/workdir" "-e" "CARGO_HOME=/opt/rustwide/cargo-home" "-e" "RUSTUP_HOME=/opt/rustwide/rustup-home" "-e" "CARGO_TARGET_DIR=/opt/rustwide/target" "-e" "CARGO_INCREMENTAL=0" "-e" "RUST_BACKTRACE=full" "-e" "RUSTFLAGS=--cap-lints=warn" "-e" "RUSTDOCFLAGS=--cap-lints=warn" "-w" "/opt/rustwide/workdir" "--user" "0:0" "4029873050aeb1ebf0df1b0ed110f77b12bb71fcbc5e0cd8d970bc49f5e20116" "/opt/rustwide/cargo-home/bin/cargo" "+1.99.0-beta.8" "build" "--frozen" "--message-format=json" "--release", kill_on_drop: false }`
[INFO] [stderr]    Compiling aho-corasick v1.1.4
[INFO] [stderr]    Compiling anyhow v1.0.103
[INFO] [stderr]    Compiling nils-build-info v1.21.9
[INFO] [stderr]    Compiling is_executable v1.0.6
[INFO] [stderr]    Compiling shlex v2.0.1
[INFO] [stderr]    Compiling jiff v0.2.32
[INFO] [stderr]    Compiling syn v2.0.117
[INFO] [stderr]    Compiling clap_builder v4.6.0
[INFO] [stderr]    Compiling regex-automata v0.4.14
[INFO] [stderr]    Compiling clap_derive v4.6.1
[INFO] [stderr]    Compiling thiserror-impl v2.0.18
[INFO] [stderr]    Compiling serde_derive v1.0.228
[INFO] [stderr]    Compiling thiserror v2.0.18
[INFO] [stderr]    Compiling regex v1.13.0
[INFO] [stderr]    Compiling clap v4.6.1
[INFO] [stderr]    Compiling clap_complete v4.6.7
[INFO] [stderr]    Compiling serde v1.0.228
[INFO] [stderr]    Compiling nils-common v1.21.9
[INFO] [stderr]    Compiling nils-gemini-cli v1.21.9 (/opt/rustwide/workdir)
[INFO] [stderr]     Finished `release` profile [optimized] target(s) in 10.33s
[INFO] running `Command { std: "docker" "inspect" "4029873050aeb1ebf0df1b0ed110f77b12bb71fcbc5e0cd8d970bc49f5e20116", kill_on_drop: false }`
[INFO] running `Command { std: "docker" "exec" "-e" "SOURCE_DIR=/opt/rustwide/workdir" "-e" "CARGO_HOME=/opt/rustwide/cargo-home" "-e" "RUSTUP_HOME=/opt/rustwide/rustup-home" "-e" "CARGO_TARGET_DIR=/opt/rustwide/target" "-e" "CARGO_INCREMENTAL=0" "-e" "RUST_BACKTRACE=full" "-e" "RUSTFLAGS=--cap-lints=warn" "-e" "RUSTDOCFLAGS=--cap-lints=warn" "-w" "/opt/rustwide/workdir" "--user" "0:0" "4029873050aeb1ebf0df1b0ed110f77b12bb71fcbc5e0cd8d970bc49f5e20116" "/opt/rustwide/cargo-home/bin/cargo" "+1.99.0-beta.8" "test" "--frozen" "--no-run" "--message-format=json" "--release", kill_on_drop: false }`
[INFO] [stderr]    Compiling bitflags v2.13.0
[INFO] [stderr]    Compiling fastrand v2.4.1
[INFO] [stderr]    Compiling getrandom v0.4.2
[INFO] [stderr]    Compiling yansi v1.0.1
[INFO] [stderr]    Compiling diff v0.1.13
[INFO] [stderr]    Compiling rustix v1.1.4
[INFO] [stderr]    Compiling pretty_assertions v1.4.1
[INFO] [stderr]    Compiling tempfile v3.27.0
[INFO] [stderr]    Compiling nils-test-support v1.21.9
[INFO] [stderr]    Compiling nils-gemini-cli v1.21.9 (/opt/rustwide/workdir)
[INFO] [stderr]     Finished `release` profile [optimized] target(s) in 4.26s
[INFO] running `Command { std: "docker" "inspect" "4029873050aeb1ebf0df1b0ed110f77b12bb71fcbc5e0cd8d970bc49f5e20116", kill_on_drop: false }`
[INFO] running `Command { std: "docker" "exec" "-e" "SOURCE_DIR=/opt/rustwide/workdir" "-e" "CARGO_HOME=/opt/rustwide/cargo-home" "-e" "RUSTUP_HOME=/opt/rustwide/rustup-home" "-e" "CARGO_TARGET_DIR=/opt/rustwide/target" "-e" "CARGO_INCREMENTAL=0" "-e" "RUST_BACKTRACE=full" "-e" "RUSTFLAGS=--cap-lints=warn" "-e" "RUSTDOCFLAGS=--cap-lints=warn" "-w" "/opt/rustwide/workdir" "--user" "0:0" "4029873050aeb1ebf0df1b0ed110f77b12bb71fcbc5e0cd8d970bc49f5e20116" "/opt/rustwide/cargo-home/bin/cargo" "+1.99.0-beta.8" "test" "--frozen" "--release", kill_on_drop: false }`
[INFO] [stderr]     Finished `release` profile [optimized] target(s) in 0.04s
[INFO] [stderr]      Running unittests src/lib.rs (/opt/rustwide/target/release/deps/gemini_cli-8ae20bab813c1079)
[INFO] [stdout] 
[INFO] [stdout] running 86 tests
[INFO] [stdout] test agent::commit::tests::suggested_scope_prefers_single_top_level_directory ... ok
[INFO] [stdout] test agent::commit::tests::suggested_scope_returns_empty_for_multiple_directories ... ok
[INFO] [stdout] test agent::commit::tests::suggested_scope_ignores_root_file_when_single_directory_exists ... ok
[INFO] [stdout] test auth::auto_refresh::tests::should_refresh_covers_refresh_skip_and_future ... ok
[INFO] [stdout] test auth::login::tests::resolve_method_defaults_to_gemini_browser ... ok
[INFO] [stdout] test auth::login::tests::login_method_strings_and_providers_are_stable ... ok
[INFO] [stdout] test auth::login::tests::resolve_method_rejects_conflicting_flags ... ok
[INFO] [stdout] test auth::login::tests::resolve_method_selects_device_code_and_api_key ... ok
[INFO] [stdout] test auth::login::tests::backup_restore_and_refresh_detection_behave_as_expected ... ok
[INFO] [stdout] test auth::auto_refresh::tests::last_refresh_epoch_prefers_timestamp_and_backfills_when_needed ... ok
[INFO] [stdout] test agent::commit::tests::command_exists_checks_executable_bit ... ok
[INFO] [stdout] test auth::auto_refresh::tests::is_configured_detects_auth_or_secret_files ... ok
[INFO] [stdout] test auth::auto_refresh::tests::run_with_json_emits_summary_when_targets_are_skipped ... ok
[INFO] [stdout] test auth::auto_refresh::tests::run_with_json_invalid_min_days_returns_64 ... ok
[INFO] [stdout] test auth::auto_refresh::tests::run_with_json_reports_failed_for_missing_file_like_target ... ok
[INFO] [stdout] test auth::auto_refresh::tests::run_with_json_returns_zero_when_not_configured ... ok
[INFO] [stdout] test auth::auto_refresh::tests::timestamp_path_uses_secret_cache_dir ... ok
[INFO] [stdout] test auth::login::tests::env_timeout_and_token_helpers_cover_defaults_and_nested_values ... ok
[INFO] [stdout] test auth::login::tests::run_with_json_reports_invalid_usage_for_conflicting_flags ... ok
[INFO] [stdout] test auth::login::tests::split_http_status_marker_and_error_summary_are_stable ... ok
[INFO] [stdout] test auth::output::tests::render_error_escapes_strings ... ok
[INFO] [stdout] test auth::output::tests::render_error_omits_details_when_absent ... ok
[INFO] [stdout] test auth::output::tests::render_result_contains_schema_and_command ... ok
[INFO] [stdout] test auth::refresh::tests::detect_provider_prefers_google_issuer_and_audience ... ok
[INFO] [stdout] test auth::login::tests::fetch_google_userinfo_handles_command_failures_and_invalid_json ... ok
[INFO] [stdout] test auth::login::tests::run_api_key_login_json_errors_when_keys_are_missing ... ok
[INFO] [stdout] test auth::login::tests::run_api_key_login_uses_google_api_key_when_gemini_key_missing ... ok
[INFO] [stdout] test auth::login::tests::run_delegates_to_run_with_json_non_json_mode ... ok
[INFO] [stdout] test auth::refresh::tests::file_name_defaults_when_missing ... ok
[INFO] [stdout] test auth::refresh::tests::merge_failed_always_returns_exit_code_five ... ok
[INFO] [stdout] test auth::refresh::tests::error_summary_extracts_object_and_description ... ok
[INFO] [stdout] test auth::refresh::tests::error_summary_supports_string_error_field ... ok
[INFO] [stdout] test auth::refresh::tests::resolve_target_rejects_invalid_secret_name ... ok
[INFO] [stdout] test auth::refresh::tests::resolve_client_id_uses_google_audience_when_available ... ok
[INFO] [stdout] test auth::refresh::tests::split_http_status_extracts_marker ... ok
[INFO] [stdout] test auth::refresh::tests::split_http_status_without_marker_returns_zero_status ... ok
[INFO] [stdout] test auth::remove::tests::invalid_target_rejects_paths_and_traversal ... ok
[INFO] [stdout] test auth::save::tests::invalid_target_rejects_paths_and_traversal ... ok
[INFO] [stdout] test auth::login::tests::run_gemini_interactive_login_errors_when_auth_file_not_created ... ok
[INFO] [stdout] test auth::tests::normalize_iso_removes_fractional_seconds ... ok
[INFO] [stdout] test auth::tests::parse_rfc3339_epoch_supports_zulu_and_offsets ... ok
[INFO] [stdout] test config::tests::quote_posix_single_handles_single_quotes_and_empty ... ok
[INFO] [stdout] test prompt_segment::refresh::tests::is_stale_modified_handles_future_modified_time ... ok
[INFO] [stdout] test prompt_segment::refresh::tests::is_stale_modified_returns_false_when_age_below_threshold ... ok
[INFO] [stdout] test prompt_segment::refresh::tests::is_stale_modified_returns_true_when_age_exceeds_threshold ... ok
[INFO] [stdout] test prompt_segment::refresh::tests::is_stale_modified_returns_true_when_modified_fails ... ok
[INFO] [stdout] test prompt_segment::refresh::tests::is_stale_returns_true_when_metadata_fails ... ok
[INFO] [stdout] test prompt_segment::refresh::tests::is_stale_returns_true_when_stale_seconds_zero ... ok
[INFO] [stdout] test prompt_segment::refresh::tests::last_attempt_path_appends_refresh_marker_suffix ... ok
[INFO] [stdout] test prompt_segment::refresh::tests::lock_dir_for_cache_file_appends_refresh_lock_suffix ... ok
[INFO] [stdout] test prompt_segment::refresh::tests::refresh_lock_acquire_creates_and_cleans_up ... ok
[INFO] [stdout] test prompt_segment::refresh::tests::refresh_lock_acquire_reclaims_lock_when_stale_seconds_zero ... ok
[INFO] [stdout] test prompt_segment::refresh::tests::refresh_lock_acquire_returns_none_on_create_dir_error ... ok
[INFO] [stdout] test prompt_segment::refresh::tests::refresh_lock_acquire_returns_none_when_lock_exists_and_not_stale ... ok
[INFO] [stdout] test auth::login::tests::run_oauth_interactive_login_missing_token_restores_backup ... ok
[INFO] [stdout] test auth::login::tests::run_oauth_interactive_login_non_zero_status_restores_backup ... ok
[INFO] [stdout] test auth::login::tests::run_oauth_interactive_login_success_device_code_returns_zero ... ok
[INFO] [stdout] test rate_limits::render::tests::normalize_window_seconds_keeps_short_windows_hourly ... ok
[INFO] [stdout] test rate_limits::render::tests::normalize_window_seconds_stabilizes_daily_horizon_to_one_day ... ok
[INFO] [stdout] test rate_limits::render::tests::normalize_window_seconds_stabilizes_weekly_horizon_to_weekly ... ok
[INFO] [stdout] test rate_limits::tests::cache_key_normalizes_and_rejects_empty ... ok
[INFO] [stdout] test auth::login::tests::run_oauth_interactive_login_userinfo_error_restores_backup ... ok
[INFO] [stdout] test auth::login::tests::run_oauth_session_check_http_error_returns_error ... ok
[INFO] [stdout] test rate_limits::tests::emit_helpers_cover_single_collection_and_error_envelopes ... ok
[INFO] [stdout] test auth::login::tests::run_oauth_session_check_invalid_auth_json_returns_error ... ok
[INFO] [stdout] test rate_limits::tests::json_helpers_escape_and_build_structures ... ok
[INFO] [stdout] test rate_limits::tests::json_result_item_to_json_supports_error_and_raw_usage_variants ... ok
[INFO] [stdout] test rate_limits::tests::rate_limit_summary_to_json_includes_null_non_weekly_reset ... ok
[INFO] [stdout] test rate_limits::tests::render_line_for_summary_formats_name_and_one_line ... ok
[INFO] [stdout] test auth::login::tests::run_oauth_session_check_invalid_userinfo_json_returns_error ... ok
[INFO] [stdout] test rate_limits::tests::secret_file_basename_requires_non_empty_name ... ok
[INFO] [stdout] test auth::login::tests::run_oauth_session_check_missing_access_token_returns_error ... ok
[INFO] [stdout] test auth::login::tests::run_oauth_session_check_missing_auth_file_returns_error ... ok
[INFO] [stdout] test auth::login::tests::run_oauth_session_check_success_supports_nested_tokens ... ok
[INFO] [stdout] test auth::refresh::tests::env_timeout_uses_default_when_missing_or_invalid ... ok
[INFO] [stdout] test auth::refresh::tests::is_auth_file_matches_env_path ... ok
[INFO] [stdout] test auth::refresh::tests::resolve_target_uses_default_auth_path_when_env_missing ... ok
[INFO] [stdout] test auth::remove::tests::resolve_secret_dir_uses_gemini_secret_dir_env_override ... ok
[INFO] [stdout] test auth::save::tests::resolve_secret_dir_uses_gemini_secret_dir_env_override ... ok
[INFO] [stdout] test prompt_segment::render::tests::should_color_explicit_truthy_and_falsey_values_are_stable ... ok
[INFO] [stdout] test prompt_segment::render::tests::should_color_falls_back_to_prompt_markers_when_not_overridden ... ok
[INFO] [stdout] test prompt_segment::render::tests::should_color_no_color_has_highest_priority ... ok
[INFO] [stdout] test rate_limits::tests::clear_prompt_segment_cache_rejects_non_absolute_cache_root ... ok
[INFO] [stdout] test rate_limits::tests::collect_secret_files_returns_sorted_json_files ... ok
[INFO] [stdout] test rate_limits::tests::env_truthy_accepts_expected_variants ... ok
[INFO] [stdout] test rate_limits::tests::resolve_single_target_appends_json_when_secret_dir_is_configured ... ok
[INFO] [stdout] 
[INFO] [stdout] test result: ok. 86 passed; 0 failed; 0 ignored; 0 measured; 0 filtered out; finished in 0.06s
[INFO] [stdout] 
[INFO] [stderr]      Running unittests src/main.rs (/opt/rustwide/target/release/deps/gemini_cli-72d752873563d505)
[INFO] [stdout] 
[INFO] [stdout] running 0 tests
[INFO] [stdout] 
[INFO] [stdout] test result: ok. 0 passed; 0 failed; 0 ignored; 0 measured; 0 filtered out; finished in 0.00s
[INFO] [stdout] 
[INFO] [stderr]      Running tests/integration.rs (/opt/rustwide/target/release/deps/integration-451290a1683b98ae)
[INFO] [stdout] 
[INFO] [stdout] running 225 tests
[INFO] [stdout] test agent_commit::agent_commit_returns_1_when_git_missing ... ok
[INFO] [stdout] test agent_exec::exec_dangerous_missing_prompt_exits_1 ... ok
[INFO] [stdout] test agent_templates::agent_advice_blank_question_exits_1_with_missing_question_message ... ok
[INFO] [stdout] test agent_templates::agent_knowledge_missing_template_prints_error_prefix ... ok
[INFO] [stdout] test agent_templates::agent_advice_substitutes_arguments ... ok
[INFO] [stdout] test auth_current_sync::auth_current_exact_match ... ok
[INFO] [stdout] test auth_current_sync::auth_current_identity_differs ... ok
[INFO] [stdout] test auth_current_sync::auth_current_missing_auth_file ... ok
[INFO] [stdout] test auth_current_sync::auth_current_no_match ... ok
[INFO] [stdout] test auth_current_sync::auth_sync_updates_matching ... ok
[INFO] [stdout] test auth_json_contract::auth_json_contract_auto_refresh_disabled_returns_zeroed_result ... ok
[INFO] [stdout] test auth_json_contract::auth_json_contract_auto_refresh_invalid_min_days_is_structured ... ok
[INFO] [stdout] test auth_json_contract::auth_json_contract_auto_refresh_unconfigured_returns_zeroed_result ... ok
[INFO] [stdout] test agent_commit::agent_commit_semantic_mode_executes_gemini_with_template_and_push_note ... ok
[INFO] [stdout] test auth_json_contract::auth_json_contract_current_missing_auth_file_is_structured ... ok
[INFO] [stdout] test auth_json_contract::auth_json_contract_current_defaults_to_home_secret_dir_when_env_unset ... ok
[INFO] [stdout] test auth_json_contract::auth_json_contract_current_missing_default_secret_dir_is_structured ... ok
[INFO] [stdout] test auth_json_contract::auth_json_contract_current_no_match_is_structured ... ok
[INFO] [stdout] test auth_json_contract::auth_json_contract_login_exec_failure_is_structured ... ok
[INFO] [stdout] test auth_json_contract::auth_json_contract_current_success_includes_stable_fields ... ok
[INFO] [stdout] test auth_json_contract::auth_json_contract_login_success_includes_stable_fields ... ok
[INFO] [stdout] test auth_json_contract::auth_json_contract_refresh_bad_json_is_structured ... ok
[INFO] [stdout] test auth_json_contract::auth_json_contract_refresh_invalid_name_is_structured ... ok
[INFO] [stdout] test auth_json_contract::auth_json_contract_refresh_missing_target_is_structured ... ok
[INFO] [stdout] test auth_json_contract::auth_json_contract_refresh_missing_token_is_structured ... ok
[INFO] [stdout] test auth_json_contract::auth_json_contract_remove_requires_confirmation ... ok
[INFO] [stdout] test auth_json_contract::auth_json_contract_remove_success_includes_stable_fields ... ok
[INFO] [stdout] test auth_json_contract::auth_json_contract_save_overwrite_requires_confirmation ... ok
[INFO] [stdout] test auth_json_contract::auth_json_contract_save_success_includes_stable_fields ... ok
[INFO] [stdout] test auth_json_contract::auth_json_contract_sync_missing_auth_reports_skipped ... ok
[INFO] [stdout] test auth_json_contract::auth_json_contract_use_ambiguous_returns_structured_error ... ok
[INFO] [stdout] test auth_json_contract::auth_json_contract_sync_success_reports_updated_files ... ok
[INFO] [stdout] test auth_json_contract::auth_json_contract_use_invalid_name_is_structured ... ok
[INFO] [stdout] test auth_json_contract::auth_json_contract_use_not_found_is_structured ... ok
[INFO] [stdout] test auth_json_contract_more::auth_json_contract_current_not_configured_and_secret_dir_read_failed_are_structured ... ok
[INFO] [stdout] test auth_json_contract_more::auth_json_contract_remove_invalid_name_and_missing_paths_are_structured ... ok
[INFO] [stdout] test auth_json_contract_more::auth_json_contract_save_invalid_name_is_structured ... ok
[INFO] [stdout] test auth_json_contract_more::auth_json_contract_save_missing_paths_are_structured ... ok
[INFO] [stdout] test auth_json_contract_more::auth_json_contract_sync_handles_unconfigured_and_missing_identity ... ok
[INFO] [stdout] test auth_json_contract_more::auth_json_contract_refresh_request_failure_is_structured ... ok
[INFO] [stdout] test agent_commit_fallback::agent_commit_auto_stage_in_fallback_stages_and_commits ... ok
[INFO] [stdout] test agent_commit_fallback::agent_commit_fallback_aborts_on_confirmation_reject ... ok
[INFO] [stdout] test agent_commit_fallback::agent_commit_fallback_commits_with_prompted_header ... ok
[INFO] [stdout] test auth_refresh::auth_refresh_invalid_json_payload_returns_4 ... ok
[INFO] [stdout] test auth_refresh::auth_refresh_invalid_name ... ok
[INFO] [stdout] test auth_refresh::auth_refresh_json_http_error_contains_summary ... ok
[INFO] [stdout] test auth_refresh::auth_refresh_json_invalid_name ... ok
[INFO] [stdout] test auth_refresh::auth_refresh_json_missing_secret_file ... ok
[INFO] [stdout] test auth_refresh::auth_refresh_json_missing_token ... ok
[INFO] [stdout] test auth_refresh::auth_refresh_merge_failed_when_endpoint_payload_not_object ... ok
[INFO] [stdout] test auth_refresh::auth_refresh_missing_curl_binary_returns_3 ... ok
[INFO] [stdout] test auth_refresh::auth_refresh_missing_secret_file ... ok
[INFO] [stdout] test auth_refresh::auth_refresh_missing_token ... ok
[INFO] [stdout] test agent_commit_fallback::agent_commit_fallback_defaults_type_and_scope ... ok
[INFO] [stdout] test auth_refresh::auth_refresh_success_updates_tokens_and_timestamp ... ok
[INFO] [stdout] test auth_remove::auth_remove_errors_when_secret_dir_missing ... ok
[INFO] [stdout] test auth_remove::auth_remove_errors_when_target_missing ... ok
[INFO] [stdout] test auth_remove::auth_remove_json_requires_confirmation ... ok
[INFO] [stdout] test auth_remove::auth_remove_rejects_path_traversal ... ok
[INFO] [stdout] test auth_remove::auth_remove_requires_file_name ... ok
[INFO] [stdout] test auth_remove::auth_remove_requires_yes_in_non_tty_mode ... ok
[INFO] [stdout] test auth_remove::auth_remove_yes_deletes_file_and_timestamp ... ok
[INFO] [stdout] test auth_remove::auth_remove_yes_does_not_create_missing_cache_dir ... ok
[INFO] [stdout] test auth_save::auth_save_errors_when_auth_file_missing ... ok
[INFO] [stdout] test auth_save::auth_save_errors_when_secret_dir_missing ... ok
[INFO] [stdout] test auth_save::auth_save_json_overwrite_requires_confirmation ... ok
[INFO] [stdout] test auth_save::auth_save_overwrite_prompt_default_no_in_non_tty_mode ... ok
[INFO] [stdout] test auth_save::auth_save_overwrite_yes_bypasses_prompt ... ok
[INFO] [stdout] test auth_save::auth_save_rejects_path_traversal ... ok
[INFO] [stdout] test auth_save::auth_save_requires_file_name ... ok
[INFO] [stdout] test auth_save::auth_save_writes_target_file ... ok
[INFO] [stdout] test auth_use::auth_use_ambiguous_email ... ok
[INFO] [stdout] test auth_use::auth_use_extra_args ... ok
[INFO] [stdout] test auth_use::auth_use_email_resolution ... ok
[INFO] [stdout] test auth_use::auth_use_missing_arg ... ok
[INFO] [stdout] test auth_use::auth_use_invalid_path ... ok
[INFO] [stdout] test completion_contract::completion_contract_format_values_include_text_and_json ... ok
[INFO] [stdout] test completion_contract::completion_contract_includes_top_level_command_families ... ok
[INFO] [stdout] test completion_contract::completion_contract_is_context_aware_across_command_families ... ok
[INFO] [stdout] test completion_smoke::completion_bash_candidates_remain_context_aware ... ok
[INFO] [stdout] test completion_smoke::completion_export_is_stable_across_repeated_runs ... ok
[INFO] [stdout] test agent_commit_fallback::agent_commit_fallback_push_flag_returns_1_when_push_fails ... ok
[INFO] [stdout] test agent_commit_fallback::agent_commit_without_staged_changes_returns_1 ... ok
[INFO] [stdout] test agent_exec::require_allow_dangerous_warns_on_invalid_value ... ok
[INFO] [stdout] test agent_exec::require_allow_dangerous_without_caller_uses_gemini_prefix ... ok
[INFO] [stdout] test agent_prompt::agent_prompt_execs_gemini_with_expected_args ... ok
[INFO] [stdout] test agent_prompt::agent_prompt_reads_stdin_when_no_args ... ok
[INFO] [stdout] test agent_prompt::agent_prompt_requires_dangerous_mode ... ok
[INFO] [stdout] test auth_auto_refresh::auth_auto_refresh_backfills_timestamp ... ok
[INFO] [stdout] test diag_json_contract::diag_json_contract_schema_constants_are_stable ... ok
[INFO] [stdout] test auth_auto_refresh::auth_auto_refresh_invalid_min_days ... ok
[INFO] [stdout] test auth_auto_refresh::auth_auto_refresh_unconfigured_exits_zero ... ok
[INFO] [stdout] test auth_login::auth_login_api_key_requires_env ... ok
[INFO] [stdout] test auth_login::auth_login_api_key_succeeds_with_env ... ok
[INFO] [stdout] test exit_codes::help_flag_exits_success ... ok
[INFO] [stdout] test exit_codes::invalid_flag_exits_usage ... ok
[INFO] [stdout] test exit_codes::unknown_subcommand_exits_usage ... ok
[INFO] [stdout] test fs::fs_sha256_file_matches_known_hash ... ok
[INFO] [stdout] test fs::fs_write_timestamp_removes_file_when_value_missing_or_empty ... ok
[INFO] [stdout] test fs::fs_write_timestamp_trims_newlines_and_writes_value ... ok
[INFO] [stdout] test fs::fs_write_atomic_creates_parent_and_writes_contents ... ok
[INFO] [stdout] test json::json_i64_at_parses_numeric_string ... ok
[INFO] [stdout] test json::json_i64_at_rejects_non_numeric_types ... ok
[INFO] [stdout] test jwt::jwt_decode_payload ... ok
[INFO] [stdout] test jwt::jwt_decode_payload_rejects_empty_payload_segment ... ok
[INFO] [stdout] test jwt::jwt_identity_key_from_auth_file ... ok
[INFO] [stdout] test help_snapshot::help_snapshot_root_help ... ok
[INFO] [stdout] test main_entrypoint::main_agent_and_config_without_subcommand_print_help ... ok
[INFO] [stdout] test main_entrypoint::main_agent_prompt_is_gated_and_config_show_exits_zero ... ok
[INFO] [stdout] test main_entrypoint::main_completion_rejects_unknown_shell_with_usage_error ... ok
[INFO] [stdout] test main_entrypoint::main_completion_exports_bash_and_zsh_scripts ... ok
[INFO] [stdout] test main_entrypoint::main_help_excludes_provider_neutral_groups ... ok
[INFO] [stdout] test main_entrypoint::main_help_advertises_format_and_hides_json_alias_for_diag_and_auth ... ok
[INFO] [stdout] test auth_login::auth_login_browser_and_device_code_use_userinfo_flow ... ok
[INFO] [stdout] test auth_login::auth_login_rejects_conflicting_flags ... ok
[INFO] [stdout] test config::config_set_with_io_dangerous_rejects_invalid_values ... ok
[INFO] [stdout] test main_entrypoint::main_help_includes_completion_export_entrypoint ... ok
[INFO] [stdout] test config::config_set_with_io_escapes_single_quotes ... ok
[INFO] [stdout] test config::config_set_with_io_model_quotes_value ... ok
[INFO] [stdout] test config::config_set_with_io_reason_alias_is_supported ... ok
[INFO] [stdout] test config::config_set_with_io_unknown_key_returns_64 ... ok
[INFO] [stdout] test config::config_show_with_io_prints_blank_paths_when_unresolvable ... ok
[INFO] [stdout] test main_entrypoint::main_help_subcommand_exits_zero ... ok
[INFO] [stdout] test config::config_show_with_io_prints_effective_values ... ok
[INFO] [stdout] test diag_json_contract::diag_json_contract_all_empty_secret_dir_returns_1 ... ok
[INFO] [stdout] test diag_json_contract::diag_json_contract_rejects_one_line_with_json ... ok
[INFO] [stdout] test main_entrypoint::main_no_args_prints_help_and_exits_zero ... ok
[INFO] [stdout] test main_entrypoint::main_unknown_command_exits_64 ... ok
[INFO] [stdout] test diag_json_contract::diag_json_contract_single_missing_access_token_returns_2 ... ok
[INFO] [stdout] test paths::paths_resolve_auth_file_prefers_env ... ok
[INFO] [stdout] test paths::paths_resolve_secret_cache_dir_variants ... ok
[INFO] [stdout] test parity_oracle::parity_oracle_topology_matches_codex ... FAILED
[INFO] [stdout] test parity_oracle::parity_oracle_format_flag_visibility_matches_codex_for_auth_and_diag_help ... FAILED
[INFO] [stdout] test parity_oracle::parity_oracle_auth_json_schema_ids_are_provider_specific ... FAILED
[INFO] [stdout] test paths::paths_resolve_script_dir_ignores_empty_env_override ... ok
[INFO] [stdout] test paths::paths_resolve_secret_dir_from_feature_dir ... ok
[INFO] [stdout] test paths::paths_resolve_zdotdir_variants ... ok
[INFO] [stdout] test dispatch::dispatch_removed_redirect_commands_use_clap_parse_errors ... ok
[INFO] [stdout] test prompt_segment_cached::prompt_segment_default_time_format_paths_execute ... ok
[INFO] [stdout] test prompt_segment_cached::prompt_segment_disabled_returns_0 ... ok
[INFO] [stdout] test main_entrypoint::main_removed_provider_neutral_groups_use_clap_parse_errors ... ok
[INFO] [stdout] test prompt_segment_cached::prompt_segment_email_name_source_paths_execute ... ok
[INFO] [stdout] test prompt_segment_cached::prompt_segment_env_ttl_parse_when_cli_absent ... ok
[INFO] [stdout] test prompt_segment_cached::prompt_segment_invalid_cache_entry_is_ignored ... ok
[INFO] [stdout] test prompt_segment_cached::prompt_segment_invalid_ttl_returns_2 ... ok
[INFO] [stdout] test prompt_segment_cached::prompt_segment_is_enabled_flag_reflects_env ... ok
[INFO] [stdout] test prompt_segment_cached::prompt_segment_missing_auth_file_returns_0 ... ok
[INFO] [stdout] test prompt_segment_cached::prompt_segment_missing_cache_root_is_treated_as_no_cache ... ok
[INFO] [stdout] test prompt_segment_cached::prompt_segment_non_positive_fetched_at_is_treated_as_stale ... ok
[INFO] [stdout] test prompt_segment_cached::prompt_segment_non_stale_cache_skips_failed_refresh ... ok
[INFO] [stdout] test prompt_segment_cached::prompt_segment_secret_name_fallback_paths_execute ... ok
[INFO] [stdout] test prompt_segment_cached::prompt_segment_stale_cache_with_live_refresh_lock_returns_0 ... ok
[INFO] [stdout] test prompt_segment_cached::prompt_segment_unresolvable_auth_path_returns_0 ... ok
[INFO] [stdout] test prompt_segment_cached::prompt_segment_valid_ttl_units_parse_when_disabled ... ok
[INFO] [stdout] test prompt_segment_cached::prompt_segment_zero_ttl_returns_2 ... ok
[INFO] [stdout] test rate_limits_ansi::rate_limits_ansi_format_name_cell ... ok
[INFO] [stdout] test rate_limits_ansi::rate_limits_ansi_format_percent_cell_and_token ... ok
[INFO] [stdout] test prompts::prompts_read_template_errors_when_prompts_dir_missing ... ok
[INFO] [stdout] test prompts::prompts_resolve_returns_none_when_no_prompts_dirs_exist ... ok
[INFO] [stdout] test prompts::prompts_read_template_errors_when_template_missing ... ok
[INFO] [stdout] test prompts::prompts_read_template_errors_when_template_unreadable ... ok
[INFO] [stdout] test prompts::prompts_resolve_uses_feature_dir_fallback_when_zdotdir_prompts_missing ... ok
[INFO] [stdout] test prompt_segment_refresh::prompt_segment_refresh_recovers_from_stale_lock_dir ... ok
[INFO] [stdout] test rate_limits_all::rate_limits_all_cached_partial_failure_returns_1 ... ok
[INFO] [stdout] test prompt_segment_refresh::prompt_segment_refresh_updates_cache_and_prints ... ok
[INFO] [stdout] test rate_limits_all::rate_limits_all_cached_success_returns_0 ... ok
[INFO] [stdout] test rate_limits_all::rate_limits_all_json_empty_secret_dir_returns_1 ... ok
[INFO] [stdout] test rate_limits_all::rate_limits_all_with_positional_secret_returns_64 ... ok
[INFO] [stdout] test rate_limits_all::rate_limits_all_missing_secret_dir_returns_1 ... ok
[INFO] [stdout] test rate_limits_ansi::rate_limits_ansi_should_color_respects_no_color ... ok
[INFO] [stdout] test rate_limits_async::rate_limits_async_cached_clear_conflict_returns_64 ... ok
[INFO] [stdout] test rate_limits_client_more::rate_limits_client_read_tokens_supports_nested_and_root_tokens ... ok
[INFO] [stdout] test rate_limits_client::rate_limits_client_missing_access_token ... ok
[INFO] [stdout] test rate_limits_async::rate_limits_async_cached_success_returns_0 ... ok
[INFO] [stdout] test rate_limits_async::rate_limits_async_clear_cache_non_absolute_root_returns_1 ... ok
[INFO] [stdout] test rate_limits_async::rate_limits_async_invalid_jobs_value_defaults_without_usage_error ... ok
[INFO] [stdout] test rate_limits_async::rate_limits_async_json_missing_access_token_uses_cache_fallback ... ok
[INFO] [stdout] test rate_limits_async::rate_limits_async_json_missing_access_token_without_cache_returns_1 ... ok
[INFO] [stdout] test rate_limits_client_more::rate_limits_client_fetch_usage_errors_include_body_preview ... ok
[INFO] [stdout] test rate_limits_client_more::rate_limits_client_fetch_usage_errors_without_body_when_empty ... ok
[INFO] [stdout] test rate_limits_async::rate_limits_async_missing_secret_dir_returns_1 ... ok
[INFO] [stdout] test rate_limits_async::rate_limits_async_one_line_conflict_returns_64 ... ok
[INFO] [stdout] test rate_limits_async::rate_limits_async_positional_secret_conflict_returns_64 ... ok
[INFO] [stdout] test rate_limits_render::rate_limits_render_format_window_seconds_variants ... ok
[INFO] [stdout] test rate_limits_render::rate_limits_render_formats_time_and_remaining ... ok
[INFO] [stdout] test rate_limits_render::rate_limits_render_parses_code_assist_buckets ... ok
[INFO] [stdout] test rate_limits_client_more::rate_limits_client_fetch_usage_returns_raw_body_without_json_validation ... ok
[INFO] [stdout] test rate_limits_render::rate_limits_render_rejects_missing_fields ... ok
[INFO] [stdout] test rate_limits_render::rate_limits_render_parses_usage_and_formats_windows ... ok
[INFO] [stdout] test prompt_segment_refresh::prompt_segment_stale_cache_triggers_background_refresh ... ok
[INFO] [stdout] test rate_limits_network::rate_limits_async_json_falls_back_to_cache_for_missing_token ... ok
[INFO] [stdout] test rate_limits_network::rate_limits_all_mode_syncs_matching_secret_before_fetch ... ok
[INFO] [stdout] test rate_limits_network::rate_limits_single_default_output_from_network ... ok
[INFO] [stdout] test rate_limits_network::rate_limits_clear_cache_removes_old_prompt_segment_cache_dir ... ok
[INFO] [stdout] test runtime_auth_contract::runtime_auth_contract_account_id_falls_back_to_sub_claim ... ok
[INFO] [stdout] test runtime_auth_contract::runtime_auth_contract_identity_and_email_are_extracted_from_jwt_payload ... ok
[INFO] [stdout] test rate_limits_network::rate_limits_single_one_line_writes_cache ... ok
[INFO] [stdout] test runtime_auth_contract::runtime_auth_contract_invalid_auth_file_is_deterministic_and_non_secret_leaking ... ok
[INFO] [stdout] test runtime_auth_contract::runtime_auth_contract_identity_precedence_and_account_fallback_are_stable ... ok
[INFO] [stdout] test runtime_error_contract::runtime_error_contract_exit_code_hints_are_stable ... ok
[INFO] [stdout] test runtime_auth_contract::runtime_auth_contract_top_level_tokens_are_supported_for_identity_and_email ... ok
[INFO] [stdout] test runtime_error_contract::runtime_error_contract_preserves_category_code_and_retryable ... ok
[INFO] [stdout] test rate_limits_network::rate_limits_all_mode_renders_table ... ok
[INFO] [stdout] test runtime_error_contract::runtime_error_contract_provider_category_hints_are_stable ... ok
[INFO] [stdout] test rate_limits_network::rate_limits_async_json_partial_failure_keeps_sorted_results ... ok
[INFO] [stdout] test runtime_exec_contract::runtime_exec_contract_missing_prompt_is_rejected ... ok
[INFO] [stdout] test rate_limits_network::rate_limits_single_json_outputs_body ... ok
[INFO] [stdout] test rate_limits_network::rate_limits_async_jobs_zero_defaults_to_concurrent_workers ... ok
[INFO] [stdout] test rate_limits_network::rate_limits_default_all_env_enables_all_mode_without_flag ... ok
[INFO] [stdout] test rate_limits_client_more::rate_limits_client_fetch_usage_refreshes_on_401_when_enabled ... ok
[INFO] [stdout] test rate_limits_single::rate_limits_single_cached_clear_cache_conflict_returns_64 ... ok
[INFO] [stdout] test rate_limits_single::rate_limits_single_cached_json_conflict_returns_64 ... ok
[INFO] [stdout] test rate_limits_single::rate_limits_single_cached_missing_cache_returns_1 ... ok
[INFO] [stdout] test rate_limits_single::rate_limits_single_cached_success_returns_0 ... ok
[INFO] [stdout] test rate_limits_single::rate_limits_single_json_missing_access_token_returns_2 ... ok
[INFO] [stdout] test rate_limits_single::rate_limits_single_json_one_line_conflict_returns_64 ... ok
[INFO] [stdout] test rate_limits_single::rate_limits_single_json_target_not_found_returns_1 ... ok
[INFO] [stdout] test runtime_exec_contract::runtime_exec_contract_disabled_policy_reports_validation_message ... ok
[INFO] [stdout] test runtime_exec_contract::runtime_exec_contract_missing_binary_fails_without_panicking ... ok
[INFO] [stdout] test runtime_paths_config_contract::runtime_paths_config_contract_resolve_feature_dir_and_zdotdir_fallbacks ... ok
[INFO] [stdout] test runtime_exec_contract::runtime_exec_contract_success_path_uses_expected_command_shape ... ok
[INFO] [stdout] test runtime_paths_config_contract::runtime_paths_config_contract_resolve_secret_and_auth_paths_use_modern_home_only ... ok
[INFO] [stdout] test runtime_paths_config_contract::runtime_paths_config_contract_resolve_secret_and_cache_dirs_with_existing_precedence ... ok
[INFO] [stdout] test runtime_paths_config_contract::runtime_paths_config_contract_snapshot_keeps_default_and_env_overrides ... ok
[INFO] [stdout] test prompt_segment_refresh::prompt_segment_refresh_respects_min_interval ... ok
[INFO] [stdout] 
[INFO] [stdout] failures:
[INFO] [stdout] 
[INFO] [stdout] ---- parity_oracle::parity_oracle_topology_matches_codex stdout ----
[INFO] [stdout] 
[INFO] [stdout] thread 'parity_oracle::parity_oracle_topology_matches_codex' (1414) panicked at /opt/rustwide/cargo-home/registry/src/index.crates.io-1949cf8c6b5b557f/nils-test-support-1.21.9/src/bin.rs:27:5:
[INFO] [stdout] codex-cli binary path: NotPresent
[INFO] [stdout] stack backtrace:
[INFO] [stdout]    0:     0x563821c431f1 - <<std[70759c8f55707aa4]::sys::backtrace::BacktraceLock>::print::DisplayBacktrace as core[df12db4294e9bfd3]::fmt::Display>::fmt
[INFO] [stdout]    1:     0x563821c5a9ba - core[df12db4294e9bfd3]::fmt::write
[INFO] [stdout]    2:     0x563821c4833c - <alloc[2182bb758b4b3781]::vec::Vec<u8> as core[df12db4294e9bfd3]::io::write::Write>::write_fmt
[INFO] [stdout]    3:     0x563821c19e76 - std[70759c8f55707aa4]::panicking::default_hook::{closure#0}
[INFO] [stdout]    4:     0x563821c39a39 - std[70759c8f55707aa4]::panicking::default_hook
[INFO] [stdout]    5:     0x563821b51ff0 - test[9d35eded1c95d3be]::test_main_inner::<test[9d35eded1c95d3be]::test_main_static::{closure#0}>::{closure#0}
[INFO] [stdout]    6:     0x563821c39bf2 - std[70759c8f55707aa4]::panicking::panic_with_hook
[INFO] [stdout]    7:     0x563821c19f22 - std[70759c8f55707aa4]::panicking::panic_handler::{closure#0}
[INFO] [stdout]    8:     0x563821c12019 - std[70759c8f55707aa4]::sys::backtrace::__rust_end_short_backtrace::<std[70759c8f55707aa4]::panicking::panic_handler::{closure#0}, !>
[INFO] [stdout]    9:     0x563821c1b26d - __rustc[8fa7c3cbc660c2b3]::rust_begin_unwind
[INFO] [stdout]   10:     0x563821c5b0ec - core[df12db4294e9bfd3]::panicking::panic_fmt
[INFO] [stdout]   11:     0x563821b983ec - nils_test_support[45c131a4478b3b18]::bin::resolve
[INFO] [stdout]   12:     0x563821ade312 - integration[2e20877e70d10e98]::parity_oracle::parity_oracle_topology_matches_codex
[INFO] [stdout]   13:     0x563821ae49e9 - <integration[2e20877e70d10e98]::parity_oracle::parity_oracle_topology_matches_codex::{closure#0} as core[df12db4294e9bfd3]::ops::function::FnOnce<()>>::call_once
[INFO] [stdout]   14:     0x563821b452db - test[9d35eded1c95d3be]::__rust_begin_short_backtrace::<core[df12db4294e9bfd3]::result::Result<(), alloc[2182bb758b4b3781]::string::String>, fn() -> core[df12db4294e9bfd3]::result::Result<(), alloc[2182bb758b4b3781]::string::String>>
[INFO] [stdout]   15:     0x563821b52945 - test[9d35eded1c95d3be]::run_test::{closure#0}
[INFO] [stdout]   16:     0x563821b4c204 - std[70759c8f55707aa4]::sys::backtrace::__rust_begin_short_backtrace::<test[9d35eded1c95d3be]::run_test::{closure#1}, ()>
[INFO] [stdout]   17:     0x563821b55aa2 - <std[70759c8f55707aa4]::thread::lifecycle::spawn_unchecked<test[9d35eded1c95d3be]::run_test::{closure#1}, ()>::{closure#1} as core[df12db4294e9bfd3]::ops::function::FnOnce<()>>::call_once::{shim:vtable#0}
[INFO] [stdout]   18:     0x563821c41c89 - <std[70759c8f55707aa4]::sys::thread::unix::Thread>::new::thread_start
[INFO] [stdout]   19:     0x78c51d61fdfa - <unknown>
[INFO] [stdout]   20:     0x78c51d6b33d4 - clone
[INFO] [stdout]   21:                0x0 - <unknown>
[INFO] [stdout] 
[INFO] [stdout] ---- parity_oracle::parity_oracle_format_flag_visibility_matches_codex_for_auth_and_diag_help stdout ----
[INFO] [stdout] 
[INFO] [stdout] thread 'parity_oracle::parity_oracle_format_flag_visibility_matches_codex_for_auth_and_diag_help' (1413) panicked at /opt/rustwide/cargo-home/registry/src/index.crates.io-1949cf8c6b5b557f/nils-test-support-1.21.9/src/bin.rs:27:5:
[INFO] [stdout] codex-cli binary path: NotPresent
[INFO] [stdout] stack backtrace:
[INFO] [stdout]    0:     0x563821c431f1 - <<std[70759c8f55707aa4]::sys::backtrace::BacktraceLock>::print::DisplayBacktrace as core[df12db4294e9bfd3]::fmt::Display>::fmt
[INFO] [stdout]    1:     0x563821c5a9ba - core[df12db4294e9bfd3]::fmt::write
[INFO] [stdout]    2:     0x563821c4833c - <alloc[2182bb758b4b3781]::vec::Vec<u8> as core[df12db4294e9bfd3]::io::write::Write>::write_fmt
[INFO] [stdout]    3:     0x563821c19e76 - std[70759c8f55707aa4]::panicking::default_hook::{closure#0}
[INFO] [stdout]    4:     0x563821c39a39 - std[70759c8f55707aa4]::panicking::default_hook
[INFO] [stdout]    5:     0x563821b51ff0 - test[9d35eded1c95d3be]::test_main_inner::<test[9d35eded1c95d3be]::test_main_static::{closure#0}>::{closure#0}
[INFO] [stdout]    6:     0x563821c39bf2 - std[70759c8f55707aa4]::panicking::panic_with_hook
[INFO] [stdout]    7:     0x563821c19f22 - std[70759c8f55707aa4]::panicking::panic_handler::{closure#0}
[INFO] [stdout]    8:     0x563821c12019 - std[70759c8f55707aa4]::sys::backtrace::__rust_end_short_backtrace::<std[70759c8f55707aa4]::panicking::panic_handler::{closure#0}, !>
[INFO] [stdout]    9:     0x563821c1b26d - __rustc[8fa7c3cbc660c2b3]::rust_begin_unwind
[INFO] [stdout]   10:     0x563821c5b0ec - core[df12db4294e9bfd3]::panicking::panic_fmt
[INFO] [stdout]   11:     0x563821b983ec - nils_test_support[45c131a4478b3b18]::bin::resolve
[INFO] [stdout]   12:     0x563821adef4f - integration[2e20877e70d10e98]::parity_oracle::parity_oracle_format_flag_visibility_matches_codex_for_auth_and_diag_help
[INFO] [stdout]   13:     0x563821ae4a29 - <integration[2e20877e70d10e98]::parity_oracle::parity_oracle_format_flag_visibility_matches_codex_for_auth_and_diag_help::{closure#0} as core[df12db4294e9bfd3]::ops::function::FnOnce<()>>::call_once
[INFO] [stdout]   14:     0x563821b452db - test[9d35eded1c95d3be]::__rust_begin_short_backtrace::<core[df12db4294e9bfd3]::result::Result<(), alloc[2182bb758b4b3781]::string::String>, fn() -> core[df12db4294e9bfd3]::result::Result<(), alloc[2182bb758b4b3781]::string::String>>
[INFO] [stdout]   15:     0x563821b52945 - test[9d35eded1c95d3be]::run_test::{closure#0}
[INFO] [stdout]   16:     0x563821b4c204 - std[70759c8f55707aa4]::sys::backtrace::__rust_begin_short_backtrace::<test[9d35eded1c95d3be]::run_test::{closure#1}, ()>
[INFO] [stdout]   17:     0x563821b55aa2 - <std[70759c8f55707aa4]::thread::lifecycle::spawn_unchecked<test[9d35eded1c95d3be]::run_test::{closure#1}, ()>::{closure#1} as core[df12db4294e9bfd3]::ops::function::FnOnce<()>>::call_once::{shim:vtable#0}
[INFO] [stdout]   18:     0x563821c41c89 - <std[70759c8f55707aa4]::sys::thread::unix::Thread>::new::thread_start
[INFO] [stdout]   19:     0x78c51d61fdfa - <unknown>
[INFO] [stdout]   20:     0x78c51d6b33d4 - clone
[INFO] [stdout]   21:                0x0 - <unknown>
[INFO] [stdout] 
[INFO] [stdout] ---- parity_oracle::parity_oracle_auth_json_schema_ids_are_provider_specific stdout ----
[INFO] [stdout] 
[INFO] [stdout] thread 'parity_oracle::parity_oracle_auth_json_schema_ids_are_provider_specific' (1412) panicked at /opt/rustwide/cargo-home/registry/src/index.crates.io-1949cf8c6b5b557f/nils-test-support-1.21.9/src/bin.rs:27:5:
[INFO] [stdout] codex-cli binary path: NotPresent
[INFO] [stdout] stack backtrace:
[INFO] [stdout]    0:     0x563821c431f1 - <<std[70759c8f55707aa4]::sys::backtrace::BacktraceLock>::print::DisplayBacktrace as core[df12db4294e9bfd3]::fmt::Display>::fmt
[INFO] [stdout]    1:     0x563821c5a9ba - core[df12db4294e9bfd3]::fmt::write
[INFO] [stdout]    2:     0x563821c4833c - <alloc[2182bb758b4b3781]::vec::Vec<u8> as core[df12db4294e9bfd3]::io::write::Write>::write_fmt
[INFO] [stdout]    3:     0x563821c19e76 - std[70759c8f55707aa4]::panicking::default_hook::{closure#0}
[INFO] [stdout]    4:     0x563821c39a39 - std[70759c8f55707aa4]::panicking::default_hook
[INFO] [stdout]    5:     0x563821b51ff0 - test[9d35eded1c95d3be]::test_main_inner::<test[9d35eded1c95d3be]::test_main_static::{closure#0}>::{closure#0}
[INFO] [stdout]    6:     0x563821c39bf2 - std[70759c8f55707aa4]::panicking::panic_with_hook
[INFO] [stdout]    7:     0x563821c19f22 - std[70759c8f55707aa4]::panicking::panic_handler::{closure#0}
[INFO] [stdout]    8:     0x563821c12019 - std[70759c8f55707aa4]::sys::backtrace::__rust_end_short_backtrace::<std[70759c8f55707aa4]::panicking::panic_handler::{closure#0}, !>
[INFO] [stdout]    9:     0x563821c1b26d - __rustc[8fa7c3cbc660c2b3]::rust_begin_unwind
[INFO] [stdout]   10:     0x563821c5b0ec - core[df12db4294e9bfd3]::panicking::panic_fmt
[INFO] [stdout]   11:     0x563821b983ec - nils_test_support[45c131a4478b3b18]::bin::resolve
[INFO] [stdout]   12:     0x563821ade8c5 - integration[2e20877e70d10e98]::parity_oracle::parity_oracle_auth_json_schema_ids_are_provider_specific
[INFO] [stdout]   13:     0x563821ae4a09 - <integration[2e20877e70d10e98]::parity_oracle::parity_oracle_auth_json_schema_ids_are_provider_specific::{closure#0} as core[df12db4294e9bfd3]::ops::function::FnOnce<()>>::call_once
[INFO] [stdout]   14:     0x563821b452db - test[9d35eded1c95d3be]::__rust_begin_short_backtrace::<core[df12db4294e9bfd3]::result::Result<(), alloc[2182bb758b4b3781]::string::String>, fn() -> core[df12db4294e9bfd3]::result::Result<(), alloc[2182bb758b4b3781]::string::String>>
[INFO] [stdout]   15:     0x563821b52945 - test[9d35eded1c95d3be]::run_test::{closure#0}
[INFO] [stdout]   16:     0x563821b4c204 - std[70759c8f55707aa4]::sys::backtrace::__rust_begin_short_backtrace::<test[9d35eded1c95d3be]::run_test::{closure#1}, ()>
[INFO] [stdout]   17:     0x563821b55aa2 - <std[70759c8f55707aa4]::thread::lifecycle::spawn_unchecked<test[9d35eded1c95d3be]::run_test::{closure#1}, ()>::{closure#1} as core[df12db4294e9bfd3]::ops::function::FnOnce<()>>::call_once::{shim:vtable#0}
[INFO] [stdout]   18:     0x563821c41c89 - <std[70759c8f55707aa4]::sys::thread::unix::Thread>::new::thread_start
[INFO] [stdout]   19:     0x78c51d61fdfa - <unknown>
[INFO] [stdout]   20:     0x78c51d6b33d4 - clone
[INFO] [stdout]   21:                0x0 - <unknown>
[INFO] [stdout] 
[INFO] [stdout] 
[INFO] [stdout] failures:
[INFO] [stdout]     parity_oracle::parity_oracle_auth_json_schema_ids_are_provider_specific
[INFO] [stdout]     parity_oracle::parity_oracle_format_flag_visibility_matches_codex_for_auth_and_diag_help
[INFO] [stdout]     parity_oracle::parity_oracle_topology_matches_codex
[INFO] [stdout] 
[INFO] [stdout] test result: FAILED. 222 passed; 3 failed; 0 ignored; 0 measured; 0 filtered out; finished in 1.26s
[INFO] [stdout] 
[INFO] [stderr] error: test failed, to rerun pass `--test integration`
[INFO] running `Command { std: "docker" "inspect" "4029873050aeb1ebf0df1b0ed110f77b12bb71fcbc5e0cd8d970bc49f5e20116", kill_on_drop: false }`
[INFO] running `Command { std: "docker" "rm" "-f" "4029873050aeb1ebf0df1b0ed110f77b12bb71fcbc5e0cd8d970bc49f5e20116", kill_on_drop: false }`
[INFO] [stdout] 4029873050aeb1ebf0df1b0ed110f77b12bb71fcbc5e0cd8d970bc49f5e20116
