[INFO] fetching crate nils-agent-hook 1.25.5...
[INFO] testing nils-agent-hook-1.25.5 against 1.100.0-beta.1+cargoflags=--release for beta-release-1.100-2
[INFO] extracting crate nils-agent-hook 1.25.5 into /workspace/builds/worker-6-tc2/source
[INFO] started tweaking crates.io crate nils-agent-hook 1.25.5
[INFO] removed 0 missing tests
[INFO] finished tweaking crates.io crate nils-agent-hook 1.25.5
[INFO] tweaked toml for crates.io crate nils-agent-hook 1.25.5 written to /workspace/builds/worker-6-tc2/source/Cargo.toml
[INFO] validating manifest of crates.io crate nils-agent-hook 1.25.5 on toolchain 1.100.0-beta.1
[INFO] running `Command { std: CARGO_HOME="/workspace/cargo-home" RUSTUP_HOME="/workspace/rustup-home" "/workspace/cargo-home/bin/cargo" "+1.100.0-beta.1" "metadata" "--manifest-path" "Cargo.toml" "--no-deps", kill_on_drop: false }`
[INFO] crate crates.io crate nils-agent-hook 1.25.5 already has a lockfile, it will not be regenerated
[INFO] running `Command { std: CARGO_HOME="/workspace/cargo-home" RUSTUP_HOME="/workspace/rustup-home" "/workspace/cargo-home/bin/cargo" "+1.100.0-beta.1" "fetch" "--manifest-path" "Cargo.toml", kill_on_drop: false }`
[INFO] running `Command { std: "docker" "create" "-v" "/var/lib/crater-agent-workspace/builds/worker-6-tc2/source:/opt/rustwide/workdir:ro,Z" "-v" "/var/lib/crater-agent-workspace/builds/worker-6-tc2/target:/opt/rustwide/target:rw,Z" "-v" "/var/lib/crater-agent-workspace/cargo-home:/opt/rustwide/cargo-home:ro,Z" "-v" "/var/lib/crater-agent-workspace/rustup-home:/opt/rustwide/rustup-home:ro,Z" "-m" "1610612736" "--network" "none" "ghcr.io/rust-lang/crates-build-env/linux@sha256:77db811e55d90add9212f6832c23229e3de5f1c1f9905e8cb07319ea15df73ac" "sleep" "infinity", kill_on_drop: false }`
[INFO] [stdout] 08cbba8f3f8dd75f37682e0d393d67abb726dc0a5f9b84914ff95f36b64fa793
[INFO] running `Command { std: "docker" "start" "08cbba8f3f8dd75f37682e0d393d67abb726dc0a5f9b84914ff95f36b64fa793", kill_on_drop: false }`
[INFO] running `Command { std: "docker" "inspect" "08cbba8f3f8dd75f37682e0d393d67abb726dc0a5f9b84914ff95f36b64fa793", kill_on_drop: false }`
[INFO] running `Command { std: "docker" "exec" "-e" "SOURCE_DIR=/opt/rustwide/workdir" "-e" "CARGO_HOME=/opt/rustwide/cargo-home" "-e" "RUSTUP_HOME=/opt/rustwide/rustup-home" "-e" "CARGO_TARGET_DIR=/opt/rustwide/target" "-w" "/opt/rustwide/workdir" "--user" "0:0" "08cbba8f3f8dd75f37682e0d393d67abb726dc0a5f9b84914ff95f36b64fa793" "/opt/rustwide/cargo-home/bin/cargo" "+1.100.0-beta.1" "metadata" "--no-deps" "--format-version=1", kill_on_drop: false }`
[INFO] running `Command { std: "docker" "inspect" "08cbba8f3f8dd75f37682e0d393d67abb726dc0a5f9b84914ff95f36b64fa793", kill_on_drop: false }`
[INFO] running `Command { std: "docker" "exec" "-e" "SOURCE_DIR=/opt/rustwide/workdir" "-e" "CARGO_HOME=/opt/rustwide/cargo-home" "-e" "RUSTUP_HOME=/opt/rustwide/rustup-home" "-e" "CARGO_TARGET_DIR=/opt/rustwide/target" "-e" "CARGO_INCREMENTAL=0" "-e" "RUST_BACKTRACE=full" "-e" "RUSTFLAGS=--cap-lints=warn" "-e" "RUSTDOCFLAGS=--cap-lints=warn" "-w" "/opt/rustwide/workdir" "--user" "0:0" "08cbba8f3f8dd75f37682e0d393d67abb726dc0a5f9b84914ff95f36b64fa793" "/opt/rustwide/cargo-home/bin/cargo" "+1.100.0-beta.1" "build" "--frozen" "--message-format=json" "--release", kill_on_drop: false }`
[INFO] [stderr]    Compiling memchr v2.8.2
[INFO] [stderr]    Compiling clap_lex v1.1.0
[INFO] [stderr]    Compiling winnow v1.0.3
[INFO] [stderr]    Compiling serde_json v1.0.150
[INFO] [stderr]    Compiling anyhow v1.0.103
[INFO] [stderr]    Compiling getrandom v0.4.2
[INFO] [stderr]    Compiling toml_datetime v1.1.1+spec-1.1.0
[INFO] [stderr]    Compiling nils-build-info v1.25.5
[INFO] [stderr]    Compiling toml_writer v1.1.2+spec-1.1.0
[INFO] [stderr]    Compiling serde_spanned v1.1.1
[INFO] [stderr]    Compiling shlex v2.0.1
[INFO] [stderr]    Compiling clap_derive v4.6.1
[INFO] [stderr]    Compiling serde_derive v1.0.228
[INFO] [stderr]    Compiling thiserror-impl v2.0.18
[INFO] [stderr]    Compiling indexmap v2.14.0
[INFO] [stderr]    Compiling is_executable v1.0.6
[INFO] [stderr]    Compiling jiff v0.2.32
[INFO] [stderr]    Compiling clap_builder v4.6.2
[INFO] [stderr]    Compiling uuid v1.24.0
[INFO] [stderr]    Compiling aho-corasick v1.1.4
[INFO] [stderr]    Compiling thiserror v2.0.18
[INFO] [stderr]    Compiling toml_parser v1.1.2+spec-1.1.0
[INFO] [stderr]    Compiling regex-automata v0.4.16
[INFO] [stderr]    Compiling toml v1.1.2+spec-1.1.0
[INFO] [stderr]    Compiling toml_edit v0.25.13+spec-1.1.0
[INFO] [stderr]    Compiling serde v1.0.228
[INFO] [stderr]    Compiling clap v4.6.2
[INFO] [stderr]    Compiling clap_complete v4.6.7
[INFO] [stderr]    Compiling regex v1.13.1
[INFO] [stderr]    Compiling nils-common v1.25.5
[INFO] [stderr]    Compiling nils-agent-hook v1.25.5 (/opt/rustwide/workdir)
[INFO] [stderr]     Finished `release` profile [optimized] target(s) in 15.69s
[INFO] running `Command { std: "docker" "inspect" "08cbba8f3f8dd75f37682e0d393d67abb726dc0a5f9b84914ff95f36b64fa793", kill_on_drop: false }`
[INFO] running `Command { std: "docker" "exec" "-e" "SOURCE_DIR=/opt/rustwide/workdir" "-e" "CARGO_HOME=/opt/rustwide/cargo-home" "-e" "RUSTUP_HOME=/opt/rustwide/rustup-home" "-e" "CARGO_TARGET_DIR=/opt/rustwide/target" "-e" "CARGO_INCREMENTAL=0" "-e" "RUST_BACKTRACE=full" "-e" "RUSTFLAGS=--cap-lints=warn" "-e" "RUSTDOCFLAGS=--cap-lints=warn" "-w" "/opt/rustwide/workdir" "--user" "0:0" "08cbba8f3f8dd75f37682e0d393d67abb726dc0a5f9b84914ff95f36b64fa793" "/opt/rustwide/cargo-home/bin/cargo" "+1.100.0-beta.1" "test" "--frozen" "--no-run" "--message-format=json" "--release", kill_on_drop: false }`
[INFO] [stderr]    Compiling diff v0.1.13
[INFO] [stderr]    Compiling tempfile v3.27.0
[INFO] [stderr]    Compiling pretty_assertions v1.4.1
[INFO] [stderr]    Compiling nils-test-support v1.25.5
[INFO] [stderr]    Compiling nils-agent-hook v1.25.5 (/opt/rustwide/workdir)
[INFO] [stderr]     Finished `release` profile [optimized] target(s) in 5.81s
[INFO] running `Command { std: "docker" "inspect" "08cbba8f3f8dd75f37682e0d393d67abb726dc0a5f9b84914ff95f36b64fa793", kill_on_drop: false }`
[INFO] running `Command { std: "docker" "exec" "-e" "SOURCE_DIR=/opt/rustwide/workdir" "-e" "CARGO_HOME=/opt/rustwide/cargo-home" "-e" "RUSTUP_HOME=/opt/rustwide/rustup-home" "-e" "CARGO_TARGET_DIR=/opt/rustwide/target" "-e" "CARGO_INCREMENTAL=0" "-e" "RUST_BACKTRACE=full" "-e" "RUSTFLAGS=--cap-lints=warn" "-e" "RUSTDOCFLAGS=--cap-lints=warn" "-w" "/opt/rustwide/workdir" "--user" "0:0" "08cbba8f3f8dd75f37682e0d393d67abb726dc0a5f9b84914ff95f36b64fa793" "/opt/rustwide/cargo-home/bin/cargo" "+1.100.0-beta.1" "test" "--frozen" "--release", kill_on_drop: false }`
[INFO] [stderr]     Finished `release` profile [optimized] target(s) in 0.13s
[INFO] [stderr]      Running unittests src/lib.rs (/opt/rustwide/target/release/build/nils-agent-hook/46037d0bbe13ad8f/out/agent_hook-46037d0bbe13ad8f)
[INFO] [stdout] 
[INFO] [stdout] running 8 tests
[INFO] [stdout] test setup::tests::runtime_kit_marker_lines_inside_multiline_values_are_not_boundaries ... ok
[INFO] [stdout] test setup::tests::runtime_kit_trust_boundary_reuses_eof_newlines_byte_exactly ... ok
[INFO] [stdout] test evaluator::tests::coordination_projection_reads_session_once_and_probes_each_root_once ... ok
[INFO] [stdout] test setup::tests::apply_rejects_a_concurrent_provider_change_without_overwriting_it ... ok
[INFO] [stdout] test evaluator::tests::bounded_runner_handles_child_exit_before_stdin_is_consumed ... ok
[INFO] [stdout] test setup::tests::transaction_rolls_back_every_file_when_second_replace_reports_failure ... ok
[INFO] [stdout] test evaluator::tests::bounded_runner_drains_overflowing_stdout_and_stderr_without_deadlock ... ok
[INFO] [stdout] test setup::tests::provider_lock_identity_is_independent_of_state_root ... ok
[INFO] [stdout] 
[INFO] [stdout] test result: ok. 8 passed; 0 failed; 0 ignored; 0 measured; 0 filtered out; finished in 2.01s
[INFO] [stdout] 
[INFO] [stderr]      Running unittests src/main.rs (/opt/rustwide/target/release/build/nils-agent-hook/7902e930ee3e8477/out/agent_hook-7902e930ee3e8477)
[INFO] [stdout] 
[INFO] [stdout] running 0 tests
[INFO] [stdout] 
[INFO] [stdout] test result: ok. 0 passed; 0 failed; 0 ignored; 0 measured; 0 filtered out; finished in 0.00s
[INFO] [stdout] 
[INFO] [stderr]      Running tests/activity.rs (/opt/rustwide/target/release/build/nils-agent-hook/4db85214b73d5f08/out/activity-4db85214b73d5f08)
[INFO] [stdout] 
[INFO] [stdout] running 1 test
[INFO] [stderr]      Running tests/api_contract.rs (/opt/rustwide/target/release/build/nils-agent-hook/73e5b1536057e733/out/api_contract-73e5b1536057e733)
[INFO] [stdout] test lifecycle_activity_uses_the_typed_cli_with_metadata_only_json ... ok
[INFO] [stdout] 
[INFO] [stdout] test result: ok. 1 passed; 0 failed; 0 ignored; 0 measured; 0 filtered out; finished in 0.05s
[INFO] [stdout] 
[INFO] [stdout] 
[INFO] [stdout] running 11 tests
[INFO] [stdout] test inherited_git_worktree_selection_cannot_make_target_validation_order_dependent ... FAILED
[INFO] [stdout] test claude_stop_failure_matcher_uses_native_error_field_only ... ok
[INFO] [stdout] test subagent_matcher_uses_agent_type_for_codex_and_claude ... ok
[INFO] [stdout] test inherited_git_repository_environment_still_rejects_execution_binding ... ok
[INFO] [stdout] test documented_claude_transform_and_elicitation_outputs_are_native ... ok
[INFO] [stdout] test provider_matchers_use_documented_native_fields_and_reject_unsupported_events ... ok
[INFO] [stdout] test inherited_git_repository_environment_does_not_reject_targetless_events ... ok
[INFO] [stdout] test provider_native_transform_and_dispatch_failure_are_typed_per_product ... ok
[INFO] [stdout] test codex_native_event_matrix_accepts_only_documented_events ... ok
[INFO] [stdout] test provider_event_capability_matrix_rejects_unenforceable_actions ... ok
[INFO] [stdout] test workspace_json_envelope_parse_and_unavailable_exit_contract_is_canonical ... ok
[INFO] [stdout] 
[INFO] [stdout] failures:
[INFO] [stdout] 
[INFO] [stdout] ---- inherited_git_worktree_selection_cannot_make_target_validation_order_dependent stdout ----
[INFO] [stdout] 
[INFO] [stdout] thread 'inherited_git_worktree_selection_cannot_make_target_validation_order_dependent' (1423) panicked at tests/api_contract.rs:44:5:
[INFO] [stdout] assertion failed: git_dir_output.status.success()
[INFO] [stdout] stack backtrace:
[INFO] [stdout]    0:     0x5e3efe07cba1 - <<std[617be2ca0a6fd877]::sys::backtrace::BacktraceLock>::print::DisplayBacktrace as core[a373ad73a504971]::fmt::Display>::fmt
[INFO] [stdout]    1:     0x5e3efe091b1a - core[a373ad73a504971]::fmt::write
[INFO] [stdout]    2:     0x5e3efe0810ac - <alloc[2e1b2a31b91974c5]::vec::Vec<u8> as core[a373ad73a504971]::io::write::Write>::write_fmt
[INFO] [stdout]    3:     0x5e3efe0567a6 - std[617be2ca0a6fd877]::panicking::default_hook::{closure#0}
[INFO] [stdout]    4:     0x5e3efe074319 - std[617be2ca0a6fd877]::panicking::default_hook
[INFO] [stdout]    5:     0x5e3efdff5840 - test[aada8e7e76ba119b]::test_main_inner::{closure#0}
[INFO] [stdout]    6:     0x5e3efe0744d2 - std[617be2ca0a6fd877]::panicking::panic_with_hook
[INFO] [stderr] error: test failed, to rerun pass `--test api_contract`
[INFO] [stdout]    7:     0x5e3efe056884 - std[617be2ca0a6fd877]::panicking::panic_handler::{closure#0}
[INFO] [stdout]    8:     0x5e3efe04f2b9 - std[617be2ca0a6fd877]::sys::backtrace::__rust_end_short_backtrace::<std[617be2ca0a6fd877]::panicking::panic_handler::{closure#0}, !>
[INFO] [stdout]    9:     0x5e3efe05751d - __rustc[ea4f61d10b84890b]::rust_begin_unwind
[INFO] [stdout]   10:     0x5e3efe09224c - core[a373ad73a504971]::panicking::panic_fmt
[INFO] [stdout]   11:     0x5e3efe092212 - core[a373ad73a504971]::panicking::panic
[INFO] [stdout]   12:     0x5e3efdfda0c9 - <api_contract[e5d7e201829f6660]::inherited_git_worktree_selection_cannot_make_target_validation_order_dependent::{closure#0} as core[a373ad73a504971]::ops::function::FnOnce<()>>::call_once
[INFO] [stdout]   13:     0x5e3efdfe8c8b - test[aada8e7e76ba119b]::__rust_begin_short_backtrace::<core[a373ad73a504971]::result::Result<(), alloc[2e1b2a31b91974c5]::string::String>, fn() -> core[a373ad73a504971]::result::Result<(), alloc[2e1b2a31b91974c5]::string::String>>
[INFO] [stdout]   14:     0x5e3efdff5e65 - test[aada8e7e76ba119b]::run_test::{closure#0}
[INFO] [stdout]   15:     0x5e3efdfef754 - std[617be2ca0a6fd877]::sys::backtrace::__rust_begin_short_backtrace::<test[aada8e7e76ba119b]::run_test::{closure#1}, ()>
[INFO] [stdout]   16:     0x5e3efdff8ef2 - <std[617be2ca0a6fd877]::thread::lifecycle::spawn_unchecked<test[aada8e7e76ba119b]::run_test::{closure#1}, ()>::{closure#1} as core[a373ad73a504971]::ops::function::FnOnce<()>>::call_once::{shim:vtable#0}
[INFO] [stdout]   17:     0x5e3efe07bebf - <std[617be2ca0a6fd877]::sys::thread::unix::Thread>::new::thread_start
[INFO] [stdout]   18:     0x719c75f9ddfa - <unknown>
[INFO] [stdout]   19:     0x719c760313d4 - clone
[INFO] [stdout]   20:                0x0 - <unknown>
[INFO] [stdout] 
[INFO] [stdout] 
[INFO] [stdout] failures:
[INFO] [stdout]     inherited_git_worktree_selection_cannot_make_target_validation_order_dependent
[INFO] [stdout] 
[INFO] [stdout] test result: FAILED. 10 passed; 1 failed; 0 ignored; 0 measured; 0 filtered out; finished in 2.06s
[INFO] [stdout] 
[INFO] running `Command { std: "docker" "inspect" "08cbba8f3f8dd75f37682e0d393d67abb726dc0a5f9b84914ff95f36b64fa793", kill_on_drop: false }`
[INFO] running `Command { std: "docker" "rm" "-f" "08cbba8f3f8dd75f37682e0d393d67abb726dc0a5f9b84914ff95f36b64fa793", kill_on_drop: false }`
[INFO] [stdout] 08cbba8f3f8dd75f37682e0d393d67abb726dc0a5f9b84914ff95f36b64fa793
