[INFO] fetching crate ngnet-h2 0.0.1...
[INFO] testing ngnet-h2-0.0.1 against 1.100.0-beta.1+cargoflags=--release for beta-release-1.100-2
[INFO] extracting crate ngnet-h2 0.0.1 into /workspace/builds/worker-3-tc2/source
[INFO] started tweaking crates.io crate ngnet-h2 0.0.1
[INFO] removed 0 missing examples
[INFO] removed 0 missing tests
[INFO] finished tweaking crates.io crate ngnet-h2 0.0.1
[INFO] tweaked toml for crates.io crate ngnet-h2 0.0.1 written to /workspace/builds/worker-3-tc2/source/Cargo.toml
[INFO] validating manifest of crates.io crate ngnet-h2 0.0.1 on toolchain 1.100.0-beta.1
[INFO] running `Command { std: CARGO_HOME="/workspace/cargo-home" RUSTUP_HOME="/workspace/rustup-home" "/workspace/cargo-home/bin/cargo" "+1.100.0-beta.1" "metadata" "--manifest-path" "Cargo.toml" "--no-deps", kill_on_drop: false }`
[INFO] crate crates.io crate ngnet-h2 0.0.1 already has a lockfile, it will not be regenerated
[INFO] running `Command { std: CARGO_HOME="/workspace/cargo-home" RUSTUP_HOME="/workspace/rustup-home" "/workspace/cargo-home/bin/cargo" "+1.100.0-beta.1" "fetch" "--manifest-path" "Cargo.toml", kill_on_drop: false }`
[INFO] running `Command { std: "docker" "create" "-v" "/var/lib/crater-agent-workspace/builds/worker-3-tc2/source:/opt/rustwide/workdir:ro,Z" "-v" "/var/lib/crater-agent-workspace/builds/worker-3-tc2/target:/opt/rustwide/target:rw,Z" "-v" "/var/lib/crater-agent-workspace/cargo-home:/opt/rustwide/cargo-home:ro,Z" "-v" "/var/lib/crater-agent-workspace/rustup-home:/opt/rustwide/rustup-home:ro,Z" "-m" "1610612736" "--network" "none" "ghcr.io/rust-lang/crates-build-env/linux@sha256:77db811e55d90add9212f6832c23229e3de5f1c1f9905e8cb07319ea15df73ac" "sleep" "infinity", kill_on_drop: false }`
[INFO] [stdout] 6c4042431a6f4a8644e358c64c96b3844bba4946ac92468e6b5c14a357fecd4c
[INFO] running `Command { std: "docker" "start" "6c4042431a6f4a8644e358c64c96b3844bba4946ac92468e6b5c14a357fecd4c", kill_on_drop: false }`
[INFO] running `Command { std: "docker" "inspect" "6c4042431a6f4a8644e358c64c96b3844bba4946ac92468e6b5c14a357fecd4c", kill_on_drop: false }`
[INFO] running `Command { std: "docker" "exec" "-e" "SOURCE_DIR=/opt/rustwide/workdir" "-e" "CARGO_HOME=/opt/rustwide/cargo-home" "-e" "RUSTUP_HOME=/opt/rustwide/rustup-home" "-e" "CARGO_TARGET_DIR=/opt/rustwide/target" "-w" "/opt/rustwide/workdir" "--user" "0:0" "6c4042431a6f4a8644e358c64c96b3844bba4946ac92468e6b5c14a357fecd4c" "/opt/rustwide/cargo-home/bin/cargo" "+1.100.0-beta.1" "metadata" "--no-deps" "--format-version=1", kill_on_drop: false }`
[INFO] running `Command { std: "docker" "inspect" "6c4042431a6f4a8644e358c64c96b3844bba4946ac92468e6b5c14a357fecd4c", kill_on_drop: false }`
[INFO] running `Command { std: "docker" "exec" "-e" "SOURCE_DIR=/opt/rustwide/workdir" "-e" "CARGO_HOME=/opt/rustwide/cargo-home" "-e" "RUSTUP_HOME=/opt/rustwide/rustup-home" "-e" "CARGO_TARGET_DIR=/opt/rustwide/target" "-e" "CARGO_INCREMENTAL=0" "-e" "RUST_BACKTRACE=full" "-e" "RUSTFLAGS=--cap-lints=warn" "-e" "RUSTDOCFLAGS=--cap-lints=warn" "-w" "/opt/rustwide/workdir" "--user" "0:0" "6c4042431a6f4a8644e358c64c96b3844bba4946ac92468e6b5c14a357fecd4c" "/opt/rustwide/cargo-home/bin/cargo" "+1.100.0-beta.1" "build" "--frozen" "--message-format=json" "--release", kill_on_drop: false }`
[INFO] [stderr]    Compiling quote v1.0.47
[INFO] [stderr]    Compiling libc v0.2.189
[INFO] [stderr]    Compiling regex-syntax v0.8.11
[INFO] [stderr]    Compiling clang-sys v1.9.1
[INFO] [stderr]    Compiling nom v7.1.3
[INFO] [stderr]    Compiling find-msvc-tools v0.1.11
[INFO] [stderr]    Compiling either v1.17.0
[INFO] [stderr]    Compiling bitflags v2.13.1
[INFO] [stderr]    Compiling cc v1.4.4
[INFO] [stderr]    Compiling rustc-hash v2.1.3
[INFO] [stderr]    Compiling itertools v0.13.0
[INFO] [stderr]    Compiling bindgen v0.72.1
[INFO] [stderr]    Compiling http-body v1.1.0
[INFO] [stderr]    Compiling syn v2.0.119
[INFO] [stderr]    Compiling cmake v0.1.58
[INFO] [stderr]    Compiling regex-automata v0.4.16
[INFO] [stderr]    Compiling cexpr v0.6.0
[INFO] [stderr]    Compiling regex v1.13.1
[INFO] [stderr]    Compiling prettyplease v0.2.37
[INFO] [stderr]    Compiling ngnet-h2-sys v0.0.1
[INFO] [stderr]    Compiling ngnet-h2 v0.0.1 (/opt/rustwide/workdir)
[INFO] [stderr]     Finished `release` profile [optimized] target(s) in 38.59s
[INFO] running `Command { std: "docker" "inspect" "6c4042431a6f4a8644e358c64c96b3844bba4946ac92468e6b5c14a357fecd4c", kill_on_drop: false }`
[INFO] running `Command { std: "docker" "exec" "-e" "SOURCE_DIR=/opt/rustwide/workdir" "-e" "CARGO_HOME=/opt/rustwide/cargo-home" "-e" "RUSTUP_HOME=/opt/rustwide/rustup-home" "-e" "CARGO_TARGET_DIR=/opt/rustwide/target" "-e" "CARGO_INCREMENTAL=0" "-e" "RUST_BACKTRACE=full" "-e" "RUSTFLAGS=--cap-lints=warn" "-e" "RUSTDOCFLAGS=--cap-lints=warn" "-w" "/opt/rustwide/workdir" "--user" "0:0" "6c4042431a6f4a8644e358c64c96b3844bba4946ac92468e6b5c14a357fecd4c" "/opt/rustwide/cargo-home/bin/cargo" "+1.100.0-beta.1" "test" "--frozen" "--no-run" "--message-format=json" "--release", kill_on_drop: false }`
[INFO] [stderr]    Compiling ngnet-h2-sys v0.0.1
[INFO] [stderr]    Compiling ngnet-h2 v0.0.1 (/opt/rustwide/workdir)
[INFO] [stderr]     Finished `release` profile [optimized] target(s) in 58.41s
[INFO] running `Command { std: "docker" "inspect" "6c4042431a6f4a8644e358c64c96b3844bba4946ac92468e6b5c14a357fecd4c", kill_on_drop: false }`
[INFO] running `Command { std: "docker" "exec" "-e" "SOURCE_DIR=/opt/rustwide/workdir" "-e" "CARGO_HOME=/opt/rustwide/cargo-home" "-e" "RUSTUP_HOME=/opt/rustwide/rustup-home" "-e" "CARGO_TARGET_DIR=/opt/rustwide/target" "-e" "CARGO_INCREMENTAL=0" "-e" "RUST_BACKTRACE=full" "-e" "RUSTFLAGS=--cap-lints=warn" "-e" "RUSTDOCFLAGS=--cap-lints=warn" "-w" "/opt/rustwide/workdir" "--user" "0:0" "6c4042431a6f4a8644e358c64c96b3844bba4946ac92468e6b5c14a357fecd4c" "/opt/rustwide/cargo-home/bin/cargo" "+1.100.0-beta.1" "test" "--frozen" "--release", kill_on_drop: false }`
[INFO] [stderr]     Finished `release` profile [optimized] target(s) in 0.08s
[INFO] [stderr]      Running unittests src/lib.rs (/opt/rustwide/target/release/build/ngnet-h2/286ed0eb82e8ba1e/out/ngnet_h2-286ed0eb82e8ba1e)
[INFO] [stdout] 
[INFO] [stdout] running 51 tests
[INFO] [stdout] test http::head::tests::a_connection_specific_response_field_is_rejected ... ok
[INFO] [stdout] test http::driver::tests::a_server_advertises_its_concurrency_and_header_limits ... ok
[INFO] [stdout] test http::head::tests::a_host_field_disagreeing_with_authority_is_refused ... ok
[INFO] [stdout] test http::head::tests::a_host_field_stands_in_for_a_missing_authority ... ok
[INFO] [stdout] test http::head::tests::a_repeated_trailer_keeps_every_value ... ok
[INFO] [stdout] test http::driver::tests::a_caller_can_override_the_advertised_limits ... ok
[INFO] [stdout] test http::driver::tests::a_failing_borrowed_write_drains_the_record_sink_before_returning ... ok
[INFO] [stdout] test http::head::tests::a_connection_specific_trailer_is_rejected_rather_than_dropped ... ok
[INFO] [stdout] test http::driver::tests::a_failing_vectored_write_drains_the_record_sink_before_returning ... ok
[INFO] [stdout] test http::head::tests::a_request_head_leads_with_its_pseudo_headers ... ok
[INFO] [stdout] test http::head::tests::a_host_field_agreeing_with_authority_is_dropped_not_delivered ... ok
[INFO] [stdout] test http::head::tests::a_well_formed_request_head_is_reassembled ... ok
[INFO] [stdout] test http::head::tests::an_empty_trailing_block_encodes_to_nothing ... ok
[INFO] [stdout] test http::head::tests::malformed_response_heads_are_rejected_rather_than_panicking ... ok
[INFO] [stdout] test http::head::tests::malformed_trailers_are_rejected_rather_than_panicking ... ok
[INFO] [stdout] test http::shared::tests::a_finished_message_is_not_retroactively_failed ... ok
[INFO] [stdout] test http::head::tests::a_request_head_may_omit_its_scheme ... ok
[INFO] [stdout] test http::head::tests::a_response_head_leads_with_its_status ... ok
[INFO] [stdout] test http::shared::tests::arrivals_after_a_body_is_dropped_are_credited_at_once ... ok
[INFO] [stdout] test http::head::tests::a_trailing_block_is_encoded_as_ordinary_fields ... ok
[INFO] [stdout] test http::head::tests::a_well_formed_response_head_is_assembled ... ok
[INFO] [stdout] test http::head::tests::malformed_request_heads_are_rejected_rather_than_panicking ... ok
[INFO] [stdout] test session::shared_body_tests::a_deferring_shared_body_produces_no_record_until_resumed ... ok
[INFO] [stdout] test http::shared::tests::everything_read_leaves_nothing_to_abandon ... ok
[INFO] [stdout] test http::shared::tests::octets_read_are_not_also_octets_abandoned ... ok
[INFO] [stdout] test http::shared::tests::trailers_are_delivered_after_the_payload_that_precedes_them ... ok
[INFO] [stdout] test session::shared_body_tests::a_shared_payload_is_never_copied_into_a_wire_block ... ok
[INFO] [stdout] test session::shared_body_tests::a_failing_shared_body_resets_the_stream_and_surfaces_the_error ... ok
[INFO] [stdout] test session::shared_body_tests::a_single_chunk_shared_body_produces_one_well_formed_record ... ok
[INFO] [stdout] test session::shared_body_tests::an_empty_shared_body_emits_a_header_only_end_of_stream_record ... ok
[INFO] [stdout] test session::shared_body_tests::a_staged_chunk_is_released_exactly_once_across_the_cancellation_window ... ok
[INFO] [stdout] test session::shared_body_tests::a_record_rides_along_with_the_final_none_return ... ok
[INFO] [stdout] test session::shared_body_tests::multi_chunk_records_arrive_in_order_and_byte_identical ... ok
[INFO] [stdout] test session::shared_body_tests::records_and_a_block_from_one_call_match_the_push_path_octet_for_octet ... ok
[INFO] [stdout] test session::tests::a_client_disables_push_by_default ... ok
[INFO] [stdout] test session::shared_body_tests::an_idle_session_leaves_the_sink_empty ... ok
[INFO] [stdout] test session::tests::a_client_with_duplicate_push_settings_gets_no_injection ... ok
[INFO] [stdout] test session::tests::a_fresh_session_wants_to_read_and_write ... ok
[INFO] [stdout] test session::tests::a_server_cannot_smuggle_push_enabled_past_a_duplicate ... ok
[INFO] [stdout] test session::tests::a_server_gets_no_injected_push_setting ... ok
[INFO] [stdout] test session::tests::an_explicit_client_push_preference_is_respected ... ok
[INFO] [stdout] test session::tests::client_emits_preface_then_settings ... ok
[INFO] [stdout] test session::tests::configured_settings_appear_in_the_emitted_frame ... ok
[INFO] [stdout] test session::tests::draining_an_idle_session_reports_nothing_pending ... ok
[INFO] [stdout] test session::tests::a_server_may_not_advertise_push_enabled ... ok
[INFO] [stdout] test session::tests::dropping_a_session_frees_every_native_block ... ok
[INFO] [stdout] test session::tests::server_emits_settings_without_a_preface ... ok
[INFO] [stdout] test session::tests::many_sessions_leave_nothing_behind ... ok
[INFO] [stdout] test session::tests::a_server_may_advertise_push_disabled ... ok
[INFO] [stdout] test http::driver::tests::a_client_advertises_its_concurrency_and_header_limits ... ok
[INFO] [stdout] test session::shared_body_tests::an_overlong_shared_chunk_resets_the_stream ... ok
[INFO] [stdout] 
[INFO] [stdout] test result: ok. 51 passed; 0 failed; 0 ignored; 0 measured; 0 filtered out; finished in 0.06s
[INFO] [stdout] 
[INFO] [stderr]      Running tests/bodies.rs (/opt/rustwide/target/release/build/ngnet-h2/4b4612ecea849ced/out/bodies-4b4612ecea849ced)
[INFO] [stdout] 
[INFO] [stdout] running 17 tests
[INFO] [stdout] test a_body_source_claiming_to_overrun_is_caught ... ok
[INFO] [stdout] test a_body_failure_resets_the_stream_and_surfaces_the_error ... ok
[INFO] [stdout] test a_deferred_body_stalls_its_stream_without_emitting_or_being_asked_again ... ok
[INFO] [stdout] test a_body_may_not_be_attached_to_a_stream_that_is_not_open ... ok
[INFO] [stdout] test a_multi_chunk_body_round_trips_intact ... ok
[INFO] [stdout] test a_body_source_is_dropped_when_its_stream_closes ... ok
[INFO] [stdout] test a_body_source_never_sees_residue_from_earlier_frames ... ok
[INFO] [stdout] test resuming_a_stream_with_nothing_deferred_is_reported_as_invalid_input ... ok
[INFO] [stdout] test consume_is_rejected_on_a_session_that_manages_windows_itself ... ok
[INFO] [stdout] test consume_rejects_a_length_it_could_not_account_for ... ok
[INFO] [stdout] test frames_show_the_body_split_across_data_frames ... ok
[INFO] [stdout] test trailers_are_rejected_without_an_open_trailer_window ... ok
[INFO] [stdout] test trailers_arrive_after_the_final_body_chunk ... ok
[INFO] [stdout] test a_default_session_completes_without_ever_consuming ... ok
[INFO] [stdout] test an_empty_body_produces_a_well_formed_message ... ok
[INFO] [stdout] test manual_flow_control_withholds_data_until_consumption_is_reported ... ok
[INFO] [stderr]      Running tests/compat_surface.rs (/opt/rustwide/target/release/build/ngnet-h2/a93c57ea590b1847/out/compat_surface-a93c57ea590b1847)
[INFO] [stdout] test a_response_body_reaches_the_client ... ok
[INFO] [stdout] 
[INFO] [stdout] test result: ok. 17 passed; 0 failed; 0 ignored; 0 measured; 0 filtered out; finished in 0.01s
[INFO] [stdout] 
[INFO] [stdout] 
[INFO] [stdout] running 2 tests
[INFO] [stdout] test the_asynchronous_surface_is_unchanged ... ok
[INFO] [stdout] test the_sans_io_surface_is_unchanged ... ok
[INFO] [stdout] 
[INFO] [stderr]      Running tests/error_mapping.rs (/opt/rustwide/target/release/build/ngnet-h2/6ccec38543861472/out/error_mapping-6ccec38543861472)
[INFO] [stdout] test result: ok. 2 passed; 0 failed; 0 ignored; 0 measured; 0 filtered out; finished in 0.01s
[INFO] [stdout] 
[INFO] [stdout] 
[INFO] [stdout] running 5 tests
[INFO] [stdout] test unknown_codes_do_not_panic ... ok
[INFO] [stdout] test crate_code_list_matches_the_vendored_header ... FAILED
[INFO] [stdout] test the_three_specified_categories_are_distinguishable ... ok
[INFO] [stdout] test display_names_the_failing_operation_for_every_category ... ok
[INFO] [stdout] test every_native_code_maps_to_exactly_one_category ... ok
[INFO] [stdout] 
[INFO] [stderr] error: test failed, to rerun pass `--test error_mapping`
[INFO] [stdout] failures:
[INFO] [stdout] 
[INFO] [stdout] ---- crate_code_list_matches_the_vendored_header stdout ----
[INFO] [stdout] 
[INFO] [stdout] thread 'crate_code_list_matches_the_vendored_header' (2560) panicked at tests/error_mapping.rs:31:57:
[INFO] [stdout] vendored nghttp2 header not found; run `just submodules`: Os { code: 2, kind: NotFound, message: "No such file or directory" }
[INFO] [stdout] stack backtrace:
[INFO] [stdout]    0:     0x6447986cb901 - <<std[617be2ca0a6fd877]::sys::backtrace::BacktraceLock>::print::DisplayBacktrace as core[a373ad73a504971]::fmt::Display>::fmt
[INFO] [stdout]    1:     0x6447986dfa4a - core[a373ad73a504971]::fmt::write
[INFO] [stdout]    2:     0x6447986cfb1c - <alloc[2e1b2a31b91974c5]::vec::Vec<u8> as core[a373ad73a504971]::io::write::Write>::write_fmt
[INFO] [stdout]    3:     0x6447986a7876 - std[617be2ca0a6fd877]::panicking::default_hook::{closure#0}
[INFO] [stdout]    4:     0x6447986c3c39 - std[617be2ca0a6fd877]::panicking::default_hook
[INFO] [stdout]    5:     0x64479865f6c0 - test[aada8e7e76ba119b]::test_main_inner::{closure#0}
[INFO] [stdout]    6:     0x6447986c3df2 - std[617be2ca0a6fd877]::panicking::panic_with_hook
[INFO] [stdout]    7:     0x6447986a7922 - std[617be2ca0a6fd877]::panicking::panic_handler::{closure#0}
[INFO] [stdout]    8:     0x6447986a04a9 - std[617be2ca0a6fd877]::sys::backtrace::__rust_end_short_backtrace::<std[617be2ca0a6fd877]::panicking::panic_handler::{closure#0}, !>
[INFO] [stdout]    9:     0x6447986a852d - __rustc[ea4f61d10b84890b]::rust_begin_unwind
[INFO] [stdout]   10:     0x6447986e017c - core[a373ad73a504971]::panicking::panic_fmt
[INFO] [stdout]   11:     0x6447986dff52 - core[a373ad73a504971]::result::unwrap_failed
[INFO] [stdout]   12:     0x64479864e9cc - <error_mapping[93235fe7346d2c66]::crate_code_list_matches_the_vendored_header::{closure#0} as core[a373ad73a504971]::ops::function::FnOnce<()>>::call_once
[INFO] [stdout]   13:     0x644798652b0b - test[aada8e7e76ba119b]::__rust_begin_short_backtrace::<core[a373ad73a504971]::result::Result<(), alloc[2e1b2a31b91974c5]::string::String>, fn() -> core[a373ad73a504971]::result::Result<(), alloc[2e1b2a31b91974c5]::string::String>>
[INFO] [stdout]   14:     0x64479865fce5 - test[aada8e7e76ba119b]::run_test::{closure#0}
[INFO] [stdout]   15:     0x6447986595d4 - std[617be2ca0a6fd877]::sys::backtrace::__rust_begin_short_backtrace::<test[aada8e7e76ba119b]::run_test::{closure#1}, ()>
[INFO] [stdout]   16:     0x644798662d72 - <std[617be2ca0a6fd877]::thread::lifecycle::spawn_unchecked<test[aada8e7e76ba119b]::run_test::{closure#1}, ()>::{closure#1} as core[a373ad73a504971]::ops::function::FnOnce<()>>::call_once::{shim:vtable#0}
[INFO] [stdout]   17:     0x6447986cadff - <std[617be2ca0a6fd877]::sys::thread::unix::Thread>::new::thread_start
[INFO] [stdout]   18:     0x7953854bddfa - <unknown>
[INFO] [stdout]   19:     0x7953855513d4 - clone
[INFO] [stdout]   20:                0x0 - <unknown>
[INFO] [stdout] 
[INFO] [stdout] 
[INFO] [stdout] failures:
[INFO] [stdout]     crate_code_list_matches_the_vendored_header
[INFO] [stdout] 
[INFO] [stdout] test result: FAILED. 4 passed; 1 failed; 0 ignored; 0 measured; 0 filtered out; finished in 0.00s
[INFO] [stdout] 
[INFO] running `Command { std: "docker" "inspect" "6c4042431a6f4a8644e358c64c96b3844bba4946ac92468e6b5c14a357fecd4c", kill_on_drop: false }`
[INFO] running `Command { std: "docker" "rm" "-f" "6c4042431a6f4a8644e358c64c96b3844bba4946ac92468e6b5c14a357fecd4c", kill_on_drop: false }`
[INFO] [stdout] 6c4042431a6f4a8644e358c64c96b3844bba4946ac92468e6b5c14a357fecd4c
