[INFO] fetching crate nf-queue 0.1.0...
[INFO] testing nf-queue-0.1.0 against 1.99.0-beta.8+cargoflags=--release for beta-release-1.100-2
[INFO] extracting crate nf-queue 0.1.0 into /workspace/builds/worker-5-tc1/source
[INFO] started tweaking crates.io crate nf-queue 0.1.0
[INFO] finished tweaking crates.io crate nf-queue 0.1.0
[INFO] tweaked toml for crates.io crate nf-queue 0.1.0 written to /workspace/builds/worker-5-tc1/source/Cargo.toml
[INFO] validating manifest of crates.io crate nf-queue 0.1.0 on toolchain 1.99.0-beta.8
[INFO] running `Command { std: CARGO_HOME="/workspace/cargo-home" RUSTUP_HOME="/workspace/rustup-home" "/workspace/cargo-home/bin/cargo" "+1.99.0-beta.8" "metadata" "--manifest-path" "Cargo.toml" "--no-deps", kill_on_drop: false }`
[INFO] crate crates.io crate nf-queue 0.1.0 already has a lockfile, it will not be regenerated
[INFO] running `Command { std: CARGO_HOME="/workspace/cargo-home" RUSTUP_HOME="/workspace/rustup-home" "/workspace/cargo-home/bin/cargo" "+1.99.0-beta.8" "fetch" "--manifest-path" "Cargo.toml", kill_on_drop: false }`
[INFO] running `Command { std: "docker" "create" "-v" "/var/lib/crater-agent-workspace/builds/worker-5-tc1/source:/opt/rustwide/workdir:ro,Z" "-v" "/var/lib/crater-agent-workspace/builds/worker-5-tc1/target:/opt/rustwide/target:rw,Z" "-v" "/var/lib/crater-agent-workspace/cargo-home:/opt/rustwide/cargo-home:ro,Z" "-v" "/var/lib/crater-agent-workspace/rustup-home:/opt/rustwide/rustup-home:ro,Z" "-m" "1610612736" "--network" "none" "ghcr.io/rust-lang/crates-build-env/linux@sha256:77db811e55d90add9212f6832c23229e3de5f1c1f9905e8cb07319ea15df73ac" "sleep" "infinity", kill_on_drop: false }`
[INFO] [stdout] eda79fd5b6f952ea6879ce22229d079b808d61115ae421a88593f1f410f5a195
[INFO] running `Command { std: "docker" "start" "eda79fd5b6f952ea6879ce22229d079b808d61115ae421a88593f1f410f5a195", kill_on_drop: false }`
[INFO] running `Command { std: "docker" "inspect" "eda79fd5b6f952ea6879ce22229d079b808d61115ae421a88593f1f410f5a195", kill_on_drop: false }`
[INFO] running `Command { std: "docker" "exec" "-e" "SOURCE_DIR=/opt/rustwide/workdir" "-e" "CARGO_HOME=/opt/rustwide/cargo-home" "-e" "RUSTUP_HOME=/opt/rustwide/rustup-home" "-e" "CARGO_TARGET_DIR=/opt/rustwide/target" "-w" "/opt/rustwide/workdir" "--user" "0:0" "eda79fd5b6f952ea6879ce22229d079b808d61115ae421a88593f1f410f5a195" "/opt/rustwide/cargo-home/bin/cargo" "+1.99.0-beta.8" "metadata" "--no-deps" "--format-version=1", kill_on_drop: false }`
[INFO] running `Command { std: "docker" "inspect" "eda79fd5b6f952ea6879ce22229d079b808d61115ae421a88593f1f410f5a195", kill_on_drop: false }`
[INFO] running `Command { std: "docker" "exec" "-e" "SOURCE_DIR=/opt/rustwide/workdir" "-e" "CARGO_HOME=/opt/rustwide/cargo-home" "-e" "RUSTUP_HOME=/opt/rustwide/rustup-home" "-e" "CARGO_TARGET_DIR=/opt/rustwide/target" "-e" "CARGO_INCREMENTAL=0" "-e" "RUST_BACKTRACE=full" "-e" "RUSTFLAGS=--cap-lints=warn" "-e" "RUSTDOCFLAGS=--cap-lints=warn" "-w" "/opt/rustwide/workdir" "--user" "0:0" "eda79fd5b6f952ea6879ce22229d079b808d61115ae421a88593f1f410f5a195" "/opt/rustwide/cargo-home/bin/cargo" "+1.99.0-beta.8" "build" "--frozen" "--message-format=json" "--release", kill_on_drop: false }`
[INFO] [stderr]    Compiling nf-queue v0.1.0 (/opt/rustwide/workdir)
[INFO] [stderr]     Finished `release` profile [optimized] target(s) in 0.40s
[INFO] running `Command { std: "docker" "inspect" "eda79fd5b6f952ea6879ce22229d079b808d61115ae421a88593f1f410f5a195", kill_on_drop: false }`
[INFO] running `Command { std: "docker" "exec" "-e" "SOURCE_DIR=/opt/rustwide/workdir" "-e" "CARGO_HOME=/opt/rustwide/cargo-home" "-e" "RUSTUP_HOME=/opt/rustwide/rustup-home" "-e" "CARGO_TARGET_DIR=/opt/rustwide/target" "-e" "CARGO_INCREMENTAL=0" "-e" "RUST_BACKTRACE=full" "-e" "RUSTFLAGS=--cap-lints=warn" "-e" "RUSTDOCFLAGS=--cap-lints=warn" "-w" "/opt/rustwide/workdir" "--user" "0:0" "eda79fd5b6f952ea6879ce22229d079b808d61115ae421a88593f1f410f5a195" "/opt/rustwide/cargo-home/bin/cargo" "+1.99.0-beta.8" "test" "--frozen" "--no-run" "--message-format=json" "--release", kill_on_drop: false }`
[INFO] [stderr]    Compiling nf-queue v0.1.0 (/opt/rustwide/workdir)
[INFO] [stderr]     Finished `release` profile [optimized] target(s) in 0.19s
[INFO] running `Command { std: "docker" "inspect" "eda79fd5b6f952ea6879ce22229d079b808d61115ae421a88593f1f410f5a195", kill_on_drop: false }`
[INFO] running `Command { std: "docker" "exec" "-e" "SOURCE_DIR=/opt/rustwide/workdir" "-e" "CARGO_HOME=/opt/rustwide/cargo-home" "-e" "RUSTUP_HOME=/opt/rustwide/rustup-home" "-e" "CARGO_TARGET_DIR=/opt/rustwide/target" "-e" "CARGO_INCREMENTAL=0" "-e" "RUST_BACKTRACE=full" "-e" "RUSTFLAGS=--cap-lints=warn" "-e" "RUSTDOCFLAGS=--cap-lints=warn" "-w" "/opt/rustwide/workdir" "--user" "0:0" "eda79fd5b6f952ea6879ce22229d079b808d61115ae421a88593f1f410f5a195" "/opt/rustwide/cargo-home/bin/cargo" "+1.99.0-beta.8" "test" "--frozen" "--release", kill_on_drop: false }`
[INFO] [stderr]     Finished `release` profile [optimized] target(s) in 0.00s
[INFO] [stderr]      Running unittests src/lib.rs (/opt/rustwide/target/release/deps/nf_queue-7d31299da7986ce5)
[INFO] [stdout] 
[INFO] [stdout] running 0 tests
[INFO] [stdout] 
[INFO] [stdout] test result: ok. 0 passed; 0 failed; 0 ignored; 0 measured; 0 filtered out; finished in 0.00s
[INFO] [stdout] 
[INFO] [stderr]    Doc-tests nf_queue
[INFO] [stdout] 
[INFO] [stdout] running 1 test
[INFO] [stdout] test src/lib.rs - (line 6) ... FAILED
[INFO] [stdout] 
[INFO] [stdout] failures:
[INFO] [stdout] 
[INFO] [stdout] ---- src/lib.rs - (line 6) stdout ----
[INFO] [stdout] error[E0432]: unresolved imports `crate::CfgFlag`, `crate::CmdType`, `crate::CopyMode`, `crate::MsgBuilder`, `crate::SOCKET_BUFFER_SIZE`, `crate::Socket`, `crate::VerdictType`
[INFO] [stdout]  --> src/lib.rs:7:13
[INFO] [stdout]   |
[INFO] [stdout] 7 | use crate::{CfgFlag, CmdType, CopyMode, MsgBuilder, SOCKET_BUFFER_SIZE, Socket, VerdictType};
[INFO] [stdout]   |             ^^^^^^^  ^^^^^^^  ^^^^^^^^  ^^^^^^^^^^  ^^^^^^^^^^^^^^^^^^  ^^^^^^  ^^^^^^^^^^^ no `VerdictType` in the root
[INFO] [stdout]   |             |        |        |         |           |                   |
[INFO] [stdout]   |             |        |        |         |           |                   no `Socket` in the root
[INFO] [stdout]   |             |        |        |         |           no `SOCKET_BUFFER_SIZE` in the root
[INFO] [stdout]   |             |        |        |         no `MsgBuilder` in the root
[INFO] [stdout]   |             |        |        no `CopyMode` in the root
[INFO] [stdout]   |             |        no `CmdType` in the root
[INFO] [stdout]   |             no `CfgFlag` in the root
[INFO] [stdout] 
[INFO] [stdout] error: aborting due to 1 previous error
[INFO] [stdout] 
[INFO] [stdout] For more information about this error, try `rustc --explain E0432`.
[INFO] [stdout] Couldn't compile the test.
[INFO] [stdout] 
[INFO] [stdout] failures:
[INFO] [stdout]     src/lib.rs - (line 6)
[INFO] [stdout] 
[INFO] [stdout] test result: FAILED. 0 passed; 1 failed; 0 ignored; 0 measured; 0 filtered out; finished in 0.06s
[INFO] [stdout] 
[INFO] [stdout] all doctests ran in 0.12s; merged doctests compilation took 0.05s
[INFO] [stderr] error: doctest failed, to rerun pass `--doc`
[INFO] running `Command { std: "docker" "inspect" "eda79fd5b6f952ea6879ce22229d079b808d61115ae421a88593f1f410f5a195", kill_on_drop: false }`
[INFO] running `Command { std: "docker" "rm" "-f" "eda79fd5b6f952ea6879ce22229d079b808d61115ae421a88593f1f410f5a195", kill_on_drop: false }`
[INFO] [stdout] eda79fd5b6f952ea6879ce22229d079b808d61115ae421a88593f1f410f5a195
