[INFO] fetching crate neyuki 0.1.1...
[INFO] testing neyuki-0.1.1 against 1.100.0-beta.1+cargoflags=--release for beta-release-1.100-2
[INFO] extracting crate neyuki 0.1.1 into /workspace/builds/worker-3-tc2/source
[INFO] started tweaking crates.io crate neyuki 0.1.1
[INFO] finished tweaking crates.io crate neyuki 0.1.1
[INFO] tweaked toml for crates.io crate neyuki 0.1.1 written to /workspace/builds/worker-3-tc2/source/Cargo.toml
[INFO] validating manifest of crates.io crate neyuki 0.1.1 on toolchain 1.100.0-beta.1
[INFO] running `Command { std: CARGO_HOME="/workspace/cargo-home" RUSTUP_HOME="/workspace/rustup-home" "/workspace/cargo-home/bin/cargo" "+1.100.0-beta.1" "metadata" "--manifest-path" "Cargo.toml" "--no-deps", kill_on_drop: false }`
[INFO] crate crates.io crate neyuki 0.1.1 already has a lockfile, it will not be regenerated
[INFO] running `Command { std: CARGO_HOME="/workspace/cargo-home" RUSTUP_HOME="/workspace/rustup-home" "/workspace/cargo-home/bin/cargo" "+1.100.0-beta.1" "fetch" "--manifest-path" "Cargo.toml", kill_on_drop: false }`
[INFO] running `Command { std: "docker" "create" "-v" "/var/lib/crater-agent-workspace/builds/worker-3-tc2/source:/opt/rustwide/workdir:ro,Z" "-v" "/var/lib/crater-agent-workspace/builds/worker-3-tc2/target:/opt/rustwide/target:rw,Z" "-v" "/var/lib/crater-agent-workspace/cargo-home:/opt/rustwide/cargo-home:ro,Z" "-v" "/var/lib/crater-agent-workspace/rustup-home:/opt/rustwide/rustup-home:ro,Z" "-m" "1610612736" "--network" "none" "ghcr.io/rust-lang/crates-build-env/linux@sha256:77db811e55d90add9212f6832c23229e3de5f1c1f9905e8cb07319ea15df73ac" "sleep" "infinity", kill_on_drop: false }`
[INFO] [stdout] 7cdf338ea9607d310e02b28f557a7dfc1a702b52fdf5cbdb06c083dc92af28da
[INFO] running `Command { std: "docker" "start" "7cdf338ea9607d310e02b28f557a7dfc1a702b52fdf5cbdb06c083dc92af28da", kill_on_drop: false }`
[INFO] running `Command { std: "docker" "inspect" "7cdf338ea9607d310e02b28f557a7dfc1a702b52fdf5cbdb06c083dc92af28da", kill_on_drop: false }`
[INFO] running `Command { std: "docker" "exec" "-e" "SOURCE_DIR=/opt/rustwide/workdir" "-e" "CARGO_HOME=/opt/rustwide/cargo-home" "-e" "RUSTUP_HOME=/opt/rustwide/rustup-home" "-e" "CARGO_TARGET_DIR=/opt/rustwide/target" "-w" "/opt/rustwide/workdir" "--user" "0:0" "7cdf338ea9607d310e02b28f557a7dfc1a702b52fdf5cbdb06c083dc92af28da" "/opt/rustwide/cargo-home/bin/cargo" "+1.100.0-beta.1" "metadata" "--no-deps" "--format-version=1", kill_on_drop: false }`
[INFO] running `Command { std: "docker" "inspect" "7cdf338ea9607d310e02b28f557a7dfc1a702b52fdf5cbdb06c083dc92af28da", kill_on_drop: false }`
[INFO] running `Command { std: "docker" "exec" "-e" "SOURCE_DIR=/opt/rustwide/workdir" "-e" "CARGO_HOME=/opt/rustwide/cargo-home" "-e" "RUSTUP_HOME=/opt/rustwide/rustup-home" "-e" "CARGO_TARGET_DIR=/opt/rustwide/target" "-e" "CARGO_INCREMENTAL=0" "-e" "RUST_BACKTRACE=full" "-e" "RUSTFLAGS=--cap-lints=warn" "-e" "RUSTDOCFLAGS=--cap-lints=warn" "-w" "/opt/rustwide/workdir" "--user" "0:0" "7cdf338ea9607d310e02b28f557a7dfc1a702b52fdf5cbdb06c083dc92af28da" "/opt/rustwide/cargo-home/bin/cargo" "+1.100.0-beta.1" "build" "--frozen" "--message-format=json" "--release", kill_on_drop: false }`
[INFO] [stderr]    Compiling proc-macro2 v1.0.107
[INFO] [stderr]    Compiling unicode-ident v1.0.26
[INFO] [stderr]    Compiling quote v1.0.47
[INFO] [stderr]    Compiling libc v0.2.189
[INFO] [stderr]    Compiling cfg-if v1.0.5
[INFO] [stderr]    Compiling typenum v1.20.1
[INFO] [stderr]    Compiling version_check v0.9.5
[INFO] [stderr]    Compiling subtle v2.6.1
[INFO] [stderr]    Compiling const-oid v0.9.6
[INFO] [stderr]    Compiling cpufeatures v0.2.17
[INFO] [stderr]    Compiling stable_deref_trait v1.2.1
[INFO] [stderr]    Compiling base64ct v1.8.3
[INFO] [stderr]    Compiling bytes v1.12.1
[INFO] [stderr]    Compiling smallvec v1.16.1
[INFO] [stderr]    Compiling shlex v2.0.1
[INFO] [stderr]    Compiling generic-array v0.14.7
[INFO] [stderr]    Compiling find-msvc-tools v0.1.13
[INFO] [stderr]    Compiling vcpkg v0.2.15
[INFO] [stderr]    Compiling memchr v2.8.3
[INFO] [stderr]    Compiling libm v0.2.16
[INFO] [stderr]    Compiling cc v1.4.7
[INFO] [stderr]    Compiling pkg-config v0.3.34
[INFO] [stderr]    Compiling autocfg v1.5.1
[INFO] [stderr]    Compiling cmov v0.5.4
[INFO] [stderr]    Compiling syn v2.0.119
[INFO] [stderr]    Compiling syn v3.0.6
[INFO] [stderr]    Compiling rustversion v1.0.23
[INFO] [stderr]    Compiling hybrid-array v0.4.15
[INFO] [stderr]    Compiling num-traits v0.2.19
[INFO] [stderr]    Compiling getrandom v0.2.17
[INFO] [stderr]    Compiling ctutils v0.4.2
[INFO] [stderr]    Compiling const-oid v0.10.2
[INFO] [stderr]    Compiling rand_core v0.6.4
[INFO] [stderr]    Compiling base64 v0.22.1
[INFO] [stderr]    Compiling byteorder v1.5.0
[INFO] [stderr]    Compiling block-buffer v0.12.1
[INFO] [stderr]    Compiling crypto-common v0.2.2
[INFO] [stderr]    Compiling log v0.4.34
[INFO] [stderr]    Compiling openssl-sys v0.9.117
[INFO] [stderr]    Compiling cpufeatures v0.3.1
[INFO] [stderr]    Compiling litemap v0.8.3
[INFO] [stderr]    Compiling writeable v0.6.4
[INFO] [stderr]    Compiling crypto-common v0.1.7
[INFO] [stderr]    Compiling block-buffer v0.10.4
[INFO] [stderr]    Compiling inout v0.1.4
[INFO] [stderr]    Compiling rand_core v0.10.1
[INFO] [stderr]    Compiling digest v0.10.7
[INFO] [stderr]    Compiling getrandom v0.4.3
[INFO] [stderr]    Compiling socket2 v0.6.5
[INFO] [stderr]    Compiling pem-rfc7468 v0.7.0
[INFO] [stderr]    Compiling tinyvec v1.13.3
[INFO] [stderr]    Compiling percent-encoding v2.3.2
[INFO] [stderr]    Compiling digest v0.11.3
[INFO] [stderr]    Compiling scopeguard v1.2.0
[INFO] [stderr]    Compiling zerocopy v0.8.57
[INFO] [stderr]    Compiling icu_properties_data v2.3.0
[INFO] [stderr]    Compiling icu_normalizer_data v2.3.0
[INFO] [stderr]    Compiling pin-project-lite v0.2.17
[INFO] [stderr]    Compiling foreign-types-shared v0.1.1
[INFO] [stderr]    Compiling utf8_iter v1.0.4
[INFO] [stderr]    Compiling openssl v0.10.81
[INFO] [stderr]    Compiling bitflags v2.13.2
[INFO] [stderr]    Compiling foreign-types v0.3.2
[INFO] [stderr]    Compiling chacha20 v0.10.2
[INFO] [stderr]    Compiling unicode-normalization v0.1.25
[INFO] [stderr]    Compiling mio v1.2.3
[INFO] [stderr]    Compiling crc32fast v1.5.2
[INFO] [stderr]    Compiling semver v1.0.28
[INFO] [stderr]    Compiling native-tls v0.2.15
[INFO] [stderr]    Compiling itoa v1.0.18
[INFO] [stderr]    Compiling num-integer v0.1.47
[INFO] [stderr]    Compiling parking_lot_core v0.9.12
[INFO] [stderr]    Compiling futures-sink v0.3.34
[INFO] [stderr]    Compiling unicode-properties v0.1.4
[INFO] [stderr]    Compiling unicode-bidi v0.3.18
[INFO] [stderr]    Compiling futures-core v0.3.34
[INFO] [stderr]    Compiling serde_core v1.0.229
[INFO] [stderr]    Compiling rustc_version v0.4.1
[INFO] [stderr]    Compiling tokio v1.53.1
[INFO] [stderr]    Compiling rand v0.10.3
[INFO] [stderr]    Compiling sha2 v0.11.0
[INFO] [stderr]    Compiling md-5 v0.11.0
[INFO] [stderr]    Compiling hmac v0.13.0
[INFO] [stderr]    Compiling stringprep v0.1.5
[INFO] [stderr]    Compiling universal-hash v0.5.1
[INFO] [stderr]    Compiling zmij v1.0.23
[INFO] [stderr]    Compiling siphasher v1.0.3
[INFO] [stderr]    Compiling adler2 v2.0.1
[INFO] [stderr]    Compiling opaque-debug v0.3.1
[INFO] [stderr]    Compiling simd-adler32 v0.3.10
[INFO] [stderr]    Compiling openssl-probe v0.1.6
[INFO] [stderr]    Compiling fallible-iterator v0.2.0
[INFO] [stderr]    Compiling postgres-protocol v0.6.12
[INFO] [stderr]    Compiling miniz_oxide v0.9.1
[INFO] [stderr]    Compiling phf_shared v0.13.1
[INFO] [stderr]    Compiling curve25519-dalek v4.1.3
[INFO] [stderr]    Compiling synstructure v0.14.0
[INFO] [stderr]    Compiling lock_api v0.4.14
[INFO] [stderr]    Compiling sha2 v0.10.9
[INFO] [stderr]    Compiling aho-corasick v1.1.5
[INFO] [stderr]    Compiling getrandom v0.3.4
[INFO] [stderr]    Compiling httparse v1.10.1
[INFO] [stderr]    Compiling zeroize_derive v1.5.0
[INFO] [stderr]    Compiling openssl-macros v0.1.1
[INFO] [stderr]    Compiling zeroize v1.9.0
[INFO] [stderr]    Compiling cipher v0.4.4
[INFO] [stderr]    Compiling der v0.7.10
[INFO] [stderr]    Compiling thiserror v2.0.20
[INFO] [stderr]    Compiling zerofrom-derive v0.1.8
[INFO] [stderr]    Compiling yoke-derive v0.8.3
[INFO] [stderr]    Compiling zerofrom v0.1.8
[INFO] [stderr]    Compiling zerovec-derive v0.11.6
[INFO] [stderr]    Compiling yoke v0.8.3
[INFO] [stderr]    Compiling displaydoc v0.2.7
[INFO] [stderr]    Compiling spki v0.7.3
[INFO] [stderr]    Compiling ppv-lite86 v0.2.21
[INFO] [stderr]    Compiling pkcs8 v0.10.2
[INFO] [stderr]    Compiling serde_json v1.0.151
[INFO] [stderr]    Compiling crossbeam-utils v0.8.23
[INFO] [stderr]    Compiling zerotrie v0.2.5
[INFO] [stderr]    Compiling futures-task v0.3.34
[INFO] [stderr]    Compiling serde v1.0.229
[INFO] [stderr]    Compiling regex-syntax v0.8.11
[INFO] [stderr]    Compiling zerovec v0.11.8
[INFO] [stderr]    Compiling futures-util v0.3.34
[INFO] [stderr]    Compiling rand_chacha v0.3.1
[INFO] [stderr]    Compiling tokio-util v0.7.19
[INFO] [stderr]    Compiling thiserror-impl v2.0.20
[INFO] [stderr]    Compiling serde_derive v1.0.229
[INFO] [stderr]    Compiling async-trait v0.1.92
[INFO] [stderr]    Compiling tinystr v0.8.4
[INFO] [stderr]    Compiling icu_locale_core v2.3.0
[INFO] [stderr]    Compiling potential_utf v0.1.6
[INFO] [stderr]    Compiling icu_collections v2.3.0
[INFO] [stderr]    Compiling multiversion-macros v0.9.0
[INFO] [stderr]    Compiling curve25519-dalek-derive v0.1.1
[INFO] [stderr]    Compiling parking_lot v0.12.5
[INFO] [stderr]    Compiling flate2 v1.1.10
[INFO] [stderr]    Compiling icu_provider v2.3.1
[INFO] [stderr]    Compiling regex-automata v0.4.18
[INFO] [stderr]    Compiling phf v0.13.1
[INFO] [stderr]    Compiling postgres-types v0.2.14
[INFO] [stderr]    Compiling icu_normalizer v2.3.0
[INFO] [stderr]    Compiling icu_properties v2.3.0
[INFO] [stderr]    Compiling futures-channel v0.3.34
[INFO] [stderr]    Compiling signature v2.2.0
[INFO] [stderr]    Compiling encoding_rs v0.8.41
[INFO] [stderr]    Compiling whoami v2.1.3
[INFO] [stderr]    Compiling spin v0.9.9
[INFO] [stderr]    Compiling num-bigint-dig v0.8.6
[INFO] [stderr]    Compiling mysql_common v0.37.3
[INFO] [stderr]    Compiling tokio-postgres v0.7.18
[INFO] [stderr]    Compiling lazy_static v1.5.0
[INFO] [stderr]    Compiling multiversion v0.9.0
[INFO] [stderr]    Compiling idna_adapter v1.2.2
[INFO] [stderr]    Compiling idna v1.1.0
[INFO] [stderr]    Compiling rand v0.8.8
[INFO] [stderr]    Compiling rustls-pki-types v1.15.1
[INFO] [stderr]    Compiling derive_utils v0.15.1
[INFO] [stderr]    Compiling polyval v0.6.2
[INFO] [stderr]    Compiling num-bigint v0.4.8
[INFO] [stderr]    Compiling num-iter v0.1.46
[INFO] [stderr]    Compiling http v1.5.0
[INFO] [stderr]    Compiling btoi v0.5.0
[INFO] [stderr]    Compiling form_urlencoded v1.2.2
[INFO] [stderr]    Compiling sha1 v0.10.7
[INFO] [stderr]    Compiling hmac v0.12.1
[INFO] [stderr]    Compiling aead v0.5.2
[INFO] [stderr]    Compiling pem-rfc7468 v1.0.0
[INFO] [stderr]    Compiling multiversion_no_op v1.0.0
[INFO] [stderr]    Compiling saturating v0.1.0
[INFO] [stderr]    Compiling uuid v1.26.1
[INFO] [stderr]    Compiling base64 v0.23.1
[INFO] [stderr]    Compiling core_detect v1.0.0
[INFO] [stderr]    Compiling mysql v28.0.2
[INFO] [stderr]    Compiling simdutf8 v0.1.5
[INFO] [stderr]    Compiling der v0.8.2
[INFO] [stderr]    Compiling url v2.5.8
[INFO] [stderr]    Compiling ureq-proto v0.6.4
[INFO] [stderr]    Compiling regex v1.13.1
[INFO] [stderr]    Compiling ghash v0.5.1
[INFO] [stderr]    Compiling io-enum v1.2.1
[INFO] [stderr]    Compiling crossbeam-queue v0.3.14
[INFO] [stderr]    Compiling webpki-root-certs v1.0.9
[INFO] [stderr]    Compiling ed25519 v2.2.3
[INFO] [stderr]    Compiling tokio-native-tls v0.3.1
[INFO] [stderr]    Compiling pkcs1 v0.7.5
[INFO] [stderr]    Compiling blowfish v0.9.1
[INFO] [stderr]    Compiling aes v0.8.4
[INFO] [stderr]    Compiling ctr v0.9.2
[INFO] [stderr]    Compiling chacha20 v0.9.1
[INFO] [stderr]    Compiling poly1305 v0.8.0
[INFO] [stderr]    Compiling blake2 v0.10.6
[INFO] [stderr]    Compiling arc-swap v1.9.2
[INFO] [stderr]    Compiling pem v3.0.6
[INFO] [stderr]    Compiling password-hash v0.5.0
[INFO] [stderr]    Compiling twox-hash v2.1.4
[INFO] [stderr]    Compiling ascii v1.1.0
[INFO] [stderr]    Compiling chunked_transfer v1.5.0
[INFO] [stderr]    Compiling bufstream v0.1.4
[INFO] [stderr]    Compiling lru v0.16.4
[INFO] [stderr]    Compiling httpdate v1.0.3
[INFO] [stderr]    Compiling utf8-zero v0.8.1
[INFO] [stderr]    Compiling keccak v0.1.6
[INFO] [stderr]    Compiling neyuki v0.1.1 (/opt/rustwide/workdir)
[INFO] [stderr]    Compiling ureq v3.4.2
[INFO] [stderr]    Compiling tiny_http v0.12.0
[INFO] [stderr]    Compiling argon2 v0.5.3
[INFO] [stderr]    Compiling sha3 v0.10.9
[INFO] [stderr]    Compiling rsa v0.9.10
[INFO] [stderr]    Compiling chacha20poly1305 v0.10.1
[INFO] [stderr]    Compiling aes-gcm v0.10.3
[INFO] [stderr]    Compiling bcrypt v0.16.0
[INFO] [stderr]    Compiling postgres-native-tls v0.5.3
[INFO] [stderr]    Compiling ed25519-dalek v2.2.0
[INFO] [stderr]    Compiling postgres v0.19.14
[INFO] [stderr]    Compiling hkdf v0.12.4
[INFO] [stderr]    Compiling pbkdf2 v0.12.2
[INFO] [stderr]    Compiling x25519-dalek v2.0.1
[INFO] [stderr]    Compiling md-5 v0.10.6
[INFO] [stderr]     Finished `release` profile [optimized] target(s) in 3m 48s
[INFO] running `Command { std: "docker" "inspect" "7cdf338ea9607d310e02b28f557a7dfc1a702b52fdf5cbdb06c083dc92af28da", kill_on_drop: false }`
[INFO] running `Command { std: "docker" "exec" "-e" "SOURCE_DIR=/opt/rustwide/workdir" "-e" "CARGO_HOME=/opt/rustwide/cargo-home" "-e" "RUSTUP_HOME=/opt/rustwide/rustup-home" "-e" "CARGO_TARGET_DIR=/opt/rustwide/target" "-e" "CARGO_INCREMENTAL=0" "-e" "RUST_BACKTRACE=full" "-e" "RUSTFLAGS=--cap-lints=warn" "-e" "RUSTDOCFLAGS=--cap-lints=warn" "-w" "/opt/rustwide/workdir" "--user" "0:0" "7cdf338ea9607d310e02b28f557a7dfc1a702b52fdf5cbdb06c083dc92af28da" "/opt/rustwide/cargo-home/bin/cargo" "+1.100.0-beta.1" "test" "--frozen" "--no-run" "--message-format=json" "--release", kill_on_drop: false }`
[INFO] [stderr]    Compiling neyuki v0.1.1 (/opt/rustwide/workdir)
[INFO] [stderr]     Finished `release` profile [optimized] target(s) in 1m 38s
[INFO] running `Command { std: "docker" "inspect" "7cdf338ea9607d310e02b28f557a7dfc1a702b52fdf5cbdb06c083dc92af28da", kill_on_drop: false }`
[INFO] running `Command { std: "docker" "exec" "-e" "SOURCE_DIR=/opt/rustwide/workdir" "-e" "CARGO_HOME=/opt/rustwide/cargo-home" "-e" "RUSTUP_HOME=/opt/rustwide/rustup-home" "-e" "CARGO_TARGET_DIR=/opt/rustwide/target" "-e" "CARGO_INCREMENTAL=0" "-e" "RUST_BACKTRACE=full" "-e" "RUSTFLAGS=--cap-lints=warn" "-e" "RUSTDOCFLAGS=--cap-lints=warn" "-w" "/opt/rustwide/workdir" "--user" "0:0" "7cdf338ea9607d310e02b28f557a7dfc1a702b52fdf5cbdb06c083dc92af28da" "/opt/rustwide/cargo-home/bin/cargo" "+1.100.0-beta.1" "test" "--frozen" "--release", kill_on_drop: false }`
[INFO] [stderr]     Finished `release` profile [optimized] target(s) in 0.27s
[INFO] [stderr]      Running unittests src/main.rs (/opt/rustwide/target/release/build/neyuki/f4c9fcf47564915b/out/neyuki-f4c9fcf47564915b)
[INFO] [stdout] 
[INFO] [stdout] running 167 tests
[INFO] [stdout] test bytecode::serialize::tests::test_magic_header_and_version ... ok
[INFO] [stdout] test bytecode::parser::tests::test_disasm_and_parse_assembly ... ok
[INFO] [stdout] test bytecode::parser::tests::test_unescape_and_string_constants_roundtrip ... ok
[INFO] [stdout] test bytecode::parser::tests::test_unknown_instruction_errors ... ok
[INFO] [stdout] test bytecode::parser::tests::test_all_instruction_types_roundtrip ... ok
[INFO] [stdout] test bytecode::serialize::tests::test_checksum_mismatch_caught ... ok
[INFO] [stdout] test bytecode::serialize::tests::test_fuzz_deserialize_never_panics ... ok
[INFO] [stdout] test bytecode::serialize::tests::test_multiregister_range_rejected ... ok
[INFO] [stdout] test bytecode::serialize::tests::test_proto_roundtrip ... ok
[INFO] [stdout] test bytecode::serialize::tests::test_verifier_catches_corrupt_bytecode ... ok
[INFO] [stdout] test bytecode::serialize::tests::test_rejects_invalid_magic ... ok
[INFO] [stdout] test bytecode::serialize::tests::test_max_registers_zero_rejected ... ok
[INFO] [stdout] test compiler::constant_fold::tests::test_fold_bitwise ... ok
[INFO] [stdout] test compiler::builtins_folding::tests::test_math_folding ... ok
[INFO] [stdout] test compiler::constant_fold::tests::test_fold_builtin_math_and_bit ... ok
[INFO] [stdout] test compiler::constant_fold::tests::test_fold_equality_int_float_and_float_modulo ... ok
[INFO] [stdout] test compiler::constant_fold::tests::test_fold_arithmetic ... ok
[INFO] [stdout] test compiler::builtins_folding::tests::test_bit_and_string_folding ... ok
[INFO] [stdout] test compiler::constant_fold::tests::test_fold_does_not_fold_shadowed_math ... ok
[INFO] [stdout] test compiler::cost_model::tests::test_inline_heuristics ... ok
[INFO] [stdout] test compiler::ir::tests::test_ast_to_ir_and_constant_folding ... ok
[INFO] [stdout] test compiler::ir::tests::test_ir_basic ... ok
[INFO] [stdout] test compiler::ir::tests::test_cfg_optimizations ... ok
[INFO] [stdout] test compiler::ir::tests::test_complex_control_flow_3_level_loops_and_closures ... ok
[INFO] [stdout] test compiler::cost_model::tests::test_instruction_cost_model ... ok
[INFO] [stdout] test compiler::ir::tests::test_cfg_construction_and_dom_tree ... ok
[INFO] [stdout] test compiler::ir::tests::test_cfg_fixpoint_optimization_driver ... ok
[INFO] [stdout] test compiler::ir::tests::test_ir_and_or_short_circuit ... ok
[INFO] [stdout] test compiler::ir::tests::test_ir_call_does_not_clobber_live_registers ... ok
[INFO] [stdout] test compiler::ir::tests::test_ir_capture_across_two_function_levels ... ok
[INFO] [stdout] test compiler::ir::tests::test_ir_if_control_flow ... ok
[INFO] [stdout] test compiler::ir::tests::test_ir_depth_limit_rejected ... ok
[INFO] [stdout] test compiler::ir::tests::test_ir_generic_for_terminates ... ok
[INFO] [stdout] test compiler::ir::tests::test_ir_multiple_assignment_from_call ... ok
[INFO] [stdout] test compiler::ir::tests::test_ir_closure_and_sub_function ... ok
[INFO] [stdout] test compiler::ir::tests::test_ir_closure_capture_survives_register_reuse ... ok
[INFO] [stdout] test compiler::ir::tests::test_ir_numeric_for ... ok
[INFO] [stdout] test compiler::ir::tests::test_ir_recursive_global_function ... ok
[INFO] [stdout] test compiler::ir::tests::test_ir_repeat_and_interpolation ... ok
[INFO] [stdout] test compiler::ir::tests::test_ir_spreads_call_results ... ok
[INFO] [stdout] test compiler::ir::tests::test_ir_while_loop ... ok
[INFO] [stdout] test compiler::ir::tests::test_ssa_construction_and_destruction ... ok
[INFO] [stdout] test compiler::ir::tests::test_ssa_constant_propagation ... ok
[INFO] [stdout] test compiler::table_shape::tests::test_table_shape_duplicate_keys ... ok
[INFO] [stdout] test compiler::table_shape::tests::test_table_shape_pure_array ... ok
[INFO] [stdout] test compiler::tests::test_compile_source_to_bytecode_magic ... ok
[INFO] [stdout] test diagnostics::tests::test_diagnostic_rendering ... ok
[INFO] [stdout] test compiler::tests::test_compile_via_ir_parity_with_direct_compiler ... ok
[INFO] [stdout] test compiler::table_shape::tests::test_table_shape_record ... ok
[INFO] [stdout] test fuzz::file::bytecode_fuzz::tests::test_file_corrupted_instructions ... ok
[INFO] [stdout] test compiler::ir::tests::test_ir_reuses_registers_across_many_locals ... ok
[INFO] [stdout] test compiler::tests::test_compile_registers_and_proto ... ok
[INFO] [stdout] test compiler::tests::test_compile_error_on_invalid_interpolation ... ok
[INFO] [stdout] test fuzz::file::bytecode_fuzz::tests::test_file_out_of_bounds_jumps ... ok
[INFO] [stdout] test fuzz::file::bytecode_fuzz::tests::test_file_random_byte_streams ... ok
[INFO] [stdout] test fuzz::file::bytecode_fuzz::tests::test_file_corrupted_magic ... ok
[INFO] [stdout] test fuzz::file::bytecode_fuzz::tests::test_file_truncated_bytecode ... ok
[INFO] [stdout] test fuzz::memory::mem_fuzz::tests::test_memory_buffer_copy_boundaries ... ok
[INFO] [stdout] test fuzz::memory::mem_fuzz::tests::test_memory_buffer_integer_overflow ... ok
[INFO] [stdout] test fuzz::memory::mem_fuzz::tests::test_memory_gc_cyclic_stress ... ok
[INFO] [stdout] test fuzz::memory::mem_fuzz::tests::test_memory_vm_recursion_protection ... ok
[INFO] [stdout] test fuzz::tree::ast_fuzz::tests::test_tree_malformed_interpolations ... ok
[INFO] [stdout] test fuzz::tree::ast_fuzz::tests::test_tree_nested_parentheses ... ok
[INFO] [stdout] test fuzz::tree::ast_fuzz::tests::test_tree_unbalanced_delimiters ... ok
[INFO] [stdout] test fuzz::tree::ast_fuzz::tests::test_tree_operator_chains ... ok
[INFO] [stdout] test fuzz::vm::vm_fuzz::tests::test_vm_fuzz_all ... ok
[INFO] [stdout] test http_lib::tests::test_forward_rejects_bad_ports ... ok
[INFO] [stdout] test http_lib::tests::test_accept_does_not_block_on_an_upgrade_request ... ok
[INFO] [stdout] test lexer::tests::tokenizes_keywords_numbers_and_strings ... ok
[INFO] [stdout] test lexer::tests::tracks_line_and_column ... ok
[INFO] [stdout] test lint::tests::test_lint_source_clean ... ok
[INFO] [stdout] test lexer::tests::reads_long_bracket_strings ... ok
[INFO] [stdout] test lint::tests::test_lint_source_detects_unused ... ok
[INFO] [stdout] test parser::tests::parse_program_produces_real_spans ... ok
[INFO] [stdout] test http_lib::tests::test_proxy_passes_binary_bodies_and_strips_hop_headers ... ok
[INFO] [stdout] test parser::tests::parses_anonymous_function_expression ... ok
[INFO] [stdout] test parser::tests::parses_compound_and_multiple_assignment ... ok
[INFO] [stdout] test parser::tests::parses_dotted_const_binding_as_assignment ... ok
[INFO] [stdout] test parser::tests::parses_dotted_typed_function_bindings ... ok
[INFO] [stdout] test http_lib::tests::test_proxy_answers_502_when_the_upstream_is_down ... ok
[INFO] [stdout] test parser::tests::parses_typed_local_and_function_bindings ... ok
[INFO] [stdout] test parser::tests::parses_typed_variadic_parameter_and_increment ... ok
[INFO] [stdout] test parser::tests::test_parser_returns_err_on_depth_limit ... ok
[INFO] [stdout] test parser::tests::parses_local_assignment_and_call ... ok
[INFO] [stdout] test parser::tests::parses_numeric_for_loop ... ok
[INFO] [stdout] test parser::tests::parses_immediately_invoked_function_expression ... ok
[INFO] [stdout] test parser::tests::test_parser_returns_err_on_syntax_errors ... ok
[INFO] [stdout] test runtime::tests::test_runtime_coroutine_yield_and_resume ... ok
[INFO] [stdout] test runtime::tests::test_runtime_coroutine_wrap ... ok
[INFO] [stdout] test runtime::tests::test_runtime_tonumber_and_pcall ... ok
[INFO] [stdout] test runtime::tests::test_runtime_try_user_function ... ok
[INFO] [stdout] test sema::tests::test_sema_function_arity ... ok
[INFO] [stdout] test sema::tests::test_sema_reassign_const ... ok
[INFO] [stdout] test sema::tests::test_sema_shadowing ... ok
[INFO] [stdout] test runtime::tests::test_runtime_debug_traceback_and_getinfo ... ok
[INFO] [stdout] test sema::tests::test_sema_type_mismatch ... ok
[INFO] [stdout] test sema::tests::test_sema_unreachable_code ... ok
[INFO] [stdout] test sema::tests::test_sema_unused_variable ... ok
[INFO] [stdout] test sql_lib::tests::driver_comes_from_the_url_scheme ... ok
[INFO] [stdout] test sema::tests::test_sema_undeclared_variable ... ok
[INFO] [stdout] test sql_lib::tests::dates_and_times_format_like_the_server ... ok
[INFO] [stdout] test sql_lib::tests::numeric_renders_every_digit ... ok
[INFO] [stdout] test sql_lib::tests::params_take_text_form ... ok
[INFO] [stdout] test runtime::tests::test_runtime_pcall_recursion_overflow ... ok
[INFO] [stdout] test vm::gc::tests::test_gc_3_cycle ... ok
[INFO] [stdout] test vm::gc::tests::test_gc_cross_reference ... ok
[INFO] [stdout] test vm::gc::tests::test_gc_external_reference_prevents_data_corruption ... ok
[INFO] [stdout] test vm::gc::tests::test_gc_root_preservation ... ok
[INFO] [stdout] test vm::gc::tests::test_gc_self_reference ... ok
[INFO] [stdout] test vm::gc::tests::test_gc_write_barrier ... ok
[INFO] [stdout] test vm::libs::os::tests::test_os_getenv_security_sandbox ... ok
[INFO] [stdout] test vm::machine::tests::test_vm_and_or_short_circuit ... ok
[INFO] [stdout] test vm::machine::tests::test_vm_arithmetic ... ok
[INFO] [stdout] test vm::machine::tests::test_vm_bit_library ... ok
[INFO] [stdout] test vm::machine::tests::test_vm_bitwise_not_and_shifts ... ok
[INFO] [stdout] test vm::machine::tests::test_vm_bitwise_operations ... ok
[INFO] [stdout] test vm::machine::tests::test_vm_block_local_captured_by_closure ... ok
[INFO] [stdout] test vm::machine::tests::test_vm_buffer_library ... ok
[INFO] [stdout] test vm::machine::tests::test_vm_call_stack_overflow_caught ... ok
[INFO] [stdout] test vm::machine::tests::test_vm_coroutine_library ... ok
[INFO] [stdout] test vm::machine::tests::test_vm_coroutine_no_magic_yield_collision ... ok
[INFO] [stdout] test vm::machine::tests::test_vm_coroutine_real_yield_resume ... ok
[INFO] [stdout] test vm::machine::tests::test_vm_crypto_library ... ok
[INFO] [stdout] test vm::machine::tests::test_vm_debug_getinfo_and_traceback ... ok
[INFO] [stdout] test vm::machine::tests::test_vm_debug_library ... ok
[INFO] [stdout] test vm::buffer::tests::test_buffer_bounds_overflow_rejected ... ok
[INFO] [stdout] test vm::machine::tests::test_vm_direct_table_generic_for ... ok
[INFO] [stdout] test vm::machine::tests::test_vm_for_prep_and_for_loop ... ok
[INFO] [stdout] test vm::machine::tests::test_vm_gc_library ... ok
[INFO] [stdout] test vm::machine::tests::test_vm_if_and_loops ... ok
[INFO] [stdout] test vm::machine::tests::test_vm_json_library ... ok
[INFO] [stdout] test vm::machine::tests::test_vm_logical_shifts ... ok
[INFO] [stdout] test vm::machine::tests::test_vm_math_library ... ok
[INFO] [stdout] test vm::machine::tests::test_vm_metatables_index_newindex ... ok
[INFO] [stdout] test vm::machine::tests::test_vm_functions_and_calls ... ok
[INFO] [stdout] test vm::machine::tests::test_vm_metatables_operators_and_call ... ok
[INFO] [stdout] test vm::machine::tests::test_vm_missing_returns_pad_with_nil ... ok
[INFO] [stdout] test vm::machine::tests::test_vm_numeric_for_zero_step_rejected ... ok
[INFO] [stdout] test vm::machine::tests::test_vm_open_upvalue_mutation ... ok
[INFO] [stdout] test vm::machine::tests::test_vm_pcall_and_error ... ok
[INFO] [stdout] test vm::machine::tests::test_vm_raw_builtins ... ok
[INFO] [stdout] test vm::machine::tests::test_vm_missing_param_nil_initialization ... ok
[INFO] [stdout] test vm::machine::tests::test_vm_require_bundled_libs ... ok
[INFO] [stdout] test vm::machine::tests::test_vm_require_path_traversal_blocked ... ok
[INFO] [stdout] test http_lib::tests::test_forward_relays_raw_bytes_and_close_frees_the_port ... ok
[INFO] [stdout] test vm::machine::tests::test_vm_return_forwards_every_value ... ok
[INFO] [stdout] test vm::machine::tests::test_vm_setlist_table_construct ... ok
[INFO] [stdout] test vm::machine::tests::test_vm_string_format ... ok
[INFO] [stdout] test vm::machine::tests::test_vm_require_caches_modules ... ok
[INFO] [stdout] test vm::machine::tests::test_vm_string_library ... ok
[INFO] [stdout] test vm::machine::tests::test_vm_string_rep_limits ... ok
[INFO] [stdout] test vm::machine::tests::test_vm_string_sub_utf8_safe ... ok
[INFO] [stdout] test vm::machine::tests::test_vm_table_library ... ok
[INFO] [stdout] test vm::machine::tests::test_vm_table_sort_custom_comparator ... ok
[INFO] [stdout] test vm::machine::tests::test_vm_tables ... ok
[INFO] [stdout] test vm::machine::tests::test_vm_tonumber_bases ... ok
[INFO] [stdout] test vm::machine::tests::test_vm_utf8_library ... ok
[INFO] [stdout] test vm::machine::tests::test_vm_varargs ... ok
[INFO] [stdout] test vm::machine::tests::test_vm_varargs_spread_into_call_and_table ... ok
[INFO] [stdout] test vm::machine::tests::test_vm_xpcall_with_args_and_custom_handler ... ok
[INFO] [stdout] test vm::machine::tests::test_vm_string_gmatch ... ok
[INFO] [stdout] test vm::machine::tests::test_vm_requires_bundled_http_module ... ok
[INFO] [stdout] test tests::integration_tests::test_cargo_fmt_check ... FAILED
[INFO] [stdout] test fuzz::tests::test_run_all_fuzz_suite ... ok
[INFO] [stdout] test fuzz::libs::lib_fuzz::tests::test_libs_fuzz_all ... ok
[INFO] [stdout] test tests::integration_tests::test_all_nyk_integration_files ... FAILED
[INFO] [stdout] test bench::tests::test_benchmarks_smoke ... ok
[INFO] [stdout] 
[INFO] [stdout] failures:
[INFO] [stdout] 
[INFO] [stdout] ---- tests::integration_tests::test_cargo_fmt_check stdout ----
[INFO] [stdout] 
[INFO] [stdout] thread 'tests::integration_tests::test_cargo_fmt_check' (2777) panicked at src/tests.rs:135:13:
[INFO] [stdout] cargo fmt --all -- --check failed:
[INFO] [stdout] stdout: 
[INFO] [stdout] stderr: error: 'cargo-fmt' is not installed for the toolchain '1.100.0-beta.1-x86_64-unknown-linux-gnu'.
[INFO] [stdout] help: run `rustup component add --toolchain 1.100.0-beta.1-x86_64-unknown-linux-gnu rustfmt` to install it
[INFO] [stdout] 
[INFO] [stdout] stack backtrace:
[INFO] [stdout]    0:     0x5b9250f38e87 - <unknown>
[INFO] [stdout]    1:     0x5b9250da3c7a - <unknown>
[INFO] [stdout]    2:     0x5b9250f3843b - <unknown>
[INFO] [stdout]    3:     0x5b9250f37f1f - <unknown>
[INFO] [stdout]    4:     0x5b9250f37b4a - <unknown>
[INFO] [stdout]    5:     0x5b9250f37685 - <unknown>
[INFO] [stdout]    6:     0x5b9250f5e4d1 - <unknown>
[INFO] [stdout]    7:     0x5b9250f5e489 - <unknown>
[INFO] [stdout]    8:     0x5b9250f5e98c - <unknown>
[INFO] [stdout]    9:     0x5b9250da3b0b - <unknown>
[INFO] [stdout]   10:     0x5b9250d46a3d - <unknown>
[INFO] [stdout]   11:     0x5b9250f8106b - <unknown>
[INFO] [stdout]   12:     0x5b9250f7d031 - <unknown>
[INFO] [stdout]   13:     0x5b9250f7c81c - <unknown>
[INFO] [stdout]   14:     0x5b9250f9a23c - <unknown>
[INFO] [stdout]   15:     0x5b9250f60c54 - <unknown>
[INFO] [stdout]   16:     0x7610a8d91dfa - <unknown>
[INFO] [stdout]   17:     0x7610a8e253d4 - clone
[INFO] [stdout]   18:                0x0 - <unknown>
[INFO] [stdout] 
[INFO] [stdout] ---- tests::integration_tests::test_all_nyk_integration_files stdout ----
[INFO] [stdout] assignment ok
[INFO] [stdout] [pass] bitwise operators (and, or, xor, not, shifts) verified
[INFO] [stdout] user 1: janis
[INFO] [stdout] user 2: syv
[INFO] [stdout] user 3: root
[INFO] [stdout] score janis = 100
[INFO] [stdout] score syv = 95
[INFO] [stdout] running as fallback guest
[INFO] [stdout] [pass] crypto.hash / hmac / equals
[INFO] [stdout] [pass] crypto.pbkdf2 / hkdf
[INFO] [stdout] [pass] crypto.hashPassword / verifyPassword
[INFO] [stdout] [pass] crypto.encrypt / decrypt
[INFO] [stdout] [pass] crypto.generateKeyPair / sign / verify / publicEncrypt / sharedSecret
[INFO] [stdout] [pass] crypto.randomBytes / randomInt / uuid / encode / decode
[INFO] [stdout] [pass] for loops and setlist
[INFO] [stdout] 
[INFO] [stdout] thread 'tests::integration_tests::test_all_nyk_integration_files' (2776) panicked at src/tests.rs:120:13:
[INFO] [stdout] Test script 'tests/fs_operations.nyk' failed: Some("cannot create directory `.fs-test-tmp`: Read-only file system (os error 30)")
[INFO] [stdout] stack backtrace:
[INFO] [stdout]    0:     0x5b9250f38e87 - <unknown>
[INFO] [stdout]    1:     0x5b9250da3c7a - <unknown>
[INFO] [stdout]    2:     0x5b9250f3843b - <unknown>
[INFO] [stdout]    3:     0x5b9250f37f1f - <unknown>
[INFO] [stdout]    4:     0x5b9250f37b4a - <unknown>
[INFO] [stdout]    5:     0x5b9250f37685 - <unknown>
[INFO] [stdout]    6:     0x5b9250f5e4d1 - <unknown>
[INFO] [stdout]    7:     0x5b9250f5e489 - <unknown>
[INFO] [stdout]    8:     0x5b9250f5e98c - <unknown>
[INFO] [stdout]    9:     0x5b9250da3b0b - <unknown>
[INFO] [stdout]   10:     0x5b9250d4764f - <unknown>
[INFO] [stdout]   11:     0x5b9250f8106b - <unknown>
[INFO] [stdout]   12:     0x5b9250f7d031 - <unknown>
[INFO] [stdout]   13:     0x5b9250f7c81c - <unknown>
[INFO] [stdout]   14:     0x5b9250f9a23c - <unknown>
[INFO] [stdout]   15:     0x5b9250f60c54 - <unknown>
[INFO] [stdout]   16:     0x7610a8d91dfa - <unknown>
[INFO] [stdout]   17:     0x7610a8e253d4 - clone
[INFO] [stdout]   18:                0x0 - <unknown>
[INFO] [stdout] 
[INFO] [stdout] 
[INFO] [stdout] failures:
[INFO] [stdout]     tests::integration_tests::test_all_nyk_integration_files
[INFO] [stdout]     tests::integration_tests::test_cargo_fmt_check
[INFO] [stdout] 
[INFO] [stdout] test result: FAILED. 165 passed; 2 failed; 0 ignored; 0 measured; 0 filtered out; finished in 11.73s
[INFO] [stdout] 
[INFO] [stderr] error: test failed, to rerun pass `--bin neyuki`
[INFO] running `Command { std: "docker" "inspect" "7cdf338ea9607d310e02b28f557a7dfc1a702b52fdf5cbdb06c083dc92af28da", kill_on_drop: false }`
[INFO] running `Command { std: "docker" "rm" "-f" "7cdf338ea9607d310e02b28f557a7dfc1a702b52fdf5cbdb06c083dc92af28da", kill_on_drop: false }`
[INFO] [stdout] 7cdf338ea9607d310e02b28f557a7dfc1a702b52fdf5cbdb06c083dc92af28da
