[INFO] fetching crate nexus_cxx 0.1.0...
[INFO] testing nexus_cxx-0.1.0 against 1.99.0-beta.8+cargoflags=--release for beta-release-1.100-2
[INFO] extracting crate nexus_cxx 0.1.0 into /workspace/builds/worker-2-tc1/source
[INFO] started tweaking crates.io crate nexus_cxx 0.1.0
[INFO] finished tweaking crates.io crate nexus_cxx 0.1.0
[INFO] tweaked toml for crates.io crate nexus_cxx 0.1.0 written to /workspace/builds/worker-2-tc1/source/Cargo.toml
[INFO] validating manifest of crates.io crate nexus_cxx 0.1.0 on toolchain 1.99.0-beta.8
[INFO] running `Command { std: CARGO_HOME="/workspace/cargo-home" RUSTUP_HOME="/workspace/rustup-home" "/workspace/cargo-home/bin/cargo" "+1.99.0-beta.8" "metadata" "--manifest-path" "Cargo.toml" "--no-deps", kill_on_drop: false }`
[INFO] crate crates.io crate nexus_cxx 0.1.0 already has a lockfile, it will not be regenerated
[INFO] running `Command { std: CARGO_HOME="/workspace/cargo-home" RUSTUP_HOME="/workspace/rustup-home" "/workspace/cargo-home/bin/cargo" "+1.99.0-beta.8" "fetch" "--manifest-path" "Cargo.toml", kill_on_drop: false }`
[INFO] [stderr]  Downloading crates ...
[INFO] [stderr]   Downloaded cxxbridge-flags v1.0.198
[INFO] [stderr]   Downloaded clap v4.6.5
[INFO] [stderr]   Downloaded cxx v1.0.198
[INFO] [stderr]   Downloaded cxxbridge-macro v1.0.198
[INFO] [stderr]   Downloaded cxxbridge-cmd v1.0.198
[INFO] [stderr]   Downloaded cxx-build v1.0.198
[INFO] [stderr]   Downloaded clap_builder v4.6.5
[INFO] running `Command { std: "docker" "create" "-v" "/var/lib/crater-agent-workspace/builds/worker-2-tc1/source:/opt/rustwide/workdir:ro,Z" "-v" "/var/lib/crater-agent-workspace/builds/worker-2-tc1/target:/opt/rustwide/target:rw,Z" "-v" "/var/lib/crater-agent-workspace/cargo-home:/opt/rustwide/cargo-home:ro,Z" "-v" "/var/lib/crater-agent-workspace/rustup-home:/opt/rustwide/rustup-home:ro,Z" "-m" "1610612736" "--network" "none" "ghcr.io/rust-lang/crates-build-env/linux@sha256:77db811e55d90add9212f6832c23229e3de5f1c1f9905e8cb07319ea15df73ac" "sleep" "infinity", kill_on_drop: false }`
[INFO] [stdout] b02192c011cd5ade6f53deb32e2290861d625b7dcf754f1970a8f97fc7a7e5c9
[INFO] running `Command { std: "docker" "start" "b02192c011cd5ade6f53deb32e2290861d625b7dcf754f1970a8f97fc7a7e5c9", kill_on_drop: false }`
[INFO] running `Command { std: "docker" "inspect" "b02192c011cd5ade6f53deb32e2290861d625b7dcf754f1970a8f97fc7a7e5c9", kill_on_drop: false }`
[INFO] running `Command { std: "docker" "exec" "-e" "SOURCE_DIR=/opt/rustwide/workdir" "-e" "CARGO_HOME=/opt/rustwide/cargo-home" "-e" "RUSTUP_HOME=/opt/rustwide/rustup-home" "-e" "CARGO_TARGET_DIR=/opt/rustwide/target" "-w" "/opt/rustwide/workdir" "--user" "0:0" "b02192c011cd5ade6f53deb32e2290861d625b7dcf754f1970a8f97fc7a7e5c9" "/opt/rustwide/cargo-home/bin/cargo" "+1.99.0-beta.8" "metadata" "--no-deps" "--format-version=1", kill_on_drop: false }`
[INFO] running `Command { std: "docker" "inspect" "b02192c011cd5ade6f53deb32e2290861d625b7dcf754f1970a8f97fc7a7e5c9", kill_on_drop: false }`
[INFO] running `Command { std: "docker" "exec" "-e" "SOURCE_DIR=/opt/rustwide/workdir" "-e" "CARGO_HOME=/opt/rustwide/cargo-home" "-e" "RUSTUP_HOME=/opt/rustwide/rustup-home" "-e" "CARGO_TARGET_DIR=/opt/rustwide/target" "-e" "CARGO_INCREMENTAL=0" "-e" "RUST_BACKTRACE=full" "-e" "RUSTFLAGS=--cap-lints=warn" "-e" "RUSTDOCFLAGS=--cap-lints=warn" "-w" "/opt/rustwide/workdir" "--user" "0:0" "b02192c011cd5ade6f53deb32e2290861d625b7dcf754f1970a8f97fc7a7e5c9" "/opt/rustwide/cargo-home/bin/cargo" "+1.99.0-beta.8" "build" "--frozen" "--message-format=json" "--release", kill_on_drop: false }`
[INFO] [stderr]    Compiling proc-macro2 v1.0.107
[INFO] [stderr]    Compiling unicode-ident v1.0.24
[INFO] [stderr]    Compiling quote v1.0.47
[INFO] [stderr]    Compiling scratch v1.0.9
[INFO] [stderr]    Compiling cxxbridge-flags v1.0.198
[INFO] [stderr]    Compiling find-msvc-tools v0.1.9
[INFO] [stderr]    Compiling cc v1.4.0
[INFO] [stderr]    Compiling shlex v2.0.1
[INFO] [stderr]    Compiling foldhash v0.2.0
[INFO] [stderr]    Compiling codespan-reporting v0.13.1
[INFO] [stderr]    Compiling syn v3.0.3
[INFO] [stderr]    Compiling syn v2.0.119
[INFO] [stderr]    Compiling link-cplusplus v1.0.12
[INFO] [stderr]    Compiling cxx v1.0.198
[INFO] [stderr]    Compiling cxxbridge-macro v1.0.198
[INFO] [stderr]    Compiling cxx-build v1.0.198
[INFO] [stderr]    Compiling nexus_cxx v0.1.0 (/opt/rustwide/workdir)
[INFO] [stderr]     Finished `release` profile [optimized] target(s) in 14.14s
[INFO] running `Command { std: "docker" "inspect" "b02192c011cd5ade6f53deb32e2290861d625b7dcf754f1970a8f97fc7a7e5c9", kill_on_drop: false }`
[INFO] running `Command { std: "docker" "exec" "-e" "SOURCE_DIR=/opt/rustwide/workdir" "-e" "CARGO_HOME=/opt/rustwide/cargo-home" "-e" "RUSTUP_HOME=/opt/rustwide/rustup-home" "-e" "CARGO_TARGET_DIR=/opt/rustwide/target" "-e" "CARGO_INCREMENTAL=0" "-e" "RUST_BACKTRACE=full" "-e" "RUSTFLAGS=--cap-lints=warn" "-e" "RUSTDOCFLAGS=--cap-lints=warn" "-w" "/opt/rustwide/workdir" "--user" "0:0" "b02192c011cd5ade6f53deb32e2290861d625b7dcf754f1970a8f97fc7a7e5c9" "/opt/rustwide/cargo-home/bin/cargo" "+1.99.0-beta.8" "test" "--frozen" "--no-run" "--message-format=json" "--release", kill_on_drop: false }`
[INFO] [stderr]    Compiling nexus_cxx v0.1.0 (/opt/rustwide/workdir)
[INFO] [stderr]     Finished `release` profile [optimized] target(s) in 1.22s
[INFO] running `Command { std: "docker" "inspect" "b02192c011cd5ade6f53deb32e2290861d625b7dcf754f1970a8f97fc7a7e5c9", kill_on_drop: false }`
[INFO] running `Command { std: "docker" "exec" "-e" "SOURCE_DIR=/opt/rustwide/workdir" "-e" "CARGO_HOME=/opt/rustwide/cargo-home" "-e" "RUSTUP_HOME=/opt/rustwide/rustup-home" "-e" "CARGO_TARGET_DIR=/opt/rustwide/target" "-e" "CARGO_INCREMENTAL=0" "-e" "RUST_BACKTRACE=full" "-e" "RUSTFLAGS=--cap-lints=warn" "-e" "RUSTDOCFLAGS=--cap-lints=warn" "-w" "/opt/rustwide/workdir" "--user" "0:0" "b02192c011cd5ade6f53deb32e2290861d625b7dcf754f1970a8f97fc7a7e5c9" "/opt/rustwide/cargo-home/bin/cargo" "+1.99.0-beta.8" "test" "--frozen" "--release", kill_on_drop: false }`
[INFO] [stderr]     Finished `release` profile [optimized] target(s) in 0.02s
[INFO] [stderr]      Running unittests src/lib.rs (/opt/rustwide/target/release/deps/nexus_cxx-b32df5c79d4ba8f8)
[INFO] [stdout] 
[INFO] [stdout] running 16 tests
[INFO] [stdout] test ast_extractor::tests::extracts_multiple_bridge_modules ... ok
[INFO] [stdout] test ast_extractor::tests::ignores_nested_bridge_modules ... ok
[INFO] [stdout] test ast_extractor::tests::extracts_single_bridge_module ... ok
[INFO] [stdout] test ast_extractor::tests::rejects_longer_attribute_paths ... ok
[INFO] [stdout] test ast_extractor::tests::ignores_unmarked_modules ... ok
[INFO] [stdout] test ast_extractor::tests::returns_empty_when_marker_only_exists_in_comments ... ok
[INFO] [stdout] test ast_extractor::tests::returns_empty_when_marker_only_exists_in_string ... ok
[INFO] [stdout] test ast_extractor::tests::returns_error_for_invalid_rust_source ... ok
[INFO] [stdout] test shadow_codegen::tests::does_not_replace_similar_paths ... ok
[INFO] [stdout] test shadow_codegen::tests::empty_input_returns_empty_string ... ok
[INFO] [stdout] test shadow_codegen::tests::preserves_bridge_attribute_arguments ... ok
[INFO] [stdout] test shadow_codegen::tests::preserves_other_attributes ... ok
[INFO] [stdout] test shadow_codegen::tests::replaces_bridge_attribute ... ok
[INFO] [stdout] test shadow_codegen::tests::preserves_module_contents ... ok
[INFO] [stdout] test shadow_codegen::tests::replaces_every_matching_attribute ... ok
[INFO] [stdout] test shadow_codegen::tests::replaces_multiple_modules_in_original_order ... ok
[INFO] [stdout] 
[INFO] [stdout] test result: ok. 16 passed; 0 failed; 0 ignored; 0 measured; 0 filtered out; finished in 0.00s
[INFO] [stdout] 
[INFO] [stderr]    Doc-tests nexus_cxx
[INFO] [stdout] 
[INFO] [stdout] running 3 tests
[INFO] [stdout] test src/lib.rs - (line 12) - compile ... ok
[INFO] [stdout] test src/shadow_codegen.rs - shadow_codegen::generate_shadow_code (line 43) ... FAILED
[INFO] [stdout] test src/ast_extractor.rs - ast_extractor::extract_nexus_bridge_modules (line 30) ... FAILED
[INFO] [stdout] 
[INFO] [stdout] failures:
[INFO] [stdout] 
[INFO] [stdout] ---- src/shadow_codegen.rs - shadow_codegen::generate_shadow_code (line 43) stdout ----
[INFO] [stdout] error[E0425]: cannot find function `generate_shadow_code` in this scope
[INFO] [stdout]   --> src/shadow_codegen.rs:60:17
[INFO] [stdout]    |
[INFO] [stdout] 60 | let generated = generate_shadow_code(vec![item_mod]);
[INFO] [stdout]    |                 ^^^^^^^^^^^^^^^^^^^^ not found in this scope
[INFO] [stdout] 
[INFO] [stdout] error: aborting due to 1 previous error
[INFO] [stdout] 
[INFO] [stdout] For more information about this error, try `rustc --explain E0425`.
[INFO] [stdout] Couldn't compile the test.
[INFO] [stdout] ---- src/ast_extractor.rs - ast_extractor::extract_nexus_bridge_modules (line 30) stdout ----
[INFO] [stdout] error[E0425]: cannot find function `extract_nexus_bridge_modules` in this scope
[INFO] [stdout]   --> src/ast_extractor.rs:41:15
[INFO] [stdout]    |
[INFO] [stdout] 41 | let modules = extract_nexus_bridge_modules(source).unwrap();
[INFO] [stdout]    |               ^^^^^^^^^^^^^^^^^^^^^^^^^^^^ not found in this scope
[INFO] [stdout] 
[INFO] [stdout] error: aborting due to 1 previous error
[INFO] [stdout] 
[INFO] [stdout] For more information about this error, try `rustc --explain E0425`.
[INFO] [stdout] Couldn't compile the test.
[INFO] [stdout] 
[INFO] [stdout] failures:
[INFO] [stdout]     src/ast_extractor.rs - ast_extractor::extract_nexus_bridge_modules (line 30)
[INFO] [stdout]     src/shadow_codegen.rs - shadow_codegen::generate_shadow_code (line 43)
[INFO] [stdout] 
[INFO] [stdout] test result: FAILED. 1 passed; 2 failed; 0 ignored; 0 measured; 0 filtered out; finished in 0.07s
[INFO] [stdout] 
[INFO] [stderr] error: doctest failed, to rerun pass `--doc`
[INFO] running `Command { std: "docker" "inspect" "b02192c011cd5ade6f53deb32e2290861d625b7dcf754f1970a8f97fc7a7e5c9", kill_on_drop: false }`
[INFO] running `Command { std: "docker" "rm" "-f" "b02192c011cd5ade6f53deb32e2290861d625b7dcf754f1970a8f97fc7a7e5c9", kill_on_drop: false }`
[INFO] [stdout] b02192c011cd5ade6f53deb32e2290861d625b7dcf754f1970a8f97fc7a7e5c9
