[INFO] fetching crate nexus-standard 1.1.0...
[INFO] testing nexus-standard-1.1.0 against 1.100.0-beta.1+cargoflags=--release for beta-release-1.100-2
[INFO] extracting crate nexus-standard 1.1.0 into /workspace/builds/worker-1-tc2/source
[INFO] started tweaking crates.io crate nexus-standard 1.1.0
[INFO] removed 0 missing tests
[INFO] finished tweaking crates.io crate nexus-standard 1.1.0
[INFO] tweaked toml for crates.io crate nexus-standard 1.1.0 written to /workspace/builds/worker-1-tc2/source/Cargo.toml
[INFO] validating manifest of crates.io crate nexus-standard 1.1.0 on toolchain 1.100.0-beta.1
[INFO] running `Command { std: CARGO_HOME="/workspace/cargo-home" RUSTUP_HOME="/workspace/rustup-home" "/workspace/cargo-home/bin/cargo" "+1.100.0-beta.1" "metadata" "--manifest-path" "Cargo.toml" "--no-deps", kill_on_drop: false }`
[INFO] crate crates.io crate nexus-standard 1.1.0 already has a lockfile, it will not be regenerated
[INFO] running `Command { std: CARGO_HOME="/workspace/cargo-home" RUSTUP_HOME="/workspace/rustup-home" "/workspace/cargo-home/bin/cargo" "+1.100.0-beta.1" "fetch" "--manifest-path" "Cargo.toml", kill_on_drop: false }`
[INFO] running `Command { std: "docker" "create" "-v" "/var/lib/crater-agent-workspace/builds/worker-1-tc2/source:/opt/rustwide/workdir:ro,Z" "-v" "/var/lib/crater-agent-workspace/builds/worker-1-tc2/target:/opt/rustwide/target:rw,Z" "-v" "/var/lib/crater-agent-workspace/cargo-home:/opt/rustwide/cargo-home:ro,Z" "-v" "/var/lib/crater-agent-workspace/rustup-home:/opt/rustwide/rustup-home:ro,Z" "-m" "1610612736" "--network" "none" "ghcr.io/rust-lang/crates-build-env/linux@sha256:77db811e55d90add9212f6832c23229e3de5f1c1f9905e8cb07319ea15df73ac" "sleep" "infinity", kill_on_drop: false }`
[INFO] [stdout] 150550c55a0d13b193ea4407a51ac9a1cbca795eed4f6aad0add7dff10d9eaf9
[INFO] running `Command { std: "docker" "start" "150550c55a0d13b193ea4407a51ac9a1cbca795eed4f6aad0add7dff10d9eaf9", kill_on_drop: false }`
[INFO] running `Command { std: "docker" "inspect" "150550c55a0d13b193ea4407a51ac9a1cbca795eed4f6aad0add7dff10d9eaf9", kill_on_drop: false }`
[INFO] running `Command { std: "docker" "exec" "-e" "SOURCE_DIR=/opt/rustwide/workdir" "-e" "CARGO_HOME=/opt/rustwide/cargo-home" "-e" "RUSTUP_HOME=/opt/rustwide/rustup-home" "-e" "CARGO_TARGET_DIR=/opt/rustwide/target" "-w" "/opt/rustwide/workdir" "--user" "0:0" "150550c55a0d13b193ea4407a51ac9a1cbca795eed4f6aad0add7dff10d9eaf9" "/opt/rustwide/cargo-home/bin/cargo" "+1.100.0-beta.1" "metadata" "--no-deps" "--format-version=1", kill_on_drop: false }`
[INFO] running `Command { std: "docker" "inspect" "150550c55a0d13b193ea4407a51ac9a1cbca795eed4f6aad0add7dff10d9eaf9", kill_on_drop: false }`
[INFO] running `Command { std: "docker" "exec" "-e" "SOURCE_DIR=/opt/rustwide/workdir" "-e" "CARGO_HOME=/opt/rustwide/cargo-home" "-e" "RUSTUP_HOME=/opt/rustwide/rustup-home" "-e" "CARGO_TARGET_DIR=/opt/rustwide/target" "-e" "CARGO_INCREMENTAL=0" "-e" "RUST_BACKTRACE=full" "-e" "RUSTFLAGS=--cap-lints=warn" "-e" "RUSTDOCFLAGS=--cap-lints=warn" "-w" "/opt/rustwide/workdir" "--user" "0:0" "150550c55a0d13b193ea4407a51ac9a1cbca795eed4f6aad0add7dff10d9eaf9" "/opt/rustwide/cargo-home/bin/cargo" "+1.100.0-beta.1" "build" "--frozen" "--message-format=json" "--release", kill_on_drop: false }`
[INFO] [stderr]    Compiling zerocopy v0.8.48
[INFO] [stderr]    Compiling once_cell v1.21.4
[INFO] [stderr]    Compiling rustix v1.1.4
[INFO] [stderr]    Compiling ahash v0.8.12
[INFO] [stderr]    Compiling anstyle-parse v1.0.0
[INFO] [stderr]    Compiling getrandom v0.4.2
[INFO] [stderr]    Compiling colorchoice v1.0.5
[INFO] [stderr]    Compiling bitflags v2.11.1
[INFO] [stderr]    Compiling syn v2.0.117
[INFO] [stderr]    Compiling arraydeque v0.5.1
[INFO] [stderr]    Compiling clap_lex v1.1.0
[INFO] [stderr]    Compiling fastrand v2.4.1
[INFO] [stderr]    Compiling quick-xml v0.36.2
[INFO] [stderr]    Compiling serde_json v1.0.149
[INFO] [stderr]    Compiling csv v1.4.0
[INFO] [stderr]    Compiling anstream v1.0.0
[INFO] [stderr]    Compiling clap_builder v4.6.0
[INFO] [stderr]    Compiling tempfile v3.27.0
[INFO] [stderr]    Compiling thiserror-impl v1.0.69
[INFO] [stderr]    Compiling serde_derive v1.0.228
[INFO] [stderr]    Compiling clap_derive v4.6.1
[INFO] [stderr]    Compiling thiserror v1.0.69
[INFO] [stderr]    Compiling clap v4.6.1
[INFO] [stderr]    Compiling hashbrown v0.14.5
[INFO] [stderr]    Compiling serde v1.0.228
[INFO] [stderr]    Compiling hashlink v0.8.4
[INFO] [stderr]    Compiling yaml-rust2 v0.8.1
[INFO] [stderr]    Compiling serde_yaml2 v0.1.3
[INFO] [stderr]    Compiling nexus-standard v1.1.0 (/opt/rustwide/workdir)
[INFO] [stderr]     Finished `release` profile [optimized] target(s) in 32.57s
[INFO] running `Command { std: "docker" "inspect" "150550c55a0d13b193ea4407a51ac9a1cbca795eed4f6aad0add7dff10d9eaf9", kill_on_drop: false }`
[INFO] running `Command { std: "docker" "exec" "-e" "SOURCE_DIR=/opt/rustwide/workdir" "-e" "CARGO_HOME=/opt/rustwide/cargo-home" "-e" "RUSTUP_HOME=/opt/rustwide/rustup-home" "-e" "CARGO_TARGET_DIR=/opt/rustwide/target" "-e" "CARGO_INCREMENTAL=0" "-e" "RUST_BACKTRACE=full" "-e" "RUSTFLAGS=--cap-lints=warn" "-e" "RUSTDOCFLAGS=--cap-lints=warn" "-w" "/opt/rustwide/workdir" "--user" "0:0" "150550c55a0d13b193ea4407a51ac9a1cbca795eed4f6aad0add7dff10d9eaf9" "/opt/rustwide/cargo-home/bin/cargo" "+1.100.0-beta.1" "test" "--frozen" "--no-run" "--message-format=json" "--release", kill_on_drop: false }`
[INFO] [stderr]    Compiling getrandom v0.4.2
[INFO] [stderr]    Compiling regex-syntax v0.8.10
[INFO] [stderr]    Compiling predicates-core v1.0.10
[INFO] [stderr]    Compiling num-traits v0.2.19
[INFO] [stderr]    Compiling assert_cmd v2.2.1
[INFO] [stderr]    Compiling termtree v0.5.1
[INFO] [stderr]    Compiling difflib v0.4.0
[INFO] [stderr]    Compiling normalize-line-endings v0.3.0
[INFO] [stderr]    Compiling wait-timeout v0.2.1
[INFO] [stderr]    Compiling predicates-tree v1.0.13
[INFO] [stderr]    Compiling tempfile v3.27.0
[INFO] [stderr]    Compiling nexus-standard v1.1.0 (/opt/rustwide/workdir)
[INFO] [stderr]    Compiling float-cmp v0.10.0
[INFO] [stderr]    Compiling regex-automata v0.4.14
[INFO] [stderr]    Compiling regex v1.12.3
[INFO] [stderr]    Compiling bstr v1.12.1
[INFO] [stderr]    Compiling predicates v3.1.4
[INFO] [stderr]     Finished `release` profile [optimized] target(s) in 18.10s
[INFO] running `Command { std: "docker" "inspect" "150550c55a0d13b193ea4407a51ac9a1cbca795eed4f6aad0add7dff10d9eaf9", kill_on_drop: false }`
[INFO] running `Command { std: "docker" "exec" "-e" "SOURCE_DIR=/opt/rustwide/workdir" "-e" "CARGO_HOME=/opt/rustwide/cargo-home" "-e" "RUSTUP_HOME=/opt/rustwide/rustup-home" "-e" "CARGO_TARGET_DIR=/opt/rustwide/target" "-e" "CARGO_INCREMENTAL=0" "-e" "RUST_BACKTRACE=full" "-e" "RUSTFLAGS=--cap-lints=warn" "-e" "RUSTDOCFLAGS=--cap-lints=warn" "-w" "/opt/rustwide/workdir" "--user" "0:0" "150550c55a0d13b193ea4407a51ac9a1cbca795eed4f6aad0add7dff10d9eaf9" "/opt/rustwide/cargo-home/bin/cargo" "+1.100.0-beta.1" "test" "--frozen" "--release", kill_on_drop: false }`
[INFO] [stderr]     Finished `release` profile [optimized] target(s) in 0.10s
[INFO] [stderr]      Running unittests src/lib.rs (/opt/rustwide/target/release/build/nexus-standard/91f66fff29df1c46/out/nxs-91f66fff29df1c46)
[INFO] [stdout] 
[INFO] [stdout] running 60 tests
[INFO] [stdout] test convert::csv_in::tests::import_csv_empty_cell_is_null ... ok
[INFO] [stdout] test convert::csv_out::tests::export_csv_field_with_comma_is_quoted ... ok
[INFO] [stdout] test convert::csv_in::tests::import_csv_custom_delimiter ... ok
[INFO] [stdout] test convert::csv_out::tests::export_csv_unknown_column_returns_error ... ok
[INFO] [stdout] test convert::csv_in::tests::import_csv_no_header_positional_keys ... ok
[INFO] [stdout] test convert::infer::tests::test_infer_missing_keys_marked_optional ... ok
[INFO] [stdout] test convert::inspect::tests::inspect_json_schema_matches_spec ... ok
[INFO] [stdout] test convert::infer::tests::test_infer_priority_order ... ok
[INFO] [stdout] test convert::csv_in::tests::import_csv_header_inferred ... ok
[INFO] [stdout] test convert::inspect::tests::inspect_record_index_json_contains_fields ... ok
[INFO] [stdout] test convert::infer::tests::test_infer_first_wins_returns_first_observed_sigil ... ok
[INFO] [stdout] test convert::csv_out::tests::export_csv_header_row_matches_schema_keys ... ok
[INFO] [stdout] test convert::infer::tests::test_infer_on_conflict_error ... ok
[INFO] [stdout] test convert::csv_out::tests::export_csv_data_rows_roundtrip_int_and_str ... ok
[INFO] [stdout] test convert::json_in::tests::import_json_array_of_flat_objects ... ok
[INFO] [stdout] test convert::json_in::tests::import_json_depth_limit_enforced ... ok
[INFO] [stdout] test convert::json_in::tests::import_json_malformed_mid_stream_exits_3 ... ok
[INFO] [stdout] test convert::json_in::tests::import_json_missing_keys_marked_optional ... ok
[INFO] [stdout] test convert::json_in::tests::import_json_type_conflict_coerces_to_string_with_flag ... ok
[INFO] [stdout] test convert::inspect::tests::inspect_records_all_matches_tail_index_len ... ok
[INFO] [stdout] test convert::infer::tests::test_infer_on_conflict_coerce_string ... ok
[INFO] [stdout] test convert::json_in::tests::import_json_zero_one_column_infers_int_not_bool ... ok
[INFO] [stdout] test convert::inspect::tests::inspect_text_default_first_3_records ... ok
[INFO] [stdout] test convert::tests::import_args_maps_every_spec_flag ... ok
[INFO] [stdout] test convert::json_out::tests::export_json_ndjson_streaming ... ok
[INFO] [stdout] test convert::json_out::tests::export_json_pretty ... ok
[INFO] [stdout] test convert::xml_in::tests::import_xml_attributes_as_fields ... ok
[INFO] [stdout] test convert::tests::convert_errors_map_to_documented_exit_codes ... ok
[INFO] [stdout] test convert::tests::inspect_args_maps_every_spec_flag ... ok
[INFO] [stdout] test convert::csv_out::tests::export_csv_columns_filter_and_reorder ... ok
[INFO] [stdout] test convert::tests::export_args_maps_every_spec_flag ... ok
[INFO] [stdout] test convert::tests::import_output_path_derivation_does_not_traverse ... ok
[INFO] [stdout] test convert::inspect::tests::inspect_verify_hash_detects_corruption ... ok
[INFO] [stdout] test convert::json_in::tests::import_json_type_conflict_errors_by_default ... ok
[INFO] [stdout] test convert::json_in::tests::import_tail_index_cap_exits_5 ... ok
[INFO] [stdout] test convert::json_out::tests::export_json_binary_base64_default ... ok
[INFO] [stdout] test convert::inspect::tests::inspect_record_index_out_of_bounds ... ok
[INFO] [stdout] test convert::json_out::tests::export_json_float_roundtrip_shortest ... ok
[INFO] [stdout] test convert::xml_in::tests::import_xml_attributes_prefixed ... ok
[INFO] [stdout] test convert::xml_in::tests::import_xml_depth_limit_enforced ... ok
[INFO] [stdout] test convert::xml_in::tests::import_xml_entity_expansion_rejected ... ok
[INFO] [stdout] test convert::xml_in::tests::import_xml_record_tag_required ... ok
[INFO] [stdout] test convert::xml_in::tests::import_xml_unsupported_encoding_exits_3 ... ok
[INFO] [stdout] test convert::xml_in::tests::import_xml_utf16_bom_accepted ... ok
[INFO] [stdout] test query::tests::all_iterates_every_record ... ok
[INFO] [stdout] test query::tests::get_str_path_absent_returns_none ... ok
[INFO] [stdout] test query::tests::where_lt_f64 ... ok
[INFO] [stdout] test query::tests::unknown_key_matches_nothing ... ok
[INFO] [stdout] test query::tests::where_not ... ok
[INFO] [stdout] test query::tests::where_and ... ok
[INFO] [stdout] test query::tests::where_eq_bool ... ok
[INFO] [stdout] test convert::xml_in::tests::import_xml_nested_elements_become_nested_objects ... ok
[INFO] [stdout] test query::tests::early_termination ... ok
[INFO] [stdout] test query::tests::get_str_path_single_segment ... ok
[INFO] [stdout] test query::tests::reader_opens_and_counts ... ok
[INFO] [stdout] test query::tests::record_access_by_index ... ok
[INFO] [stdout] test query::tests::where_or ... ok
[INFO] [stdout] test query::tests::where_gt_f64 ... ok
[INFO] [stdout] test convert::json_out::tests::export_json_roundtrip_gen_fixtures_1000 ... ok
[INFO] [stdout] test convert::csv_in::tests::import_csv_streaming_10mb_file_under_bounded_memory ... ok
[INFO] [stdout] 
[INFO] [stdout] test result: ok. 60 passed; 0 failed; 0 ignored; 0 measured; 0 filtered out; finished in 0.37s
[INFO] [stdout] 
[INFO] [stderr]      Running unittests src/bench.rs (/opt/rustwide/target/release/build/nexus-standard/b44fdb932e567c4c/out/bench-b44fdb932e567c4c)
[INFO] [stdout] 
[INFO] [stdout] running 0 tests
[INFO] [stdout] 
[INFO] [stdout] test result: ok. 0 passed; 0 failed; 0 ignored; 0 measured; 0 filtered out; finished in 0.00s
[INFO] [stdout] 
[INFO] [stderr]      Running unittests src/gen_fixtures.rs (/opt/rustwide/target/release/build/nexus-standard/15724983ed9bee94/out/gen_fixtures-15724983ed9bee94)
[INFO] [stdout] 
[INFO] [stdout] running 0 tests
[INFO] [stdout] 
[INFO] [stdout] test result: ok. 0 passed; 0 failed; 0 ignored; 0 measured; 0 filtered out; finished in 0.00s
[INFO] [stdout] 
[INFO] [stderr]      Running unittests src/main.rs (/opt/rustwide/target/release/build/nexus-standard/f83a949fb57684a9/out/nxs-f83a949fb57684a9)
[INFO] [stdout] 
[INFO] [stdout] running 18 tests
[INFO] [stdout] test tests::test_compile_basic ... ok
[INFO] [stdout] test tests::test_bad_escape_fails ... ok
[INFO] [stdout] test tests::example_timeseries ... FAILED
[INFO] [stdout] test tests::example_round_trip_sizes ... FAILED
[INFO] [stdout] test tests::test_writer_basic ... ok
[INFO] [stdout] test tests::test_list_uniform ... ok
[INFO] [stdout] test tests::test_writer_matches_spec_footer ... ok
[INFO] [stdout] test tests::test_writer_out_of_order_slots_still_decode ... ok
[INFO] [stdout] test tests::test_list_mixed_fails ... ok
[INFO] [stdout] test tests::test_null ... ok
[INFO] [stdout] test tests::test_nested_object ... ok
[INFO] [stdout] test tests::test_binary_literal ... ok
[INFO] [stdout] test tests::test_temporal ... ok
[INFO] [stdout] test tests::example_user_profile ... FAILED
[INFO] [stdout] test tests::test_footer_magic ... ok
[INFO] [stdout] test tests::test_int_and_float ... ok
[INFO] [stdout] test tests::example_product_catalog ... FAILED
[INFO] [stderr] error: test failed, to rerun pass `--bin nxs`
[INFO] [stdout] test tests::test_string_escape ... ok
[INFO] [stdout] 
[INFO] [stdout] failures:
[INFO] [stdout] 
[INFO] [stdout] ---- tests::example_timeseries stdout ----
[INFO] [stdout] 
[INFO] [stdout] thread 'tests::example_timeseries' (2100) panicked at src/main.rs:168:68:
[INFO] [stdout] cannot read ../examples/timeseries.nxs
[INFO] [stdout] stack backtrace:
[INFO] [stdout]    0:     0x63c202abea81 - <<std[617be2ca0a6fd877]::sys::backtrace::BacktraceLock>::print::DisplayBacktrace as core[a373ad73a504971]::fmt::Display>::fmt
[INFO] [stdout]    1:     0x63c202ad357a - core[a373ad73a504971]::fmt::write
[INFO] [stdout]    2:     0x63c202ac2c9c - <alloc[2e1b2a31b91974c5]::vec::Vec<u8> as core[a373ad73a504971]::io::write::Write>::write_fmt
[INFO] [stdout]    3:     0x63c202a9ab86 - std[617be2ca0a6fd877]::panicking::default_hook::{closure#0}
[INFO] [stdout]    4:     0x63c202ab6db9 - std[617be2ca0a6fd877]::panicking::default_hook
[INFO] [stdout]    5:     0x63c202a52f10 - test[aada8e7e76ba119b]::test_main_inner::{closure#0}
[INFO] [stdout]    6:     0x63c202ab6f72 - std[617be2ca0a6fd877]::panicking::panic_with_hook
[INFO] [stdout]    7:     0x63c202a9ac32 - std[617be2ca0a6fd877]::panicking::panic_handler::{closure#0}
[INFO] [stdout]    8:     0x63c202a937b9 - std[617be2ca0a6fd877]::sys::backtrace::__rust_end_short_backtrace::<std[617be2ca0a6fd877]::panicking::panic_handler::{closure#0}, !>
[INFO] [stdout]    9:     0x63c202a9b83d - __rustc[ea4f61d10b84890b]::rust_begin_unwind
[INFO] [stdout]   10:     0x63c202ad3cac - core[a373ad73a504971]::panicking::panic_fmt
[INFO] [stdout]   11:     0x63c202a39e6f - nxs[932e0af0994b12d3]::tests::compile_file::{closure#0}
[INFO] [stdout]   12:     0x63c202a3ae07 - nxs[932e0af0994b12d3]::tests::compile_file
[INFO] [stdout]   13:     0x63c202a3bc85 - <nxs[932e0af0994b12d3]::tests::example_timeseries::{closure#0} as core[a373ad73a504971]::ops::function::FnOnce<()>>::call_once
[INFO] [stdout]   14:     0x63c202a4635b - test[aada8e7e76ba119b]::__rust_begin_short_backtrace::<core[a373ad73a504971]::result::Result<(), alloc[2e1b2a31b91974c5]::string::String>, fn() -> core[a373ad73a504971]::result::Result<(), alloc[2e1b2a31b91974c5]::string::String>>
[INFO] [stdout]   15:     0x63c202a53535 - test[aada8e7e76ba119b]::run_test::{closure#0}
[INFO] [stdout]   16:     0x63c202a4ce24 - std[617be2ca0a6fd877]::sys::backtrace::__rust_begin_short_backtrace::<test[aada8e7e76ba119b]::run_test::{closure#1}, ()>
[INFO] [stdout]   17:     0x63c202a565c2 - <std[617be2ca0a6fd877]::thread::lifecycle::spawn_unchecked<test[aada8e7e76ba119b]::run_test::{closure#1}, ()>::{closure#1} as core[a373ad73a504971]::ops::function::FnOnce<()>>::call_once::{shim:vtable#0}
[INFO] [stdout]   18:     0x63c202abdf7f - <std[617be2ca0a6fd877]::sys::thread::unix::Thread>::new::thread_start
[INFO] [stdout]   19:     0x75daefef6dfa - <unknown>
[INFO] [stdout]   20:     0x75daeff8a3d4 - clone
[INFO] [stdout]   21:                0x0 - <unknown>
[INFO] [stdout] 
[INFO] [stdout] ---- tests::example_round_trip_sizes stdout ----
[INFO] [stdout] 
[INFO] [stdout] thread 'tests::example_round_trip_sizes' (2099) panicked at src/main.rs:280:37:
[INFO] [stdout] cannot read ../examples/user_profile.nxs
[INFO] [stdout] stack backtrace:
[INFO] [stdout]    0:     0x63c202abea81 - <<std[617be2ca0a6fd877]::sys::backtrace::BacktraceLock>::print::DisplayBacktrace as core[a373ad73a504971]::fmt::Display>::fmt
[INFO] [stdout]    1:     0x63c202ad357a - core[a373ad73a504971]::fmt::write
[INFO] [stdout]    2:     0x63c202ac2c9c - <alloc[2e1b2a31b91974c5]::vec::Vec<u8> as core[a373ad73a504971]::io::write::Write>::write_fmt
[INFO] [stdout]    3:     0x63c202a9ab86 - std[617be2ca0a6fd877]::panicking::default_hook::{closure#0}
[INFO] [stdout]    4:     0x63c202ab6db9 - std[617be2ca0a6fd877]::panicking::default_hook
[INFO] [stdout]    5:     0x63c202a52f10 - test[aada8e7e76ba119b]::test_main_inner::{closure#0}
[INFO] [stdout]    6:     0x63c202ab6f72 - std[617be2ca0a6fd877]::panicking::panic_with_hook
[INFO] [stdout]    7:     0x63c202a9ac32 - std[617be2ca0a6fd877]::panicking::panic_handler::{closure#0}
[INFO] [stdout]    8:     0x63c202a937b9 - std[617be2ca0a6fd877]::sys::backtrace::__rust_end_short_backtrace::<std[617be2ca0a6fd877]::panicking::panic_handler::{closure#0}, !>
[INFO] [stdout]    9:     0x63c202a9b83d - __rustc[ea4f61d10b84890b]::rust_begin_unwind
[INFO] [stdout]   10:     0x63c202ad3cac - core[a373ad73a504971]::panicking::panic_fmt
[INFO] [stdout]   11:     0x63c202a39f8f - nxs[932e0af0994b12d3]::tests::example_round_trip_sizes::{closure#0}
[INFO] [stdout]   12:     0x63c202a3ced0 - <nxs[932e0af0994b12d3]::tests::example_round_trip_sizes::{closure#0} as core[a373ad73a504971]::ops::function::FnOnce<()>>::call_once
[INFO] [stdout]   13:     0x63c202a4635b - test[aada8e7e76ba119b]::__rust_begin_short_backtrace::<core[a373ad73a504971]::result::Result<(), alloc[2e1b2a31b91974c5]::string::String>, fn() -> core[a373ad73a504971]::result::Result<(), alloc[2e1b2a31b91974c5]::string::String>>
[INFO] [stdout]   14:     0x63c202a53535 - test[aada8e7e76ba119b]::run_test::{closure#0}
[INFO] [stdout]   15:     0x63c202a4ce24 - std[617be2ca0a6fd877]::sys::backtrace::__rust_begin_short_backtrace::<test[aada8e7e76ba119b]::run_test::{closure#1}, ()>
[INFO] [stdout]   16:     0x63c202a565c2 - <std[617be2ca0a6fd877]::thread::lifecycle::spawn_unchecked<test[aada8e7e76ba119b]::run_test::{closure#1}, ()>::{closure#1} as core[a373ad73a504971]::ops::function::FnOnce<()>>::call_once::{shim:vtable#0}
[INFO] [stdout]   17:     0x63c202abdf7f - <std[617be2ca0a6fd877]::sys::thread::unix::Thread>::new::thread_start
[INFO] [stdout]   18:     0x75daefef6dfa - <unknown>
[INFO] [stdout]   19:     0x75daeff8a3d4 - clone
[INFO] [stdout]   20:                0x0 - <unknown>
[INFO] [stdout] 
[INFO] [stdout] ---- tests::example_user_profile stdout ----
[INFO] [stdout] 
[INFO] [stdout] thread 'tests::example_user_profile' (2101) panicked at src/main.rs:168:68:
[INFO] [stdout] cannot read ../examples/user_profile.nxs
[INFO] [stdout] stack backtrace:
[INFO] [stdout]    0:     0x63c202abea81 - <<std[617be2ca0a6fd877]::sys::backtrace::BacktraceLock>::print::DisplayBacktrace as core[a373ad73a504971]::fmt::Display>::fmt
[INFO] [stdout]    1:     0x63c202ad357a - core[a373ad73a504971]::fmt::write
[INFO] [stdout]    2:     0x63c202ac2c9c - <alloc[2e1b2a31b91974c5]::vec::Vec<u8> as core[a373ad73a504971]::io::write::Write>::write_fmt
[INFO] [stdout]    3:     0x63c202a9ab86 - std[617be2ca0a6fd877]::panicking::default_hook::{closure#0}
[INFO] [stdout]    4:     0x63c202ab6db9 - std[617be2ca0a6fd877]::panicking::default_hook
[INFO] [stdout]    5:     0x63c202a52f10 - test[aada8e7e76ba119b]::test_main_inner::{closure#0}
[INFO] [stdout]    6:     0x63c202ab6f72 - std[617be2ca0a6fd877]::panicking::panic_with_hook
[INFO] [stdout]    7:     0x63c202a9ac32 - std[617be2ca0a6fd877]::panicking::panic_handler::{closure#0}
[INFO] [stdout]    8:     0x63c202a937b9 - std[617be2ca0a6fd877]::sys::backtrace::__rust_end_short_backtrace::<std[617be2ca0a6fd877]::panicking::panic_handler::{closure#0}, !>
[INFO] [stdout]    9:     0x63c202a9b83d - __rustc[ea4f61d10b84890b]::rust_begin_unwind
[INFO] [stdout]   10:     0x63c202ad3cac - core[a373ad73a504971]::panicking::panic_fmt
[INFO] [stdout]   11:     0x63c202a39e6f - nxs[932e0af0994b12d3]::tests::compile_file::{closure#0}
[INFO] [stdout]   12:     0x63c202a3ae07 - nxs[932e0af0994b12d3]::tests::compile_file
[INFO] [stdout]   13:     0x63c202a3c36a - <nxs[932e0af0994b12d3]::tests::example_user_profile::{closure#0} as core[a373ad73a504971]::ops::function::FnOnce<()>>::call_once
[INFO] [stdout]   14:     0x63c202a4635b - test[aada8e7e76ba119b]::__rust_begin_short_backtrace::<core[a373ad73a504971]::result::Result<(), alloc[2e1b2a31b91974c5]::string::String>, fn() -> core[a373ad73a504971]::result::Result<(), alloc[2e1b2a31b91974c5]::string::String>>
[INFO] [stdout]   15:     0x63c202a53535 - test[aada8e7e76ba119b]::run_test::{closure#0}
[INFO] [stdout]   16:     0x63c202a4ce24 - std[617be2ca0a6fd877]::sys::backtrace::__rust_begin_short_backtrace::<test[aada8e7e76ba119b]::run_test::{closure#1}, ()>
[INFO] [stdout]   17:     0x63c202a565c2 - <std[617be2ca0a6fd877]::thread::lifecycle::spawn_unchecked<test[aada8e7e76ba119b]::run_test::{closure#1}, ()>::{closure#1} as core[a373ad73a504971]::ops::function::FnOnce<()>>::call_once::{shim:vtable#0}
[INFO] [stdout]   18:     0x63c202abdf7f - <std[617be2ca0a6fd877]::sys::thread::unix::Thread>::new::thread_start
[INFO] [stdout]   19:     0x75daefef6dfa - <unknown>
[INFO] [stdout]   20:     0x75daeff8a3d4 - clone
[INFO] [stdout]   21:                0x0 - <unknown>
[INFO] [stdout] 
[INFO] [stdout] ---- tests::example_product_catalog stdout ----
[INFO] [stdout] 
[INFO] [stdout] thread 'tests::example_product_catalog' (2098) panicked at src/main.rs:168:68:
[INFO] [stdout] cannot read ../examples/product_catalog.nxs
[INFO] [stdout] stack backtrace:
[INFO] [stdout]    0:     0x63c202abea81 - <<std[617be2ca0a6fd877]::sys::backtrace::BacktraceLock>::print::DisplayBacktrace as core[a373ad73a504971]::fmt::Display>::fmt
[INFO] [stdout]    1:     0x63c202ad357a - core[a373ad73a504971]::fmt::write
[INFO] [stdout]    2:     0x63c202ac2c9c - <alloc[2e1b2a31b91974c5]::vec::Vec<u8> as core[a373ad73a504971]::io::write::Write>::write_fmt
[INFO] [stdout]    3:     0x63c202a9ab86 - std[617be2ca0a6fd877]::panicking::default_hook::{closure#0}
[INFO] [stdout]    4:     0x63c202ab6db9 - std[617be2ca0a6fd877]::panicking::default_hook
[INFO] [stdout]    5:     0x63c202a52f10 - test[aada8e7e76ba119b]::test_main_inner::{closure#0}
[INFO] [stdout]    6:     0x63c202ab6f72 - std[617be2ca0a6fd877]::panicking::panic_with_hook
[INFO] [stdout]    7:     0x63c202a9ac32 - std[617be2ca0a6fd877]::panicking::panic_handler::{closure#0}
[INFO] [stdout]    8:     0x63c202a937b9 - std[617be2ca0a6fd877]::sys::backtrace::__rust_end_short_backtrace::<std[617be2ca0a6fd877]::panicking::panic_handler::{closure#0}, !>
[INFO] [stdout]    9:     0x63c202a9b83d - __rustc[ea4f61d10b84890b]::rust_begin_unwind
[INFO] [stdout]   10:     0x63c202ad3cac - core[a373ad73a504971]::panicking::panic_fmt
[INFO] [stdout]   11:     0x63c202a39e6f - nxs[932e0af0994b12d3]::tests::compile_file::{closure#0}
[INFO] [stdout]   12:     0x63c202a3ae07 - nxs[932e0af0994b12d3]::tests::compile_file
[INFO] [stdout]   13:     0x63c202a3c7e5 - <nxs[932e0af0994b12d3]::tests::example_product_catalog::{closure#0} as core[a373ad73a504971]::ops::function::FnOnce<()>>::call_once
[INFO] [stdout]   14:     0x63c202a4635b - test[aada8e7e76ba119b]::__rust_begin_short_backtrace::<core[a373ad73a504971]::result::Result<(), alloc[2e1b2a31b91974c5]::string::String>, fn() -> core[a373ad73a504971]::result::Result<(), alloc[2e1b2a31b91974c5]::string::String>>
[INFO] [stdout]   15:     0x63c202a53535 - test[aada8e7e76ba119b]::run_test::{closure#0}
[INFO] [stdout]   16:     0x63c202a4ce24 - std[617be2ca0a6fd877]::sys::backtrace::__rust_begin_short_backtrace::<test[aada8e7e76ba119b]::run_test::{closure#1}, ()>
[INFO] [stdout]   17:     0x63c202a565c2 - <std[617be2ca0a6fd877]::thread::lifecycle::spawn_unchecked<test[aada8e7e76ba119b]::run_test::{closure#1}, ()>::{closure#1} as core[a373ad73a504971]::ops::function::FnOnce<()>>::call_once::{shim:vtable#0}
[INFO] [stdout]   18:     0x63c202abdf7f - <std[617be2ca0a6fd877]::sys::thread::unix::Thread>::new::thread_start
[INFO] [stdout]   19:     0x75daefef6dfa - <unknown>
[INFO] [stdout]   20:     0x75daeff8a3d4 - clone
[INFO] [stdout]   21:                0x0 - <unknown>
[INFO] [stdout] 
[INFO] [stdout] 
[INFO] [stdout] failures:
[INFO] [stdout]     tests::example_product_catalog
[INFO] [stdout]     tests::example_round_trip_sizes
[INFO] [stdout]     tests::example_timeseries
[INFO] [stdout]     tests::example_user_profile
[INFO] [stdout] 
[INFO] [stdout] test result: FAILED. 14 passed; 4 failed; 0 ignored; 0 measured; 0 filtered out; finished in 0.01s
[INFO] [stdout] 
[INFO] running `Command { std: "docker" "inspect" "150550c55a0d13b193ea4407a51ac9a1cbca795eed4f6aad0add7dff10d9eaf9", kill_on_drop: false }`
[INFO] running `Command { std: "docker" "rm" "-f" "150550c55a0d13b193ea4407a51ac9a1cbca795eed4f6aad0add7dff10d9eaf9", kill_on_drop: false }`
[INFO] [stdout] 150550c55a0d13b193ea4407a51ac9a1cbca795eed4f6aad0add7dff10d9eaf9
