[INFO] fetching crate nexus-shield 0.5.0...
[INFO] testing nexus-shield-0.5.0 against 1.100.0-beta.1+cargoflags=--release for beta-release-1.100-2
[INFO] extracting crate nexus-shield 0.5.0 into /workspace/builds/worker-4-tc2/source
[INFO] started tweaking crates.io crate nexus-shield 0.5.0
[INFO] finished tweaking crates.io crate nexus-shield 0.5.0
[INFO] tweaked toml for crates.io crate nexus-shield 0.5.0 written to /workspace/builds/worker-4-tc2/source/Cargo.toml
[INFO] validating manifest of crates.io crate nexus-shield 0.5.0 on toolchain 1.100.0-beta.1
[INFO] running `Command { std: CARGO_HOME="/workspace/cargo-home" RUSTUP_HOME="/workspace/rustup-home" "/workspace/cargo-home/bin/cargo" "+1.100.0-beta.1" "metadata" "--manifest-path" "Cargo.toml" "--no-deps", kill_on_drop: false }`
[INFO] crate crates.io crate nexus-shield 0.5.0 already has a lockfile, it will not be regenerated
[INFO] running `Command { std: CARGO_HOME="/workspace/cargo-home" RUSTUP_HOME="/workspace/rustup-home" "/workspace/cargo-home/bin/cargo" "+1.100.0-beta.1" "fetch" "--manifest-path" "Cargo.toml", kill_on_drop: false }`
[INFO] [stderr] warning: `package.homepage` is redundant with `package.repository`
[INFO] [stderr]    --> Cargo.toml:172:12
[INFO] [stderr]     |
[INFO] [stderr] 172 | homepage = "https://github.com/AutomataNexus/NexusShield"
[INFO] [stderr]     |            ^^^^^^^^^^^^^^^^^^^^^^^^^^^^^^^^^^^^^^^^^^^^^^
[INFO] [stderr] ...
[INFO] [stderr] 177 | repository = "https://github.com/AutomataNexus/NexusShield"
[INFO] [stderr]     |              ----------------------------------------------
[INFO] [stderr]     |
[INFO] [stderr]     = note: `cargo::redundant_homepage` is set to `warn` by default
[INFO] [stderr] help: consider removing `package.homepage`
[INFO] [stderr] warning: `nexus-shield` (manifest) generated 1 warning
[INFO] running `Command { std: "docker" "create" "-v" "/var/lib/crater-agent-workspace/builds/worker-4-tc2/source:/opt/rustwide/workdir:ro,Z" "-v" "/var/lib/crater-agent-workspace/builds/worker-4-tc2/target:/opt/rustwide/target:rw,Z" "-v" "/var/lib/crater-agent-workspace/cargo-home:/opt/rustwide/cargo-home:ro,Z" "-v" "/var/lib/crater-agent-workspace/rustup-home:/opt/rustwide/rustup-home:ro,Z" "-m" "1610612736" "--network" "none" "ghcr.io/rust-lang/crates-build-env/linux@sha256:77db811e55d90add9212f6832c23229e3de5f1c1f9905e8cb07319ea15df73ac" "sleep" "infinity", kill_on_drop: false }`
[INFO] [stdout] d86ef81fad8715a54b84db289e6e3960261427c51f71e95a60abc26d39637f1d
[INFO] running `Command { std: "docker" "start" "d86ef81fad8715a54b84db289e6e3960261427c51f71e95a60abc26d39637f1d", kill_on_drop: false }`
[INFO] running `Command { std: "docker" "inspect" "d86ef81fad8715a54b84db289e6e3960261427c51f71e95a60abc26d39637f1d", kill_on_drop: false }`
[INFO] running `Command { std: "docker" "exec" "-e" "SOURCE_DIR=/opt/rustwide/workdir" "-e" "CARGO_HOME=/opt/rustwide/cargo-home" "-e" "RUSTUP_HOME=/opt/rustwide/rustup-home" "-e" "CARGO_TARGET_DIR=/opt/rustwide/target" "-w" "/opt/rustwide/workdir" "--user" "0:0" "d86ef81fad8715a54b84db289e6e3960261427c51f71e95a60abc26d39637f1d" "/opt/rustwide/cargo-home/bin/cargo" "+1.100.0-beta.1" "metadata" "--no-deps" "--format-version=1", kill_on_drop: false }`
[INFO] running `Command { std: "docker" "inspect" "d86ef81fad8715a54b84db289e6e3960261427c51f71e95a60abc26d39637f1d", kill_on_drop: false }`
[INFO] running `Command { std: "docker" "exec" "-e" "SOURCE_DIR=/opt/rustwide/workdir" "-e" "CARGO_HOME=/opt/rustwide/cargo-home" "-e" "RUSTUP_HOME=/opt/rustwide/rustup-home" "-e" "CARGO_TARGET_DIR=/opt/rustwide/target" "-e" "CARGO_INCREMENTAL=0" "-e" "RUST_BACKTRACE=full" "-e" "RUSTFLAGS=--cap-lints=warn" "-e" "RUSTDOCFLAGS=--cap-lints=warn" "-w" "/opt/rustwide/workdir" "--user" "0:0" "d86ef81fad8715a54b84db289e6e3960261427c51f71e95a60abc26d39637f1d" "/opt/rustwide/cargo-home/bin/cargo" "+1.100.0-beta.1" "build" "--frozen" "--message-format=json" "--release", kill_on_drop: false }`
[INFO] [stderr] warning: `package.homepage` is redundant with `package.repository`
[INFO] [stderr]    --> Cargo.toml:172:12
[INFO] [stderr]     |
[INFO] [stderr] 172 | homepage = "https://github.com/AutomataNexus/NexusShield"
[INFO] [stderr]     |            ^^^^^^^^^^^^^^^^^^^^^^^^^^^^^^^^^^^^^^^^^^^^^^
[INFO] [stderr] ...
[INFO] [stderr] 177 | repository = "https://github.com/AutomataNexus/NexusShield"
[INFO] [stderr]     |              ----------------------------------------------
[INFO] [stderr]     |
[INFO] [stderr]     = note: `cargo::redundant_homepage` is set to `warn` by default
[INFO] [stderr] help: consider removing `package.homepage`
[INFO] [stderr] warning: `nexus-shield` (manifest) generated 1 warning
[INFO] [stderr]    Compiling parking_lot_core v0.9.12
[INFO] [stderr]    Compiling errno v0.3.14
[INFO] [stderr]    Compiling mio v1.2.0
[INFO] [stderr]    Compiling cc v1.2.58
[INFO] [stderr]    Compiling tokio-macros v2.6.1
[INFO] [stderr]    Compiling zerofrom v0.1.7
[INFO] [stderr]    Compiling generic-array v0.14.7
[INFO] [stderr]    Compiling serde v1.0.228
[INFO] [stderr]    Compiling yoke v0.8.2
[INFO] [stderr]    Compiling signal-hook-registry v1.4.8
[INFO] [stderr]    Compiling zerovec v0.11.6
[INFO] [stderr]    Compiling parking_lot v0.12.5
[INFO] [stderr]    Compiling tracing v0.1.44
[INFO] [stderr]    Compiling futures-util v0.3.32
[INFO] [stderr]    Compiling indexmap v2.13.1
[INFO] [stderr]    Compiling tokio v1.50.0
[INFO] [stderr]    Compiling crypto-common v0.1.7
[INFO] [stderr]    Compiling cmake v0.1.58
[INFO] [stderr]    Compiling tinystr v0.8.3
[INFO] [stderr]    Compiling potential_utf v0.1.5
[INFO] [stderr]    Compiling zerotrie v0.2.4
[INFO] [stderr]    Compiling icu_locale_core v2.1.1
[INFO] [stderr]    Compiling icu_collections v2.1.1
[INFO] [stderr]    Compiling openssl v0.10.77
[INFO] [stderr]    Compiling num-traits v0.2.19
[INFO] [stderr]    Compiling aws-lc-sys v0.39.1
[INFO] [stderr]    Compiling openssl-sys v0.9.113
[INFO] [stderr]    Compiling openssl-macros v0.1.1
[INFO] [stderr]    Compiling inout v0.1.4
[INFO] [stderr]    Compiling aho-corasick v1.1.4
[INFO] [stderr]    Compiling rustls v0.23.37
[INFO] [stderr]    Compiling cipher v0.4.4
[INFO] [stderr]    Compiling native-tls v0.2.18
[INFO] [stderr]    Compiling icu_provider v2.1.1
[INFO] [stderr]    Compiling icu_properties v2.1.2
[INFO] [stderr]    Compiling icu_normalizer v2.1.1
[INFO] [stderr]    Compiling idna_adapter v1.2.1
[INFO] [stderr]    Compiling regex-automata v0.4.14
[INFO] [stderr]    Compiling universal-hash v0.5.1
[INFO] [stderr]    Compiling rustix v0.38.44
[INFO] [stderr]    Compiling nix v0.29.0
[INFO] [stderr]    Compiling polyval v0.6.2
[INFO] [stderr]    Compiling chrono v0.4.44
[INFO] [stderr]    Compiling idna v1.1.0
[INFO] [stderr]    Compiling serde_urlencoded v0.7.1
[INFO] [stderr]    Compiling block-buffer v0.10.4
[INFO] [stderr]    Compiling serde_spanned v0.6.9
[INFO] [stderr]    Compiling toml_datetime v0.6.11
[INFO] [stderr]    Compiling inotify-sys v0.1.5
[INFO] [stderr]    Compiling instant v0.1.13
[INFO] [stderr]    Compiling procfs v0.17.0
[INFO] [stderr]    Compiling toml_write v0.1.2
[INFO] [stderr]    Compiling linux-raw-sys v0.4.15
[INFO] [stderr]    Compiling tokio-util v0.7.18
[INFO] [stderr]    Compiling h2 v0.4.13
[INFO] [stderr]    Compiling tower v0.5.3
[INFO] [stderr]    Compiling tokio-native-tls v0.3.1
[INFO] [stderr]    Compiling winnow v0.7.15
[INFO] [stderr]    Compiling tower-http v0.6.8
[INFO] [stderr]    Compiling inotify v0.10.2
[INFO] [stderr]    Compiling matchers v0.2.0
[INFO] [stderr]    Compiling fs-err v3.3.0
[INFO] [stderr]    Compiling procfs-core v0.17.0
[INFO] [stderr]    Compiling clap_derive v4.6.0
[INFO] [stderr]    Compiling toml_edit v0.22.27
[INFO] [stderr]    Compiling hyper v1.9.0
[INFO] [stderr]    Compiling hyper-util v0.1.20
[INFO] [stderr]    Compiling notify-types v1.0.1
[INFO] [stderr]    Compiling axum-core v0.4.5
[INFO] [stderr]    Compiling url v2.5.8
[INFO] [stderr]    Compiling hyper-tls v0.6.0
[INFO] [stderr]    Compiling digest v0.10.7
[INFO] [stderr]    Compiling rand_chacha v0.3.1
[INFO] [stderr]    Compiling getrandom v0.4.2
[INFO] [stderr]    Compiling ghash v0.5.1
[INFO] [stderr]    Compiling futures-executor v0.3.32
[INFO] [stderr]    Compiling aes v0.8.4
[INFO] [stderr]    Compiling ctr v0.9.2
[INFO] [stderr]    Compiling arc-swap v1.9.0
[INFO] [stderr]    Compiling rustls-pemfile v2.2.0
[INFO] [stderr]    Compiling aead v0.5.2
[INFO] [stderr]    Compiling tracing-serde v0.2.0
[INFO] [stderr]    Compiling tracing-log v0.2.0
[INFO] [stderr]    Compiling filetime v0.2.27
[INFO] [stderr]    Compiling tracing-subscriber v0.3.23
[INFO] [stderr]    Compiling axum v0.7.9
[INFO] [stderr]    Compiling reqwest v0.12.28
[INFO] [stderr]    Compiling notify v7.0.0
[INFO] [stderr]    Compiling aes-gcm v0.10.3
[INFO] [stderr]    Compiling futures v0.3.32
[INFO] [stderr]    Compiling uuid v1.23.0
[INFO] [stderr]    Compiling rand v0.8.5
[INFO] [stderr]    Compiling sha2 v0.10.9
[INFO] [stderr]    Compiling toml v0.8.23
[INFO] [stderr]    Compiling clap v4.6.0
[INFO] [stderr]    Compiling regex v1.12.3
[INFO] [stderr]    Compiling tokio-stream v0.1.18
[INFO] [stderr]    Compiling sqlparser v0.41.0
[INFO] [stderr]    Compiling glob v0.3.3
[INFO] [stderr]    Compiling aws-lc-rs v1.16.2
[INFO] [stderr]    Compiling rustls-webpki v0.103.10
[INFO] [stderr]    Compiling tokio-rustls v0.26.4
[INFO] [stderr]    Compiling axum-server v0.7.3
[INFO] [stderr]    Compiling nexus-shield v0.5.0 (/opt/rustwide/workdir)
[INFO] [stdout] warning: unused import: `DateTime`
[INFO] [stdout]   --> src/cve_monitor.rs:21:14
[INFO] [stdout]    |
[INFO] [stdout] 21 | use chrono::{DateTime, Utc};
[INFO] [stdout]    |              ^^^^^^^^
[INFO] [stdout]    |
[INFO] [stdout]    = note: `#[warn(unused_imports)]` (part of `#[warn(unused)]`) on by default
[INFO] [stdout] 
[INFO] [stdout] 
[INFO] [stdout] warning: unused import: `HashMap`
[INFO] [stdout]   --> src/cve_monitor.rs:24:24
[INFO] [stdout]    |
[INFO] [stdout] 24 | use std::collections::{HashMap, HashSet};
[INFO] [stdout]    |                        ^^^^^^^
[INFO] [stdout] 
[INFO] [stdout] 
[INFO] [stdout] warning: unused import: `std::sync::Arc`
[INFO] [stdout]   --> src/cve_monitor.rs:26:5
[INFO] [stdout]    |
[INFO] [stdout] 26 | use std::sync::Arc;
[INFO] [stdout]    |     ^^^^^^^^^^^^^^
[INFO] [stdout] 
[INFO] [stdout] 
[INFO] [stdout] warning: variable does not need to be mutable
[INFO] [stdout]    --> src/cve_monitor.rs:265:9
[INFO] [stdout]     |
[INFO] [stdout] 265 |     let mut url = format!(
[INFO] [stdout]     |         ----^^^
[INFO] [stdout]     |         |
[INFO] [stdout]     |         help: remove this `mut`
[INFO] [stdout]     |
[INFO] [stdout]     = note: `#[warn(unused_mut)]` (part of `#[warn(unused)]`) on by default
[INFO] [stdout] 
[INFO] [stdout] 
[INFO] [stdout] warning: unused variable: `since`
[INFO] [stdout]    --> src/cve_monitor.rs:530:9
[INFO] [stdout]     |
[INFO] [stdout] 530 |     let since = (Utc::now() - chrono::Duration::hours(hours_back as i64)).to_rfc3339();
[INFO] [stdout]     |         ^^^^^ help: if this is intentional, prefix it with an underscore: `_since`
[INFO] [stdout]     |
[INFO] [stdout]     = note: `#[warn(unused_variables)]` (part of `#[warn(unused)]`) on by default
[INFO] [stdout] 
[INFO] [stdout] 
[INFO] [stdout] warning: unused variable: `matches`
[INFO] [stdout]    --> src/cve_monitor.rs:982:18
[INFO] [stdout]     |
[INFO] [stdout] 982 |             let (matches, total, alerts) = run_scan_cycle(
[INFO] [stdout]     |                  ^^^^^^^ help: if this is intentional, prefix it with an underscore: `_matches`
[INFO] [stdout] 
[INFO] [stdout] 
[INFO] [stdout] warning: unused variable: `total`
[INFO] [stdout]    --> src/cve_monitor.rs:982:27
[INFO] [stdout]     |
[INFO] [stdout] 982 |             let (matches, total, alerts) = run_scan_cycle(
[INFO] [stdout]     |                           ^^^^^ help: if this is intentional, prefix it with an underscore: `_total`
[INFO] [stdout] 
[INFO] [stdout] 
[INFO] [stdout] warning: unused variable: `alerts`
[INFO] [stdout]    --> src/cve_monitor.rs:982:34
[INFO] [stdout]     |
[INFO] [stdout] 982 |             let (matches, total, alerts) = run_scan_cycle(
[INFO] [stdout]     |                                  ^^^^^^ help: if this is intentional, prefix it with an underscore: `_alerts`
[INFO] [stdout] 
[INFO] [stdout] 
[INFO] [stderr] warning: unused dependency `glob`
[INFO] [stderr]   --> Cargo.toml:55:15
[INFO] [stderr]    |
[INFO] [stderr] 55 | [dependencies.glob]
[INFO] [stderr]    |               ^^^^^
[INFO] [stderr]    |
[INFO] [stderr]    = note: `cargo::unused_dependencies` is set to `warn` by default
[INFO] [stderr] help: consider removing the dependency on `glob`
[INFO] [stderr] warning: unused dependency `procfs`
[INFO] [stderr]   --> Cargo.toml:82:15
[INFO] [stderr]    |
[INFO] [stderr] 82 | [dependencies.procfs]
[INFO] [stderr]    |               ^^^^^^^
[INFO] [stderr]    |
[INFO] [stderr] help: consider removing the dependency on `procfs`
[INFO] [stderr] warning: unused dependency `tokio-stream`
[INFO] [stderr]    --> Cargo.toml:121:15
[INFO] [stderr]     |
[INFO] [stderr] 121 | [dependencies.tokio-stream]
[INFO] [stderr]     |               ^^^^^^^^^^^^^
[INFO] [stderr]     |
[INFO] [stderr] help: consider removing the dependency on `tokio-stream`
[INFO] [stderr] warning: `nexus-shield` (manifest) generated 3 warnings
[INFO] [stderr]     Finished `release` profile [optimized] target(s) in 3m 41s
[INFO] [stderr] warning: the following packages contain code that will be rejected by a future version of Rust: nix v0.29.0
[INFO] [stderr] note: to see what the problems were, use the option `--future-incompat-report`, or run `cargo report future-incompatibilities --id 2`
[INFO] running `Command { std: "docker" "inspect" "d86ef81fad8715a54b84db289e6e3960261427c51f71e95a60abc26d39637f1d", kill_on_drop: false }`
[INFO] running `Command { std: "docker" "exec" "-e" "SOURCE_DIR=/opt/rustwide/workdir" "-e" "CARGO_HOME=/opt/rustwide/cargo-home" "-e" "RUSTUP_HOME=/opt/rustwide/rustup-home" "-e" "CARGO_TARGET_DIR=/opt/rustwide/target" "-e" "CARGO_INCREMENTAL=0" "-e" "RUST_BACKTRACE=full" "-e" "RUSTFLAGS=--cap-lints=warn" "-e" "RUSTDOCFLAGS=--cap-lints=warn" "-w" "/opt/rustwide/workdir" "--user" "0:0" "d86ef81fad8715a54b84db289e6e3960261427c51f71e95a60abc26d39637f1d" "/opt/rustwide/cargo-home/bin/cargo" "+1.100.0-beta.1" "test" "--frozen" "--no-run" "--message-format=json" "--release", kill_on_drop: false }`
[INFO] [stderr] warning: `package.homepage` is redundant with `package.repository`
[INFO] [stderr]    --> Cargo.toml:172:12
[INFO] [stderr]     |
[INFO] [stderr] 172 | homepage = "https://github.com/AutomataNexus/NexusShield"
[INFO] [stderr]     |            ^^^^^^^^^^^^^^^^^^^^^^^^^^^^^^^^^^^^^^^^^^^^^^
[INFO] [stderr] ...
[INFO] [stderr] 177 | repository = "https://github.com/AutomataNexus/NexusShield"
[INFO] [stderr]     |              ----------------------------------------------
[INFO] [stderr]     |
[INFO] [stderr]     = note: `cargo::redundant_homepage` is set to `warn` by default
[INFO] [stderr] help: consider removing `package.homepage`
[INFO] [stderr] warning: `nexus-shield` (manifest) generated 1 warning
[INFO] [stderr]    Compiling nexus-shield v0.5.0 (/opt/rustwide/workdir)
[INFO] [stdout] warning: unused import: `DateTime`
[INFO] [stdout]   --> src/cve_monitor.rs:21:14
[INFO] [stdout]    |
[INFO] [stdout] 21 | use chrono::{DateTime, Utc};
[INFO] [stdout]    |              ^^^^^^^^
[INFO] [stdout]    |
[INFO] [stdout]    = note: `#[warn(unused_imports)]` (part of `#[warn(unused)]`) on by default
[INFO] [stdout] 
[INFO] [stdout] 
[INFO] [stdout] warning: unused import: `HashMap`
[INFO] [stdout]   --> src/cve_monitor.rs:24:24
[INFO] [stdout]    |
[INFO] [stdout] 24 | use std::collections::{HashMap, HashSet};
[INFO] [stdout]    |                        ^^^^^^^
[INFO] [stdout] 
[INFO] [stdout] 
[INFO] [stdout] warning: unused import: `std::sync::Arc`
[INFO] [stdout]   --> src/cve_monitor.rs:26:5
[INFO] [stdout]    |
[INFO] [stdout] 26 | use std::sync::Arc;
[INFO] [stdout]    |     ^^^^^^^^^^^^^^
[INFO] [stdout] 
[INFO] [stdout] 
[INFO] [stdout] warning: variable does not need to be mutable
[INFO] [stdout]    --> src/cve_monitor.rs:265:9
[INFO] [stdout]     |
[INFO] [stdout] 265 |     let mut url = format!(
[INFO] [stdout]     |         ----^^^
[INFO] [stdout]     |         |
[INFO] [stdout]     |         help: remove this `mut`
[INFO] [stdout]     |
[INFO] [stdout]     = note: `#[warn(unused_mut)]` (part of `#[warn(unused)]`) on by default
[INFO] [stdout] 
[INFO] [stdout] 
[INFO] [stdout] warning: unused variable: `since`
[INFO] [stdout]    --> src/cve_monitor.rs:530:9
[INFO] [stdout]     |
[INFO] [stdout] 530 |     let since = (Utc::now() - chrono::Duration::hours(hours_back as i64)).to_rfc3339();
[INFO] [stdout]     |         ^^^^^ help: if this is intentional, prefix it with an underscore: `_since`
[INFO] [stdout]     |
[INFO] [stdout]     = note: `#[warn(unused_variables)]` (part of `#[warn(unused)]`) on by default
[INFO] [stdout] 
[INFO] [stdout] 
[INFO] [stdout] warning: unused variable: `matches`
[INFO] [stdout]    --> src/cve_monitor.rs:982:18
[INFO] [stdout]     |
[INFO] [stdout] 982 |             let (matches, total, alerts) = run_scan_cycle(
[INFO] [stdout]     |                  ^^^^^^^ help: if this is intentional, prefix it with an underscore: `_matches`
[INFO] [stdout] 
[INFO] [stdout] 
[INFO] [stdout] warning: unused variable: `total`
[INFO] [stdout]    --> src/cve_monitor.rs:982:27
[INFO] [stdout]     |
[INFO] [stdout] 982 |             let (matches, total, alerts) = run_scan_cycle(
[INFO] [stdout]     |                           ^^^^^ help: if this is intentional, prefix it with an underscore: `_total`
[INFO] [stdout] 
[INFO] [stdout] 
[INFO] [stdout] warning: unused variable: `alerts`
[INFO] [stdout]    --> src/cve_monitor.rs:982:34
[INFO] [stdout]     |
[INFO] [stdout] 982 |             let (matches, total, alerts) = run_scan_cycle(
[INFO] [stdout]     |                                  ^^^^^^ help: if this is intentional, prefix it with an underscore: `_alerts`
[INFO] [stdout] 
[INFO] [stdout] 
[INFO] [stdout] warning: unused import: `DateTime`
[INFO] [stdout]   --> src/cve_monitor.rs:21:14
[INFO] [stdout]    |
[INFO] [stdout] 21 | use chrono::{DateTime, Utc};
[INFO] [stdout]    |              ^^^^^^^^
[INFO] [stdout]    |
[INFO] [stdout]    = note: `#[warn(unused_imports)]` (part of `#[warn(unused)]`) on by default
[INFO] [stdout] 
[INFO] [stdout] 
[INFO] [stdout] warning: unused import: `HashMap`
[INFO] [stdout]   --> src/cve_monitor.rs:24:24
[INFO] [stdout]    |
[INFO] [stdout] 24 | use std::collections::{HashMap, HashSet};
[INFO] [stdout]    |                        ^^^^^^^
[INFO] [stdout] 
[INFO] [stdout] 
[INFO] [stdout] warning: unused import: `std::sync::Arc`
[INFO] [stdout]   --> src/cve_monitor.rs:26:5
[INFO] [stdout]    |
[INFO] [stdout] 26 | use std::sync::Arc;
[INFO] [stdout]    |     ^^^^^^^^^^^^^^
[INFO] [stdout] 
[INFO] [stdout] 
[INFO] [stdout] warning: unused import: `std::io::Write`
[INFO] [stdout]    --> src/endpoint/signatures.rs:351:9
[INFO] [stdout]     |
[INFO] [stdout] 351 |     use std::io::Write;
[INFO] [stdout]     |         ^^^^^^^^^^^^^^
[INFO] [stdout] 
[INFO] [stdout] 
[INFO] [stdout] warning: variable does not need to be mutable
[INFO] [stdout]    --> src/cve_monitor.rs:265:9
[INFO] [stdout]     |
[INFO] [stdout] 265 |     let mut url = format!(
[INFO] [stdout]     |         ----^^^
[INFO] [stdout]     |         |
[INFO] [stdout]     |         help: remove this `mut`
[INFO] [stdout]     |
[INFO] [stdout]     = note: `#[warn(unused_mut)]` (part of `#[warn(unused)]`) on by default
[INFO] [stdout] 
[INFO] [stdout] 
[INFO] [stdout] warning: unused variable: `since`
[INFO] [stdout]    --> src/cve_monitor.rs:530:9
[INFO] [stdout]     |
[INFO] [stdout] 530 |     let since = (Utc::now() - chrono::Duration::hours(hours_back as i64)).to_rfc3339();
[INFO] [stdout]     |         ^^^^^ help: if this is intentional, prefix it with an underscore: `_since`
[INFO] [stdout]     |
[INFO] [stdout]     = note: `#[warn(unused_variables)]` (part of `#[warn(unused)]`) on by default
[INFO] [stdout] 
[INFO] [stdout] 
[INFO] [stdout] warning: unused variable: `matches`
[INFO] [stdout]    --> src/cve_monitor.rs:982:18
[INFO] [stdout]     |
[INFO] [stdout] 982 |             let (matches, total, alerts) = run_scan_cycle(
[INFO] [stdout]     |                  ^^^^^^^ help: if this is intentional, prefix it with an underscore: `_matches`
[INFO] [stdout] 
[INFO] [stdout] 
[INFO] [stdout] warning: unused variable: `total`
[INFO] [stdout]    --> src/cve_monitor.rs:982:27
[INFO] [stdout]     |
[INFO] [stdout] 982 |             let (matches, total, alerts) = run_scan_cycle(
[INFO] [stdout]     |                           ^^^^^ help: if this is intentional, prefix it with an underscore: `_total`
[INFO] [stdout] 
[INFO] [stdout] 
[INFO] [stdout] warning: unused variable: `alerts`
[INFO] [stdout]    --> src/cve_monitor.rs:982:34
[INFO] [stdout]     |
[INFO] [stdout] 982 |             let (matches, total, alerts) = run_scan_cycle(
[INFO] [stdout]     |                                  ^^^^^^ help: if this is intentional, prefix it with an underscore: `_alerts`
[INFO] [stdout] 
[INFO] [stdout] 
[INFO] [stderr] warning: unused dependency `glob`
[INFO] [stderr]   --> Cargo.toml:55:15
[INFO] [stderr]    |
[INFO] [stderr] 55 | [dependencies.glob]
[INFO] [stderr]    |               ^^^^^
[INFO] [stderr]    |
[INFO] [stderr]    = note: `cargo::unused_dependencies` is set to `warn` by default
[INFO] [stderr] help: consider removing the dependency on `glob`
[INFO] [stderr] warning: unused dependency `procfs`
[INFO] [stderr]   --> Cargo.toml:82:15
[INFO] [stderr]    |
[INFO] [stderr] 82 | [dependencies.procfs]
[INFO] [stderr]    |               ^^^^^^^
[INFO] [stderr]    |
[INFO] [stderr] help: consider removing the dependency on `procfs`
[INFO] [stderr] warning: unused dependency `tokio-stream`
[INFO] [stderr]    --> Cargo.toml:121:15
[INFO] [stderr]     |
[INFO] [stderr] 121 | [dependencies.tokio-stream]
[INFO] [stderr]     |               ^^^^^^^^^^^^^
[INFO] [stderr]     |
[INFO] [stderr] help: consider removing the dependency on `tokio-stream`
[INFO] [stderr] warning: `nexus-shield` (manifest) generated 3 warnings
[INFO] [stderr]     Finished `release` profile [optimized] target(s) in 39.52s
[INFO] [stderr] warning: the following packages contain code that will be rejected by a future version of Rust: nix v0.29.0
[INFO] [stderr] note: to see what the problems were, use the option `--future-incompat-report`, or run `cargo report future-incompatibilities --id 2`
[INFO] running `Command { std: "docker" "inspect" "d86ef81fad8715a54b84db289e6e3960261427c51f71e95a60abc26d39637f1d", kill_on_drop: false }`
[INFO] running `Command { std: "docker" "exec" "-e" "SOURCE_DIR=/opt/rustwide/workdir" "-e" "CARGO_HOME=/opt/rustwide/cargo-home" "-e" "RUSTUP_HOME=/opt/rustwide/rustup-home" "-e" "CARGO_TARGET_DIR=/opt/rustwide/target" "-e" "CARGO_INCREMENTAL=0" "-e" "RUST_BACKTRACE=full" "-e" "RUSTFLAGS=--cap-lints=warn" "-e" "RUSTDOCFLAGS=--cap-lints=warn" "-w" "/opt/rustwide/workdir" "--user" "0:0" "d86ef81fad8715a54b84db289e6e3960261427c51f71e95a60abc26d39637f1d" "/opt/rustwide/cargo-home/bin/cargo" "+1.100.0-beta.1" "test" "--frozen" "--release", kill_on_drop: false }`
[INFO] [stderr] warning: `package.homepage` is redundant with `package.repository`
[INFO] [stderr]    --> Cargo.toml:172:12
[INFO] [stderr]     |
[INFO] [stderr] 172 | homepage = "https://github.com/AutomataNexus/NexusShield"
[INFO] [stderr]     |            ^^^^^^^^^^^^^^^^^^^^^^^^^^^^^^^^^^^^^^^^^^^^^^
[INFO] [stderr] ...
[INFO] [stderr] 177 | repository = "https://github.com/AutomataNexus/NexusShield"
[INFO] [stderr]     |              ----------------------------------------------
[INFO] [stderr]     |
[INFO] [stderr]     = note: `cargo::redundant_homepage` is set to `warn` by default
[INFO] [stderr] help: consider removing `package.homepage`
[INFO] [stderr] warning: `nexus-shield` (manifest) generated 1 warning
[INFO] [stderr] warning: unused import: `DateTime`
[INFO] [stderr]   --> src/cve_monitor.rs:21:14
[INFO] [stderr]    |
[INFO] [stderr] 21 | use chrono::{DateTime, Utc};
[INFO] [stderr]    |              ^^^^^^^^
[INFO] [stderr]    |
[INFO] [stderr]    = note: `#[warn(unused_imports)]` (part of `#[warn(unused)]`) on by default
[INFO] [stderr] 
[INFO] [stderr] warning: unused import: `HashMap`
[INFO] [stderr]   --> src/cve_monitor.rs:24:24
[INFO] [stderr]    |
[INFO] [stderr] 24 | use std::collections::{HashMap, HashSet};
[INFO] [stderr]    |                        ^^^^^^^
[INFO] [stderr] 
[INFO] [stderr] warning: unused import: `std::sync::Arc`
[INFO] [stderr]   --> src/cve_monitor.rs:26:5
[INFO] [stderr]    |
[INFO] [stderr] 26 | use std::sync::Arc;
[INFO] [stderr]    |     ^^^^^^^^^^^^^^
[INFO] [stderr] 
[INFO] [stderr] warning: variable does not need to be mutable
[INFO] [stderr]    --> src/cve_monitor.rs:265:9
[INFO] [stderr]     |
[INFO] [stderr] 265 |     let mut url = format!(
[INFO] [stderr]     |         ----^^^
[INFO] [stderr]     |         |
[INFO] [stderr]     |         help: remove this `mut`
[INFO] [stderr]     |
[INFO] [stderr]     = note: `#[warn(unused_mut)]` (part of `#[warn(unused)]`) on by default
[INFO] [stderr] 
[INFO] [stderr] warning: unused variable: `since`
[INFO] [stderr]    --> src/cve_monitor.rs:530:9
[INFO] [stderr]     |
[INFO] [stderr] 530 |     let since = (Utc::now() - chrono::Duration::hours(hours_back as i64)).to_rfc3339();
[INFO] [stderr]     |         ^^^^^ help: if this is intentional, prefix it with an underscore: `_since`
[INFO] [stderr]     |
[INFO] [stderr]     = note: `#[warn(unused_variables)]` (part of `#[warn(unused)]`) on by default
[INFO] [stderr] 
[INFO] [stderr] warning: unused variable: `matches`
[INFO] [stderr]    --> src/cve_monitor.rs:982:18
[INFO] [stderr]     |
[INFO] [stderr] 982 |             let (matches, total, alerts) = run_scan_cycle(
[INFO] [stderr]     |                  ^^^^^^^ help: if this is intentional, prefix it with an underscore: `_matches`
[INFO] [stderr] 
[INFO] [stderr] warning: unused variable: `total`
[INFO] [stderr]    --> src/cve_monitor.rs:982:27
[INFO] [stderr]     |
[INFO] [stderr] 982 |             let (matches, total, alerts) = run_scan_cycle(
[INFO] [stderr]     |                           ^^^^^ help: if this is intentional, prefix it with an underscore: `_total`
[INFO] [stderr] 
[INFO] [stderr] warning: unused variable: `alerts`
[INFO] [stderr]    --> src/cve_monitor.rs:982:34
[INFO] [stderr]     |
[INFO] [stderr] 982 |             let (matches, total, alerts) = run_scan_cycle(
[INFO] [stderr]     |                                  ^^^^^^ help: if this is intentional, prefix it with an underscore: `_alerts`
[INFO] [stderr] 
[INFO] [stderr] warning: unused import: `std::io::Write`
[INFO] [stderr]    --> src/endpoint/signatures.rs:351:9
[INFO] [stderr]     |
[INFO] [stderr] 351 |     use std::io::Write;
[INFO] [stderr]     |         ^^^^^^^^^^^^^^
[INFO] [stderr] 
[INFO] [stderr] warning: `nexus-shield` (lib) generated 8 warnings (run `cargo fix --lib -p nexus-shield` to apply 8 suggestions)
[INFO] [stderr] warning: `nexus-shield` (lib test) generated 9 warnings (8 duplicates) (run `cargo fix --lib -p nexus-shield --tests` to apply 1 suggestion)
[INFO] [stderr] warning: unused dependency `glob`
[INFO] [stderr]   --> Cargo.toml:55:15
[INFO] [stderr]    |
[INFO] [stderr] 55 | [dependencies.glob]
[INFO] [stderr]    |               ^^^^^
[INFO] [stderr]    |
[INFO] [stderr]    = note: `cargo::unused_dependencies` is set to `warn` by default
[INFO] [stderr] help: consider removing the dependency on `glob`
[INFO] [stderr] warning: unused dependency `procfs`
[INFO] [stderr]   --> Cargo.toml:82:15
[INFO] [stderr]    |
[INFO] [stderr] 82 | [dependencies.procfs]
[INFO] [stderr]    |               ^^^^^^^
[INFO] [stderr]    |
[INFO] [stderr] help: consider removing the dependency on `procfs`
[INFO] [stderr] warning: unused dependency `tokio-stream`
[INFO] [stderr]    --> Cargo.toml:121:15
[INFO] [stderr]     |
[INFO] [stderr] 121 | [dependencies.tokio-stream]
[INFO] [stderr]     |               ^^^^^^^^^^^^^
[INFO] [stderr]     |
[INFO] [stderr] help: consider removing the dependency on `tokio-stream`
[INFO] [stderr] warning: `nexus-shield` (manifest) generated 3 warnings
[INFO] [stderr]     Finished `release` profile [optimized] target(s) in 0.37s
[INFO] [stderr] warning: the following packages contain code that will be rejected by a future version of Rust: nix v0.29.0
[INFO] [stderr] note: to see what the problems were, use the option `--future-incompat-report`, or run `cargo report future-incompatibilities --id 2`
[INFO] [stderr]      Running unittests src/lib.rs (/opt/rustwide/target/release/build/nexus-shield/a770cadf3dd60c60/out/nexus_shield-a770cadf3dd60c60)
[INFO] [stdout] 
[INFO] [stdout] running 465 tests
[INFO] [stdout] test audit_chain::tests::journal_handles_partial_last_line ... ok
[INFO] [stdout] test audit_chain::tests::tampered_chain_detected ... ok
[INFO] [stdout] test audit_chain::tests::multi_event_chain_is_valid ... ok
[INFO] [stdout] test audit_chain::tests::journal_persists_across_restart ... ok
[INFO] [stdout] test audit_chain::tests::pruning_works ... ok
[INFO] [stdout] test audit_chain::tests::recent_returns_newest_first ... ok
[INFO] [stdout] test audit_chain::tests::single_event_chain_is_valid ... ok
[INFO] [stdout] test audit_chain::tests::empty_chain_is_valid ... ok
[INFO] [stdout] test auth::tests::auth_token_clone ... ok
[INFO] [stdout] test compliance_report::tests::json_report_generation ... ok
[INFO] [stdout] test compliance_report::tests::empty_audit_chain_report ... ok
[INFO] [stdout] test compliance_report::tests::html_escape_works ... ok
[INFO] [stdout] test auth::tests::auth_token_none ... ok
[INFO] [stdout] test compliance_report::tests::html_report_generation ... ok
[INFO] [stdout] test compliance_report::tests::severity_breakdown ... ok
[INFO] [stdout] test compliance_report::tests::summary_with_events ... ok
[INFO] [stdout] test compliance_report::tests::top_ips_sorted ... ok
[INFO] [stdout] test compliance_report::tests::config_defaults ... ok
[INFO] [stdout] test compliance_report::tests::html_report_without_details ... ok
[INFO] [stdout] test config::tests::webhook_config_defaults ... ok
[INFO] [stdout] test config::tests::parse_full_toml ... ok
[INFO] [stdout] test config::tests::parse_minimal_toml ... ok
[INFO] [stdout] test config::tests::default_config ... ok
[INFO] [stdout] test credential_vault::tests::already_encrypted_fields_are_not_re_encrypted ... ok
[INFO] [stdout] test credential_vault::tests::decrypt_source_config_restores_originals ... ok
[INFO] [stdout] test config::tests::load_nonexistent_file ... ok
[INFO] [stdout] test config::tests::parse_empty_toml ... ok
[INFO] [stdout] test credential_vault::tests::different_user_cannot_decrypt ... ok
[INFO] [stdout] test credential_vault::tests::different_users_get_different_keys ... ok
[INFO] [stdout] test credential_vault::tests::encrypt_source_config_encrypts_sensitive_fields ... ok
[INFO] [stdout] test credential_vault::tests::empty_fields_are_not_encrypted ... ok
[INFO] [stdout] test credential_vault::tests::encrypt_decrypt_roundtrip ... ok
[INFO] [stdout] test credential_vault::tests::redact_hides_secrets ... ok
[INFO] [stdout] test credential_vault::tests::same_user_same_key ... ok
[INFO] [stdout] test credential_vault::tests::short_key_is_rejected ... ok
[INFO] [stdout] test credential_vault::tests::wrong_key_fails_decrypt ... ok
[INFO] [stdout] test credential_vault::tests::invalid_encrypted_value_returns_error ... ok
[INFO] [stdout] test credential_vault::tests::is_encrypted_checks_prefix ... ok
[INFO] [stdout] test cve_monitor::tests::config_defaults ... ok
[INFO] [stdout] test compliance_report::tests::score_to_severity_mapping ... ok
[INFO] [stdout] test cve_monitor::tests::cve_matching_basic ... ok
[INFO] [stdout] test cve_monitor::tests::cve_matching_no_match_fixed_version ... ok
[INFO] [stdout] test cve_monitor::tests::cve_min_cvss_filter ... ok
[INFO] [stdout] test cve_monitor::tests::ecosystem_matching ... ok
[INFO] [stdout] test cve_monitor::tests::dedup_state ... ok
[INFO] [stdout] test cve_monitor::tests::version_comparison ... ok
[INFO] [stdout] test cve_monitor::tests::version_parsing ... ok
[INFO] [stdout] test cve_monitor::tests::humanize_duration_works ... ok
[INFO] [stdout] test daily_report::tests::fmt_num_has_thousands_separators ... ok
[INFO] [stdout] test daily_report::tests::renders_without_panic ... ok
[INFO] [stdout] test daily_report::tests::integrity_banner_shows_when_chain_invalid ... ok
[INFO] [stdout] test daily_report::tests::subject_line_reflects_severity ... ok
[INFO] [stdout] test cve_monitor::tests::scan_project_deps_current_dir ... FAILED
[INFO] [stdout] test email_guard::tests::blocks_crlf_in_subject ... ok
[INFO] [stdout] test email_guard::tests::allows_normal_text_content ... ok
[INFO] [stdout] test email_guard::tests::blocks_crlf_in_email ... ok
[INFO] [stdout] test email_guard::tests::blocks_disposable_domain ... ok
[INFO] [stdout] test daily_report::tests::xss_escaped_in_detection_description ... ok
[INFO] [stdout] test email_guard::tests::allows_valid_email ... ok
[INFO] [stdout] test email_guard::tests::blocks_empty_local_part ... ok
[INFO] [stdout] test email_guard::tests::blocks_event_handlers ... ok
[INFO] [stdout] test email_guard::tests::blocks_ip_domain ... ok
[INFO] [stdout] test cve_monitor::tests::version_range_matching ... ok
[INFO] [stdout] test cve_monitor::tests::wildcard_range ... ok
[INFO] [stdout] test email_guard::tests::blocks_javascript_protocol ... ok
[INFO] [stdout] test email_guard::tests::blocks_newline_in_name ... ok
[INFO] [stdout] test email_guard::tests::blocks_localhost_domain ... ok
[INFO] [stdout] test email_guard::tests::blocks_missing_at_sign ... ok
[INFO] [stdout] test email_guard::tests::blocks_oversized_subject ... ok
[INFO] [stdout] test email_guard::tests::blocks_script_in_content ... ok
[INFO] [stdout] test email_guard::tests::blocks_svg_injection ... ok
[INFO] [stdout] test email_guard::tests::escapes_ampersand ... ok
[INFO] [stdout] test email_guard::tests::blocks_unicode_bidi_override ... ok
[INFO] [stdout] test email_guard::tests::blocks_zero_width_chars ... ok
[INFO] [stdout] test email_guard::tests::escapes_html_special_chars ... ok
[INFO] [stdout] test email_guard::tests::rejects_too_many_recipients ... ok
[INFO] [stdout] test email_guard::tests::rate_limiter_blocks_over_threshold ... ok
[INFO] [stdout] test email_guard::tests::strips_null_bytes ... ok
[INFO] [stdout] test email_guard::tests::validates_good_outbound_email ... ok
[INFO] [stdout] test endpoint::allowlist::tests::custom_overrides_work ... ok
[INFO] [stdout] test email_guard::tests::rate_limiter_allows_under_threshold ... ok
[INFO] [stdout] test email_guard::tests::rejects_injection_in_subject ... ok
[INFO] [stdout] test endpoint::allowlist::tests::node_modules_skipped ... ok
[INFO] [stdout] test email_guard::tests::rate_limiter_tracks_per_recipient ... ok
[INFO] [stdout] test endpoint::allowlist::tests::git_objects_skipped ... ok
[INFO] [stdout] test endpoint::allowlist::tests::ide_processes_skipped ... ok
[INFO] [stdout] test endpoint::allowlist::tests::refresh_redetects ... ok
[INFO] [stdout] test endpoint::container_scanner::tests::clean_image_no_alerts ... ok
[INFO] [stdout] test endpoint::container_scanner::tests::detect_dangerous_base ... ok
[INFO] [stdout] test endpoint::container_scanner::tests::detect_env_secrets ... ok
[INFO] [stdout] test endpoint::container_scanner::tests::detect_nmap_install ... ok
[INFO] [stdout] test endpoint::container_scanner::tests::detect_pipe_to_shell ... ok
[INFO] [stdout] test endpoint::container_scanner::tests::detect_root_user_empty ... ok
[INFO] [stdout] test endpoint::container_scanner::tests::config_defaults ... ok
[INFO] [stdout] test endpoint::container_scanner::tests::detect_chmod_777 ... ok
[INFO] [stdout] test endpoint::container_scanner::tests::detect_root_user_explicit ... ok
[INFO] [stdout] test endpoint::container_scanner::tests::no_alert_nonroot_user ... ok
[INFO] [stdout] test endpoint::container_scanner::tests::detect_suspicious_port ... ok
[INFO] [stdout] test endpoint::container_scanner::tests::no_secret_in_path ... ok
[INFO] [stdout] test endpoint::allowlist::tests::target_debug_skipped ... ok
[INFO] [stdout] test endpoint::allowlist::tests::unknown_process_not_skipped ... ok
[INFO] [stdout] test endpoint::container_scanner::tests::parse_image_info_basic ... ok
[INFO] [stdout] test endpoint::dns_filter::tests::block_threat_intel_domain ... ok
[INFO] [stdout] test endpoint::dns_filter::tests::config_defaults ... ok
[INFO] [stdout] test endpoint::container_scanner::tests::truncate_long_string ... ok
[INFO] [stdout] test endpoint::dns_filter::tests::allow_clean_domain ... ok
[INFO] [stdout] test endpoint::dns_filter::tests::nxdomain_response ... ok
[INFO] [stdout] test endpoint::dns_filter::tests::block_custom_domain ... ok
[INFO] [stdout] test endpoint::dns_filter::tests::parse_compression_pointer_loop_rejected ... ok
[INFO] [stdout] test endpoint::dns_filter::tests::parse_compression_pointer_simple ... ok
[INFO] [stdout] test endpoint::dns_filter::tests::parse_compression_pointer_deep_chain_capped ... ok
[INFO] [stdout] test endpoint::dns_filter::tests::parse_empty_name ... ok
[INFO] [stdout] test endpoint::dns_filter::tests::parse_out_of_bounds_pointer_rejected ... ok
[INFO] [stdout] test endpoint::dns_filter::tests::parse_oversize_label_rejected ... ok
[INFO] [stdout] test endpoint::dns_filter::tests::parse_too_short ... ok
[INFO] [stdout] test endpoint::dns_filter::tests::rate_limiter_allows_within_budget ... ok
[INFO] [stdout] test endpoint::dns_filter::tests::rate_limiter_disabled_when_rate_zero ... ok
[INFO] [stdout] test endpoint::dns_filter::tests::case_insensitive_blocking ... ok
[INFO] [stdout] test endpoint::dns_filter::tests::parse_single_label ... ok
[INFO] [stdout] test endpoint::dns_filter::tests::runtime_block_unblock ... ok
[INFO] [stdout] test endpoint::dns_filter::tests::sinkhole_response ... ok
[INFO] [stdout] test endpoint::dns_filter::tests::stats_include_new_counters ... ok
[INFO] [stdout] test endpoint::dns_filter::tests::stats_tracking ... ok
[INFO] [stdout] test endpoint::dns_filter::tests::whitelist_overrides_block ... ok
[INFO] [stdout] test endpoint::dns_filter::tests::parse_simple_domain ... ok
[INFO] [stdout] test endpoint::dns_filter::tests::rate_limiter_independent_per_ip ... ok
[INFO] [stdout] test endpoint::dns_filter::tests::rate_limiter_drops_over_burst ... ok
[INFO] [stdout] test endpoint::file_quarantine::tests::quarantine_and_verify ... ok
[INFO] [stdout] test endpoint::file_quarantine::tests::index_persistence ... ok
[INFO] [stdout] test endpoint::file_quarantine::tests::get_entry_by_id ... ok
[INFO] [stdout] test endpoint::file_quarantine::tests::delete_entry_works ... ok
[INFO] [stdout] test endpoint::fim::tests::config_defaults ... ok
[INFO] [stdout] test endpoint::file_quarantine::tests::restore_file_works ... ok
[INFO] [stdout] test endpoint::file_quarantine::tests::vault_size_calculation ... ok
[INFO] [stdout] test endpoint::fim::tests::detect_modified_file ... ok
[INFO] [stdout] test endpoint::fim::tests::detect_new_file ... ok
[INFO] [stdout] test endpoint::fim::tests::hash_file_works ... ok
[INFO] [stdout] test endpoint::fim::tests::exclude_patterns ... ok
[INFO] [stdout] test endpoint::fim::tests::file_entry_equality ... ok
[INFO] [stdout] test endpoint::fim::tests::no_alert_when_unchanged ... ok
[INFO] [stdout] test endpoint::fim::tests::hash_nonexistent_file ... ok
[INFO] [stdout] test endpoint::allowlist::tests::build_artifacts_in_dev_paths_skipped ... ok
[INFO] [stdout] test endpoint::fim::tests::read_file_entry ... ok
[INFO] [stdout] test endpoint::allowlist::tests::compiler_processes_skipped ... ok
[INFO] [stdout] test endpoint::allowlist::tests::normal_files_not_skipped ... ok
[INFO] [stdout] test endpoint::fim::tests::baseline_persistence ... ok
[INFO] [stdout] test endpoint::fim::tests::detect_deleted_file ... ok
[INFO] [stdout] test endpoint::fim::tests::severity_for_binaries ... ok
[INFO] [stdout] test endpoint::fim::tests::severity_for_critical_files ... ok
[INFO] [stdout] test endpoint::fim::tests::severity_for_other ... ok
[INFO] [stdout] test endpoint::fim::tests::severity_for_config ... ok
[INFO] [stdout] test endpoint::heuristics::tests::config_defaults_are_reasonable ... ok
[INFO] [stdout] test endpoint::heuristics::tests::detect_magic_types ... ok
[INFO] [stdout] test endpoint::heuristics::tests::elf_header_detection ... ok
[INFO] [stdout] test endpoint::heuristics::tests::embedded_elf_in_pdf ... ok
[INFO] [stdout] test endpoint::heuristics::tests::entropy_empty ... ok
[INFO] [stdout] test endpoint::fim::tests::permission_change_detection ... ok
[INFO] [stdout] test endpoint::heuristics::tests::entropy_normal_text ... ok
[INFO] [stdout] test endpoint::heuristics::tests::file_type_mismatch_pdf_with_mz ... ok
[INFO] [stdout] test endpoint::memory_scanner::tests::config_defaults ... ok
[INFO] [stdout] test endpoint::memory_scanner::tests::meterpreter_detection ... ok
[INFO] [stdout] test endpoint::heuristics::tests::entropy_all_zeros ... ok
[INFO] [stdout] test endpoint::fim::tests::read_directory_returns_none ... ok
[INFO] [stdout] test endpoint::memory_scanner::tests::no_false_positive_on_clean_data ... ok
[INFO] [stdout] test endpoint::memory_scanner::tests::parse_maps_line_normal ... ok
[INFO] [stdout] test endpoint::heuristics::tests::clean_python_script_passes ... ok
[INFO] [stdout] test endpoint::memory_scanner::tests::parse_maps_line_rwx_anonymous ... ok
[INFO] [stdout] test endpoint::memory_scanner::tests::nop_sled_detection ... ok
[INFO] [stdout] test endpoint::heuristics::tests::entropy_uniform_random ... ok
[INFO] [stdout] test endpoint::heuristics::tests::file_type_mismatch_clean_pdf ... ok
[INFO] [stdout] test endpoint::heuristics::tests::script_base64_obfuscation ... ok
[INFO] [stdout] test endpoint::memory_scanner::tests::parse_maps_line_heap ... ok
[INFO] [stdout] test endpoint::memory_scanner::tests::pattern_match_empty ... ok
[INFO] [stdout] test endpoint::network_monitor::tests::anthropic_api_endpoint_allowlisted ... ok
[INFO] [stdout] test endpoint::network_monitor::tests::parse_loopback ... ok
[INFO] [stdout] test endpoint::network_monitor::tests::parse_null_addr ... ok
[INFO] [stdout] test endpoint::network_monitor::tests::beaconing_detection_irregular ... ok
[INFO] [stdout] test endpoint::network_monitor::tests::parse_proc_net_tcp_sample ... ok
[INFO] [stdout] test endpoint::network_monitor::tests::beaconing_detection_regular ... ok
[INFO] [stdout] test endpoint::network_monitor::tests::port_parsing ... ok
[INFO] [stdout] test endpoint::heuristics::tests::max_scan_size_respected ... ok
[INFO] [stdout] test endpoint::memory_scanner::tests::pattern_match_exact ... ok
[INFO] [stdout] test endpoint::memory_scanner::tests::pattern_match_with_wildcard ... ok
[INFO] [stdout] test endpoint::network_monitor::tests::config_defaults ... ok
[INFO] [stdout] test endpoint::process_monitor::tests::config_defaults ... ok
[INFO] [stdout] test endpoint::network_monitor::tests::suspicious_port_detection ... ok
[INFO] [stdout] test endpoint::process_monitor::tests::clean_cmdline_passes ... ok
[INFO] [stdout] test endpoint::network_monitor::tests::scan_once_no_crash ... ok
[INFO] [stdout] test endpoint::network_monitor::tests::parse_real_addr ... ok
[INFO] [stdout] test endpoint::process_monitor::tests::parse_stat_with_parens_in_name ... ok
[INFO] [stdout] test endpoint::process_monitor::tests::reverse_shell_bash_tcp ... ok
[INFO] [stdout] test endpoint::process_monitor::tests::miner_xmrig ... ok
[INFO] [stdout] test endpoint::process_monitor::tests::deleted_exe_pattern ... ok
[INFO] [stdout] test endpoint::process_monitor::tests::reverse_shell_perl ... ok
[INFO] [stdout] test endpoint::process_monitor::tests::normal_process_not_miner ... ok
[INFO] [stdout] test endpoint::rootkit_detector::tests::baseline_save_load_roundtrip ... ok
[INFO] [stdout] test endpoint::rootkit_detector::tests::build_baseline_on_temp_dir ... ok
[INFO] [stdout] test endpoint::rootkit_detector::tests::kernel_module_name_matching ... ok
[INFO] [stdout] test endpoint::rootkit_detector::tests::ld_preload_environ_parsing ... ok
[INFO] [stdout] test endpoint::process_monitor::tests::reverse_shell_python ... ok
[INFO] [stdout] test endpoint::process_monitor::tests::miner_name_as_data_not_miner ... ok
[INFO] [stdout] test endpoint::process_monitor::tests::scan_once_runs_without_crash ... ok
[INFO] [stdout] test endpoint::rootkit_detector::tests::verify_detects_removed_file ... ok
[INFO] [stdout] test endpoint::runtime_allowlist::tests::add_cidr_dedupes ... ok
[INFO] [stdout] test endpoint::runtime_allowlist::tests::add_process_dedupes_case_insensitive ... ok
[INFO] [stdout] test endpoint::runtime_allowlist::tests::contains_process_case_insensitive ... ok
[INFO] [stdout] test endpoint::process_monitor::tests::parse_stat_valid ... ok
[INFO] [stdout] test endpoint::signatures::tests::clean_hash_passes ... ok
[INFO] [stdout] test endpoint::signatures::tests::add_signature_at_runtime ... ok
[INFO] [stdout] test endpoint::process_monitor::tests::miner_stratum ... ok
[INFO] [stdout] test endpoint::signatures::tests::compute_bytes_hash ... ok
[INFO] [stdout] test endpoint::signatures::tests::eicar_hash_detected ... ok
[INFO] [stdout] test endpoint::signatures::tests::compute_hash_known_content ... ok
[INFO] [stdout] test endpoint::signatures::tests::empty_file_hash ... ok
[INFO] [stdout] test endpoint::signatures::tests::scan_bytes_detects_eicar ... ok
[INFO] [stdout] test endpoint::rootkit_detector::tests::scan_all_no_crash ... ok
[INFO] [stdout] test endpoint::process_monitor::tests::reverse_shell_nc ... ok
[INFO] [stdout] test endpoint::runtime_allowlist::tests::persist_preserves_comments_and_appends ... ok
[INFO] [stdout] test endpoint::rootkit_detector::tests::verify_detects_modified_file ... ok
[INFO] [stdout] test endpoint::supply_chain::tests::config_defaults ... ok
[INFO] [stdout] test endpoint::supply_chain::tests::detect_ecosystem_from_path ... ok
[INFO] [stdout] test endpoint::signatures::tests::scan_clean_file_passes ... ok
[INFO] [stdout] test endpoint::signatures::tests::save_and_load_roundtrip ... ok
[INFO] [stdout] test endpoint::supply_chain::tests::detect_suspicious_version ... ok
[INFO] [stdout] test endpoint::supply_chain::tests::detect_typosquat ... ok
[INFO] [stdout] test endpoint::supply_chain::tests::levenshtein_basic ... ok
[INFO] [stdout] test endpoint::supply_chain::tests::npm_typosquat_detection ... ok
[INFO] [stdout] test endpoint::supply_chain::tests::no_typosquat_for_exact_match ... ok
[INFO] [stdout] test endpoint::supply_chain::tests::parse_cargo_lock_basic ... ok
[INFO] [stdout] test endpoint::supply_chain::tests::parse_empty_files ... ok
[INFO] [stdout] test endpoint::supply_chain::tests::detect_malicious_package ... ok
[INFO] [stdout] test endpoint::supply_chain::tests::parse_go_sum_basic ... ok
[INFO] [stdout] test endpoint::supply_chain::tests::parse_package_lock_v2 ... ok
[INFO] [stdout] test endpoint::supply_chain::tests::parse_requirements_txt_basic ... ok
[INFO] [stdout] test endpoint::signatures::tests::scan_file_detects_eicar ... ok
[INFO] [stdout] test endpoint::signatures::tests::seed_signatures_count ... ok
[INFO] [stdout] test endpoint::supply_chain::tests::detect_custom_registry ... ok
[INFO] [stdout] test endpoint::supply_chain::tests::python_typosquat_detection ... ok
[INFO] [stdout] test endpoint::tests::test_confidence_clamping ... ok
[INFO] [stdout] test endpoint::tests::test_endpoint_config_default ... ok
[INFO] [stdout] test endpoint::tests::test_recommended_action_display ... ok
[INFO] [stdout] test endpoint::tests::test_scan_result_with_hash ... ok
[INFO] [stdout] test endpoint::tests::test_severity_display ... ok
[INFO] [stdout] test endpoint::tests::test_scan_result_creation ... ok
[INFO] [stdout] test endpoint::tests::test_severity_ordering ... ok
[INFO] [stdout] test endpoint::threat_intel::tests::clear_empties_everything ... ok
[INFO] [stdout] test endpoint::threat_intel::tests::seed_domain_present ... ok
[INFO] [stdout] test endpoint::supply_chain::tests::legitimate_registry_no_alert ... ok
[INFO] [stdout] test endpoint::threat_intel::tests::seed_hash_present ... ok
[INFO] [stdout] test endpoint::threat_intel::tests::seed_ip_present ... ok
[INFO] [stdout] test endpoint::threat_intel::tests::stats_accurate ... ok
[INFO] [stdout] test endpoint::usb_monitor::tests::case_insensitive_autorun ... ok
[INFO] [stdout] test endpoint::usb_monitor::tests::autorun_detection ... ok
[INFO] [stdout] test endpoint::usb_monitor::tests::config_defaults ... ok
[INFO] [stdout] test endpoint::threat_intel::tests::save_and_load_roundtrip ... ok
[INFO] [stdout] test endpoint::usb_monitor::tests::device_info_cache ... ok
[INFO] [stdout] test endpoint::usb_monitor::tests::mount_entry_equality ... ok
[INFO] [stdout] test endpoint::usb_monitor::tests::no_false_positive_on_clean_dir ... ok
[INFO] [stdout] test endpoint::usb_monitor::tests::hidden_executable_detection ... ok
[INFO] [stdout] test endpoint::threat_intel::tests::add_custom_domain ... ok
[INFO] [stdout] test endpoint::threat_intel::tests::add_custom_ip ... ok
[INFO] [stdout] test endpoint::usb_monitor::tests::parse_empty_mounts ... ok
[INFO] [stdout] test endpoint::usb_monitor::tests::parse_mounts_content ... ok
[INFO] [stdout] test endpoint::threat_intel::tests::hash_check_case_insensitive ... ok
[INFO] [stdout] test endpoint::usb_monitor::tests::suspicious_fs_types ... ok
[INFO] [stdout] test endpoint::usb_monitor::tests::read_device_info_nonexistent ... ok
[INFO] [stdout] test endpoint::watcher::tests::config_serialization_roundtrip ... ok
[INFO] [stdout] test endpoint::watcher::tests::exclude_node_modules ... ok
[INFO] [stdout] test endpoint::usb_monitor::tests::scan_once_no_crash ... ok
[INFO] [stdout] test endpoint::usb_monitor::tests::suspicious_script_detection ... ok
[INFO] [stdout] test endpoint::supply_chain::tests::clean_deps_no_alerts ... ok
[INFO] [stdout] test endpoint::watcher::tests::config_defaults ... ok
[INFO] [stdout] test endpoint::watcher::tests::exclude_deep_target ... ok
[INFO] [stdout] test endpoint::watcher::tests::exclude_pycache ... ok
[INFO] [stdout] test endpoint::watcher::tests::exclude_object_extension ... ok
[INFO] [stdout] test endpoint::watcher::tests::exclude_git_directory ... ok
[INFO] [stdout] test endpoint::yara_engine::tests::multiple_rules_can_match ... ok
[INFO] [stdout] test endpoint::yara_engine::tests::nocase_matching ... ok
[INFO] [stdout] test endpoint::yara_engine::tests::powershell_encoded_command ... ok
[INFO] [stdout] test endpoint::yara_engine::tests::rule_count ... ok
[INFO] [stdout] test endpoint::yara_engine::tests::webshell_detection ... ok
[INFO] [stdout] test ferrum_integration::tests::html_alert_format ... ok
[INFO] [stdout] test endpoint::watcher::tests::normal_file_not_excluded ... ok
[INFO] [stdout] test endpoint::yara_engine::tests::crypto_miner_detection ... ok
[INFO] [stdout] test ferrum_integration::tests::maybe_send_with_none_config ... ok
[INFO] [stdout] test endpoint::yara_engine::tests::eicar_detection ... ok
[INFO] [stdout] test endpoint::yara_engine::tests::add_custom_rule ... ok
[INFO] [stdout] test ferrum_integration::tests::html_escapes_xss ... ok
[INFO] [stdout] test ferrum_integration::tests::score_labels ... ok
[INFO] [stdout] test ferrum_integration::tests::severity_matching ... ok
[INFO] [stdout] test fingerprint::tests::analyze_nikto_scanner ... ok
[INFO] [stdout] test fingerprint::tests::analyze_go_http_client ... ok
[INFO] [stdout] test fingerprint::tests::analyze_nuclei_scanner ... ok
[INFO] [stdout] test endpoint::yara_engine::tests::clean_text_passes ... ok
[INFO] [stdout] test fingerprint::tests::analyze_many_headers_suspicious ... ok
[INFO] [stdout] test endpoint::yara_engine::tests::reverse_shell_detection ... ok
[INFO] [stdout] test fingerprint::tests::analyze_python_requests_user_agent ... ok
[INFO] [stdout] test fingerprint::tests::analyze_signals_populated_correctly ... ok
[INFO] [stdout] test fingerprint::tests::analyze_with_only_user_agent ... ok
[INFO] [stdout] test fingerprint::tests::analyze_user_agent_truncated_at_200 ... ok
[INFO] [stdout] test fingerprint::tests::analyze_with_referer ... ok
[INFO] [stdout] test fingerprint::tests::attack_tool_high_anomaly ... ok
[INFO] [stdout] test endpoint::yara_engine::tests::scan_file_works ... ok
[INFO] [stdout] test fingerprint::tests::normal_browser_low_anomaly ... ok
[INFO] [stdout] test fingerprint::tests::behavioral_score_capped_at_one ... ok
[INFO] [stdout] test fingerprint::tests::fingerprinter_new_creates_empty_behaviors ... ok
[INFO] [stdout] test fingerprint::tests::prune_stale_on_empty_is_noop ... ok
[INFO] [stdout] test fingerprint::tests::record_error_only_affects_known_clients ... ok
[INFO] [stdout] test fingerprint::tests::record_request_creates_new_client ... ok
[INFO] [stdout] test fingerprint::tests::record_request_different_ips_independent ... ok
[INFO] [stdout] test fingerprint::tests::record_error_after_requests_increases_score ... ok
[INFO] [stdout] test fingerprint::tests::prune_stale_keeps_recent_entries ... ok
[INFO] [stdout] test fingerprint::tests::behavioral_score_unknown_client_is_zero ... ok
[INFO] [stdout] test fingerprint::tests::prune_stale_removes_old_entries ... ok
[INFO] [stdout] test fingerprint::tests::record_request_increments_count ... ok
[INFO] [stdout] test fingerprint::tests::different_headers_produce_different_hashes ... ok
[INFO] [stdout] test http_inspection::tests::body_binary_bytes_ignored ... ok
[INFO] [stdout] test fingerprint::tests::empty_headers_suspicious ... ok
[INFO] [stdout] test http_inspection::tests::body_json_clean_request_passes ... ok
[INFO] [stdout] test fingerprint::tests::fingerprint_is_stable ... ok
[INFO] [stdout] test http_inspection::tests::body_json_ssrf_aws_metadata_detected ... ok
[INFO] [stdout] test http_inspection::tests::path_traversal_encoded_detected ... ok
[INFO] [stdout] test http_inspection::tests::public_url_not_flagged ... ok
[INFO] [stdout] test http_inspection::tests::clean_request_passes ... ok
[INFO] [stdout] test http_inspection::tests::normal_query_string_passes ... ok
[INFO] [stdout] test http_inspection::tests::path_traversal_raw_detected ... ok
[INFO] [stdout] test http_inspection::tests::sql_heuristic_only_fires_on_suspicious_content ... ok
[INFO] [stdout] test http_inspection::tests::ssrf_loopback_detected ... ok
[INFO] [stdout] test journal::tests::all_priority_levels ... ok
[INFO] [stdout] test journal::tests::batch_log_does_not_panic ... ok
[INFO] [stdout] test http_inspection::tests::sql_injection_or_1_equals_1_detected ... ok
[INFO] [stdout] test http_inspection::tests::sql_injection_union_detected ... ok
[INFO] [stdout] test http_inspection::tests::ssrf_aws_metadata_detected ... ok
[INFO] [stdout] test journal::tests::config_defaults ... ok
[INFO] [stdout] test journal::tests::disabled_config_skips ... ok
[INFO] [stdout] test journal::tests::min_score_filters ... ok
[INFO] [stdout] test http_inspection::tests::body_json_sql_in_nested_field_detected ... ok
[INFO] [stdout] test http_inspection::tests::percent_decode_basic ... ok
[INFO] [stdout] test journal::tests::priority_mapping ... ok
[INFO] [stdout] test nexuspulse_integration::tests::below_threshold_skips ... ok
[INFO] [stdout] test journal::tests::log_does_not_panic ... ok
[INFO] [stdout] test metrics::tests::empty_metrics ... ok
[INFO] [stdout] test http_inspection::tests::body_fallback_text_scan_catches_obvious_sqli ... ok
[INFO] [stdout] test http_inspection::tests::body_form_urlencoded_sql_detected ... ok
[INFO] [stdout] test nexuspulse_integration::tests::idempotency_key_format ... ok
[INFO] [stdout] test quarantine::tests::allows_negative_numbers ... ok
[INFO] [stdout] test nexuspulse_integration::tests::score_labels ... ok
[INFO] [stdout] test quarantine::tests::allows_normal_csv ... ok
[INFO] [stdout] test nexuspulse_integration::tests::maybe_send_with_none_config ... ok
[INFO] [stdout] test quarantine::tests::blocks_formula_injection ... ok
[INFO] [stdout] test quarantine::tests::blocks_null_bytes ... ok
[INFO] [stdout] test nexuspulse_integration::tests::truncate_works ... ok
[INFO] [stdout] test quarantine::tests::blocks_too_many_columns ... ok
[INFO] [stdout] test rate_governor::tests::allows_under_limit ... ok
[INFO] [stdout] test rate_governor::tests::blocks_over_limit ... ok
[INFO] [stdout] test metrics::tests::metrics_format_valid ... ok
[INFO] [stdout] test rate_governor::tests::burst_capacity_matches_config ... ok
[INFO] [stdout] test metrics::tests::metrics_with_events ... ok
[INFO] [stdout] test rate_governor::tests::different_ips_independent ... ok
[INFO] [stdout] test rate_governor::tests::escalates_on_violations ... ok
[INFO] [stdout] test rate_governor::tests::escalation_level_equality ... ok
[INFO] [stdout] test rate_governor::tests::ban_escalation_blocks_all_subsequent ... ok
[INFO] [stdout] test nexuspulse_integration::tests::severity_matching ... ok
[INFO] [stdout] test rate_governor::tests::escalation_starts_at_none ... ok
[INFO] [stdout] test rate_governor::tests::manual_ban_works ... ok
[INFO] [stdout] test rate_governor::tests::ban_ip_has_retry_after ... ok
[INFO] [stdout] test rate_governor::tests::prune_stale_removes_old_buckets ... ok
[INFO] [stdout] test rate_governor::tests::rate_check_result_initial_values ... ok
[INFO] [stdout] test rate_governor::tests::remaining_tokens_decrease_on_check ... ok
[INFO] [stdout] test rate_governor::tests::unban_ip_allows_requests ... ok
[INFO] [stdout] test rate_governor::tests::unban_ip_resets_violations ... ok
[INFO] [stdout] test rate_governor::tests::unban_unknown_ip_is_noop ... ok
[INFO] [stdout] test rate_governor::tests::violations_count_increases_when_denied ... ok
[INFO] [stdout] test sanitizer::tests::allows_valid_mysql_url ... ok
[INFO] [stdout] test sanitizer::tests::allows_valid_postgres_url ... ok
[INFO] [stdout] test quarantine::tests::blocks_embedded_scripts ... ok
[INFO] [stdout] test rate_governor::tests::peek_escalation_does_not_consume_token ... ok
[INFO] [stdout] test quarantine::tests::blocks_oversized_data ... ok
[INFO] [stdout] test sanitizer::tests::blocks_path_traversal ... ok
[INFO] [stdout] test sanitizer::tests::blocks_relative_paths ... ok
[INFO] [stdout] test sanitizer::tests::blocks_sensitive_paths ... ok
[INFO] [stdout] test sanitizer::tests::allows_valid_sqlite_path ... ok
[INFO] [stdout] test sanitizer::tests::strips_header_injection ... ok
[INFO] [stdout] test rate_governor::tests::prune_stale_keeps_recent_buckets ... ok
[INFO] [stdout] test siem_export::tests::cef_severity_mapping ... ok
[INFO] [stdout] test siem_export::tests::config_defaults ... ok
[INFO] [stdout] test siem_export::tests::exporter_not_enabled_without_destinations ... ok
[INFO] [stdout] test siem_export::tests::exporter_stats_initial ... ok
[INFO] [stdout] test siem_export::tests::filter_low_score_events ... ok
[INFO] [stdout] test siem_export::tests::serialization_roundtrip ... ok
[INFO] [stdout] test siem_export::tests::siem_event_from_audit ... ok
[INFO] [stdout] test siem_export::tests::siem_event_without_details ... ok
[INFO] [stdout] test siem_export::tests::splunk_hec_format ... ok
[INFO] [stdout] test siem_export::tests::splunk_hec_no_index ... ok
[INFO] [stdout] test siem_export::tests::syslog_format ... ok
[INFO] [stdout] test siem_export::tests::syslog_severity_mapping ... ok
[INFO] [stdout] test signature_updater::tests::config_defaults ... ok
[INFO] [stdout] test signature_updater::tests::validate_ndjson_good ... ok
[INFO] [stdout] test siem_export::tests::elasticsearch_bulk_format ... ok
[INFO] [stdout] test siem_export::tests::exporter_enabled_with_destination ... ok
[INFO] [stdout] test signature_updater::tests::validate_ndjson_bad ... ok
[INFO] [stdout] test siem_export::tests::severity_mapping ... ok
[INFO] [stdout] test sql_firewall::tests::allows_legitimate_complex_query ... ok
[INFO] [stdout] test sql_firewall::tests::allows_select_with_functions ... ok
[INFO] [stdout] test sql_firewall::tests::allows_simple_select ... ok
[INFO] [stdout] test sql_firewall::tests::blocks_information_schema ... ok
[INFO] [stdout] test sql_firewall::tests::blocks_into_outfile ... ok
[INFO] [stdout] test sanitizer::tests::blocks_shell_metacharacters ... ok
[INFO] [stdout] test sql_firewall::tests::blocks_sleep_based_blind ... ok
[INFO] [stdout] test sql_firewall::tests::blocks_comment_injection ... ok
[INFO] [stdout] test sanitizer::tests::sanitizes_error_messages ... ok
[INFO] [stdout] test sql_firewall::tests::blocks_stacked_queries ... ok
[INFO] [stdout] test sql_firewall::tests::blocks_dangerous_functions ... ok
[INFO] [stdout] test sql_firewall::tests::blocks_drop_table ... ok
[INFO] [stdout] test sql_firewall::tests::blocks_tautology_injection ... ok
[INFO] [stdout] test ssrf_guard::tests::blocks_file_scheme ... ok
[INFO] [stdout] test ssrf_guard::tests::blocks_internal_ports ... ok
[INFO] [stdout] test ssrf_guard::tests::blocks_internal_tlds ... ok
[INFO] [stdout] test ssrf_guard::tests::blocks_ipv4_mapped_ipv6 ... ok
[INFO] [stdout] test ssrf_guard::tests::blocks_ipv6_loopback ... ok
[INFO] [stdout] test sse_events::tests::detection_stream_creation ... ok
[INFO] [stdout] test sql_firewall::tests::blocks_union_injection ... ok
[INFO] [stdout] test sse_events::tests::audit_chain_stream_creation ... ok
[INFO] [stdout] test ssrf_guard::tests::allows_public_ip ... ok
[INFO] [stdout] test ssrf_guard::tests::blocks_private_ips ... ok
[INFO] [stdout] test ssrf_guard::tests::blocks_localhost ... ok
[INFO] [stdout] test ssrf_guard::tests::blocks_cloud_metadata ... ok
[INFO] [stdout] test ssrf_guard::tests::allows_public_url ... ok
[INFO] [stdout] test tests::extract_ip_from_x_real_ip ... ok
[INFO] [stdout] test ssrf_guard::tests::respects_allowlist ... ok
[INFO] [stdout] test tests::shield_error_email_bombing_display ... ok
[INFO] [stdout] test tests::shield_error_email_violation_returns_bad_request ... ok
[INFO] [stdout] test tests::extract_ip_xri_trims_whitespace ... ok
[INFO] [stdout] test tests::extract_ip_from_x_forwarded_for ... ok
[INFO] [stdout] test tests::extract_ip_xff_trims_whitespace ... ok
[INFO] [stdout] test tests::shield_error_invalid_conn_returns_bad_request ... ok
[INFO] [stdout] test tests::shield_error_malicious_input_display ... ok
[INFO] [stdout] test tests::shield_error_malicious_input_returns_bad_request ... ok
[INFO] [stdout] test tests::shield_error_email_bombing_returns_429 ... ok
[INFO] [stdout] test tests::extract_ip_unknown_when_no_headers ... ok
[INFO] [stdout] test tests::shield_error_path_traversal_display ... ok
[INFO] [stdout] test tests::shield_error_path_traversal_returns_forbidden ... ok
[INFO] [stdout] test tests::shield_error_quarantine_returns_bad_request ... ok
[INFO] [stdout] test tests::shield_error_email_violation_display ... ok
[INFO] [stdout] test tests::shield_error_rate_limit_display ... ok
[INFO] [stdout] test tests::shield_error_quarantine_display ... ok
[INFO] [stdout] test tests::shield_error_invalid_connection_display ... ok
[INFO] [stdout] test tests::shield_error_ssrf_display ... ok
[INFO] [stdout] test tests::shield_error_ssrf_returns_forbidden ... ok
[INFO] [stdout] test tests::shield_error_threat_score_returns_forbidden ... ok
[INFO] [stdout] test tests::shield_html_escape ... ok
[INFO] [stdout] test tests::shield_new_with_default_config ... ok
[INFO] [stdout] test threat_score::tests::clean_request_allowed ... ok
[INFO] [stdout] test threat_score::tests::multiple_bad_signals_block ... ok
[INFO] [stdout] test threat_score::tests::suspicious_fingerprint_warns ... ok
[INFO] [stdout] test tests::shield_error_threat_score_display ... ok
[INFO] [stdout] test tests::extract_ip_xff_takes_precedence_over_xri ... ok
[INFO] [stdout] test webhook::tests::discord_format ... ok
[INFO] [stdout] test tests::shield_error_rate_limit_returns_429 ... ok
[INFO] [stdout] test webhook::tests::severity_threshold_matching ... ok
[INFO] [stdout] test webhook::tests::slack_format ... ok
[INFO] [stdout] test webhook::tests::generic_format ... ok
[INFO] [stdout] test webhook::tests::score_labels ... ok
[INFO] [stdout] test tests::shield_error_sql_injection_display ... ok
[INFO] [stdout] test tests::shield_error_sql_injection_returns_forbidden ... ok
[INFO] [stdout] 
[INFO] [stdout] failures:
[INFO] [stdout] 
[INFO] [stdout] ---- cve_monitor::tests::scan_project_deps_current_dir stdout ----
[INFO] [stdout] 
[INFO] [stdout] thread 'cve_monitor::tests::scan_project_deps_current_dir' (3175) panicked at src/cve_monitor.rs:1165:9:
[INFO] [stdout] NexusShield's own Cargo.lock should list serde
[INFO] [stdout] stack backtrace:
[INFO] [stdout]    0:     0x609452d95c71 - <<std[617be2ca0a6fd877]::sys::backtrace::BacktraceLock>::print::DisplayBacktrace as core[a373ad73a504971]::fmt::Display>::fmt
[INFO] [stdout]    1:     0x609452daefea - core[a373ad73a504971]::fmt::write
[INFO] [stdout]    2:     0x609452d9ac3c - <alloc[2e1b2a31b91974c5]::vec::Vec<u8> as core[a373ad73a504971]::io::write::Write>::write_fmt
[INFO] [stdout]    3:     0x609452d6d4a6 - std[617be2ca0a6fd877]::panicking::default_hook::{closure#0}
[INFO] [stdout]    4:     0x609452d8b919 - std[617be2ca0a6fd877]::panicking::default_hook
[INFO] [stdout]    5:     0x609452b41a10 - test[aada8e7e76ba119b]::test_main_inner::{closure#0}
[INFO] [stdout]    6:     0x609452d8bc42 - std[617be2ca0a6fd877]::panicking::panic_with_hook
[INFO] [stdout]    7:     0x609452d6d584 - std[617be2ca0a6fd877]::panicking::panic_handler::{closure#0}
[INFO] [stdout]    8:     0x609452d65dd9 - std[617be2ca0a6fd877]::sys::backtrace::__rust_end_short_backtrace::<std[617be2ca0a6fd877]::panicking::panic_handler::{closure#0}, !>
[INFO] [stdout]    9:     0x609452d6e4fd - __rustc[ea4f61d10b84890b]::rust_begin_unwind
[INFO] [stdout]   10:     0x609452daf7cc - core[a373ad73a504971]::panicking::panic_fmt
[INFO] [stdout]   11:     0x6094527c4742 - <nexus_shield[4075551860f9df39]::cve_monitor::tests::scan_project_deps_current_dir::{closure#0} as core[a373ad73a504971]::ops::function::FnOnce<()>>::call_once
[INFO] [stdout]   12:     0x609452b34e5b - test[aada8e7e76ba119b]::__rust_begin_short_backtrace::<core[a373ad73a504971]::result::Result<(), alloc[2e1b2a31b91974c5]::string::String>, fn() -> core[a373ad73a504971]::result::Result<(), alloc[2e1b2a31b91974c5]::string::String>>
[INFO] [stdout]   13:     0x609452b42035 - test[aada8e7e76ba119b]::run_test::{closure#0}
[INFO] [stdout]   14:     0x609452b3b924 - std[617be2ca0a6fd877]::sys::backtrace::__rust_begin_short_backtrace::<test[aada8e7e76ba119b]::run_test::{closure#1}, ()>
[INFO] [stdout]   15:     0x609452b450c2 - <std[617be2ca0a6fd877]::thread::lifecycle::spawn_unchecked<test[aada8e7e76ba119b]::run_test::{closure#1}, ()>::{closure#1} as core[a373ad73a504971]::ops::function::FnOnce<()>>::call_once::{shim:vtable#0}
[INFO] [stdout]   16:     0x609452d9480f - <std[617be2ca0a6fd877]::sys::thread::unix::Thread>::new::thread_start
[INFO] [stdout]   17:     0x7f893aba6dfa - <unknown>
[INFO] [stdout]   18:     0x7f893ac3a3d4 - clone
[INFO] [stdout]   19:                0x0 - <unknown>
[INFO] [stdout] 
[INFO] [stdout] 
[INFO] [stdout] failures:
[INFO] [stdout]     cve_monitor::tests::scan_project_deps_current_dir
[INFO] [stdout] 
[INFO] [stdout] test result: FAILED. 464 passed; 1 failed; 0 ignored; 0 measured; 0 filtered out; finished in 0.13s
[INFO] [stdout] 
[INFO] [stderr] error: test failed, to rerun pass `--lib`
[INFO] running `Command { std: "docker" "inspect" "d86ef81fad8715a54b84db289e6e3960261427c51f71e95a60abc26d39637f1d", kill_on_drop: false }`
[INFO] running `Command { std: "docker" "rm" "-f" "d86ef81fad8715a54b84db289e6e3960261427c51f71e95a60abc26d39637f1d", kill_on_drop: false }`
[INFO] [stdout] d86ef81fad8715a54b84db289e6e3960261427c51f71e95a60abc26d39637f1d
