[INFO] fetching crate nexus-lib 0.1.0...
[INFO] testing nexus-lib-0.1.0 against 1.99.0-beta.8+cargoflags=--release for beta-release-1.100-2
[INFO] extracting crate nexus-lib 0.1.0 into /workspace/builds/worker-1-tc1/source
[INFO] started tweaking crates.io crate nexus-lib 0.1.0
[INFO] finished tweaking crates.io crate nexus-lib 0.1.0
[INFO] tweaked toml for crates.io crate nexus-lib 0.1.0 written to /workspace/builds/worker-1-tc1/source/Cargo.toml
[INFO] validating manifest of crates.io crate nexus-lib 0.1.0 on toolchain 1.99.0-beta.8
[INFO] running `Command { std: CARGO_HOME="/workspace/cargo-home" RUSTUP_HOME="/workspace/rustup-home" "/workspace/cargo-home/bin/cargo" "+1.99.0-beta.8" "metadata" "--manifest-path" "Cargo.toml" "--no-deps", kill_on_drop: false }`
[INFO] running `Command { std: CARGO_HOME="/workspace/cargo-home" RUSTUP_HOME="/workspace/rustup-home" "/workspace/cargo-home/bin/cargo" "+1.99.0-beta.8" "generate-lockfile" "--manifest-path" "Cargo.toml", kill_on_drop: false }`
[INFO] [stderr]     Updating crates.io index
[INFO] [stderr]      Locking 1 package to highest compatible version
[INFO] [stderr]       Adding clutils v0.0.7 (available: v0.0.11)
[INFO] running `Command { std: CARGO_HOME="/workspace/cargo-home" RUSTUP_HOME="/workspace/rustup-home" "/workspace/cargo-home/bin/cargo" "+1.99.0-beta.8" "fetch" "--manifest-path" "Cargo.toml", kill_on_drop: false }`
[INFO] [stderr]  Downloading crates ...
[INFO] [stderr]   Downloaded clutils v0.0.7
[INFO] running `Command { std: "docker" "create" "-v" "/var/lib/crater-agent-workspace/builds/worker-1-tc1/source:/opt/rustwide/workdir:ro,Z" "-v" "/var/lib/crater-agent-workspace/builds/worker-1-tc1/target:/opt/rustwide/target:rw,Z" "-v" "/var/lib/crater-agent-workspace/cargo-home:/opt/rustwide/cargo-home:ro,Z" "-v" "/var/lib/crater-agent-workspace/rustup-home:/opt/rustwide/rustup-home:ro,Z" "-m" "1610612736" "--network" "none" "ghcr.io/rust-lang/crates-build-env/linux@sha256:77db811e55d90add9212f6832c23229e3de5f1c1f9905e8cb07319ea15df73ac" "sleep" "infinity", kill_on_drop: false }`
[INFO] [stdout] a2ba0bf9cb53a4b95922cb0f55dbaf71f80c9a395d55ebf7354389e612c40df1
[INFO] running `Command { std: "docker" "start" "a2ba0bf9cb53a4b95922cb0f55dbaf71f80c9a395d55ebf7354389e612c40df1", kill_on_drop: false }`
[INFO] running `Command { std: "docker" "inspect" "a2ba0bf9cb53a4b95922cb0f55dbaf71f80c9a395d55ebf7354389e612c40df1", kill_on_drop: false }`
[INFO] running `Command { std: "docker" "exec" "-e" "SOURCE_DIR=/opt/rustwide/workdir" "-e" "CARGO_HOME=/opt/rustwide/cargo-home" "-e" "RUSTUP_HOME=/opt/rustwide/rustup-home" "-e" "CARGO_TARGET_DIR=/opt/rustwide/target" "-w" "/opt/rustwide/workdir" "--user" "0:0" "a2ba0bf9cb53a4b95922cb0f55dbaf71f80c9a395d55ebf7354389e612c40df1" "/opt/rustwide/cargo-home/bin/cargo" "+1.99.0-beta.8" "metadata" "--no-deps" "--format-version=1", kill_on_drop: false }`
[INFO] running `Command { std: "docker" "inspect" "a2ba0bf9cb53a4b95922cb0f55dbaf71f80c9a395d55ebf7354389e612c40df1", kill_on_drop: false }`
[INFO] running `Command { std: "docker" "exec" "-e" "SOURCE_DIR=/opt/rustwide/workdir" "-e" "CARGO_HOME=/opt/rustwide/cargo-home" "-e" "RUSTUP_HOME=/opt/rustwide/rustup-home" "-e" "CARGO_TARGET_DIR=/opt/rustwide/target" "-e" "CARGO_INCREMENTAL=0" "-e" "RUST_BACKTRACE=full" "-e" "RUSTFLAGS=--cap-lints=warn" "-e" "RUSTDOCFLAGS=--cap-lints=warn" "-w" "/opt/rustwide/workdir" "--user" "0:0" "a2ba0bf9cb53a4b95922cb0f55dbaf71f80c9a395d55ebf7354389e612c40df1" "/opt/rustwide/cargo-home/bin/cargo" "+1.99.0-beta.8" "build" "--frozen" "--message-format=json" "--release", kill_on_drop: false }`
[INFO] [stderr]    Compiling clutils v0.0.7
[INFO] [stderr]    Compiling nexus-lib v0.1.0 (/opt/rustwide/workdir)
[INFO] [stdout] warning: unreachable expression
[INFO] [stdout]    --> src/parser/ast.rs:223:45
[INFO] [stdout]     |
[INFO] [stdout] 223 |                   Statement::Variable(var) => format!(
[INFO] [stdout]     |  _____________________________________________^
[INFO] [stdout] 224 | |                     "{} {} = {}",
[INFO] [stdout] 225 | |                     match var.is_const {
[INFO] [stdout] 226 | |                         true => "const",
[INFO] [stdout] ...   |
[INFO] [stdout] 229 | |                     todo!(), //var.name,
[INFO] [stdout]     | |                     ------- any code following this expression is unreachable
[INFO] [stdout] 230 | |                     var.val,
[INFO] [stdout] 231 | |                 ),
[INFO] [stdout]     | |_________________^ unreachable expression
[INFO] [stdout]     |
[INFO] [stdout]     = note: `#[warn(unreachable_code)]` (part of `#[warn(unused)]`) on by default
[INFO] [stdout] 
[INFO] [stdout] 
[INFO] [stdout] warning: unused variable: `ret`
[INFO] [stdout]    --> src/parser/ast.rs:232:35
[INFO] [stdout]     |
[INFO] [stdout] 232 |                 Statement::Return(ret) => todo!(),
[INFO] [stdout]     |                                   ^^^ help: if this is intentional, prefix it with an underscore: `_ret`
[INFO] [stdout]     |
[INFO] [stdout]     = note: `#[warn(unused_variables)]` (part of `#[warn(unused)]`) on by default
[INFO] [stdout] 
[INFO] [stdout] 
[INFO] [stdout] warning: unused variable: `br`
[INFO] [stdout]    --> src/parser/ast.rs:233:34
[INFO] [stdout]     |
[INFO] [stdout] 233 |                 Statement::Break(br) => todo!(),
[INFO] [stdout]     |                                  ^^ help: if this is intentional, prefix it with an underscore: `_br`
[INFO] [stdout] 
[INFO] [stdout] 
[INFO] [stdout] warning: unused variable: `lcl`
[INFO] [stdout]    --> src/parser/ast.rs:234:34
[INFO] [stdout]     |
[INFO] [stdout] 234 |                 Statement::Local(lcl) => todo!(),
[INFO] [stdout]     |                                  ^^^ help: if this is intentional, prefix it with an underscore: `_lcl`
[INFO] [stdout] 
[INFO] [stdout] 
[INFO] [stdout] warning: variants `CONTAINS`, `RANGE`, and `CONVERSION` are never constructed
[INFO] [stdout]   --> src/parser/mod.rs:29:5
[INFO] [stdout]    |
[INFO] [stdout] 21 | enum Precedence {
[INFO] [stdout]    |      ---------- variants in this enum
[INFO] [stdout] ...
[INFO] [stdout] 29 |     CONTAINS,
[INFO] [stdout]    |     ^^^^^^^^
[INFO] [stdout] ...
[INFO] [stdout] 32 |     RANGE,
[INFO] [stdout]    |     ^^^^^
[INFO] [stdout] ...
[INFO] [stdout] 53 |     CONVERSION,
[INFO] [stdout]    |     ^^^^^^^^^^
[INFO] [stdout]    |
[INFO] [stdout]    = note: `Precedence` has derived impls for the traits `Clone` and `Debug`, but these are intentionally ignored during dead code analysis
[INFO] [stdout]    = note: `#[warn(dead_code)]` (part of `#[warn(unused)]`) on by default
[INFO] [stdout] 
[INFO] [stdout] 
[INFO] [stderr]     Finished `release` profile [optimized] target(s) in 1.64s
[INFO] running `Command { std: "docker" "inspect" "a2ba0bf9cb53a4b95922cb0f55dbaf71f80c9a395d55ebf7354389e612c40df1", kill_on_drop: false }`
[INFO] running `Command { std: "docker" "exec" "-e" "SOURCE_DIR=/opt/rustwide/workdir" "-e" "CARGO_HOME=/opt/rustwide/cargo-home" "-e" "RUSTUP_HOME=/opt/rustwide/rustup-home" "-e" "CARGO_TARGET_DIR=/opt/rustwide/target" "-e" "CARGO_INCREMENTAL=0" "-e" "RUST_BACKTRACE=full" "-e" "RUSTFLAGS=--cap-lints=warn" "-e" "RUSTDOCFLAGS=--cap-lints=warn" "-w" "/opt/rustwide/workdir" "--user" "0:0" "a2ba0bf9cb53a4b95922cb0f55dbaf71f80c9a395d55ebf7354389e612c40df1" "/opt/rustwide/cargo-home/bin/cargo" "+1.99.0-beta.8" "test" "--frozen" "--no-run" "--message-format=json" "--release", kill_on_drop: false }`
[INFO] [stderr]    Compiling nexus-lib v0.1.0 (/opt/rustwide/workdir)
[INFO] [stdout] warning: unreachable expression
[INFO] [stdout]    --> src/parser/ast.rs:223:45
[INFO] [stdout]     |
[INFO] [stdout] 223 |                   Statement::Variable(var) => format!(
[INFO] [stdout]     |  _____________________________________________^
[INFO] [stdout] 224 | |                     "{} {} = {}",
[INFO] [stdout] 225 | |                     match var.is_const {
[INFO] [stdout] 226 | |                         true => "const",
[INFO] [stdout] ...   |
[INFO] [stdout] 229 | |                     todo!(), //var.name,
[INFO] [stdout]     | |                     ------- any code following this expression is unreachable
[INFO] [stdout] 230 | |                     var.val,
[INFO] [stdout] 231 | |                 ),
[INFO] [stdout]     | |_________________^ unreachable expression
[INFO] [stdout]     |
[INFO] [stdout]     = note: `#[warn(unreachable_code)]` (part of `#[warn(unused)]`) on by default
[INFO] [stdout] 
[INFO] [stdout] 
[INFO] [stdout] warning: unused variable: `ret`
[INFO] [stdout]    --> src/parser/ast.rs:232:35
[INFO] [stdout]     |
[INFO] [stdout] 232 |                 Statement::Return(ret) => todo!(),
[INFO] [stdout]     |                                   ^^^ help: if this is intentional, prefix it with an underscore: `_ret`
[INFO] [stdout]     |
[INFO] [stdout]     = note: `#[warn(unused_variables)]` (part of `#[warn(unused)]`) on by default
[INFO] [stdout] 
[INFO] [stdout] 
[INFO] [stdout] warning: unused variable: `br`
[INFO] [stdout]    --> src/parser/ast.rs:233:34
[INFO] [stdout]     |
[INFO] [stdout] 233 |                 Statement::Break(br) => todo!(),
[INFO] [stdout]     |                                  ^^ help: if this is intentional, prefix it with an underscore: `_br`
[INFO] [stdout] 
[INFO] [stdout] 
[INFO] [stdout] warning: unused variable: `lcl`
[INFO] [stdout]    --> src/parser/ast.rs:234:34
[INFO] [stdout]     |
[INFO] [stdout] 234 |                 Statement::Local(lcl) => todo!(),
[INFO] [stdout]     |                                  ^^^ help: if this is intentional, prefix it with an underscore: `_lcl`
[INFO] [stdout] 
[INFO] [stdout] 
[INFO] [stdout] warning: variants `CONTAINS`, `RANGE`, and `CONVERSION` are never constructed
[INFO] [stdout]   --> src/parser/mod.rs:29:5
[INFO] [stdout]    |
[INFO] [stdout] 21 | enum Precedence {
[INFO] [stdout]    |      ---------- variants in this enum
[INFO] [stdout] ...
[INFO] [stdout] 29 |     CONTAINS,
[INFO] [stdout]    |     ^^^^^^^^
[INFO] [stdout] ...
[INFO] [stdout] 32 |     RANGE,
[INFO] [stdout]    |     ^^^^^
[INFO] [stdout] ...
[INFO] [stdout] 53 |     CONVERSION,
[INFO] [stdout]    |     ^^^^^^^^^^
[INFO] [stdout]    |
[INFO] [stdout]    = note: `Precedence` has derived impls for the traits `Clone` and `Debug`, but these are intentionally ignored during dead code analysis
[INFO] [stdout]    = note: `#[warn(dead_code)]` (part of `#[warn(unused)]`) on by default
[INFO] [stdout] 
[INFO] [stdout] 
[INFO] [stdout] warning: unreachable expression
[INFO] [stdout]    --> src/parser/ast.rs:223:45
[INFO] [stdout]     |
[INFO] [stdout] 223 |                   Statement::Variable(var) => format!(
[INFO] [stdout]     |  _____________________________________________^
[INFO] [stdout] 224 | |                     "{} {} = {}",
[INFO] [stdout] 225 | |                     match var.is_const {
[INFO] [stdout] 226 | |                         true => "const",
[INFO] [stdout] ...   |
[INFO] [stdout] 229 | |                     todo!(), //var.name,
[INFO] [stdout]     | |                     ------- any code following this expression is unreachable
[INFO] [stdout] 230 | |                     var.val,
[INFO] [stdout] 231 | |                 ),
[INFO] [stdout]     | |_________________^ unreachable expression
[INFO] [stdout]     |
[INFO] [stdout]     = note: `#[warn(unreachable_code)]` (part of `#[warn(unused)]`) on by default
[INFO] [stdout] 
[INFO] [stdout] 
[INFO] [stdout] warning: unused variable: `ret`
[INFO] [stdout]    --> src/parser/ast.rs:232:35
[INFO] [stdout]     |
[INFO] [stdout] 232 |                 Statement::Return(ret) => todo!(),
[INFO] [stdout]     |                                   ^^^ help: if this is intentional, prefix it with an underscore: `_ret`
[INFO] [stdout]     |
[INFO] [stdout]     = note: `#[warn(unused_variables)]` (part of `#[warn(unused)]`) on by default
[INFO] [stdout] 
[INFO] [stdout] 
[INFO] [stdout] warning: unused variable: `br`
[INFO] [stdout]    --> src/parser/ast.rs:233:34
[INFO] [stdout]     |
[INFO] [stdout] 233 |                 Statement::Break(br) => todo!(),
[INFO] [stdout]     |                                  ^^ help: if this is intentional, prefix it with an underscore: `_br`
[INFO] [stdout] 
[INFO] [stdout] 
[INFO] [stdout] warning: unused variable: `lcl`
[INFO] [stdout]    --> src/parser/ast.rs:234:34
[INFO] [stdout]     |
[INFO] [stdout] 234 |                 Statement::Local(lcl) => todo!(),
[INFO] [stdout]     |                                  ^^^ help: if this is intentional, prefix it with an underscore: `_lcl`
[INFO] [stdout] 
[INFO] [stdout] 
[INFO] [stdout] warning: variants `CONTAINS`, `RANGE`, and `CONVERSION` are never constructed
[INFO] [stdout]   --> src/parser/mod.rs:29:5
[INFO] [stdout]    |
[INFO] [stdout] 21 | enum Precedence {
[INFO] [stdout]    |      ---------- variants in this enum
[INFO] [stdout] ...
[INFO] [stdout] 29 |     CONTAINS,
[INFO] [stdout]    |     ^^^^^^^^
[INFO] [stdout] ...
[INFO] [stdout] 32 |     RANGE,
[INFO] [stdout]    |     ^^^^^
[INFO] [stdout] ...
[INFO] [stdout] 53 |     CONVERSION,
[INFO] [stdout]    |     ^^^^^^^^^^
[INFO] [stdout]    |
[INFO] [stdout]    = note: `Precedence` has derived impls for the traits `Clone` and `Debug`, but these are intentionally ignored during dead code analysis
[INFO] [stdout]    = note: `#[warn(dead_code)]` (part of `#[warn(unused)]`) on by default
[INFO] [stdout] 
[INFO] [stdout] 
[INFO] [stderr]     Finished `release` profile [optimized] target(s) in 1.49s
[INFO] running `Command { std: "docker" "inspect" "a2ba0bf9cb53a4b95922cb0f55dbaf71f80c9a395d55ebf7354389e612c40df1", kill_on_drop: false }`
[INFO] running `Command { std: "docker" "exec" "-e" "SOURCE_DIR=/opt/rustwide/workdir" "-e" "CARGO_HOME=/opt/rustwide/cargo-home" "-e" "RUSTUP_HOME=/opt/rustwide/rustup-home" "-e" "CARGO_TARGET_DIR=/opt/rustwide/target" "-e" "CARGO_INCREMENTAL=0" "-e" "RUST_BACKTRACE=full" "-e" "RUSTFLAGS=--cap-lints=warn" "-e" "RUSTDOCFLAGS=--cap-lints=warn" "-w" "/opt/rustwide/workdir" "--user" "0:0" "a2ba0bf9cb53a4b95922cb0f55dbaf71f80c9a395d55ebf7354389e612c40df1" "/opt/rustwide/cargo-home/bin/cargo" "+1.99.0-beta.8" "test" "--frozen" "--release", kill_on_drop: false }`
[INFO] [stderr] warning: unreachable expression
[INFO] [stderr]    --> src/parser/ast.rs:223:45
[INFO] [stderr]     |
[INFO] [stderr] 223 |                   Statement::Variable(var) => format!(
[INFO] [stderr]     |  _____________________________________________^
[INFO] [stderr] 224 | |                     "{} {} = {}",
[INFO] [stderr] 225 | |                     match var.is_const {
[INFO] [stderr] 226 | |                         true => "const",
[INFO] [stderr] ...   |
[INFO] [stderr] 229 | |                     todo!(), //var.name,
[INFO] [stderr]     | |                     ------- any code following this expression is unreachable
[INFO] [stderr] 230 | |                     var.val,
[INFO] [stderr] 231 | |                 ),
[INFO] [stderr]     | |_________________^ unreachable expression
[INFO] [stderr]     |
[INFO] [stderr]     = note: `#[warn(unreachable_code)]` (part of `#[warn(unused)]`) on by default
[INFO] [stderr] 
[INFO] [stderr] warning: unused variable: `ret`
[INFO] [stderr]    --> src/parser/ast.rs:232:35
[INFO] [stderr]     |
[INFO] [stderr] 232 |                 Statement::Return(ret) => todo!(),
[INFO] [stderr]     |                                   ^^^ help: if this is intentional, prefix it with an underscore: `_ret`
[INFO] [stderr]     |
[INFO] [stderr]     = note: `#[warn(unused_variables)]` (part of `#[warn(unused)]`) on by default
[INFO] [stderr] 
[INFO] [stderr] warning: unused variable: `br`
[INFO] [stderr]    --> src/parser/ast.rs:233:34
[INFO] [stderr]     |
[INFO] [stderr] 233 |                 Statement::Break(br) => todo!(),
[INFO] [stderr]     |                                  ^^ help: if this is intentional, prefix it with an underscore: `_br`
[INFO] [stderr] 
[INFO] [stderr] warning: unused variable: `lcl`
[INFO] [stderr]    --> src/parser/ast.rs:234:34
[INFO] [stderr]     |
[INFO] [stderr] 234 |                 Statement::Local(lcl) => todo!(),
[INFO] [stderr]     |                                  ^^^ help: if this is intentional, prefix it with an underscore: `_lcl`
[INFO] [stderr] 
[INFO] [stderr] warning: variants `CONTAINS`, `RANGE`, and `CONVERSION` are never constructed
[INFO] [stderr]   --> src/parser/mod.rs:29:5
[INFO] [stderr]    |
[INFO] [stderr] 21 | enum Precedence {
[INFO] [stderr]    |      ---------- variants in this enum
[INFO] [stderr] ...
[INFO] [stderr] 29 |     CONTAINS,
[INFO] [stderr]    |     ^^^^^^^^
[INFO] [stderr] ...
[INFO] [stderr] 32 |     RANGE,
[INFO] [stderr]    |     ^^^^^
[INFO] [stderr] ...
[INFO] [stderr] 53 |     CONVERSION,
[INFO] [stderr]    |     ^^^^^^^^^^
[INFO] [stderr]    |
[INFO] [stderr]    = note: `Precedence` has derived impls for the traits `Clone` and `Debug`, but these are intentionally ignored during dead code analysis
[INFO] [stderr]    = note: `#[warn(dead_code)]` (part of `#[warn(unused)]`) on by default
[INFO] [stderr] 
[INFO] [stderr] warning: `nexus-lib` (lib) generated 5 warnings (run `cargo fix --lib -p nexus-lib` to apply 3 suggestions)
[INFO] [stderr] warning: `nexus-lib` (lib test) generated 5 warnings (5 duplicates)
[INFO] [stderr]     Finished `release` profile [optimized] target(s) in 0.02s
[INFO] [stderr]      Running unittests src/lib.rs (/opt/rustwide/target/release/deps/nexus_lib-3f0b126504d109e5)
[INFO] [stdout] 
[INFO] [stdout] running 3 tests
[INFO] [stdout] test parser::tests::tests::test_parser ... FAILED
[INFO] [stdout] test lexer::tests::tests::test_lexer ... FAILED
[INFO] [stdout] test evaluator::tests::tests::test_evaluator ... FAILED
[INFO] [stderr] error: test failed, to rerun pass `--lib`
[INFO] [stdout] 
[INFO] [stdout] failures:
[INFO] [stdout] 
[INFO] [stdout] ---- parser::tests::tests::test_parser stdout ----
[INFO] [stdout] 
[INFO] [stdout] thread 'parser::tests::tests::test_parser' (179) panicked at src/parser/tests.rs:7:61:
[INFO] [stdout] Invalid file path: FileHandlerError(Os { code: 2, kind: NotFound, message: "No such file or directory" })
[INFO] [stdout] stack backtrace:
[INFO] [stdout]    0:     0x593aa3b77461 - <<std[70759c8f55707aa4]::sys::backtrace::BacktraceLock>::print::DisplayBacktrace as core[df12db4294e9bfd3]::fmt::Display>::fmt
[INFO] [stdout]    1:     0x593aa3b8c3ba - core[df12db4294e9bfd3]::fmt::write
[INFO] [stdout]    2:     0x593aa3b7b91c - <alloc[2182bb758b4b3781]::vec::Vec<u8> as core[df12db4294e9bfd3]::io::write::Write>::write_fmt
[INFO] [stdout]    3:     0x593aa3b53826 - std[70759c8f55707aa4]::panicking::default_hook::{closure#0}
[INFO] [stdout]    4:     0x593aa3b6fb99 - std[70759c8f55707aa4]::panicking::default_hook
[INFO] [stdout]    5:     0x593aa3b0afd0 - test[9d35eded1c95d3be]::test_main_inner::<test[9d35eded1c95d3be]::test_main_static::{closure#0}>::{closure#0}
[INFO] [stdout]    6:     0x593aa3b6fd52 - std[70759c8f55707aa4]::panicking::panic_with_hook
[INFO] [stdout]    7:     0x593aa3b538d2 - std[70759c8f55707aa4]::panicking::panic_handler::{closure#0}
[INFO] [stdout]    8:     0x593aa3b4c5d9 - std[70759c8f55707aa4]::sys::backtrace::__rust_end_short_backtrace::<std[70759c8f55707aa4]::panicking::panic_handler::{closure#0}, !>
[INFO] [stdout]    9:     0x593aa3b5454d - __rustc[8fa7c3cbc660c2b3]::rust_begin_unwind
[INFO] [stdout]   10:     0x593aa3b8caec - core[df12db4294e9bfd3]::panicking::panic_fmt
[INFO] [stdout]   11:     0x593aa3b8c8c2 - core[df12db4294e9bfd3]::result::unwrap_failed
[INFO] [stdout]   12:     0x593aa3af914d - nexus_lib[f6c8711af9452d98]::parser::tests::tests::test_parser
[INFO] [stdout]   13:     0x593aa3af75d9 - <nexus_lib[f6c8711af9452d98]::parser::tests::tests::test_parser::{closure#0} as core[df12db4294e9bfd3]::ops::function::FnOnce<()>>::call_once
[INFO] [stdout]   14:     0x593aa3afe2bb - test[9d35eded1c95d3be]::__rust_begin_short_backtrace::<core[df12db4294e9bfd3]::result::Result<(), alloc[2182bb758b4b3781]::string::String>, fn() -> core[df12db4294e9bfd3]::result::Result<(), alloc[2182bb758b4b3781]::string::String>>
[INFO] [stdout]   15:     0x593aa3b0b925 - test[9d35eded1c95d3be]::run_test::{closure#0}
[INFO] [stdout]   16:     0x593aa3b051e4 - std[70759c8f55707aa4]::sys::backtrace::__rust_begin_short_backtrace::<test[9d35eded1c95d3be]::run_test::{closure#1}, ()>
[INFO] [stdout]   17:     0x593aa3b0ea82 - <std[70759c8f55707aa4]::thread::lifecycle::spawn_unchecked<test[9d35eded1c95d3be]::run_test::{closure#1}, ()>::{closure#1} as core[df12db4294e9bfd3]::ops::function::FnOnce<()>>::call_once::{shim:vtable#0}
[INFO] [stdout]   18:     0x593aa3b76d39 - <std[70759c8f55707aa4]::sys::thread::unix::Thread>::new::thread_start
[INFO] [stdout]   19:     0x79c18b6b4dfa - <unknown>
[INFO] [stdout]   20:     0x79c18b7483d4 - clone
[INFO] [stdout]   21:                0x0 - <unknown>
[INFO] [stdout] 
[INFO] [stdout] ---- lexer::tests::tests::test_lexer stdout ----
[INFO] [stdout] 
[INFO] [stdout] thread 'lexer::tests::tests::test_lexer' (178) panicked at src/lexer/tests.rs:7:61:
[INFO] [stdout] Failed to open file: FileHandlerError(Os { code: 2, kind: NotFound, message: "No such file or directory" })
[INFO] [stdout] stack backtrace:
[INFO] [stdout]    0:     0x593aa3b77461 - <<std[70759c8f55707aa4]::sys::backtrace::BacktraceLock>::print::DisplayBacktrace as core[df12db4294e9bfd3]::fmt::Display>::fmt
[INFO] [stdout]    1:     0x593aa3b8c3ba - core[df12db4294e9bfd3]::fmt::write
[INFO] [stdout]    2:     0x593aa3b7b91c - <alloc[2182bb758b4b3781]::vec::Vec<u8> as core[df12db4294e9bfd3]::io::write::Write>::write_fmt
[INFO] [stdout]    3:     0x593aa3b53826 - std[70759c8f55707aa4]::panicking::default_hook::{closure#0}
[INFO] [stdout]    4:     0x593aa3b6fb99 - std[70759c8f55707aa4]::panicking::default_hook
[INFO] [stdout]    5:     0x593aa3b0afd0 - test[9d35eded1c95d3be]::test_main_inner::<test[9d35eded1c95d3be]::test_main_static::{closure#0}>::{closure#0}
[INFO] [stdout]    6:     0x593aa3b6fd52 - std[70759c8f55707aa4]::panicking::panic_with_hook
[INFO] [stdout]    7:     0x593aa3b538d2 - std[70759c8f55707aa4]::panicking::panic_handler::{closure#0}
[INFO] [stdout]    8:     0x593aa3b4c5d9 - std[70759c8f55707aa4]::sys::backtrace::__rust_end_short_backtrace::<std[70759c8f55707aa4]::panicking::panic_handler::{closure#0}, !>
[INFO] [stdout]    9:     0x593aa3b5454d - __rustc[8fa7c3cbc660c2b3]::rust_begin_unwind
[INFO] [stdout]   10:     0x593aa3b8caec - core[df12db4294e9bfd3]::panicking::panic_fmt
[INFO] [stdout]   11:     0x593aa3b8c8c2 - core[df12db4294e9bfd3]::result::unwrap_failed
[INFO] [stdout]   12:     0x593aa3aed244 - nexus_lib[f6c8711af9452d98]::lexer::tests::tests::test_lexer
[INFO] [stdout]   13:     0x593aa3af75b9 - <nexus_lib[f6c8711af9452d98]::lexer::tests::tests::test_lexer::{closure#0} as core[df12db4294e9bfd3]::ops::function::FnOnce<()>>::call_once
[INFO] [stdout]   14:     0x593aa3afe2bb - test[9d35eded1c95d3be]::__rust_begin_short_backtrace::<core[df12db4294e9bfd3]::result::Result<(), alloc[2182bb758b4b3781]::string::String>, fn() -> core[df12db4294e9bfd3]::result::Result<(), alloc[2182bb758b4b3781]::string::String>>
[INFO] [stdout]   15:     0x593aa3b0b925 - test[9d35eded1c95d3be]::run_test::{closure#0}
[INFO] [stdout]   16:     0x593aa3b051e4 - std[70759c8f55707aa4]::sys::backtrace::__rust_begin_short_backtrace::<test[9d35eded1c95d3be]::run_test::{closure#1}, ()>
[INFO] [stdout]   17:     0x593aa3b0ea82 - <std[70759c8f55707aa4]::thread::lifecycle::spawn_unchecked<test[9d35eded1c95d3be]::run_test::{closure#1}, ()>::{closure#1} as core[df12db4294e9bfd3]::ops::function::FnOnce<()>>::call_once::{shim:vtable#0}
[INFO] [stdout]   18:     0x593aa3b76d39 - <std[70759c8f55707aa4]::sys::thread::unix::Thread>::new::thread_start
[INFO] [stdout]   19:     0x79c18b6b4dfa - <unknown>
[INFO] [stdout]   20:     0x79c18b7483d4 - clone
[INFO] [stdout]   21:                0x0 - <unknown>
[INFO] [stdout] 
[INFO] [stdout] ---- evaluator::tests::tests::test_evaluator stdout ----
[INFO] [stdout] 
[INFO] [stdout] thread 'evaluator::tests::tests::test_evaluator' (177) panicked at src/evaluator/tests.rs:10:61:
[INFO] [stdout] Failed to find file: FileHandlerError(Os { code: 2, kind: NotFound, message: "No such file or directory" })
[INFO] [stdout] stack backtrace:
[INFO] [stdout]    0:     0x593aa3b77461 - <<std[70759c8f55707aa4]::sys::backtrace::BacktraceLock>::print::DisplayBacktrace as core[df12db4294e9bfd3]::fmt::Display>::fmt
[INFO] [stdout]    1:     0x593aa3b8c3ba - core[df12db4294e9bfd3]::fmt::write
[INFO] [stdout]    2:     0x593aa3b7b91c - <alloc[2182bb758b4b3781]::vec::Vec<u8> as core[df12db4294e9bfd3]::io::write::Write>::write_fmt
[INFO] [stdout]    3:     0x593aa3b53826 - std[70759c8f55707aa4]::panicking::default_hook::{closure#0}
[INFO] [stdout]    4:     0x593aa3b6fb99 - std[70759c8f55707aa4]::panicking::default_hook
[INFO] [stdout]    5:     0x593aa3b0afd0 - test[9d35eded1c95d3be]::test_main_inner::<test[9d35eded1c95d3be]::test_main_static::{closure#0}>::{closure#0}
[INFO] [stdout]    6:     0x593aa3b6fd52 - std[70759c8f55707aa4]::panicking::panic_with_hook
[INFO] [stdout]    7:     0x593aa3b538d2 - std[70759c8f55707aa4]::panicking::panic_handler::{closure#0}
[INFO] [stdout]    8:     0x593aa3b4c5d9 - std[70759c8f55707aa4]::sys::backtrace::__rust_end_short_backtrace::<std[70759c8f55707aa4]::panicking::panic_handler::{closure#0}, !>
[INFO] [stdout]    9:     0x593aa3b5454d - __rustc[8fa7c3cbc660c2b3]::rust_begin_unwind
[INFO] [stdout]   10:     0x593aa3b8caec - core[df12db4294e9bfd3]::panicking::panic_fmt
[INFO] [stdout]   11:     0x593aa3b8c8c2 - core[df12db4294e9bfd3]::result::unwrap_failed
[INFO] [stdout]   12:     0x593aa3aed7b6 - nexus_lib[f6c8711af9452d98]::evaluator::tests::tests::test_evaluator
[INFO] [stdout]   13:     0x593aa3af75f9 - <nexus_lib[f6c8711af9452d98]::evaluator::tests::tests::test_evaluator::{closure#0} as core[df12db4294e9bfd3]::ops::function::FnOnce<()>>::call_once
[INFO] [stdout]   14:     0x593aa3afe2bb - test[9d35eded1c95d3be]::__rust_begin_short_backtrace::<core[df12db4294e9bfd3]::result::Result<(), alloc[2182bb758b4b3781]::string::String>, fn() -> core[df12db4294e9bfd3]::result::Result<(), alloc[2182bb758b4b3781]::string::String>>
[INFO] [stdout]   15:     0x593aa3b0b925 - test[9d35eded1c95d3be]::run_test::{closure#0}
[INFO] [stdout]   16:     0x593aa3b051e4 - std[70759c8f55707aa4]::sys::backtrace::__rust_begin_short_backtrace::<test[9d35eded1c95d3be]::run_test::{closure#1}, ()>
[INFO] [stdout]   17:     0x593aa3b0ea82 - <std[70759c8f55707aa4]::thread::lifecycle::spawn_unchecked<test[9d35eded1c95d3be]::run_test::{closure#1}, ()>::{closure#1} as core[df12db4294e9bfd3]::ops::function::FnOnce<()>>::call_once::{shim:vtable#0}
[INFO] [stdout]   18:     0x593aa3b76d39 - <std[70759c8f55707aa4]::sys::thread::unix::Thread>::new::thread_start
[INFO] [stdout]   19:     0x79c18b6b4dfa - <unknown>
[INFO] [stdout]   20:     0x79c18b7483d4 - clone
[INFO] [stdout]   21:                0x0 - <unknown>
[INFO] [stdout] 
[INFO] [stdout] 
[INFO] [stdout] failures:
[INFO] [stdout]     evaluator::tests::tests::test_evaluator
[INFO] [stdout]     lexer::tests::tests::test_lexer
[INFO] [stdout]     parser::tests::tests::test_parser
[INFO] [stdout] 
[INFO] [stdout] test result: FAILED. 0 passed; 3 failed; 0 ignored; 0 measured; 0 filtered out; finished in 0.10s
[INFO] [stdout] 
[INFO] running `Command { std: "docker" "inspect" "a2ba0bf9cb53a4b95922cb0f55dbaf71f80c9a395d55ebf7354389e612c40df1", kill_on_drop: false }`
[INFO] running `Command { std: "docker" "rm" "-f" "a2ba0bf9cb53a4b95922cb0f55dbaf71f80c9a395d55ebf7354389e612c40df1", kill_on_drop: false }`
[INFO] [stdout] a2ba0bf9cb53a4b95922cb0f55dbaf71f80c9a395d55ebf7354389e612c40df1
