[INFO] fetching crate nexo-project-tracker 0.1.9...
[INFO] testing nexo-project-tracker-0.1.9 against 1.100.0-beta.1+cargoflags=--release for beta-release-1.100-2
[INFO] extracting crate nexo-project-tracker 0.1.9 into /workspace/builds/worker-7-tc2/source
[INFO] started tweaking crates.io crate nexo-project-tracker 0.1.9
[INFO] removed 0 missing tests
[INFO] finished tweaking crates.io crate nexo-project-tracker 0.1.9
[INFO] tweaked toml for crates.io crate nexo-project-tracker 0.1.9 written to /workspace/builds/worker-7-tc2/source/Cargo.toml
[INFO] validating manifest of crates.io crate nexo-project-tracker 0.1.9 on toolchain 1.100.0-beta.1
[INFO] running `Command { std: CARGO_HOME="/workspace/cargo-home" RUSTUP_HOME="/workspace/rustup-home" "/workspace/cargo-home/bin/cargo" "+1.100.0-beta.1" "metadata" "--manifest-path" "Cargo.toml" "--no-deps", kill_on_drop: false }`
[INFO] crate crates.io crate nexo-project-tracker 0.1.9 already has a lockfile, it will not be regenerated
[INFO] running `Command { std: CARGO_HOME="/workspace/cargo-home" RUSTUP_HOME="/workspace/rustup-home" "/workspace/cargo-home/bin/cargo" "+1.100.0-beta.1" "fetch" "--manifest-path" "Cargo.toml", kill_on_drop: false }`
[INFO] [stderr] warning: `package.homepage` is redundant with `package.documentation`
[INFO] [stderr]    --> Cargo.toml:102:12
[INFO] [stderr]     |
[INFO] [stderr] 100 | documentation = "https://lordmacu.github.io/nexo-rs/"
[INFO] [stderr]     |                 -------------------------------------
[INFO] [stderr] 101 | edition = "2021"
[INFO] [stderr] 102 | homepage = "https://lordmacu.github.io/nexo-rs/"
[INFO] [stderr]     |            ^^^^^^^^^^^^^^^^^^^^^^^^^^^^^^^^^^^^^
[INFO] [stderr]     |
[INFO] [stderr]     = note: `cargo::redundant_homepage` is set to `warn` by default
[INFO] [stderr] help: consider removing `package.homepage`
[INFO] [stderr] warning: `nexo-project-tracker` (manifest) generated 1 warning
[INFO] running `Command { std: "docker" "create" "-v" "/var/lib/crater-agent-workspace/builds/worker-7-tc2/source:/opt/rustwide/workdir:ro,Z" "-v" "/var/lib/crater-agent-workspace/builds/worker-7-tc2/target:/opt/rustwide/target:rw,Z" "-v" "/var/lib/crater-agent-workspace/cargo-home:/opt/rustwide/cargo-home:ro,Z" "-v" "/var/lib/crater-agent-workspace/rustup-home:/opt/rustwide/rustup-home:ro,Z" "-m" "1610612736" "--network" "none" "ghcr.io/rust-lang/crates-build-env/linux@sha256:77db811e55d90add9212f6832c23229e3de5f1c1f9905e8cb07319ea15df73ac" "sleep" "infinity", kill_on_drop: false }`
[INFO] [stdout] c2dc698e833e5217eecbc39f42219232992669afec2766f4cb4defc70d6c99cc
[INFO] running `Command { std: "docker" "start" "c2dc698e833e5217eecbc39f42219232992669afec2766f4cb4defc70d6c99cc", kill_on_drop: false }`
[INFO] running `Command { std: "docker" "inspect" "c2dc698e833e5217eecbc39f42219232992669afec2766f4cb4defc70d6c99cc", kill_on_drop: false }`
[INFO] running `Command { std: "docker" "exec" "-e" "SOURCE_DIR=/opt/rustwide/workdir" "-e" "CARGO_HOME=/opt/rustwide/cargo-home" "-e" "RUSTUP_HOME=/opt/rustwide/rustup-home" "-e" "CARGO_TARGET_DIR=/opt/rustwide/target" "-w" "/opt/rustwide/workdir" "--user" "0:0" "c2dc698e833e5217eecbc39f42219232992669afec2766f4cb4defc70d6c99cc" "/opt/rustwide/cargo-home/bin/cargo" "+1.100.0-beta.1" "metadata" "--no-deps" "--format-version=1", kill_on_drop: false }`
[INFO] running `Command { std: "docker" "inspect" "c2dc698e833e5217eecbc39f42219232992669afec2766f4cb4defc70d6c99cc", kill_on_drop: false }`
[INFO] running `Command { std: "docker" "exec" "-e" "SOURCE_DIR=/opt/rustwide/workdir" "-e" "CARGO_HOME=/opt/rustwide/cargo-home" "-e" "RUSTUP_HOME=/opt/rustwide/rustup-home" "-e" "CARGO_TARGET_DIR=/opt/rustwide/target" "-e" "CARGO_INCREMENTAL=0" "-e" "RUST_BACKTRACE=full" "-e" "RUSTFLAGS=--cap-lints=warn" "-e" "RUSTDOCFLAGS=--cap-lints=warn" "-w" "/opt/rustwide/workdir" "--user" "0:0" "c2dc698e833e5217eecbc39f42219232992669afec2766f4cb4defc70d6c99cc" "/opt/rustwide/cargo-home/bin/cargo" "+1.100.0-beta.1" "build" "--frozen" "--message-format=json" "--release", kill_on_drop: false }`
[INFO] [stderr] warning: `package.homepage` is redundant with `package.documentation`
[INFO] [stderr]    --> Cargo.toml:102:12
[INFO] [stderr]     |
[INFO] [stderr] 100 | documentation = "https://lordmacu.github.io/nexo-rs/"
[INFO] [stderr]     |                 -------------------------------------
[INFO] [stderr] 101 | edition = "2021"
[INFO] [stderr] 102 | homepage = "https://lordmacu.github.io/nexo-rs/"
[INFO] [stderr]     |            ^^^^^^^^^^^^^^^^^^^^^^^^^^^^^^^^^^^^^
[INFO] [stderr]     |
[INFO] [stderr]     = note: `cargo::redundant_homepage` is set to `warn` by default
[INFO] [stderr] help: consider removing `package.homepage`
[INFO] [stderr] warning: `nexo-project-tracker` (manifest) generated 1 warning
[INFO] [stderr]    Compiling libc v0.2.185
[INFO] [stderr]    Compiling memchr v2.8.0
[INFO] [stderr]    Compiling crossbeam-utils v0.8.21
[INFO] [stderr]    Compiling syn v2.0.117
[INFO] [stderr]    Compiling log v0.4.29
[INFO] [stderr]    Compiling serde_json v1.0.149
[INFO] [stderr]    Compiling hashbrown v0.17.0
[INFO] [stderr]    Compiling humantime v2.3.0
[INFO] [stderr]    Compiling arc-swap v1.9.1
[INFO] [stderr]    Compiling aho-corasick v1.1.4
[INFO] [stderr]    Compiling crossbeam-channel v0.5.15
[INFO] [stderr]    Compiling indexmap v2.14.0
[INFO] [stderr]    Compiling errno v0.3.14
[INFO] [stderr]    Compiling parking_lot_core v0.9.12
[INFO] [stderr]    Compiling inotify-sys v0.1.5
[INFO] [stderr]    Compiling inotify v0.9.6
[INFO] [stderr]    Compiling signal-hook-registry v1.4.8
[INFO] [stderr]    Compiling mio v0.8.11
[INFO] [stderr]    Compiling parking_lot v0.12.5
[INFO] [stderr]    Compiling filetime v0.2.27
[INFO] [stderr]    Compiling socket2 v0.6.3
[INFO] [stderr]    Compiling mio v1.2.0
[INFO] [stderr]    Compiling regex-automata v0.4.14
[INFO] [stderr]    Compiling notify v6.1.1
[INFO] [stderr]    Compiling serde_derive v1.0.228
[INFO] [stderr]    Compiling tracing-attributes v0.1.31
[INFO] [stderr]    Compiling thiserror-impl v1.0.69
[INFO] [stderr]    Compiling tokio-macros v2.7.0
[INFO] [stderr]    Compiling async-trait v0.1.89
[INFO] [stderr]    Compiling regex v1.12.3
[INFO] [stderr]    Compiling tokio v1.52.1
[INFO] [stderr]    Compiling thiserror v1.0.69
[INFO] [stderr]    Compiling tracing v0.1.44
[INFO] [stderr]    Compiling nexo-resilience v0.1.3
[INFO] [stderr]    Compiling serde v1.0.228
[INFO] [stderr]    Compiling humantime-serde v1.1.1
[INFO] [stderr]    Compiling serde_yaml v0.9.34+deprecated
[INFO] [stderr]    Compiling nexo-project-tracker v0.1.9 (/opt/rustwide/workdir)
[INFO] [stderr] warning: unused dependency `serde_json`
[INFO] [stderr]   --> Cargo.toml:26:15
[INFO] [stderr]    |
[INFO] [stderr] 26 | [dependencies.serde_json]
[INFO] [stderr]    |               ^^^^^^^^^^^
[INFO] [stderr]    |
[INFO] [stderr]    = note: `cargo::unused_dependencies` is set to `warn` by default
[INFO] [stderr] help: consider removing the dependency on `serde_json`
[INFO] [stderr] warning: `nexo-project-tracker` (manifest) generated 1 warning
[INFO] [stderr]     Finished `release` profile [optimized] target(s) in 1m 18s
[INFO] running `Command { std: "docker" "inspect" "c2dc698e833e5217eecbc39f42219232992669afec2766f4cb4defc70d6c99cc", kill_on_drop: false }`
[INFO] running `Command { std: "docker" "exec" "-e" "SOURCE_DIR=/opt/rustwide/workdir" "-e" "CARGO_HOME=/opt/rustwide/cargo-home" "-e" "RUSTUP_HOME=/opt/rustwide/rustup-home" "-e" "CARGO_TARGET_DIR=/opt/rustwide/target" "-e" "CARGO_INCREMENTAL=0" "-e" "RUST_BACKTRACE=full" "-e" "RUSTFLAGS=--cap-lints=warn" "-e" "RUSTDOCFLAGS=--cap-lints=warn" "-w" "/opt/rustwide/workdir" "--user" "0:0" "c2dc698e833e5217eecbc39f42219232992669afec2766f4cb4defc70d6c99cc" "/opt/rustwide/cargo-home/bin/cargo" "+1.100.0-beta.1" "test" "--frozen" "--no-run" "--message-format=json" "--release", kill_on_drop: false }`
[INFO] [stderr] warning: `package.homepage` is redundant with `package.documentation`
[INFO] [stderr]    --> Cargo.toml:102:12
[INFO] [stderr]     |
[INFO] [stderr] 100 | documentation = "https://lordmacu.github.io/nexo-rs/"
[INFO] [stderr]     |                 -------------------------------------
[INFO] [stderr] 101 | edition = "2021"
[INFO] [stderr] 102 | homepage = "https://lordmacu.github.io/nexo-rs/"
[INFO] [stderr]     |            ^^^^^^^^^^^^^^^^^^^^^^^^^^^^^^^^^^^^^
[INFO] [stderr]     |
[INFO] [stderr]     = note: `cargo::redundant_homepage` is set to `warn` by default
[INFO] [stderr] help: consider removing `package.homepage`
[INFO] [stderr] warning: `nexo-project-tracker` (manifest) generated 1 warning
[INFO] [stderr]    Compiling getrandom v0.4.2
[INFO] [stderr]    Compiling bitflags v2.11.1
[INFO] [stderr]    Compiling fastrand v2.4.1
[INFO] [stderr]    Compiling rustix v1.1.4
[INFO] [stderr]    Compiling tempfile v3.27.0
[INFO] [stderr]    Compiling nexo-project-tracker v0.1.9 (/opt/rustwide/workdir)
[INFO] [stderr] warning: unused dependency `serde_json`
[INFO] [stderr]   --> Cargo.toml:26:15
[INFO] [stderr]    |
[INFO] [stderr] 26 | [dependencies.serde_json]
[INFO] [stderr]    |               ^^^^^^^^^^^
[INFO] [stderr]    |
[INFO] [stderr]    = note: `cargo::unused_dependencies` is set to `warn` by default
[INFO] [stderr] help: consider removing the dependency on `serde_json`
[INFO] [stderr] warning: `nexo-project-tracker` (manifest) generated 1 warning
[INFO] [stderr]     Finished `release` profile [optimized] target(s) in 14.52s
[INFO] running `Command { std: "docker" "inspect" "c2dc698e833e5217eecbc39f42219232992669afec2766f4cb4defc70d6c99cc", kill_on_drop: false }`
[INFO] running `Command { std: "docker" "exec" "-e" "SOURCE_DIR=/opt/rustwide/workdir" "-e" "CARGO_HOME=/opt/rustwide/cargo-home" "-e" "RUSTUP_HOME=/opt/rustwide/rustup-home" "-e" "CARGO_TARGET_DIR=/opt/rustwide/target" "-e" "CARGO_INCREMENTAL=0" "-e" "RUST_BACKTRACE=full" "-e" "RUSTFLAGS=--cap-lints=warn" "-e" "RUSTDOCFLAGS=--cap-lints=warn" "-w" "/opt/rustwide/workdir" "--user" "0:0" "c2dc698e833e5217eecbc39f42219232992669afec2766f4cb4defc70d6c99cc" "/opt/rustwide/cargo-home/bin/cargo" "+1.100.0-beta.1" "test" "--frozen" "--release", kill_on_drop: false }`
[INFO] [stderr] warning: `package.homepage` is redundant with `package.documentation`
[INFO] [stderr]    --> Cargo.toml:102:12
[INFO] [stderr]     |
[INFO] [stderr] 100 | documentation = "https://lordmacu.github.io/nexo-rs/"
[INFO] [stderr]     |                 -------------------------------------
[INFO] [stderr] 101 | edition = "2021"
[INFO] [stderr] 102 | homepage = "https://lordmacu.github.io/nexo-rs/"
[INFO] [stderr]     |            ^^^^^^^^^^^^^^^^^^^^^^^^^^^^^^^^^^^^^
[INFO] [stderr]     |
[INFO] [stderr]     = note: `cargo::redundant_homepage` is set to `warn` by default
[INFO] [stderr] help: consider removing `package.homepage`
[INFO] [stderr] warning: `nexo-project-tracker` (manifest) generated 1 warning
[INFO] [stderr] warning: unused dependency `serde_json`
[INFO] [stderr]   --> Cargo.toml:26:15
[INFO] [stderr]    |
[INFO] [stderr] 26 | [dependencies.serde_json]
[INFO] [stderr]    |               ^^^^^^^^^^^
[INFO] [stderr]    |
[INFO] [stderr]    = note: `cargo::unused_dependencies` is set to `warn` by default
[INFO] [stderr] help: consider removing the dependency on `serde_json`
[INFO] [stderr] warning: `nexo-project-tracker` (manifest) generated 1 warning
[INFO] [stderr]     Finished `release` profile [optimized] target(s) in 0.10s
[INFO] [stderr]      Running unittests src/lib.rs (/opt/rustwide/target/release/build/nexo-project-tracker/b66529cec3e92144/out/nexo_project_tracker-b66529cec3e92144)
[INFO] [stdout] 
[INFO] [stdout] running 39 tests
[INFO] [stdout] test format::tests::cap_truncates_on_utf8_boundary ... ok
[INFO] [stdout] test config::tests::allow_shell_hooks_default_off ... ok
[INFO] [stdout] test config::tests::empty_yaml_uses_defaults ... ok
[INFO] [stdout] test format::tests::cap_passthrough_when_under ... ok
[INFO] [stdout] test format::tests::render_followups_open_skips_resolved ... ok
[INFO] [stdout] test format::tests::render_phases_table_has_header ... ok
[INFO] [stdout] test config::tests::full_yaml_round_trips ... ok
[INFO] [stdout] test parser::followups::tests::checkmark_without_strikethrough_still_resolved ... ok
[INFO] [stdout] test parser::followups::tests::fenced_code_does_not_split_items ... ok
[INFO] [stdout] test mutable::tests::switch_to_changes_active_workspace ... ok
[INFO] [stdout] test parser::followups::tests::item_with_subcode_is_parsed ... ok
[INFO] [stdout] test parser::phases::tests::acceptance_inline_one_liner ... ok
[INFO] [stdout] test parser::phases::tests::acceptance_strips_trailing_period_from_inline ... ok
[INFO] [stdout] test parser::followups::tests::parses_open_and_resolved_items ... ok
[INFO] [stdout] test parser::phases::tests::acceptance_block_with_heading_marker ... ok
[INFO] [stdout] test parser::phases::tests::acceptance_block_with_bold_marker ... ok
[INFO] [stdout] test parser::phases::tests::parses_basic_phase_with_subphases ... ok
[INFO] [stdout] test git::tests::nonexistent_phase_returns_empty ... FAILED
[INFO] [stdout] test parser::phases::tests::subphase_before_any_phase_heading_gets_synthetic_parent ... ok
[INFO] [stdout] test git::tests::finds_phase_67_9_commit ... FAILED
[INFO] [stdout] test parser::phases::tests::level_3_phase_heading_works_too ... ok
[INFO] [stdout] test parser::phases::tests::fenced_code_blocks_dont_create_phantom_subphases ... ok
[INFO] [stdout] test parser::phases::tests::no_acceptance_block_returns_none ... ok
[INFO] [stdout] test parser::phases::tests::missing_status_marker_is_pending ... ok
[INFO] [stdout] test state::tests::read_missing_file_returns_none ... ok
[INFO] [stdout] test state::tests::read_nonexistent_path_returns_none ... ok
[INFO] [stdout] test tools::tests::current_phase_returns_a_subphase ... ok
[INFO] [stdout] test state::tests::write_then_read_roundtrip ... ok
[INFO] [stdout] test tools::tests::not_tracked_path_maps_to_tool_error ... ok
[INFO] [stdout] test tools::tests::followup_detail_unknown_code_errors ... ok
[INFO] [stdout] test tools::tests::phase_detail_known_id_renders ... ok
[INFO] [stdout] test tools::tests::followup_detail_known_code ... ok
[INFO] [stdout] test tools::tests::phase_detail_unknown_id_errors ... ok
[INFO] [stdout] test tools::tests::last_shipped_renders_n_lines ... ok
[INFO] [stdout] test tools::tests::phases_list_table_caps_to_4kib ... ok
[INFO] [stdout] test tracker::tests::read_uses_cache_after_first_call ... ok
[INFO] [stdout] test tracker::tests::current_phase_prefers_in_progress ... ok
[INFO] [stdout] test tracker::tests::open_errors_when_phases_missing ... ok
[INFO] [stdout] test tracker::tests::last_shipped_returns_done_in_reverse_order ... ok
[INFO] [stdout] 
[INFO] [stdout] failures:
[INFO] [stdout] 
[INFO] [stdout] ---- git::tests::nonexistent_phase_returns_empty stdout ----
[INFO] [stdout] 
[INFO] [stdout] thread 'git::tests::nonexistent_phase_returns_empty' (999) panicked at src/git.rs:166:23:
[INFO] [stdout] unexpected error: git exited Some(128): fatal: not a git repository (or any of the parent directories): .git
[INFO] [stdout] 
[INFO] [stdout] stack backtrace:
[INFO] [stdout]    0:     0x59ffaa2844e1 - <<std[617be2ca0a6fd877]::sys::backtrace::BacktraceLock>::print::DisplayBacktrace as core[a373ad73a504971]::fmt::Display>::fmt
[INFO] [stdout]    1:     0x59ffaa29ab4a - core[a373ad73a504971]::fmt::write
[INFO] [stdout]    2:     0x59ffaa288afc - <alloc[2e1b2a31b91974c5]::vec::Vec<u8> as core[a373ad73a504971]::io::write::Write>::write_fmt
[INFO] [stdout]    3:     0x59ffaa25e476 - std[617be2ca0a6fd877]::panicking::default_hook::{closure#0}
[INFO] [stdout]    4:     0x59ffaa27b979 - std[617be2ca0a6fd877]::panicking::default_hook
[INFO] [stdout]    5:     0x59ffaa126bb0 - test[aada8e7e76ba119b]::test_main_inner::{closure#0}
[INFO] [stdout]    6:     0x59ffaa27bca2 - std[617be2ca0a6fd877]::panicking::panic_with_hook
[INFO] [stdout]    7:     0x59ffaa25e522 - std[617be2ca0a6fd877]::panicking::panic_handler::{closure#0}
[INFO] [stdout]    8:     0x59ffaa256f29 - std[617be2ca0a6fd877]::sys::backtrace::__rust_end_short_backtrace::<std[617be2ca0a6fd877]::panicking::panic_handler::{closure#0}, !>
[INFO] [stdout]    9:     0x59ffaa25f21d - __rustc[ea4f61d10b84890b]::rust_begin_unwind
[INFO] [stdout]   10:     0x59ffaa29b32c - core[a373ad73a504971]::panicking::panic_fmt
[INFO] [stdout]   11:     0x59ffaa0e6a87 - nexo_project_tracker[48b50a89160f8268]::git::tests::nonexistent_phase_returns_empty::{closure#0}
[INFO] [stdout]   12:     0x59ffaa0e7f7b - <tokio[61ad25c18f8af81a]::runtime::runtime::Runtime>::block_on::<core[a373ad73a504971]::pin::Pin<&mut dyn core[a373ad73a504971]::future::future::Future<Output = ()>>>
[INFO] [stdout]   13:     0x59ffaa0e6f0e - <nexo_project_tracker[48b50a89160f8268]::git::tests::nonexistent_phase_returns_empty::{closure#0} as core[a373ad73a504971]::ops::function::FnOnce<()>>::call_once
[INFO] [stdout]   14:     0x59ffaa119ffb - test[aada8e7e76ba119b]::__rust_begin_short_backtrace::<core[a373ad73a504971]::result::Result<(), alloc[2e1b2a31b91974c5]::string::String>, fn() -> core[a373ad73a504971]::result::Result<(), alloc[2e1b2a31b91974c5]::string::String>>
[INFO] [stdout]   15:     0x59ffaa1271d5 - test[aada8e7e76ba119b]::run_test::{closure#0}
[INFO] [stdout]   16:     0x59ffaa120ac4 - std[617be2ca0a6fd877]::sys::backtrace::__rust_begin_short_backtrace::<test[aada8e7e76ba119b]::run_test::{closure#1}, ()>
[INFO] [stdout]   17:     0x59ffaa12a262 - <std[617be2ca0a6fd877]::thread::lifecycle::spawn_unchecked<test[aada8e7e76ba119b]::run_test::{closure#1}, ()>::{closure#1} as core[a373ad73a504971]::ops::function::FnOnce<()>>::call_once::{shim:vtable#0}
[INFO] [stdout]   18:     0x59ffaa2837bf - <std[617be2ca0a6fd877]::sys::thread::unix::Thread>::new::thread_start
[INFO] [stdout]   19:     0x76d09833edfa - <unknown>
[INFO] [stdout]   20:     0x76d0983d23d4 - clone
[INFO] [stdout]   21:                0x0 - <unknown>
[INFO] [stdout] 
[INFO] [stdout] ---- git::tests::finds_phase_67_9_commit stdout ----
[INFO] [stdout] 
[INFO] [stdout] thread 'git::tests::finds_phase_67_9_commit' (998) panicked at src/git.rs:151:23:
[INFO] [stdout] unexpected error: git exited Some(128): fatal: not a git repository (or any of the parent directories): .git
[INFO] [stdout] 
[INFO] [stdout] stack backtrace:
[INFO] [stdout]    0:     0x59ffaa2844e1 - <<std[617be2ca0a6fd877]::sys::backtrace::BacktraceLock>::print::DisplayBacktrace as core[a373ad73a504971]::fmt::Display>::fmt
[INFO] [stdout]    1:     0x59ffaa29ab4a - core[a373ad73a504971]::fmt::write
[INFO] [stdout]    2:     0x59ffaa288afc - <alloc[2e1b2a31b91974c5]::vec::Vec<u8> as core[a373ad73a504971]::io::write::Write>::write_fmt
[INFO] [stdout]    3:     0x59ffaa25e476 - std[617be2ca0a6fd877]::panicking::default_hook::{closure#0}
[INFO] [stdout]    4:     0x59ffaa27b979 - std[617be2ca0a6fd877]::panicking::default_hook
[INFO] [stdout]    5:     0x59ffaa126bb0 - test[aada8e7e76ba119b]::test_main_inner::{closure#0}
[INFO] [stdout]    6:     0x59ffaa27bca2 - std[617be2ca0a6fd877]::panicking::panic_with_hook
[INFO] [stdout]    7:     0x59ffaa25e522 - std[617be2ca0a6fd877]::panicking::panic_handler::{closure#0}
[INFO] [stdout]    8:     0x59ffaa256f29 - std[617be2ca0a6fd877]::sys::backtrace::__rust_end_short_backtrace::<std[617be2ca0a6fd877]::panicking::panic_handler::{closure#0}, !>
[INFO] [stdout]    9:     0x59ffaa25f21d - __rustc[ea4f61d10b84890b]::rust_begin_unwind
[INFO] [stdout]   10:     0x59ffaa29b32c - core[a373ad73a504971]::panicking::panic_fmt
[INFO] [stdout]   11:     0x59ffaa0e6617 - nexo_project_tracker[48b50a89160f8268]::git::tests::finds_phase_67_9_commit::{closure#0}
[INFO] [stdout]   12:     0x59ffaa0e7f7b - <tokio[61ad25c18f8af81a]::runtime::runtime::Runtime>::block_on::<core[a373ad73a504971]::pin::Pin<&mut dyn core[a373ad73a504971]::future::future::Future<Output = ()>>>
[INFO] [stdout]   13:     0x59ffaa0e6dae - <nexo_project_tracker[48b50a89160f8268]::git::tests::finds_phase_67_9_commit::{closure#0} as core[a373ad73a504971]::ops::function::FnOnce<()>>::call_once
[INFO] [stdout]   14:     0x59ffaa119ffb - test[aada8e7e76ba119b]::__rust_begin_short_backtrace::<core[a373ad73a504971]::result::Result<(), alloc[2e1b2a31b91974c5]::string::String>, fn() -> core[a373ad73a504971]::result::Result<(), alloc[2e1b2a31b91974c5]::string::String>>
[INFO] [stdout]   15:     0x59ffaa1271d5 - test[aada8e7e76ba119b]::run_test::{closure#0}
[INFO] [stdout]   16:     0x59ffaa120ac4 - std[617be2ca0a6fd877]::sys::backtrace::__rust_begin_short_backtrace::<test[aada8e7e76ba119b]::run_test::{closure#1}, ()>
[INFO] [stdout]   17:     0x59ffaa12a262 - <std[617be2ca0a6fd877]::thread::lifecycle::spawn_unchecked<test[aada8e7e76ba119b]::run_test::{closure#1}, ()>::{closure#1} as core[a373ad73a504971]::ops::function::FnOnce<()>>::call_once::{shim:vtable#0}
[INFO] [stdout]   18:     0x59ffaa2837bf - <std[617be2ca0a6fd877]::sys::thread::unix::Thread>::new::thread_start
[INFO] [stdout]   19:     0x76d09833edfa - <unknown>
[INFO] [stdout]   20:     0x76d0983d23d4 - clone
[INFO] [stdout]   21:                0x0 - <unknown>
[INFO] [stdout] 
[INFO] [stdout] 
[INFO] [stdout] failures:
[INFO] [stdout]     git::tests::finds_phase_67_9_commit
[INFO] [stdout]     git::tests::nonexistent_phase_returns_empty
[INFO] [stdout] 
[INFO] [stdout] test result: FAILED. 37 passed; 2 failed; 0 ignored; 0 measured; 0 filtered out; finished in 0.03s
[INFO] [stdout] 
[INFO] [stderr] error: test failed, to rerun pass `--lib`
[INFO] running `Command { std: "docker" "inspect" "c2dc698e833e5217eecbc39f42219232992669afec2766f4cb4defc70d6c99cc", kill_on_drop: false }`
[INFO] running `Command { std: "docker" "rm" "-f" "c2dc698e833e5217eecbc39f42219232992669afec2766f4cb4defc70d6c99cc", kill_on_drop: false }`
[INFO] [stdout] c2dc698e833e5217eecbc39f42219232992669afec2766f4cb4defc70d6c99cc
