[INFO] fetching crate nexcore-anatomy 1.0.0...
[INFO] testing nexcore-anatomy-1.0.0 against 1.99.0-beta.8+cargoflags=--release for beta-release-1.100-2
[INFO] extracting crate nexcore-anatomy 1.0.0 into /workspace/builds/worker-0-tc1/source
[INFO] started tweaking crates.io crate nexcore-anatomy 1.0.0
[INFO] removed 0 missing tests
[INFO] finished tweaking crates.io crate nexcore-anatomy 1.0.0
[INFO] tweaked toml for crates.io crate nexcore-anatomy 1.0.0 written to /workspace/builds/worker-0-tc1/source/Cargo.toml
[INFO] validating manifest of crates.io crate nexcore-anatomy 1.0.0 on toolchain 1.99.0-beta.8
[INFO] running `Command { std: CARGO_HOME="/workspace/cargo-home" RUSTUP_HOME="/workspace/rustup-home" "/workspace/cargo-home/bin/cargo" "+1.99.0-beta.8" "metadata" "--manifest-path" "Cargo.toml" "--no-deps", kill_on_drop: false }`
[INFO] crate crates.io crate nexcore-anatomy 1.0.0 already has a lockfile, it will not be regenerated
[INFO] running `Command { std: CARGO_HOME="/workspace/cargo-home" RUSTUP_HOME="/workspace/rustup-home" "/workspace/cargo-home/bin/cargo" "+1.99.0-beta.8" "fetch" "--manifest-path" "Cargo.toml", kill_on_drop: false }`
[INFO] [stderr]     Updating crates.io index
[INFO] [stderr]  Downloading crates ...
[INFO] [stderr]   Downloaded nexcore-error v0.1.0
[INFO] [stderr]   Downloaded nexcore-error-derive v1.0.1
[INFO] running `Command { std: "docker" "create" "-v" "/var/lib/crater-agent-workspace/builds/worker-0-tc1/source:/opt/rustwide/workdir:ro,Z" "-v" "/var/lib/crater-agent-workspace/builds/worker-0-tc1/target:/opt/rustwide/target:rw,Z" "-v" "/var/lib/crater-agent-workspace/cargo-home:/opt/rustwide/cargo-home:ro,Z" "-v" "/var/lib/crater-agent-workspace/rustup-home:/opt/rustwide/rustup-home:ro,Z" "-m" "1610612736" "--network" "none" "ghcr.io/rust-lang/crates-build-env/linux@sha256:77db811e55d90add9212f6832c23229e3de5f1c1f9905e8cb07319ea15df73ac" "sleep" "infinity", kill_on_drop: false }`
[INFO] [stdout] cc5e40d7c4cf90a06f22939f06c58bae2479818d27360189dbeadd5fdbda45a5
[INFO] running `Command { std: "docker" "start" "cc5e40d7c4cf90a06f22939f06c58bae2479818d27360189dbeadd5fdbda45a5", kill_on_drop: false }`
[INFO] running `Command { std: "docker" "inspect" "cc5e40d7c4cf90a06f22939f06c58bae2479818d27360189dbeadd5fdbda45a5", kill_on_drop: false }`
[INFO] running `Command { std: "docker" "exec" "-e" "SOURCE_DIR=/opt/rustwide/workdir" "-e" "CARGO_HOME=/opt/rustwide/cargo-home" "-e" "RUSTUP_HOME=/opt/rustwide/rustup-home" "-e" "CARGO_TARGET_DIR=/opt/rustwide/target" "-w" "/opt/rustwide/workdir" "--user" "0:0" "cc5e40d7c4cf90a06f22939f06c58bae2479818d27360189dbeadd5fdbda45a5" "/opt/rustwide/cargo-home/bin/cargo" "+1.99.0-beta.8" "metadata" "--no-deps" "--format-version=1", kill_on_drop: false }`
[INFO] running `Command { std: "docker" "inspect" "cc5e40d7c4cf90a06f22939f06c58bae2479818d27360189dbeadd5fdbda45a5", kill_on_drop: false }`
[INFO] running `Command { std: "docker" "exec" "-e" "SOURCE_DIR=/opt/rustwide/workdir" "-e" "CARGO_HOME=/opt/rustwide/cargo-home" "-e" "RUSTUP_HOME=/opt/rustwide/rustup-home" "-e" "CARGO_TARGET_DIR=/opt/rustwide/target" "-e" "CARGO_INCREMENTAL=0" "-e" "RUST_BACKTRACE=full" "-e" "RUSTFLAGS=--cap-lints=warn" "-e" "RUSTDOCFLAGS=--cap-lints=warn" "-w" "/opt/rustwide/workdir" "--user" "0:0" "cc5e40d7c4cf90a06f22939f06c58bae2479818d27360189dbeadd5fdbda45a5" "/opt/rustwide/cargo-home/bin/cargo" "+1.99.0-beta.8" "build" "--frozen" "--message-format=json" "--release", kill_on_drop: false }`
[INFO] [stderr]    Compiling unicode-ident v1.0.23
[INFO] [stderr]    Compiling serde_core v1.0.228
[INFO] [stderr]    Compiling camino v1.2.2
[INFO] [stderr]    Compiling serde_json v1.0.149
[INFO] [stderr]    Compiling proc-macro2 v1.0.106
[INFO] [stderr]    Compiling quote v1.0.44
[INFO] [stderr]    Compiling syn v2.0.116
[INFO] [stderr]    Compiling semver v1.0.27
[INFO] [stderr]    Compiling serde_derive v1.0.228
[INFO] [stderr]    Compiling thiserror-impl v2.0.18
[INFO] [stderr]    Compiling nexcore-error-derive v1.0.1
[INFO] [stderr]    Compiling thiserror v2.0.18
[INFO] [stderr]    Compiling serde v1.0.228
[INFO] [stderr]    Compiling cargo-platform v0.1.9
[INFO] [stderr]    Compiling nexcore-error v0.1.0
[INFO] [stderr]    Compiling cargo_metadata v0.19.2
[INFO] [stderr]    Compiling nexcore-anatomy v1.0.0 (/opt/rustwide/workdir)
[INFO] [stderr]     Finished `release` profile [optimized] target(s) in 22.16s
[INFO] running `Command { std: "docker" "inspect" "cc5e40d7c4cf90a06f22939f06c58bae2479818d27360189dbeadd5fdbda45a5", kill_on_drop: false }`
[INFO] running `Command { std: "docker" "exec" "-e" "SOURCE_DIR=/opt/rustwide/workdir" "-e" "CARGO_HOME=/opt/rustwide/cargo-home" "-e" "RUSTUP_HOME=/opt/rustwide/rustup-home" "-e" "CARGO_TARGET_DIR=/opt/rustwide/target" "-e" "CARGO_INCREMENTAL=0" "-e" "RUST_BACKTRACE=full" "-e" "RUSTFLAGS=--cap-lints=warn" "-e" "RUSTDOCFLAGS=--cap-lints=warn" "-w" "/opt/rustwide/workdir" "--user" "0:0" "cc5e40d7c4cf90a06f22939f06c58bae2479818d27360189dbeadd5fdbda45a5" "/opt/rustwide/cargo-home/bin/cargo" "+1.99.0-beta.8" "test" "--frozen" "--no-run" "--message-format=json" "--release", kill_on_drop: false }`
[INFO] [stderr]    Compiling nexcore-anatomy v1.0.0 (/opt/rustwide/workdir)
[INFO] [stderr]     Finished `release` profile [optimized] target(s) in 4.58s
[INFO] running `Command { std: "docker" "inspect" "cc5e40d7c4cf90a06f22939f06c58bae2479818d27360189dbeadd5fdbda45a5", kill_on_drop: false }`
[INFO] running `Command { std: "docker" "exec" "-e" "SOURCE_DIR=/opt/rustwide/workdir" "-e" "CARGO_HOME=/opt/rustwide/cargo-home" "-e" "RUSTUP_HOME=/opt/rustwide/rustup-home" "-e" "CARGO_TARGET_DIR=/opt/rustwide/target" "-e" "CARGO_INCREMENTAL=0" "-e" "RUST_BACKTRACE=full" "-e" "RUSTFLAGS=--cap-lints=warn" "-e" "RUSTDOCFLAGS=--cap-lints=warn" "-w" "/opt/rustwide/workdir" "--user" "0:0" "cc5e40d7c4cf90a06f22939f06c58bae2479818d27360189dbeadd5fdbda45a5" "/opt/rustwide/cargo-home/bin/cargo" "+1.99.0-beta.8" "test" "--frozen" "--release", kill_on_drop: false }`
[INFO] [stderr]     Finished `release` profile [optimized] target(s) in 0.05s
[INFO] [stderr]      Running unittests src/lib.rs (/opt/rustwide/target/release/deps/nexcore_anatomy-a2b876cd382de901)
[INFO] [stdout] 
[INFO] [stdout] running 34 tests
[INFO] [stdout] test blast_radius::tests::test_nonexistent_crate ... ok
[INFO] [stdout] test blast_radius::tests::test_report_top ... ok
[INFO] [stdout] test chomsky::tests::test_crate_heuristic_brain ... ok
[INFO] [stdout] test chomsky::tests::test_crate_heuristic_guardian ... ok
[INFO] [stdout] test chomsky::tests::test_crate_heuristic_parser ... ok
[INFO] [stdout] test chomsky::tests::test_crate_heuristic_pipeline ... ok
[INFO] [stdout] test chomsky::tests::test_generator_classification_type0 ... ok
[INFO] [stdout] test chomsky::tests::test_generator_classification_type1 ... ok
[INFO] [stdout] test chomsky::tests::test_generator_classification_type2 ... ok
[INFO] [stdout] test chomsky::tests::test_generator_classification_type3 ... ok
[INFO] [stdout] test chomsky::tests::test_overengineering_zero ... ok
[INFO] [stdout] test graph::tests::test_top_by_fan_in ... ok
[INFO] [stdout] test graph::tests::test_topo_sort_no_cycles ... ok
[INFO] [stdout] test layer::tests::test_boundary_violation_detection ... ok
[INFO] [stdout] test layer::tests::test_classify_known_crates ... ok
[INFO] [stdout] test layer::tests::test_layer_ordering ... ok
[INFO] [stdout] test layer::tests::test_layer_rank_and_label ... ok
[INFO] [stdout] test layer::tests::test_valid_dependency_no_violation ... ok
[INFO] [stdout] test metrics::tests::test_bottleneck_detection ... ok
[INFO] [stdout] test metrics::tests::test_crates_in_tier ... ok
[INFO] [stdout] test metrics::tests::test_criticality_scoring ... ok
[INFO] [stdout] test blast_radius::tests::test_core_blast_radius ... ok
[INFO] [stdout] test blast_radius::tests::test_blast_radius_report ... ok
[INFO] [stdout] test blast_radius::tests::test_leaf_blast_radius ... ok
[INFO] [stdout] test chomsky::tests::test_overengineering_delta ... ok
[INFO] [stdout] test metrics::tests::test_instability_index ... ok
[INFO] [stdout] test report::tests::test_health_status_labels ... ok
[INFO] [stdout] test report::tests::test_healthy_report ... ok
[INFO] [stdout] test report::tests::test_critical_with_cycles ... ok
[INFO] [stdout] test metrics::tests::test_graph_density ... ok
[INFO] [stdout] test report::tests::test_json_serialization ... ok
[INFO] [stdout] test blast_radius::tests::test_report_get ... ok
[INFO] [stdout] test report::tests::test_json_compact_serialization ... ok
[INFO] [stdout] test blast_radius::tests::test_cascade_width ... ok
[INFO] [stdout] 
[INFO] [stdout] test result: ok. 34 passed; 0 failed; 0 ignored; 0 measured; 0 filtered out; finished in 0.05s
[INFO] [stdout] 
[INFO] [stderr]      Running unittests src/bin/anatomy_check.rs (/opt/rustwide/target/release/deps/anatomy_check-30dec3a8ad982f43)
[INFO] [stdout] 
[INFO] [stderr]      Running tests/live_workspace.rs (/opt/rustwide/target/release/deps/live_workspace-38a06a13ece112cc)
[INFO] [stdout] running 0 tests
[INFO] [stdout] 
[INFO] [stdout] test result: ok. 0 passed; 0 failed; 0 ignored; 0 measured; 0 filtered out; finished in 0.00s
[INFO] [stdout] 
[INFO] [stdout] 
[INFO] [stdout] running 10 tests
[INFO] [stdout] test test_full_anatomy_report ... ok
[INFO] [stdout] test test_criticality_distribution ... ok
[INFO] [stdout] test test_lex_primitiva_is_bottleneck ... ok
[INFO] [stdout] test test_blast_radius_report ... ok
[INFO] [stdout] test test_chomsky_classification ... ok
[INFO] [stdout] test test_lex_primitiva_blast_radius ... ok
[INFO] [stdout] test test_workspace_has_crates ... FAILED
[INFO] [stdout] test test_layer_classification ... ok
[INFO] [stdout] test test_workspace_topo_order_complete ... ok
[INFO] [stdout] test test_workspace_no_cycles ... ok
[INFO] [stdout] 
[INFO] [stdout] failures:
[INFO] [stdout] 
[INFO] [stdout] ---- test_workspace_has_crates stdout ----
[INFO] [stdout] Skipping live workspace test: `cargo metadata` exited with an error: error: manifest path `/opt/Cargo.toml` does not exist
[INFO] [stdout] 
[INFO] [stdout] 
[INFO] [stdout] thread 'test_workspace_has_crates' (609) panicked at tests/live_workspace.rs:36:5:
[INFO] [stdout] Expected 50+ workspace crates, found 0
[INFO] [stdout] stack backtrace:
[INFO] [stdout]    0:     0x5d6eb7eb9cd1 - <<std[70759c8f55707aa4]::sys::backtrace::BacktraceLock>::print::DisplayBacktrace as core[df12db4294e9bfd3]::fmt::Display>::fmt
[INFO] [stdout]    1:     0x5d6eb7ecf4aa - core[df12db4294e9bfd3]::fmt::write
[INFO] [stdout]    2:     0x5d6eb7ebe16c - <alloc[2182bb758b4b3781]::vec::Vec<u8> as core[df12db4294e9bfd3]::io::write::Write>::write_fmt
[INFO] [stdout]    3:     0x5d6eb7e95ed6 - std[70759c8f55707aa4]::panicking::default_hook::{closure#0}
[INFO] [stdout]    4:     0x5d6eb7eb2439 - std[70759c8f55707aa4]::panicking::default_hook
[INFO] [stdout]    5:     0x5d6eb7dfdc00 - test[9d35eded1c95d3be]::test_main_inner::<test[9d35eded1c95d3be]::test_main_static::{closure#0}>::{closure#0}
[INFO] [stdout]    6:     0x5d6eb7eb25f2 - std[70759c8f55707aa4]::panicking::panic_with_hook
[INFO] [stdout]    7:     0x5d6eb7e95f82 - std[70759c8f55707aa4]::panicking::panic_handler::{closure#0}
[INFO] [stdout]    8:     0x5d6eb7e8ed09 - std[70759c8f55707aa4]::sys::backtrace::__rust_end_short_backtrace::<std[70759c8f55707aa4]::panicking::panic_handler::{closure#0}, !>
[INFO] [stdout]    9:     0x5d6eb7e96b7d - __rustc[8fa7c3cbc660c2b3]::rust_begin_unwind
[INFO] [stdout]   10:     0x5d6eb7ecfbdc - core[df12db4294e9bfd3]::panicking::panic_fmt
[INFO] [stdout]   11:     0x5d6eb7defef9 - <live_workspace[7a060058d656ec22]::test_workspace_has_crates::{closure#0} as core[df12db4294e9bfd3]::ops::function::FnOnce<()>>::call_once
[INFO] [stdout]   12:     0x5d6eb7df0eeb - test[9d35eded1c95d3be]::__rust_begin_short_backtrace::<core[df12db4294e9bfd3]::result::Result<(), alloc[2182bb758b4b3781]::string::String>, fn() -> core[df12db4294e9bfd3]::result::Result<(), alloc[2182bb758b4b3781]::string::String>>
[INFO] [stdout]   13:     0x5d6eb7dfe555 - test[9d35eded1c95d3be]::run_test::{closure#0}
[INFO] [stdout]   14:     0x5d6eb7df7e14 - std[70759c8f55707aa4]::sys::backtrace::__rust_begin_short_backtrace::<test[9d35eded1c95d3be]::run_test::{closure#1}, ()>
[INFO] [stdout]   15:     0x5d6eb7e016b2 - <std[70759c8f55707aa4]::thread::lifecycle::spawn_unchecked<test[9d35eded1c95d3be]::run_test::{closure#1}, ()>::{closure#1} as core[df12db4294e9bfd3]::ops::function::FnOnce<()>>::call_once::{shim:vtable#0}
[INFO] [stdout]   16:     0x5d6eb7eb95a9 - <std[70759c8f55707aa4]::sys::thread::unix::Thread>::new::thread_start
[INFO] [stdout]   17:     0x72b4fe79adfa - <unknown>
[INFO] [stdout]   18:     0x72b4fe82e3d4 - clone
[INFO] [stdout]   19:                0x0 - <unknown>
[INFO] [stdout] 
[INFO] [stdout] 
[INFO] [stdout] failures:
[INFO] [stdout]     test_workspace_has_crates
[INFO] [stdout] 
[INFO] [stdout] test result: FAILED. 9 passed; 1 failed; 0 ignored; 0 measured; 0 filtered out; finished in 0.10s
[INFO] [stdout] 
[INFO] [stderr] error: test failed, to rerun pass `--test live_workspace`
[INFO] running `Command { std: "docker" "inspect" "cc5e40d7c4cf90a06f22939f06c58bae2479818d27360189dbeadd5fdbda45a5", kill_on_drop: false }`
[INFO] running `Command { std: "docker" "rm" "-f" "cc5e40d7c4cf90a06f22939f06c58bae2479818d27360189dbeadd5fdbda45a5", kill_on_drop: false }`
[INFO] [stdout] cc5e40d7c4cf90a06f22939f06c58bae2479818d27360189dbeadd5fdbda45a5
