[INFO] fetching crate newtype-tools 1.0.15...
[INFO] testing newtype-tools-1.0.15 against 1.100.0-beta.1+cargoflags=--release for beta-release-1.100-2
[INFO] extracting crate newtype-tools 1.0.15 into /workspace/builds/worker-1-tc2/source
[INFO] started tweaking crates.io crate newtype-tools 1.0.15
[INFO] removed 0 missing tests
[INFO] finished tweaking crates.io crate newtype-tools 1.0.15
[INFO] tweaked toml for crates.io crate newtype-tools 1.0.15 written to /workspace/builds/worker-1-tc2/source/Cargo.toml
[INFO] validating manifest of crates.io crate newtype-tools 1.0.15 on toolchain 1.100.0-beta.1
[INFO] running `Command { std: CARGO_HOME="/workspace/cargo-home" RUSTUP_HOME="/workspace/rustup-home" "/workspace/cargo-home/bin/cargo" "+1.100.0-beta.1" "metadata" "--manifest-path" "Cargo.toml" "--no-deps", kill_on_drop: false }`
[INFO] crate crates.io crate newtype-tools 1.0.15 already has a lockfile, it will not be regenerated
[INFO] running `Command { std: CARGO_HOME="/workspace/cargo-home" RUSTUP_HOME="/workspace/rustup-home" "/workspace/cargo-home/bin/cargo" "+1.100.0-beta.1" "fetch" "--manifest-path" "Cargo.toml", kill_on_drop: false }`
[INFO] running `Command { std: "docker" "create" "-v" "/var/lib/crater-agent-workspace/builds/worker-1-tc2/source:/opt/rustwide/workdir:ro,Z" "-v" "/var/lib/crater-agent-workspace/builds/worker-1-tc2/target:/opt/rustwide/target:rw,Z" "-v" "/var/lib/crater-agent-workspace/cargo-home:/opt/rustwide/cargo-home:ro,Z" "-v" "/var/lib/crater-agent-workspace/rustup-home:/opt/rustwide/rustup-home:ro,Z" "-m" "1610612736" "--network" "none" "ghcr.io/rust-lang/crates-build-env/linux@sha256:77db811e55d90add9212f6832c23229e3de5f1c1f9905e8cb07319ea15df73ac" "sleep" "infinity", kill_on_drop: false }`
[INFO] [stdout] dc49db083e0cc1b76c3423b819cfad70af7008c3bb7e4b9b0b089bb9895d8d47
[INFO] running `Command { std: "docker" "start" "dc49db083e0cc1b76c3423b819cfad70af7008c3bb7e4b9b0b089bb9895d8d47", kill_on_drop: false }`
[INFO] running `Command { std: "docker" "inspect" "dc49db083e0cc1b76c3423b819cfad70af7008c3bb7e4b9b0b089bb9895d8d47", kill_on_drop: false }`
[INFO] running `Command { std: "docker" "exec" "-e" "SOURCE_DIR=/opt/rustwide/workdir" "-e" "CARGO_HOME=/opt/rustwide/cargo-home" "-e" "RUSTUP_HOME=/opt/rustwide/rustup-home" "-e" "CARGO_TARGET_DIR=/opt/rustwide/target" "-w" "/opt/rustwide/workdir" "--user" "0:0" "dc49db083e0cc1b76c3423b819cfad70af7008c3bb7e4b9b0b089bb9895d8d47" "/opt/rustwide/cargo-home/bin/cargo" "+1.100.0-beta.1" "metadata" "--no-deps" "--format-version=1", kill_on_drop: false }`
[INFO] running `Command { std: "docker" "inspect" "dc49db083e0cc1b76c3423b819cfad70af7008c3bb7e4b9b0b089bb9895d8d47", kill_on_drop: false }`
[INFO] running `Command { std: "docker" "exec" "-e" "SOURCE_DIR=/opt/rustwide/workdir" "-e" "CARGO_HOME=/opt/rustwide/cargo-home" "-e" "RUSTUP_HOME=/opt/rustwide/rustup-home" "-e" "CARGO_TARGET_DIR=/opt/rustwide/target" "-e" "CARGO_INCREMENTAL=0" "-e" "RUST_BACKTRACE=full" "-e" "RUSTFLAGS=--cap-lints=warn" "-e" "RUSTDOCFLAGS=--cap-lints=warn" "-w" "/opt/rustwide/workdir" "--user" "0:0" "dc49db083e0cc1b76c3423b819cfad70af7008c3bb7e4b9b0b089bb9895d8d47" "/opt/rustwide/cargo-home/bin/cargo" "+1.100.0-beta.1" "build" "--frozen" "--message-format=json" "--release", kill_on_drop: false }`
[INFO] [stderr]    Compiling newtype-tools-derive v1.0.15
[INFO] [stderr]    Compiling newtype-tools v1.0.15 (/opt/rustwide/workdir)
[INFO] [stderr]     Finished `release` profile [optimized] target(s) in 0.74s
[INFO] running `Command { std: "docker" "inspect" "dc49db083e0cc1b76c3423b819cfad70af7008c3bb7e4b9b0b089bb9895d8d47", kill_on_drop: false }`
[INFO] running `Command { std: "docker" "exec" "-e" "SOURCE_DIR=/opt/rustwide/workdir" "-e" "CARGO_HOME=/opt/rustwide/cargo-home" "-e" "RUSTUP_HOME=/opt/rustwide/rustup-home" "-e" "CARGO_TARGET_DIR=/opt/rustwide/target" "-e" "CARGO_INCREMENTAL=0" "-e" "RUST_BACKTRACE=full" "-e" "RUSTFLAGS=--cap-lints=warn" "-e" "RUSTDOCFLAGS=--cap-lints=warn" "-w" "/opt/rustwide/workdir" "--user" "0:0" "dc49db083e0cc1b76c3423b819cfad70af7008c3bb7e4b9b0b089bb9895d8d47" "/opt/rustwide/cargo-home/bin/cargo" "+1.100.0-beta.1" "test" "--frozen" "--no-run" "--message-format=json" "--release", kill_on_drop: false }`
[INFO] [stderr]    Compiling winnow v1.0.1
[INFO] [stderr]    Compiling hashbrown v0.17.0
[INFO] [stderr]    Compiling regex-syntax v0.8.10
[INFO] [stderr]    Compiling target-triple v1.0.0
[INFO] [stderr]    Compiling aho-corasick v1.1.4
[INFO] [stderr]    Compiling rstest_macros v0.26.1
[INFO] [stderr]    Compiling futures-core v0.3.32
[INFO] [stderr]    Compiling glob v0.3.3
[INFO] [stderr]    Compiling syn v2.0.117
[INFO] [stderr]    Compiling relative-path v1.9.3
[INFO] [stderr]    Compiling serde_json v1.0.149
[INFO] [stderr]    Compiling toml_parser v1.1.2+spec-1.1.0
[INFO] [stderr]    Compiling indexmap v2.14.0
[INFO] [stderr]    Compiling toml v1.1.2+spec-1.1.0
[INFO] [stderr]    Compiling toml_edit v0.25.11+spec-1.1.0
[INFO] [stderr]    Compiling regex-automata v0.4.14
[INFO] [stderr]    Compiling proc-macro-crate v3.5.0
[INFO] [stderr]    Compiling regex v1.12.3
[INFO] [stderr]    Compiling serde_derive v1.0.228
[INFO] [stderr]    Compiling futures-macro v0.3.32
[INFO] [stderr]    Compiling newtype-tools-derive v1.0.15
[INFO] [stderr]    Compiling futures-util v0.3.32
[INFO] [stderr]    Compiling newtype-tools v1.0.15 (/opt/rustwide/workdir)
[INFO] [stderr]    Compiling serde v1.0.228
[INFO] [stderr]    Compiling rstest v0.26.1
[INFO] [stderr]    Compiling trybuild v1.0.116
[INFO] [stderr]     Finished `release` profile [optimized] target(s) in 15.11s
[INFO] running `Command { std: "docker" "inspect" "dc49db083e0cc1b76c3423b819cfad70af7008c3bb7e4b9b0b089bb9895d8d47", kill_on_drop: false }`
[INFO] running `Command { std: "docker" "exec" "-e" "SOURCE_DIR=/opt/rustwide/workdir" "-e" "CARGO_HOME=/opt/rustwide/cargo-home" "-e" "RUSTUP_HOME=/opt/rustwide/rustup-home" "-e" "CARGO_TARGET_DIR=/opt/rustwide/target" "-e" "CARGO_INCREMENTAL=0" "-e" "RUST_BACKTRACE=full" "-e" "RUSTFLAGS=--cap-lints=warn" "-e" "RUSTDOCFLAGS=--cap-lints=warn" "-w" "/opt/rustwide/workdir" "--user" "0:0" "dc49db083e0cc1b76c3423b819cfad70af7008c3bb7e4b9b0b089bb9895d8d47" "/opt/rustwide/cargo-home/bin/cargo" "+1.100.0-beta.1" "test" "--frozen" "--release", kill_on_drop: false }`
[INFO] [stderr]     Finished `release` profile [optimized] target(s) in 0.04s
[INFO] [stderr]      Running unittests src/lib.rs (/opt/rustwide/target/release/build/newtype-tools/08c916b6f14aa3fb/out/newtype_tools-08c916b6f14aa3fb)
[INFO] [stdout] 
[INFO] [stdout] running 0 tests
[INFO] [stdout] 
[INFO] [stdout] test result: ok. 0 passed; 0 failed; 0 ignored; 0 measured; 0 filtered out; finished in 0.00s
[INFO] [stdout] 
[INFO] [stderr]      Running tests/from.rs (/opt/rustwide/target/release/build/newtype-tools/24ed3cb859fe2628/out/from-24ed3cb859fe2628)
[INFO] [stdout] 
[INFO] [stdout] running 4 tests
[INFO] [stdout] test from ... ok
[INFO] [stdout] test generic_try_from ... ok
[INFO] [stdout] test generic_from ... ok
[INFO] [stdout] test try_from ... ok
[INFO] [stdout] 
[INFO] [stdout] test result: ok. 4 passed; 0 failed; 0 ignored; 0 measured; 0 filtered out; finished in 0.00s
[INFO] [stdout] 
[INFO] [stderr]      Running tests/into.rs (/opt/rustwide/target/release/build/newtype-tools/d68871e42d85e5b4/out/into-d68871e42d85e5b4)
[INFO] [stdout] 
[INFO] [stdout] running 4 tests
[INFO] [stdout] test generic_into ... ok
[INFO] [stdout] test generic_try_into ... ok
[INFO] [stdout] test into ... ok
[INFO] [stdout] test try_into ... ok
[INFO] [stdout] 
[INFO] [stdout] test result: ok. 4 passed; 0 failed; 0 ignored; 0 measured; 0 filtered out; finished in 0.00s
[INFO] [stdout] 
[INFO] [stderr]      Running tests/iter.rs (/opt/rustwide/target/release/build/newtype-tools/ab7f16dd3a81e60c/out/iter-ab7f16dd3a81e60c)
[INFO] [stdout] 
[INFO] [stdout] running 67 tests
[INFO] [stdout] test backward_checked_invariants::case_01_u8_a0_n0_m0 ... ok
[INFO] [stdout] test backward_checked_invariants::case_03_u8_a_max1_n1_m1 ... ok
[INFO] [stdout] test backward_checked_invariants::case_07_i64_a0_n0_m0 ... ok
[INFO] [stdout] test backward_checked_invariants::case_02_u8_a0_n1_m1 ... ok
[INFO] [stdout] test backward_checked_invariants::case_05_u8_a_max_n_max_m1 ... ok
[INFO] [stdout] test backward_checked_invariants::case_08_i64_a0_n1_m1 ... ok
[INFO] [stdout] test default_impl_forward_invariants::case_1_gold_a0_n0_m0 ... ok
[INFO] [stdout] test empty_iter ... ok
[INFO] [stdout] test default_impl_forward_invariants::case_3_gold_a_max2_n1_m1 ... ok
[INFO] [stdout] test backward_checked_invariants::case_06_u8_a_max_n_max_m_max ... ok
[INFO] [stdout] test backward_checked_invariants::case_11_i64_a_max_n_max_m1 ... ok
[INFO] [stdout] test forward_checked_invariants::case_02_u8_a0_n1_m1 ... ok
[INFO] [stdout] test default_impl_forward_invariants::case_4_gold_a1_n_max2_m1 ... ok
[INFO] [stdout] test forward_checked_invariants::case_03_u8_a_max1_n1_m1 ... ok
[INFO] [stdout] test forward_checked_invariants::case_01_u8_a0_n0_m0 ... ok
[INFO] [stdout] test backward_checked_invariants::case_12_i64_a_max_n_max_m_max ... ok
[INFO] [stdout] test forward_checked_invariants::case_04_u8_a_max_n1_m1 ... ok
[INFO] [stdout] test default_impl_forward_invariants::case_2_gold_a0_n1_m1 ... ok
[INFO] [stdout] test backward_checked_invariants::case_13_i128_a_max_n1_m1 ... ok
[INFO] [stdout] test default_impl_forward_invariants::case_5_gold_a1_n1_m_max2 ... ok
[INFO] [stdout] test forward_checked_invariants::case_06_u8_a_max_n_max_m_max ... ok
[INFO] [stdout] test backward_checked_invariants::case_14_u128_a_max_n1_m1 ... ok
[INFO] [stdout] test forward_checked_invariants::case_05_u8_a_max_n_max_m1 ... ok
[INFO] [stdout] test custom_inner_type ... ok
[INFO] [stdout] test forward_checked_invariants::case_08_i64_a0_n1_m1 ... ok
[INFO] [stdout] test forward_checked_invariants::case_11_i64_a_max_n_max_m1 ... ok
[INFO] [stdout] test backward_checked_invariants::case_10_i64_a_max_n1_m1 ... ok
[INFO] [stdout] test forward_checked_invariants::case_07_i64_a0_n0_m0 ... ok
[INFO] [stdout] test forward_checked_invariants::case_10_i64_a_max_n1_m1 ... ok
[INFO] [stdout] test backward_checked_invariants::case_09_i64_a_max1_n1_m1 ... ok
[INFO] [stdout] test forward_checked_invariants::case_09_i64_a_max1_n1_m1 ... ok
[INFO] [stdout] test forward_checked_invariants::case_13_i128_a_max_n1_m1 ... ok
[INFO] [stdout] test generic_infinite_iter ... ok
[INFO] [stdout] test step_identical_methods_backward - should panic ... FAILED
[INFO] [stdout] test iter ... ok
[INFO] [stdout] test forward_checked_invariants::case_12_i64_a_max_n_max_m_max ... ok
[INFO] [stdout] test infinite_iter ... ok
[INFO] [stdout] test step_identical_methods_forward - should panic ... FAILED
[INFO] [stdout] test steps_between_invariants::case_02_u8_a0_b1_n1 ... ok
[INFO] [stdout] test generic_iter ... ok
[INFO] [stdout] test backward_checked_invariants::case_04_u8_a_max_n1_m1 ... ok
[INFO] [stdout] test forward_checked_invariants::case_14_u128_a_max_n1_m1 ... ok
[INFO] [stdout] test step_integer_impls_forward_backward_checked ... ok
[INFO] [stdout] test steps_between_invariants::case_03_u8_a1_b0_n1 ... ok
[INFO] [stdout] test steps_between_invariants::case_04_u8_a_max1_b_max_n1 ... ok
[INFO] [stdout] test steps_between_invariants::case_01_u8_a0_b0_n0 ... ok
[INFO] [stdout] test steps_between_invariants::case_05_u8_a_max_b_max_n0 ... ok
[INFO] [stdout] test steps_between_invariants::case_06_u8_a0_b0_n_max ... ok
[INFO] [stdout] test steps_between_invariants::case_07_u8_a0_b1_n_max ... ok
[INFO] [stdout] test steps_between_invariants::case_08_u8_a1_b0_n_max ... ok
[INFO] [stdout] test steps_between_invariants::case_09_i64_a0_b0_n0 ... ok
[INFO] [stdout] test steps_between_invariants::case_10_i64_a0_b1_n1 ... ok
[INFO] [stdout] test steps_between_invariants::case_12_i64_a_max1_b_max_n1 ... ok
[INFO] [stdout] test steps_between_invariants::case_11_i64_a1_b0_n1 ... ok
[INFO] [stdout] test steps_between_invariants::case_13_i64_a_max_b_max_n0 ... ok
[INFO] [stdout] test steps_between_invariants::case_14_i64_a0_b0_n_max ... ok
[INFO] [stdout] test steps_between_invariants::case_16_i64_a1_b0_n_max ... ok
[INFO] [stdout] test steps_between_invariants::case_17_i128_a0_b_max_n1 ... ok
[INFO] [stdout] test steps_between_invariants::case_15_i64_a0_b1_n_max ... ok
[INFO] [stdout] test steps_between_invariants::case_19_u128_a0_b_max_n1 ... ok
[INFO] [stdout] test steps_between_invariants::case_22_gold_a_max2_b1_n1 ... ok
[INFO] [stdout] test steps_between_invariants::case_23_gold_a1_b_max2_n1 ... ok
[INFO] [stdout] test steps_between_invariants::case_24_gold_a1_b1_n_max2 ... ok
[INFO] [stdout] test steps_between_invariants::case_21_gold_a0_b0_n0 ... ok
[INFO] [stdout] test steps_between_invariants::case_18_i128_a_max_b0_n1 ... ok
[INFO] [stdout] test steps_between_invariants::case_20_u128_a_max_b0_n1 ... ok
[INFO] [stdout] test steps_between_overflow::case_1_i128_a_min_b_max ... ok
[INFO] [stdout] 
[INFO] [stdout] failures:
[INFO] [stdout] 
[INFO] [stdout] ---- step_identical_methods_backward stdout ----
[INFO] [stdout] note: test did not panic as expected at tests/iter.rs:193:4
[INFO] [stdout] ---- step_identical_methods_forward stdout ----
[INFO] [stdout] note: test did not panic as expected at tests/iter.rs:184:4
[INFO] [stdout] 
[INFO] [stdout] failures:
[INFO] [stdout]     step_identical_methods_backward
[INFO] [stdout]     step_identical_methods_forward
[INFO] [stdout] 
[INFO] [stdout] test result: FAILED. 65 passed; 2 failed; 0 ignored; 0 measured; 0 filtered out; finished in 0.01s
[INFO] [stdout] 
[INFO] [stderr] error: test failed, to rerun pass `--test iter`
[INFO] running `Command { std: "docker" "inspect" "dc49db083e0cc1b76c3423b819cfad70af7008c3bb7e4b9b0b089bb9895d8d47", kill_on_drop: false }`
[INFO] running `Command { std: "docker" "rm" "-f" "dc49db083e0cc1b76c3423b819cfad70af7008c3bb7e4b9b0b089bb9895d8d47", kill_on_drop: false }`
[INFO] [stdout] dc49db083e0cc1b76c3423b819cfad70af7008c3bb7e4b9b0b089bb9895d8d47
