[INFO] fetching crate newtype-ids-uuid 0.1.1...
[INFO] testing newtype-ids-uuid-0.1.1 against 1.100.0-beta.1+cargoflags=--release for beta-release-1.100-2
[INFO] extracting crate newtype-ids-uuid 0.1.1 into /workspace/builds/worker-7-tc2/source
[INFO] started tweaking crates.io crate newtype-ids-uuid 0.1.1
[INFO] removed 0 missing tests
[INFO] finished tweaking crates.io crate newtype-ids-uuid 0.1.1
[INFO] tweaked toml for crates.io crate newtype-ids-uuid 0.1.1 written to /workspace/builds/worker-7-tc2/source/Cargo.toml
[INFO] validating manifest of crates.io crate newtype-ids-uuid 0.1.1 on toolchain 1.100.0-beta.1
[INFO] running `Command { std: CARGO_HOME="/workspace/cargo-home" RUSTUP_HOME="/workspace/rustup-home" "/workspace/cargo-home/bin/cargo" "+1.100.0-beta.1" "metadata" "--manifest-path" "Cargo.toml" "--no-deps", kill_on_drop: false }`
[INFO] crate crates.io crate newtype-ids-uuid 0.1.1 already has a lockfile, it will not be regenerated
[INFO] running `Command { std: CARGO_HOME="/workspace/cargo-home" RUSTUP_HOME="/workspace/rustup-home" "/workspace/cargo-home/bin/cargo" "+1.100.0-beta.1" "fetch" "--manifest-path" "Cargo.toml", kill_on_drop: false }`
[INFO] running `Command { std: "docker" "create" "-v" "/var/lib/crater-agent-workspace/builds/worker-7-tc2/source:/opt/rustwide/workdir:ro,Z" "-v" "/var/lib/crater-agent-workspace/builds/worker-7-tc2/target:/opt/rustwide/target:rw,Z" "-v" "/var/lib/crater-agent-workspace/cargo-home:/opt/rustwide/cargo-home:ro,Z" "-v" "/var/lib/crater-agent-workspace/rustup-home:/opt/rustwide/rustup-home:ro,Z" "-m" "1610612736" "--network" "none" "ghcr.io/rust-lang/crates-build-env/linux@sha256:77db811e55d90add9212f6832c23229e3de5f1c1f9905e8cb07319ea15df73ac" "sleep" "infinity", kill_on_drop: false }`
[INFO] [stdout] 0113bbc44a5ef476cc2dfe94b34f4f309e3a59643d7d3d4109b480237943e18b
[INFO] running `Command { std: "docker" "start" "0113bbc44a5ef476cc2dfe94b34f4f309e3a59643d7d3d4109b480237943e18b", kill_on_drop: false }`
[INFO] running `Command { std: "docker" "inspect" "0113bbc44a5ef476cc2dfe94b34f4f309e3a59643d7d3d4109b480237943e18b", kill_on_drop: false }`
[INFO] running `Command { std: "docker" "exec" "-e" "SOURCE_DIR=/opt/rustwide/workdir" "-e" "CARGO_HOME=/opt/rustwide/cargo-home" "-e" "RUSTUP_HOME=/opt/rustwide/rustup-home" "-e" "CARGO_TARGET_DIR=/opt/rustwide/target" "-w" "/opt/rustwide/workdir" "--user" "0:0" "0113bbc44a5ef476cc2dfe94b34f4f309e3a59643d7d3d4109b480237943e18b" "/opt/rustwide/cargo-home/bin/cargo" "+1.100.0-beta.1" "metadata" "--no-deps" "--format-version=1", kill_on_drop: false }`
[INFO] running `Command { std: "docker" "inspect" "0113bbc44a5ef476cc2dfe94b34f4f309e3a59643d7d3d4109b480237943e18b", kill_on_drop: false }`
[INFO] running `Command { std: "docker" "exec" "-e" "SOURCE_DIR=/opt/rustwide/workdir" "-e" "CARGO_HOME=/opt/rustwide/cargo-home" "-e" "RUSTUP_HOME=/opt/rustwide/rustup-home" "-e" "CARGO_TARGET_DIR=/opt/rustwide/target" "-e" "CARGO_INCREMENTAL=0" "-e" "RUST_BACKTRACE=full" "-e" "RUSTFLAGS=--cap-lints=warn" "-e" "RUSTDOCFLAGS=--cap-lints=warn" "-w" "/opt/rustwide/workdir" "--user" "0:0" "0113bbc44a5ef476cc2dfe94b34f4f309e3a59643d7d3d4109b480237943e18b" "/opt/rustwide/cargo-home/bin/cargo" "+1.100.0-beta.1" "build" "--frozen" "--message-format=json" "--release", kill_on_drop: false }`
[INFO] [stderr]    Compiling libc v0.2.185
[INFO] [stderr]    Compiling syn v2.0.117
[INFO] [stderr]    Compiling getrandom v0.4.2
[INFO] [stderr]    Compiling uuid v1.23.1
[INFO] [stderr]    Compiling newtype-ids-derive v0.1.1
[INFO] [stderr]    Compiling newtype-ids-uuid v0.1.1 (/opt/rustwide/workdir)
[INFO] [stderr]     Finished `release` profile [optimized] target(s) in 2.82s
[INFO] running `Command { std: "docker" "inspect" "0113bbc44a5ef476cc2dfe94b34f4f309e3a59643d7d3d4109b480237943e18b", kill_on_drop: false }`
[INFO] running `Command { std: "docker" "exec" "-e" "SOURCE_DIR=/opt/rustwide/workdir" "-e" "CARGO_HOME=/opt/rustwide/cargo-home" "-e" "RUSTUP_HOME=/opt/rustwide/rustup-home" "-e" "CARGO_TARGET_DIR=/opt/rustwide/target" "-e" "CARGO_INCREMENTAL=0" "-e" "RUST_BACKTRACE=full" "-e" "RUSTFLAGS=--cap-lints=warn" "-e" "RUSTDOCFLAGS=--cap-lints=warn" "-w" "/opt/rustwide/workdir" "--user" "0:0" "0113bbc44a5ef476cc2dfe94b34f4f309e3a59643d7d3d4109b480237943e18b" "/opt/rustwide/cargo-home/bin/cargo" "+1.100.0-beta.1" "test" "--frozen" "--no-run" "--message-format=json" "--release", kill_on_drop: false }`
[INFO] [stderr]    Compiling target-triple v1.0.0
[INFO] [stderr]    Compiling serde v1.0.228
[INFO] [stderr]    Compiling winnow v1.0.1
[INFO] [stderr]    Compiling serde_spanned v1.1.1
[INFO] [stderr]    Compiling toml_datetime v1.1.1+spec-1.1.0
[INFO] [stderr]    Compiling toml_writer v1.1.1+spec-1.1.0
[INFO] [stderr]    Compiling serde_json v1.0.149
[INFO] [stderr]    Compiling serde_derive v1.0.228
[INFO] [stderr]    Compiling termcolor v1.4.1
[INFO] [stderr]    Compiling glob v0.3.3
[INFO] [stderr]    Compiling toml_parser v1.1.2+spec-1.1.0
[INFO] [stderr]    Compiling toml v1.1.2+spec-1.1.0
[INFO] [stderr]    Compiling trybuild v1.0.116
[INFO] [stderr]    Compiling newtype-ids-uuid v0.1.1 (/opt/rustwide/workdir)
[INFO] [stderr]     Finished `release` profile [optimized] target(s) in 15.48s
[INFO] running `Command { std: "docker" "inspect" "0113bbc44a5ef476cc2dfe94b34f4f309e3a59643d7d3d4109b480237943e18b", kill_on_drop: false }`
[INFO] running `Command { std: "docker" "exec" "-e" "SOURCE_DIR=/opt/rustwide/workdir" "-e" "CARGO_HOME=/opt/rustwide/cargo-home" "-e" "RUSTUP_HOME=/opt/rustwide/rustup-home" "-e" "CARGO_TARGET_DIR=/opt/rustwide/target" "-e" "CARGO_INCREMENTAL=0" "-e" "RUST_BACKTRACE=full" "-e" "RUSTFLAGS=--cap-lints=warn" "-e" "RUSTDOCFLAGS=--cap-lints=warn" "-w" "/opt/rustwide/workdir" "--user" "0:0" "0113bbc44a5ef476cc2dfe94b34f4f309e3a59643d7d3d4109b480237943e18b" "/opt/rustwide/cargo-home/bin/cargo" "+1.100.0-beta.1" "test" "--frozen" "--release", kill_on_drop: false }`
[INFO] [stderr]     Finished `release` profile [optimized] target(s) in 0.08s
[INFO] [stderr]      Running unittests src/lib.rs (/opt/rustwide/target/release/build/newtype-ids-uuid/46298c359b2156ea/out/newtype_ids_uuid-46298c359b2156ea)
[INFO] [stderr]      Running tests/compile_fail.rs (/opt/rustwide/target/release/build/newtype-ids-uuid/a456a23a35f1938f/out/compile_fail-a456a23a35f1938f)
[INFO] [stdout] 
[INFO] [stdout] running 0 tests
[INFO] [stdout] 
[INFO] [stdout] test result: ok. 0 passed; 0 failed; 0 ignored; 0 measured; 0 filtered out; finished in 0.00s
[INFO] [stdout] 
[INFO] [stdout] 
[INFO] [stdout] running 1 test
[INFO] [stderr]    Compiling proc-macro2 v1.0.106
[INFO] [stderr]    Compiling quote v1.0.45
[INFO] [stderr]    Compiling unicode-ident v1.0.24
[INFO] [stderr]    Compiling libc v0.2.185
[INFO] [stderr]    Compiling getrandom v0.4.2
[INFO] [stderr]     Checking cfg-if v1.0.4
[INFO] [stderr]    Compiling syn v2.0.117
[INFO] [stderr]     Checking uuid v1.23.1
[INFO] [stderr]    Compiling newtype-ids-derive v0.1.1
[INFO] [stderr]     Checking newtype-ids-uuid v0.1.1 (/opt/rustwide/workdir)
[INFO] [stderr]     Checking newtype-ids-uuid-tests v0.0.0 (/opt/rustwide/target/tests/trybuild/newtype-ids-uuid)
[INFO] [stderr]     Finished `dev` profile [unoptimized + debuginfo] target(s) in 4.63s
[INFO] [stderr] 
[INFO] [stderr] 
[INFO] [stderr] test tests/ui/uuid_bad_allowed_values.rs ... ok
[INFO] [stderr] test tests/ui/uuid_not_newtype.rs ... ok
[INFO] [stderr] test tests/ui/uuid_wrong_type.rs ... mismatch
[INFO] [stderr] 
[INFO] [stderr] EXPECTED:
[INFO] [stderr] ┈┈┈┈┈┈┈┈┈┈┈┈┈┈┈┈┈┈┈┈┈┈┈┈┈┈┈┈┈┈┈┈┈┈┈┈┈┈┈┈┈┈┈┈┈┈┈┈┈┈┈┈┈┈┈┈┈┈┈┈
[INFO] [stderr] error[E0204]: the trait `Copy` cannot be implemented for this type
[INFO] [stderr]  --> tests/ui/uuid_wrong_type.rs:5:8
[INFO] [stderr]   |
[INFO] [stderr] 5 | struct BadId(String);
[INFO] [stderr]   |        ^^^^^ ------ this field does not implement `Copy`
[INFO] [stderr] 
[INFO] [stderr] error[E0308]: mismatched types
[INFO] [stderr]  --> tests/ui/uuid_wrong_type.rs:3:10
[INFO] [stderr]   |
[INFO] [stderr] 3 | #[derive(UuidIdentifier)]
[INFO] [stderr]   |          ^^^^^^^^^^^^^^
[INFO] [stderr]   |          |
[INFO] [stderr]   |          expected `String`, found `Uuid`
[INFO] [stderr]   |          arguments to this function are incorrect
[INFO] [stderr]   |
[INFO] [stderr] note: tuple struct defined here
[INFO] [stderr]  --> tests/ui/uuid_wrong_type.rs:5:8
[INFO] [stderr]   |
[INFO] [stderr] 5 | struct BadId(String);
[INFO] [stderr]   |        ^^^^^
[INFO] [stderr]   = note: this error originates in the derive macro `UuidIdentifier` (in Nightly builds, run with -Z macro-backtrace for more info)
[INFO] [stderr] 
[INFO] [stderr] error[E0308]: mismatched types
[INFO] [stderr]  --> tests/ui/uuid_wrong_type.rs:3:10
[INFO] [stderr]   |
[INFO] [stderr] 3 | #[derive(UuidIdentifier)]
[INFO] [stderr]   |          ^^^^^^^^^^^^^^
[INFO] [stderr]   |          |
[INFO] [stderr]   |          expected `Uuid`, found `String`
[INFO] [stderr]   |          expected `Uuid` because of return type
[INFO] [stderr]   |
[INFO] [stderr]   = note: this error originates in the derive macro `UuidIdentifier` (in Nightly builds, run with -Z macro-backtrace for more info)
[INFO] [stderr] ┈┈┈┈┈┈┈┈┈┈┈┈┈┈┈┈┈┈┈┈┈┈┈┈┈┈┈┈┈┈┈┈┈┈┈┈┈┈┈┈┈┈┈┈┈┈┈┈┈┈┈┈┈┈┈┈┈┈┈┈
[INFO] [stderr] 
[INFO] [stderr] ACTUAL OUTPUT:
[INFO] [stderr] ┈┈┈┈┈┈┈┈┈┈┈┈┈┈┈┈┈┈┈┈┈┈┈┈┈┈┈┈┈┈┈┈┈┈┈┈┈┈┈┈┈┈┈┈┈┈┈┈┈┈┈┈┈┈┈┈┈┈┈┈
[INFO] [stderr] error[E0204]: the trait `Copy` cannot be implemented for this type
[INFO] [stderr]  --> tests/ui/uuid_wrong_type.rs:5:8
[INFO] [stderr]   |
[INFO] [stderr] 5 | struct BadId(String);
[INFO] [stderr]   |        ^^^^^ ------ this field does not implement `Copy`
[INFO] [stderr] 
[INFO] [stderr] error[E0308]: mismatched types
[INFO] [stderr]  --> tests/ui/uuid_wrong_type.rs:3:10
[INFO] [stderr]   |
[INFO] [stderr] 3 | #[derive(UuidIdentifier)]
[INFO] [stderr]   |          ^^^^^^^^^^^^^^
[INFO] [stderr]   |          |
[INFO] [stderr]   |          expected `String`, found `Uuid`
[INFO] [stderr]   |          arguments to this function are incorrect
[INFO] [stderr]   |
[INFO] [stderr] note: tuple struct defined here
[INFO] [stderr]  --> tests/ui/uuid_wrong_type.rs:5:8
[INFO] [stderr]   |
[INFO] [stderr] 5 | struct BadId(String);
[INFO] [stderr]   |        ^^^^^
[INFO] [stderr]   = note: this error originates in the derive macro `UuidIdentifier` (in Nightly builds, run with -Z macro-backtrace for more info)
[INFO] [stderr] 
[INFO] [stderr] error[E0308]: mismatched types
[INFO] [stderr]  --> tests/ui/uuid_wrong_type.rs:3:10
[INFO] [stderr]   |
[INFO] [stderr] 3 | #[derive(UuidIdentifier)]
[INFO] [stderr]   |          ^^^^^^^^^^^^^^
[INFO] [stderr]   |          |
[INFO] [stderr]   |          expected `Uuid`, found `String`
[INFO] [stderr]   |          expected `newtype_ids_uuid::__private::uuid::Uuid` because of return type
[INFO] [stderr]   |
[INFO] [stderr]   = note: this error originates in the derive macro `UuidIdentifier` (in Nightly builds, run with -Z macro-backtrace for more info)
[INFO] [stderr] ┈┈┈┈┈┈┈┈┈┈┈┈┈┈┈┈┈┈┈┈┈┈┈┈┈┈┈┈┈┈┈┈┈┈┈┈┈┈┈┈┈┈┈┈┈┈┈┈┈┈┈┈┈┈┈┈┈┈┈┈
[INFO] [stderr] note: If the actual output is the correct output you can bless it by rerunning
[INFO] [stderr]       your test with the environment variable TRYBUILD=overwrite
[INFO] [stderr] 
[INFO] [stderr] 
[INFO] [stderr] 
[INFO] [stdout] test compile_fail ... FAILED
[INFO] [stdout] 
[INFO] [stdout] failures:
[INFO] [stdout] 
[INFO] [stdout] ---- compile_fail stdout ----
[INFO] [stdout] 
[INFO] [stdout] thread 'compile_fail' (535) panicked at /opt/rustwide/cargo-home/registry/src/index.crates.io-1949cf8c6b5b557f/trybuild-1.0.116/src/run.rs:102:13:
[INFO] [stdout] 1 of 3 tests failed
[INFO] [stdout] stack backtrace:
[INFO] [stdout]    0:     0x5bc72c685a51 - <<std[617be2ca0a6fd877]::sys::backtrace::BacktraceLock>::print::DisplayBacktrace as core[a373ad73a504971]::fmt::Display>::fmt
[INFO] [stdout]    1:     0x5bc72c69bd3a - core[a373ad73a504971]::fmt::write
[INFO] [stdout]    2:     0x5bc72c68a29c - <alloc[2e1b2a31b91974c5]::vec::Vec<u8> as core[a373ad73a504971]::io::write::Write>::write_fmt
[INFO] [stdout]    3:     0x5bc72c65eeb6 - std[617be2ca0a6fd877]::panicking::default_hook::{closure#0}
[INFO] [stdout]    4:     0x5bc72c67cff9 - std[617be2ca0a6fd877]::panicking::default_hook
[INFO] [stdout]    5:     0x5bc72c616600 - test[aada8e7e76ba119b]::test_main_inner::{closure#0}
[INFO] [stdout]    6:     0x5bc72c67d1b2 - std[617be2ca0a6fd877]::panicking::panic_with_hook
[INFO] [stdout]    7:     0x5bc72c65ef62 - std[617be2ca0a6fd877]::panicking::panic_handler::{closure#0}
[INFO] [stdout]    8:     0x5bc72c6577b9 - std[617be2ca0a6fd877]::sys::backtrace::__rust_end_short_backtrace::<std[617be2ca0a6fd877]::panicking::panic_handler::{closure#0}, !>
[INFO] [stdout]    9:     0x5bc72c65fb6d - __rustc[ea4f61d10b84890b]::rust_begin_unwind
[INFO] [stdout]   10:     0x5bc72c69c4ac - core[a373ad73a504971]::panicking::panic_fmt
[INFO] [stdout]   11:     0x5bc72c568adb - <trybuild[98c6afb169cfdd27]::Runner>::run
[INFO] [stdout]   12:     0x5bc72c56bbf0 - <trybuild[98c6afb169cfdd27]::TestCases as core[a373ad73a504971]::ops::drop::Drop>::drop
[INFO] [stdout]   13:     0x5bc72c561e48 - compile_fail[cafa52b670dc809d]::compile_fail
[INFO] [stdout]   14:     0x5bc72c562049 - <compile_fail[cafa52b670dc809d]::compile_fail::{closure#0} as core[a373ad73a504971]::ops::function::FnOnce<()>>::call_once
[INFO] [stdout]   15:     0x5bc72c609a4b - test[aada8e7e76ba119b]::__rust_begin_short_backtrace::<core[a373ad73a504971]::result::Result<(), alloc[2e1b2a31b91974c5]::string::String>, fn() -> core[a373ad73a504971]::result::Result<(), alloc[2e1b2a31b91974c5]::string::String>>
[INFO] [stdout]   16:     0x5bc72c616c25 - test[aada8e7e76ba119b]::run_test::{closure#0}
[INFO] [stdout]   17:     0x5bc72c610514 - std[617be2ca0a6fd877]::sys::backtrace::__rust_begin_short_backtrace::<test[aada8e7e76ba119b]::run_test::{closure#1}, ()>
[INFO] [stdout]   18:     0x5bc72c619cb2 - <std[617be2ca0a6fd877]::thread::lifecycle::spawn_unchecked<test[aada8e7e76ba119b]::run_test::{closure#1}, ()>::{closure#1} as core[a373ad73a504971]::ops::function::FnOnce<()>>::call_once::{shim:vtable#0}
[INFO] [stdout]   19:     0x5bc72c684caf - <std[617be2ca0a6fd877]::sys::thread::unix::Thread>::new::thread_start
[INFO] [stdout]   20:     0x780610b75dfa - <unknown>
[INFO] [stdout]   21:     0x780610c093d4 - clone
[INFO] [stdout]   22:                0x0 - <unknown>
[INFO] [stdout] 
[INFO] [stdout] 
[INFO] [stdout] failures:
[INFO] [stdout]     compile_fail
[INFO] [stdout] 
[INFO] [stdout] test result: FAILED. 0 passed; 1 failed; 0 ignored; 0 measured; 0 filtered out; finished in 6.21s
[INFO] [stdout] 
[INFO] [stderr] error: test failed, to rerun pass `--test compile_fail`
[INFO] running `Command { std: "docker" "inspect" "0113bbc44a5ef476cc2dfe94b34f4f309e3a59643d7d3d4109b480237943e18b", kill_on_drop: false }`
[INFO] running `Command { std: "docker" "rm" "-f" "0113bbc44a5ef476cc2dfe94b34f4f309e3a59643d7d3d4109b480237943e18b", kill_on_drop: false }`
[INFO] [stdout] 0113bbc44a5ef476cc2dfe94b34f4f309e3a59643d7d3d4109b480237943e18b
