[INFO] fetching crate newtype-ids-uri 0.1.1...
[INFO] testing newtype-ids-uri-0.1.1 against 1.99.0-beta.8+cargoflags=--release for beta-release-1.100-2
[INFO] extracting crate newtype-ids-uri 0.1.1 into /workspace/builds/worker-2-tc1/source
[INFO] started tweaking crates.io crate newtype-ids-uri 0.1.1
[INFO] removed 0 missing tests
[INFO] finished tweaking crates.io crate newtype-ids-uri 0.1.1
[INFO] tweaked toml for crates.io crate newtype-ids-uri 0.1.1 written to /workspace/builds/worker-2-tc1/source/Cargo.toml
[INFO] validating manifest of crates.io crate newtype-ids-uri 0.1.1 on toolchain 1.99.0-beta.8
[INFO] running `Command { std: CARGO_HOME="/workspace/cargo-home" RUSTUP_HOME="/workspace/rustup-home" "/workspace/cargo-home/bin/cargo" "+1.99.0-beta.8" "metadata" "--manifest-path" "Cargo.toml" "--no-deps", kill_on_drop: false }`
[INFO] crate crates.io crate newtype-ids-uri 0.1.1 already has a lockfile, it will not be regenerated
[INFO] running `Command { std: CARGO_HOME="/workspace/cargo-home" RUSTUP_HOME="/workspace/rustup-home" "/workspace/cargo-home/bin/cargo" "+1.99.0-beta.8" "fetch" "--manifest-path" "Cargo.toml", kill_on_drop: false }`
[INFO] [stderr]     Updating crates.io index
[INFO] [stderr]  Downloading crates ...
[INFO] [stderr]   Downloaded target-triple v1.0.0
[INFO] [stderr]   Downloaded trybuild v1.0.116
[INFO] [stderr]   Downloaded newtype-ids-derive v0.1.1
[INFO] [stderr]   Downloaded fluent-uri v0.4.1
[INFO] running `Command { std: "docker" "create" "-v" "/var/lib/crater-agent-workspace/builds/worker-2-tc1/source:/opt/rustwide/workdir:ro,Z" "-v" "/var/lib/crater-agent-workspace/builds/worker-2-tc1/target:/opt/rustwide/target:rw,Z" "-v" "/var/lib/crater-agent-workspace/cargo-home:/opt/rustwide/cargo-home:ro,Z" "-v" "/var/lib/crater-agent-workspace/rustup-home:/opt/rustwide/rustup-home:ro,Z" "-m" "1610612736" "--network" "none" "ghcr.io/rust-lang/crates-build-env/linux@sha256:77db811e55d90add9212f6832c23229e3de5f1c1f9905e8cb07319ea15df73ac" "sleep" "infinity", kill_on_drop: false }`
[INFO] [stdout] 6ca02720be44659e82179ced233e9d6187c7f5a972f1c56e6b6b5509527760ad
[INFO] running `Command { std: "docker" "start" "6ca02720be44659e82179ced233e9d6187c7f5a972f1c56e6b6b5509527760ad", kill_on_drop: false }`
[INFO] running `Command { std: "docker" "inspect" "6ca02720be44659e82179ced233e9d6187c7f5a972f1c56e6b6b5509527760ad", kill_on_drop: false }`
[INFO] running `Command { std: "docker" "exec" "-e" "SOURCE_DIR=/opt/rustwide/workdir" "-e" "CARGO_HOME=/opt/rustwide/cargo-home" "-e" "RUSTUP_HOME=/opt/rustwide/rustup-home" "-e" "CARGO_TARGET_DIR=/opt/rustwide/target" "-w" "/opt/rustwide/workdir" "--user" "0:0" "6ca02720be44659e82179ced233e9d6187c7f5a972f1c56e6b6b5509527760ad" "/opt/rustwide/cargo-home/bin/cargo" "+1.99.0-beta.8" "metadata" "--no-deps" "--format-version=1", kill_on_drop: false }`
[INFO] running `Command { std: "docker" "inspect" "6ca02720be44659e82179ced233e9d6187c7f5a972f1c56e6b6b5509527760ad", kill_on_drop: false }`
[INFO] running `Command { std: "docker" "exec" "-e" "SOURCE_DIR=/opt/rustwide/workdir" "-e" "CARGO_HOME=/opt/rustwide/cargo-home" "-e" "RUSTUP_HOME=/opt/rustwide/rustup-home" "-e" "CARGO_TARGET_DIR=/opt/rustwide/target" "-e" "CARGO_INCREMENTAL=0" "-e" "RUST_BACKTRACE=full" "-e" "RUSTFLAGS=--cap-lints=warn" "-e" "RUSTDOCFLAGS=--cap-lints=warn" "-w" "/opt/rustwide/workdir" "--user" "0:0" "6ca02720be44659e82179ced233e9d6187c7f5a972f1c56e6b6b5509527760ad" "/opt/rustwide/cargo-home/bin/cargo" "+1.99.0-beta.8" "build" "--frozen" "--message-format=json" "--release", kill_on_drop: false }`
[INFO] [stderr]    Compiling syn v2.0.117
[INFO] [stderr]    Compiling ref-cast v1.0.25
[INFO] [stderr]    Compiling borrow-or-share v0.2.4
[INFO] [stderr]    Compiling ref-cast-impl v1.0.25
[INFO] [stderr]    Compiling newtype-ids-derive v0.1.1
[INFO] [stderr]    Compiling fluent-uri v0.4.1
[INFO] [stderr]    Compiling newtype-ids-uri v0.1.1 (/opt/rustwide/workdir)
[INFO] [stderr]     Finished `release` profile [optimized] target(s) in 4.11s
[INFO] running `Command { std: "docker" "inspect" "6ca02720be44659e82179ced233e9d6187c7f5a972f1c56e6b6b5509527760ad", kill_on_drop: false }`
[INFO] running `Command { std: "docker" "exec" "-e" "SOURCE_DIR=/opt/rustwide/workdir" "-e" "CARGO_HOME=/opt/rustwide/cargo-home" "-e" "RUSTUP_HOME=/opt/rustwide/rustup-home" "-e" "CARGO_TARGET_DIR=/opt/rustwide/target" "-e" "CARGO_INCREMENTAL=0" "-e" "RUST_BACKTRACE=full" "-e" "RUSTFLAGS=--cap-lints=warn" "-e" "RUSTDOCFLAGS=--cap-lints=warn" "-w" "/opt/rustwide/workdir" "--user" "0:0" "6ca02720be44659e82179ced233e9d6187c7f5a972f1c56e6b6b5509527760ad" "/opt/rustwide/cargo-home/bin/cargo" "+1.99.0-beta.8" "test" "--frozen" "--no-run" "--message-format=json" "--release", kill_on_drop: false }`
[INFO] [stderr]    Compiling serde_core v1.0.228
[INFO] [stderr]    Compiling winnow v1.0.1
[INFO] [stderr]    Compiling target-triple v1.0.0
[INFO] [stderr]    Compiling toml_writer v1.1.1+spec-1.1.0
[INFO] [stderr]    Compiling serde_derive v1.0.228
[INFO] [stderr]    Compiling glob v0.3.3
[INFO] [stderr]    Compiling toml_parser v1.1.2+spec-1.1.0
[INFO] [stderr]    Compiling toml_datetime v1.1.1+spec-1.1.0
[INFO] [stderr]    Compiling serde_spanned v1.1.1
[INFO] [stderr]    Compiling serde v1.0.228
[INFO] [stderr]    Compiling serde_json v1.0.149
[INFO] [stderr]    Compiling toml v1.1.2+spec-1.1.0
[INFO] [stderr]    Compiling trybuild v1.0.116
[INFO] [stderr]    Compiling newtype-ids-uri v0.1.1 (/opt/rustwide/workdir)
[INFO] [stderr]     Finished `release` profile [optimized] target(s) in 10.42s
[INFO] running `Command { std: "docker" "inspect" "6ca02720be44659e82179ced233e9d6187c7f5a972f1c56e6b6b5509527760ad", kill_on_drop: false }`
[INFO] running `Command { std: "docker" "exec" "-e" "SOURCE_DIR=/opt/rustwide/workdir" "-e" "CARGO_HOME=/opt/rustwide/cargo-home" "-e" "RUSTUP_HOME=/opt/rustwide/rustup-home" "-e" "CARGO_TARGET_DIR=/opt/rustwide/target" "-e" "CARGO_INCREMENTAL=0" "-e" "RUST_BACKTRACE=full" "-e" "RUSTFLAGS=--cap-lints=warn" "-e" "RUSTDOCFLAGS=--cap-lints=warn" "-w" "/opt/rustwide/workdir" "--user" "0:0" "6ca02720be44659e82179ced233e9d6187c7f5a972f1c56e6b6b5509527760ad" "/opt/rustwide/cargo-home/bin/cargo" "+1.99.0-beta.8" "test" "--frozen" "--release", kill_on_drop: false }`
[INFO] [stderr]     Finished `release` profile [optimized] target(s) in 0.03s
[INFO] [stderr]      Running unittests src/lib.rs (/opt/rustwide/target/release/deps/newtype_ids_uri-ea25a9ce0ca9849a)
[INFO] [stdout] 
[INFO] [stdout] running 0 tests
[INFO] [stdout] 
[INFO] [stdout] test result: ok. 0 passed; 0 failed; 0 ignored; 0 measured; 0 filtered out; finished in 0.00s
[INFO] [stdout] 
[INFO] [stderr]      Running tests/compile_fail.rs (/opt/rustwide/target/release/deps/compile_fail-3d9b4c293d8a2267)
[INFO] [stdout] 
[INFO] [stdout] running 1 test
[INFO] [stderr]    Compiling proc-macro2 v1.0.106
[INFO] [stderr]    Compiling unicode-ident v1.0.24
[INFO] [stderr]    Compiling quote v1.0.45
[INFO] [stderr]    Compiling ref-cast v1.0.25
[INFO] [stderr]     Checking borrow-or-share v0.2.4
[INFO] [stderr]    Compiling syn v2.0.117
[INFO] [stderr]    Compiling ref-cast-impl v1.0.25
[INFO] [stderr]    Compiling newtype-ids-derive v0.1.1
[INFO] [stderr]     Checking fluent-uri v0.4.1
[INFO] [stderr]     Checking newtype-ids-uri v0.1.1 (/opt/rustwide/workdir)
[INFO] [stderr]     Checking newtype-ids-uri-tests v0.0.0 (/opt/rustwide/target/tests/trybuild/newtype-ids-uri)
[INFO] [stderr]     Finished `dev` profile [unoptimized + debuginfo] target(s) in 3.06s
[INFO] [stderr] 
[INFO] [stderr] 
[INFO] [stderr] test tests/ui/uri_bad_allowed_values.rs ... ok
[INFO] [stderr] test tests/ui/uri_not_newtype.rs ... ok
[INFO] [stderr] test tests/ui/uri_wrong_type.rs ... mismatch
[INFO] [stderr] 
[INFO] [stderr] EXPECTED:
[INFO] [stderr] ┈┈┈┈┈┈┈┈┈┈┈┈┈┈┈┈┈┈┈┈┈┈┈┈┈┈┈┈┈┈┈┈┈┈┈┈┈┈┈┈┈┈┈┈┈┈┈┈┈┈┈┈┈┈┈┈┈┈┈┈
[INFO] [stderr] error[E0599]: no method named `as_str` found for type `u64` in the current scope
[INFO] [stderr]  --> tests/ui/uri_wrong_type.rs:3:10
[INFO] [stderr]   |
[INFO] [stderr] 3 | #[derive(UriIdentifier)]
[INFO] [stderr]   |          ^^^^^^^^^^^^^ method not found in `u64`
[INFO] [stderr]   |
[INFO] [stderr]   = note: this error originates in the derive macro `UriIdentifier` (in Nightly builds, run with -Z macro-backtrace for more info)
[INFO] [stderr] 
[INFO] [stderr] error[E0308]: mismatched types
[INFO] [stderr]  --> tests/ui/uri_wrong_type.rs:3:10
[INFO] [stderr]   |
[INFO] [stderr] 3 | #[derive(UriIdentifier)]
[INFO] [stderr]   |          ^^^^^^^^^^^^^
[INFO] [stderr]   |          |
[INFO] [stderr]   |          expected `u64`, found `Uri<String>`
[INFO] [stderr]   |          arguments to this function are incorrect
[INFO] [stderr]   |
[INFO] [stderr]   = note: expected type `u64`
[INFO] [stderr]            found struct `Uri<String>`
[INFO] [stderr] note: tuple struct defined here
[INFO] [stderr]  --> tests/ui/uri_wrong_type.rs:5:8
[INFO] [stderr]   |
[INFO] [stderr] 5 | struct BadId(u64);
[INFO] [stderr]   |        ^^^^^
[INFO] [stderr]   = note: this error originates in the derive macro `UriIdentifier` (in Nightly builds, run with -Z macro-backtrace for more info)
[INFO] [stderr] 
[INFO] [stderr] error[E0308]: mismatched types
[INFO] [stderr]  --> tests/ui/uri_wrong_type.rs:3:10
[INFO] [stderr]   |
[INFO] [stderr] 3 | #[derive(UriIdentifier)]
[INFO] [stderr]   |          ^^^^^^^^^^^^^
[INFO] [stderr]   |          |
[INFO] [stderr]   |          expected `&Uri<String>`, found `&u64`
[INFO] [stderr]   |          expected `&Uri<String>` because of return type
[INFO] [stderr]   |
[INFO] [stderr]   = note: expected reference `&Uri<String>`
[INFO] [stderr]              found reference `&u64`
[INFO] [stderr]   = note: this error originates in the derive macro `UriIdentifier` (in Nightly builds, run with -Z macro-backtrace for more info)
[INFO] [stderr] ┈┈┈┈┈┈┈┈┈┈┈┈┈┈┈┈┈┈┈┈┈┈┈┈┈┈┈┈┈┈┈┈┈┈┈┈┈┈┈┈┈┈┈┈┈┈┈┈┈┈┈┈┈┈┈┈┈┈┈┈
[INFO] [stderr] 
[INFO] [stderr] ACTUAL OUTPUT:
[INFO] [stderr] ┈┈┈┈┈┈┈┈┈┈┈┈┈┈┈┈┈┈┈┈┈┈┈┈┈┈┈┈┈┈┈┈┈┈┈┈┈┈┈┈┈┈┈┈┈┈┈┈┈┈┈┈┈┈┈┈┈┈┈┈
[INFO] [stderr] error[E0599]: no method named `as_str` found for type `u64` in the current scope
[INFO] [stderr]  --> tests/ui/uri_wrong_type.rs:3:10
[INFO] [stderr]   |
[INFO] [stderr] 3 | #[derive(UriIdentifier)]
[INFO] [stderr]   |          ^^^^^^^^^^^^^ method not found in `u64`
[INFO] [stderr]   |
[INFO] [stderr]   = note: this error originates in the derive macro `UriIdentifier` (in Nightly builds, run with -Z macro-backtrace for more info)
[INFO] [stderr] 
[INFO] [stderr] error[E0308]: mismatched types
[INFO] [stderr]  --> tests/ui/uri_wrong_type.rs:3:10
[INFO] [stderr]   |
[INFO] [stderr] 3 | #[derive(UriIdentifier)]
[INFO] [stderr]   |          ^^^^^^^^^^^^^
[INFO] [stderr]   |          |
[INFO] [stderr]   |          expected `u64`, found `Uri<String>`
[INFO] [stderr]   |          arguments to this function are incorrect
[INFO] [stderr]   |
[INFO] [stderr]   = note: expected type `u64`
[INFO] [stderr]            found struct `newtype_ids_uri::__private::fluent_uri::Uri<String>`
[INFO] [stderr] note: tuple struct defined here
[INFO] [stderr]  --> tests/ui/uri_wrong_type.rs:5:8
[INFO] [stderr]   |
[INFO] [stderr] 5 | struct BadId(u64);
[INFO] [stderr]   |        ^^^^^
[INFO] [stderr]   = note: this error originates in the derive macro `UriIdentifier` (in Nightly builds, run with -Z macro-backtrace for more info)
[INFO] [stderr] 
[INFO] [stderr] error[E0308]: mismatched types
[INFO] [stderr]  --> tests/ui/uri_wrong_type.rs:3:10
[INFO] [stderr]   |
[INFO] [stderr] 3 | #[derive(UriIdentifier)]
[INFO] [stderr]   |          ^^^^^^^^^^^^^
[INFO] [stderr]   |          |
[INFO] [stderr]   |          expected `&Uri<String>`, found `&u64`
[INFO] [stderr]   |          expected `&newtype_ids_uri::__private::fluent_uri::Uri<String>` because of return type
[INFO] [stderr]   |
[INFO] [stderr]   = note: expected reference `&newtype_ids_uri::__private::fluent_uri::Uri<String>`
[INFO] [stderr]              found reference `&u64`
[INFO] [stderr]   = note: this error originates in the derive macro `UriIdentifier` (in Nightly builds, run with -Z macro-backtrace for more info)
[INFO] [stderr] ┈┈┈┈┈┈┈┈┈┈┈┈┈┈┈┈┈┈┈┈┈┈┈┈┈┈┈┈┈┈┈┈┈┈┈┈┈┈┈┈┈┈┈┈┈┈┈┈┈┈┈┈┈┈┈┈┈┈┈┈
[INFO] [stderr] note: If the actual output is the correct output you can bless it by rerunning
[INFO] [stderr]       your test with the environment variable TRYBUILD=overwrite
[INFO] [stderr] 
[INFO] [stderr] 
[INFO] [stderr] 
[INFO] [stdout] test compile_fail ... FAILED
[INFO] [stdout] 
[INFO] [stdout] failures:
[INFO] [stdout] 
[INFO] [stdout] ---- compile_fail stdout ----
[INFO] [stdout] 
[INFO] [stdout] thread 'compile_fail' (633) panicked at /opt/rustwide/cargo-home/registry/src/index.crates.io-1949cf8c6b5b557f/trybuild-1.0.116/src/run.rs:102:13:
[INFO] [stdout] 1 of 3 tests failed
[INFO] [stdout] stack backtrace:
[INFO] [stdout]    0:     0x64277fc9b8d1 - <<std[70759c8f55707aa4]::sys::backtrace::BacktraceLock>::print::DisplayBacktrace as core[df12db4294e9bfd3]::fmt::Display>::fmt
[INFO] [stdout]    1:     0x64277fcb1f5a - core[df12db4294e9bfd3]::fmt::write
[INFO] [stdout]    2:     0x64277fca039c - <alloc[2182bb758b4b3781]::vec::Vec<u8> as core[df12db4294e9bfd3]::io::write::Write>::write_fmt
[INFO] [stdout]    3:     0x64277fc74db6 - std[70759c8f55707aa4]::panicking::default_hook::{closure#0}
[INFO] [stdout]    4:     0x64277fc92f49 - std[70759c8f55707aa4]::panicking::default_hook
[INFO] [stdout]    5:     0x64277fc2c220 - test[9d35eded1c95d3be]::test_main_inner::<test[9d35eded1c95d3be]::test_main_static::{closure#0}>::{closure#0}
[INFO] [stdout]    6:     0x64277fc93102 - std[70759c8f55707aa4]::panicking::panic_with_hook
[INFO] [stdout]    7:     0x64277fc74e62 - std[70759c8f55707aa4]::panicking::panic_handler::{closure#0}
[INFO] [stdout]    8:     0x64277fc6d729 - std[70759c8f55707aa4]::sys::backtrace::__rust_end_short_backtrace::<std[70759c8f55707aa4]::panicking::panic_handler::{closure#0}, !>
[INFO] [stdout]    9:     0x64277fc75a5d - __rustc[8fa7c3cbc660c2b3]::rust_begin_unwind
[INFO] [stdout]   10:     0x64277fcb26cc - core[df12db4294e9bfd3]::panicking::panic_fmt
[INFO] [stdout]   11:     0x64277fb7c308 - <trybuild[6fd2fc98d0fb876f]::Runner>::run
[INFO] [stdout]   12:     0x64277fb7fe10 - <trybuild[6fd2fc98d0fb876f]::TestCases as core[df12db4294e9bfd3]::ops::drop::Drop>::drop
[INFO] [stdout]   13:     0x64277fb76e68 - compile_fail[9a4a4739b57ddec8]::compile_fail
[INFO] [stdout]   14:     0x64277fb77069 - <compile_fail[9a4a4739b57ddec8]::compile_fail::{closure#0} as core[df12db4294e9bfd3]::ops::function::FnOnce<()>>::call_once
[INFO] [stdout]   15:     0x64277fc1f50b - test[9d35eded1c95d3be]::__rust_begin_short_backtrace::<core[df12db4294e9bfd3]::result::Result<(), alloc[2182bb758b4b3781]::string::String>, fn() -> core[df12db4294e9bfd3]::result::Result<(), alloc[2182bb758b4b3781]::string::String>>
[INFO] [stdout]   16:     0x64277fc2cb75 - test[9d35eded1c95d3be]::run_test::{closure#0}
[INFO] [stdout]   17:     0x64277fc26434 - std[70759c8f55707aa4]::sys::backtrace::__rust_begin_short_backtrace::<test[9d35eded1c95d3be]::run_test::{closure#1}, ()>
[INFO] [stdout]   18:     0x64277fc2fcd2 - <std[70759c8f55707aa4]::thread::lifecycle::spawn_unchecked<test[9d35eded1c95d3be]::run_test::{closure#1}, ()>::{closure#1} as core[df12db4294e9bfd3]::ops::function::FnOnce<()>>::call_once::{shim:vtable#0}
[INFO] [stdout]   19:     0x64277fc9ab89 - <std[70759c8f55707aa4]::sys::thread::unix::Thread>::new::thread_start
[INFO] [stdout]   20:     0x7c2d4ac8fdfa - <unknown>
[INFO] [stdout]   21:     0x7c2d4ad233d4 - clone
[INFO] [stdout]   22:                0x0 - <unknown>
[INFO] [stdout] 
[INFO] [stdout] 
[INFO] [stdout] failures:
[INFO] [stdout]     compile_fail
[INFO] [stdout] 
[INFO] [stdout] test result: FAILED. 0 passed; 1 failed; 0 ignored; 0 measured; 0 filtered out; finished in 3.65s
[INFO] [stdout] 
[INFO] [stderr] error: test failed, to rerun pass `--test compile_fail`
[INFO] running `Command { std: "docker" "inspect" "6ca02720be44659e82179ced233e9d6187c7f5a972f1c56e6b6b5509527760ad", kill_on_drop: false }`
[INFO] running `Command { std: "docker" "rm" "-f" "6ca02720be44659e82179ced233e9d6187c7f5a972f1c56e6b6b5509527760ad", kill_on_drop: false }`
[INFO] [stdout] 6ca02720be44659e82179ced233e9d6187c7f5a972f1c56e6b6b5509527760ad
