[INFO] fetching crate newt-skills 0.8.0...
[INFO] testing newt-skills-0.8.0 against 1.99.0-beta.8+cargoflags=--release for beta-release-1.100-2
[INFO] extracting crate newt-skills 0.8.0 into /workspace/builds/worker-3-tc1/source
[INFO] started tweaking crates.io crate newt-skills 0.8.0
[INFO] finished tweaking crates.io crate newt-skills 0.8.0
[INFO] tweaked toml for crates.io crate newt-skills 0.8.0 written to /workspace/builds/worker-3-tc1/source/Cargo.toml
[INFO] validating manifest of crates.io crate newt-skills 0.8.0 on toolchain 1.99.0-beta.8
[INFO] running `Command { std: CARGO_HOME="/workspace/cargo-home" RUSTUP_HOME="/workspace/rustup-home" "/workspace/cargo-home/bin/cargo" "+1.99.0-beta.8" "metadata" "--manifest-path" "Cargo.toml" "--no-deps", kill_on_drop: false }`
[INFO] crate crates.io crate newt-skills 0.8.0 already has a lockfile, it will not be regenerated
[INFO] running `Command { std: CARGO_HOME="/workspace/cargo-home" RUSTUP_HOME="/workspace/rustup-home" "/workspace/cargo-home/bin/cargo" "+1.99.0-beta.8" "fetch" "--manifest-path" "Cargo.toml", kill_on_drop: false }`
[INFO] [stderr]     Updating crates.io index
[INFO] [stderr]  Downloading crates ...
[INFO] [stderr]   Downloaded fastrand v2.4.1
[INFO] [stderr]   Downloaded serial_test v3.5.0
[INFO] [stderr]   Downloaded serial_test_derive v3.5.0
[INFO] [stderr]   Downloaded futures-task v0.3.32
[INFO] [stderr]   Downloaded futures-core v0.3.32
[INFO] [stderr]   Downloaded futures-executor v0.3.32
[INFO] [stderr]   Downloaded ryu v1.0.23
[INFO] [stderr]   Downloaded log v0.4.33
[INFO] [stderr]   Downloaded futures-util v0.3.32
[INFO] [stderr]   Downloaded rustix v1.1.4
[INFO] running `Command { std: "docker" "create" "-v" "/var/lib/crater-agent-workspace/builds/worker-3-tc1/source:/opt/rustwide/workdir:ro,Z" "-v" "/var/lib/crater-agent-workspace/builds/worker-3-tc1/target:/opt/rustwide/target:rw,Z" "-v" "/var/lib/crater-agent-workspace/cargo-home:/opt/rustwide/cargo-home:ro,Z" "-v" "/var/lib/crater-agent-workspace/rustup-home:/opt/rustwide/rustup-home:ro,Z" "-m" "1610612736" "--network" "none" "ghcr.io/rust-lang/crates-build-env/linux@sha256:77db811e55d90add9212f6832c23229e3de5f1c1f9905e8cb07319ea15df73ac" "sleep" "infinity", kill_on_drop: false }`
[INFO] [stdout] 9f75aee6619df6689d41dcd4b7ad9a621d0af29d263efc75f94b0c1ef82586da
[INFO] running `Command { std: "docker" "start" "9f75aee6619df6689d41dcd4b7ad9a621d0af29d263efc75f94b0c1ef82586da", kill_on_drop: false }`
[INFO] running `Command { std: "docker" "inspect" "9f75aee6619df6689d41dcd4b7ad9a621d0af29d263efc75f94b0c1ef82586da", kill_on_drop: false }`
[INFO] running `Command { std: "docker" "exec" "-e" "SOURCE_DIR=/opt/rustwide/workdir" "-e" "CARGO_HOME=/opt/rustwide/cargo-home" "-e" "RUSTUP_HOME=/opt/rustwide/rustup-home" "-e" "CARGO_TARGET_DIR=/opt/rustwide/target" "-w" "/opt/rustwide/workdir" "--user" "0:0" "9f75aee6619df6689d41dcd4b7ad9a621d0af29d263efc75f94b0c1ef82586da" "/opt/rustwide/cargo-home/bin/cargo" "+1.99.0-beta.8" "metadata" "--no-deps" "--format-version=1", kill_on_drop: false }`
[INFO] running `Command { std: "docker" "inspect" "9f75aee6619df6689d41dcd4b7ad9a621d0af29d263efc75f94b0c1ef82586da", kill_on_drop: false }`
[INFO] running `Command { std: "docker" "exec" "-e" "SOURCE_DIR=/opt/rustwide/workdir" "-e" "CARGO_HOME=/opt/rustwide/cargo-home" "-e" "RUSTUP_HOME=/opt/rustwide/rustup-home" "-e" "CARGO_TARGET_DIR=/opt/rustwide/target" "-e" "CARGO_INCREMENTAL=0" "-e" "RUST_BACKTRACE=full" "-e" "RUSTFLAGS=--cap-lints=warn" "-e" "RUSTDOCFLAGS=--cap-lints=warn" "-w" "/opt/rustwide/workdir" "--user" "0:0" "9f75aee6619df6689d41dcd4b7ad9a621d0af29d263efc75f94b0c1ef82586da" "/opt/rustwide/cargo-home/bin/cargo" "+1.99.0-beta.8" "build" "--frozen" "--message-format=json" "--release", kill_on_drop: false }`
[INFO] [stderr]    Compiling proc-macro2 v1.0.106
[INFO] [stderr]    Compiling quote v1.0.46
[INFO] [stderr]    Compiling unicode-ident v1.0.24
[INFO] [stderr]    Compiling serde_core v1.0.228
[INFO] [stderr]    Compiling serde v1.0.228
[INFO] [stderr]    Compiling equivalent v1.0.2
[INFO] [stderr]    Compiling thiserror v2.0.18
[INFO] [stderr]    Compiling hashbrown v0.17.1
[INFO] [stderr]    Compiling itoa v1.0.18
[INFO] [stderr]    Compiling ryu v1.0.23
[INFO] [stderr]    Compiling unsafe-libyaml v0.2.11
[INFO] [stderr]    Compiling syn v2.0.119
[INFO] [stderr]    Compiling indexmap v2.14.0
[INFO] [stderr]    Compiling serde_derive v1.0.228
[INFO] [stderr]    Compiling thiserror-impl v2.0.18
[INFO] [stderr]    Compiling serde_yaml v0.9.34+deprecated
[INFO] [stderr]    Compiling newt-skills v0.8.0 (/opt/rustwide/workdir)
[INFO] [stderr]     Finished `release` profile [optimized] target(s) in 12.12s
[INFO] running `Command { std: "docker" "inspect" "9f75aee6619df6689d41dcd4b7ad9a621d0af29d263efc75f94b0c1ef82586da", kill_on_drop: false }`
[INFO] running `Command { std: "docker" "exec" "-e" "SOURCE_DIR=/opt/rustwide/workdir" "-e" "CARGO_HOME=/opt/rustwide/cargo-home" "-e" "RUSTUP_HOME=/opt/rustwide/rustup-home" "-e" "CARGO_TARGET_DIR=/opt/rustwide/target" "-e" "CARGO_INCREMENTAL=0" "-e" "RUST_BACKTRACE=full" "-e" "RUSTFLAGS=--cap-lints=warn" "-e" "RUSTDOCFLAGS=--cap-lints=warn" "-w" "/opt/rustwide/workdir" "--user" "0:0" "9f75aee6619df6689d41dcd4b7ad9a621d0af29d263efc75f94b0c1ef82586da" "/opt/rustwide/cargo-home/bin/cargo" "+1.99.0-beta.8" "test" "--frozen" "--no-run" "--message-format=json" "--release", kill_on_drop: false }`
[INFO] [stderr]    Compiling syn v2.0.119
[INFO] [stderr]    Compiling libc v0.2.186
[INFO] [stderr]    Compiling cfg-if v1.0.4
[INFO] [stderr]    Compiling parking_lot_core v0.9.12
[INFO] [stderr]    Compiling slab v0.4.12
[INFO] [stderr]    Compiling pin-project-lite v0.2.17
[INFO] [stderr]    Compiling futures-task v0.3.32
[INFO] [stderr]    Compiling futures-core v0.3.32
[INFO] [stderr]    Compiling smallvec v1.15.2
[INFO] [stderr]    Compiling rustix v1.1.4
[INFO] [stderr]    Compiling scopeguard v1.2.0
[INFO] [stderr]    Compiling getrandom v0.3.4
[INFO] [stderr]    Compiling once_cell v1.21.4
[INFO] [stderr]    Compiling linux-raw-sys v0.12.1
[INFO] [stderr]    Compiling bitflags v2.13.0
[INFO] [stderr]    Compiling log v0.4.33
[INFO] [stderr]    Compiling lock_api v0.4.14
[INFO] [stderr]    Compiling fastrand v2.4.1
[INFO] [stderr]    Compiling futures-util v0.3.32
[INFO] [stderr]    Compiling parking_lot v0.12.5
[INFO] [stderr]    Compiling tempfile v3.27.0
[INFO] [stderr]    Compiling futures-executor v0.3.32
[INFO] [stderr]    Compiling serde_derive v1.0.228
[INFO] [stderr]    Compiling thiserror-impl v2.0.18
[INFO] [stderr]    Compiling serial_test_derive v3.5.0
[INFO] [stderr]    Compiling serial_test v3.5.0
[INFO] [stderr]    Compiling thiserror v2.0.18
[INFO] [stderr]    Compiling serde v1.0.228
[INFO] [stderr]    Compiling serde_yaml v0.9.34+deprecated
[INFO] [stderr]    Compiling newt-skills v0.8.0 (/opt/rustwide/workdir)
[INFO] [stderr]     Finished `release` profile [optimized] target(s) in 12.90s
[INFO] running `Command { std: "docker" "inspect" "9f75aee6619df6689d41dcd4b7ad9a621d0af29d263efc75f94b0c1ef82586da", kill_on_drop: false }`
[INFO] running `Command { std: "docker" "exec" "-e" "SOURCE_DIR=/opt/rustwide/workdir" "-e" "CARGO_HOME=/opt/rustwide/cargo-home" "-e" "RUSTUP_HOME=/opt/rustwide/rustup-home" "-e" "CARGO_TARGET_DIR=/opt/rustwide/target" "-e" "CARGO_INCREMENTAL=0" "-e" "RUST_BACKTRACE=full" "-e" "RUSTFLAGS=--cap-lints=warn" "-e" "RUSTDOCFLAGS=--cap-lints=warn" "-w" "/opt/rustwide/workdir" "--user" "0:0" "9f75aee6619df6689d41dcd4b7ad9a621d0af29d263efc75f94b0c1ef82586da" "/opt/rustwide/cargo-home/bin/cargo" "+1.99.0-beta.8" "test" "--frozen" "--release", kill_on_drop: false }`
[INFO] [stderr]     Finished `release` profile [optimized] target(s) in 0.04s
[INFO] [stderr]      Running unittests src/lib.rs (/opt/rustwide/target/release/deps/newt_skills-03f174437d221385)
[INFO] [stdout] 
[INFO] [stdout] running 47 tests
[INFO] [stdout] test tests::grounding::discover_over_real_fs_matches_mock_shape ... ok
[INFO] [stdout] test tests::grounding::discover_skips_real_symlink_loop ... ok
[INFO] [stdout] test tests::mocked::discover_missing_dir_is_empty_not_error ... ok
[INFO] [stdout] test tests::grounding::install_copy_duplicates_folder_and_bundled_files ... ok
[INFO] [stdout] test tests::grounding::install_copy_survives_self_referential_symlink ... ok
[INFO] [stdout] test tests::mocked::discover_finds_sorts_and_lists_bundled_files ... ok
[INFO] [stdout] test tests::grounding::install_copy_recreates_symlinked_subdir ... ok
[INFO] [stdout] test tests::grounding::install_honours_name_override ... ok
[INFO] [stdout] test tests::grounding::discover_skips_real_unreadable_dir ... FAILED
[INFO] [stdout] test tests::grounding::install_rejects_unsafe_name_override ... ok
[INFO] [stdout] test tests::mocked::discover_paths_first_dir_wins_and_reports_shadows ... ok
[INFO] [stdout] test tests::grounding::install_rejects_existing_dest_without_force ... ok
[INFO] [stdout] test tests::grounding::install_rejects_non_skill_source ... ok
[INFO] [stdout] test tests::mocked::discover_skips_broken_skill_keeps_good_one ... ok
[INFO] [stdout] test tests::mocked::discover_paths_skips_missing_dirs ... ok
[INFO] [stdout] test tests::mocked::discover_skips_dir_without_manifest ... ok
[INFO] [stdout] test tests::mocked::discover_skips_hidden_bundled_files ... ok
[INFO] [stdout] test tests::mocked::discover_skips_hidden_directories ... ok
[INFO] [stdout] test tests::mocked::discover_skips_unreadable_subdir ... ok
[INFO] [stdout] test tests::grounding::install_force_replaces_existing ... ok
[INFO] [stdout] test tests::grounding::install_force_replaces_a_symlink ... ok
[INFO] [stdout] test tests::mocked::discover_paths_unions_dirs_and_sorts ... ok
[INFO] [stdout] test tests::mocked::discover_skips_unsafe_frontmatter_name ... ok
[INFO] [stdout] test tests::mocked::duplicate_yaml_keys_is_yaml_error ... ok
[INFO] [stdout] test tests::mocked::empty_document_is_frontmatter_error ... ok
[INFO] [stdout] test tests::mocked::index_block_carries_the_install_hint_with_zero_skills_installed ... ok
[INFO] [stdout] test tests::mocked::index_and_loader_resolve_the_same_copy_over_user_then_bundled ... ok
[INFO] [stdout] test tests::mocked::index_block_lists_names_and_descriptions_only ... ok
[INFO] [stdout] test tests::mocked::load_body_from_errors_for_unknown_skill ... ok
[INFO] [stdout] test tests::grounding::install_link_creates_symlink_to_source ... ok
[INFO] [stdout] test tests::mocked::load_body_from_honours_first_dir_wins ... ok
[INFO] [stdout] test tests::mocked::load_body_from_rejects_traversal_name ... ok
[INFO] [stdout] test tests::mocked::load_body_from_resolves_by_frontmatter_name_not_folder ... ok
[INFO] [stdout] test tests::mocked::load_body_lists_bundled_files ... ok
[INFO] [stdout] test tests::mocked::load_body_rejects_traversal_name_before_fs ... ok
[INFO] [stdout] test tests::mocked::load_body_returns_body_for_known_skill ... ok
[INFO] [stdout] test tests::mocked::malformed_yaml_is_yaml_error ... ok
[INFO] [stdout] test tests::mocked::load_body_unknown_skill_errors ... ok
[INFO] [stdout] test tests::mocked::missing_opening_fence_is_frontmatter_error ... ok
[INFO] [stdout] test tests::mocked::parses_optional_caveats_block ... ok
[INFO] [stdout] test tests::mocked::parses_valid_skill_into_fields ... ok
[INFO] [stdout] test tests::mocked::tolerates_missing_trailing_newline_after_fence ... ok
[INFO] [stdout] test tests::mocked::triggers_alias_maps_to_when_to_use ... ok
[INFO] [stdout] test tests::mocked::unterminated_frontmatter_is_frontmatter_error ... ok
[INFO] [stdout] test tests::mocked::validate_accepts_ordinary_names ... ok
[INFO] [stdout] test tests::mocked::validate_rejects_overlong_name ... ok
[INFO] [stdout] test tests::mocked::validate_rejects_unsafe_names_by_reason ... ok
[INFO] [stdout] 
[INFO] [stdout] failures:
[INFO] [stdout] 
[INFO] [stdout] ---- tests::grounding::discover_skips_real_unreadable_dir stdout ----
[INFO] [stdout] 
[INFO] [stdout] thread 'tests::grounding::discover_skips_real_unreadable_dir' (1121) panicked at src/tests.rs:522:9:
[INFO] [stdout] assertion `left == right` failed
[INFO] [stdout]   left: ["good", "locked"]
[INFO] [stdout]  right: ["good"]
[INFO] [stdout] stack backtrace:
[INFO] [stdout]    0:     0x559b5fe7be61 - <<std[70759c8f55707aa4]::sys::backtrace::BacktraceLock>::print::DisplayBacktrace as core[df12db4294e9bfd3]::fmt::Display>::fmt
[INFO] [stdout]    1:     0x559b5fe913fa - core[df12db4294e9bfd3]::fmt::write
[INFO] [stdout]    2:     0x559b5fe805ec - <alloc[2182bb758b4b3781]::vec::Vec<u8> as core[df12db4294e9bfd3]::io::write::Write>::write_fmt
[INFO] [stdout]    3:     0x559b5fe548e6 - std[70759c8f55707aa4]::panicking::default_hook::{closure#0}
[INFO] [stdout]    4:     0x559b5fe72409 - std[70759c8f55707aa4]::panicking::default_hook
[INFO] [stdout]    5:     0x559b5fe0aad0 - test[9d35eded1c95d3be]::test_main_inner::<test[9d35eded1c95d3be]::test_main_static::{closure#0}>::{closure#0}
[INFO] [stdout]    6:     0x559b5fe725c2 - std[70759c8f55707aa4]::panicking::panic_with_hook
[INFO] [stdout]    7:     0x559b5fe54992 - std[70759c8f55707aa4]::panicking::panic_handler::{closure#0}
[INFO] [stdout]    8:     0x559b5fe4d369 - std[70759c8f55707aa4]::sys::backtrace::__rust_end_short_backtrace::<std[70759c8f55707aa4]::panicking::panic_handler::{closure#0}, !>
[INFO] [stdout]    9:     0x559b5fe5573d - __rustc[8fa7c3cbc660c2b3]::rust_begin_unwind
[INFO] [stdout]   10:     0x559b5fe91b2c - core[df12db4294e9bfd3]::panicking::panic_fmt
[INFO] [stdout]   11:     0x559b5fe91a43 - core[df12db4294e9bfd3]::panicking::assert_failed_inner
[INFO] [stdout]   12:     0x559b5fde564c - core[df12db4294e9bfd3]::panicking::assert_failed::<alloc[2182bb758b4b3781]::vec::Vec<&str>, [&str; 1usize]>
[INFO] [stdout]   13:     0x559b5fddb75a - newt_skills[3b616f1aa1bef5fc]::tests::grounding::discover_skips_real_unreadable_dir
[INFO] [stdout]   14:     0x559b5fdcd4a9 - <newt_skills[3b616f1aa1bef5fc]::tests::grounding::discover_skips_real_unreadable_dir::{closure#0} as core[df12db4294e9bfd3]::ops::function::FnOnce<()>>::call_once
[INFO] [stdout]   15:     0x559b5fdfddbb - test[9d35eded1c95d3be]::__rust_begin_short_backtrace::<core[df12db4294e9bfd3]::result::Result<(), alloc[2182bb758b4b3781]::string::String>, fn() -> core[df12db4294e9bfd3]::result::Result<(), alloc[2182bb758b4b3781]::string::String>>
[INFO] [stdout]   16:     0x559b5fe0b425 - test[9d35eded1c95d3be]::run_test::{closure#0}
[INFO] [stdout]   17:     0x559b5fe04ce4 - std[70759c8f55707aa4]::sys::backtrace::__rust_begin_short_backtrace::<test[9d35eded1c95d3be]::run_test::{closure#1}, ()>
[INFO] [stdout]   18:     0x559b5fe0e582 - <std[70759c8f55707aa4]::thread::lifecycle::spawn_unchecked<test[9d35eded1c95d3be]::run_test::{closure#1}, ()>::{closure#1} as core[df12db4294e9bfd3]::ops::function::FnOnce<()>>::call_once::{shim:vtable#0}
[INFO] [stdout]   19:     0x559b5fe7b119 - <std[70759c8f55707aa4]::sys::thread::unix::Thread>::new::thread_start
[INFO] [stdout]   20:     0x7c12228d5dfa - <unknown>
[INFO] [stdout]   21:     0x7c12229693d4 - clone
[INFO] [stdout]   22:                0x0 - <unknown>
[INFO] [stdout] 
[INFO] [stdout] 
[INFO] [stdout] failures:
[INFO] [stdout]     tests::grounding::discover_skips_real_unreadable_dir
[INFO] [stderr] error: test failed, to rerun pass `--lib`
[INFO] [stdout] 
[INFO] [stdout] test result: FAILED. 46 passed; 1 failed; 0 ignored; 0 measured; 0 filtered out; finished in 0.01s
[INFO] [stdout] 
[INFO] running `Command { std: "docker" "inspect" "9f75aee6619df6689d41dcd4b7ad9a621d0af29d263efc75f94b0c1ef82586da", kill_on_drop: false }`
[INFO] running `Command { std: "docker" "rm" "-f" "9f75aee6619df6689d41dcd4b7ad9a621d0af29d263efc75f94b0c1ef82586da", kill_on_drop: false }`
[INFO] [stdout] 9f75aee6619df6689d41dcd4b7ad9a621d0af29d263efc75f94b0c1ef82586da
