[INFO] fetching crate newnum_proc_macros 0.13.1...
[INFO] testing newnum_proc_macros-0.13.1 against 1.99.0-beta.8+cargoflags=--release for beta-release-1.100-2
[INFO] extracting crate newnum_proc_macros 0.13.1 into /workspace/builds/worker-0-tc1/source
[INFO] started tweaking crates.io crate newnum_proc_macros 0.13.1
[INFO] finished tweaking crates.io crate newnum_proc_macros 0.13.1
[INFO] tweaked toml for crates.io crate newnum_proc_macros 0.13.1 written to /workspace/builds/worker-0-tc1/source/Cargo.toml
[INFO] validating manifest of crates.io crate newnum_proc_macros 0.13.1 on toolchain 1.99.0-beta.8
[INFO] running `Command { std: CARGO_HOME="/workspace/cargo-home" RUSTUP_HOME="/workspace/rustup-home" "/workspace/cargo-home/bin/cargo" "+1.99.0-beta.8" "metadata" "--manifest-path" "Cargo.toml" "--no-deps", kill_on_drop: false }`
[INFO] crate crates.io crate newnum_proc_macros 0.13.1 already has a lockfile, it will not be regenerated
[INFO] running `Command { std: CARGO_HOME="/workspace/cargo-home" RUSTUP_HOME="/workspace/rustup-home" "/workspace/cargo-home/bin/cargo" "+1.99.0-beta.8" "fetch" "--manifest-path" "Cargo.toml", kill_on_drop: false }`
[INFO] [stderr]     Updating crates.io index
[INFO] [stderr]  Downloading crates ...
[INFO] [stderr]   Downloaded derive-syn-parse v0.2.0
[INFO] running `Command { std: "docker" "create" "-v" "/var/lib/crater-agent-workspace/builds/worker-0-tc1/source:/opt/rustwide/workdir:ro,Z" "-v" "/var/lib/crater-agent-workspace/builds/worker-0-tc1/target:/opt/rustwide/target:rw,Z" "-v" "/var/lib/crater-agent-workspace/cargo-home:/opt/rustwide/cargo-home:ro,Z" "-v" "/var/lib/crater-agent-workspace/rustup-home:/opt/rustwide/rustup-home:ro,Z" "-m" "1610612736" "--network" "none" "ghcr.io/rust-lang/crates-build-env/linux@sha256:77db811e55d90add9212f6832c23229e3de5f1c1f9905e8cb07319ea15df73ac" "sleep" "infinity", kill_on_drop: false }`
[INFO] [stdout] 1312549322a7beff0f3b95c469a271d2c4388179a911641c9af77c42e0881436
[INFO] running `Command { std: "docker" "start" "1312549322a7beff0f3b95c469a271d2c4388179a911641c9af77c42e0881436", kill_on_drop: false }`
[INFO] running `Command { std: "docker" "inspect" "1312549322a7beff0f3b95c469a271d2c4388179a911641c9af77c42e0881436", kill_on_drop: false }`
[INFO] running `Command { std: "docker" "exec" "-e" "SOURCE_DIR=/opt/rustwide/workdir" "-e" "CARGO_HOME=/opt/rustwide/cargo-home" "-e" "RUSTUP_HOME=/opt/rustwide/rustup-home" "-e" "CARGO_TARGET_DIR=/opt/rustwide/target" "-w" "/opt/rustwide/workdir" "--user" "0:0" "1312549322a7beff0f3b95c469a271d2c4388179a911641c9af77c42e0881436" "/opt/rustwide/cargo-home/bin/cargo" "+1.99.0-beta.8" "metadata" "--no-deps" "--format-version=1", kill_on_drop: false }`
[INFO] running `Command { std: "docker" "inspect" "1312549322a7beff0f3b95c469a271d2c4388179a911641c9af77c42e0881436", kill_on_drop: false }`
[INFO] running `Command { std: "docker" "exec" "-e" "SOURCE_DIR=/opt/rustwide/workdir" "-e" "CARGO_HOME=/opt/rustwide/cargo-home" "-e" "RUSTUP_HOME=/opt/rustwide/rustup-home" "-e" "CARGO_TARGET_DIR=/opt/rustwide/target" "-e" "CARGO_INCREMENTAL=0" "-e" "RUST_BACKTRACE=full" "-e" "RUSTFLAGS=--cap-lints=warn" "-e" "RUSTDOCFLAGS=--cap-lints=warn" "-w" "/opt/rustwide/workdir" "--user" "0:0" "1312549322a7beff0f3b95c469a271d2c4388179a911641c9af77c42e0881436" "/opt/rustwide/cargo-home/bin/cargo" "+1.99.0-beta.8" "build" "--frozen" "--message-format=json" "--release", kill_on_drop: false }`
[INFO] [stderr]    Compiling derive-syn-parse v0.2.0
[INFO] [stderr]    Compiling newnum_proc_macros v0.13.1 (/opt/rustwide/workdir)
[INFO] [stderr]     Finished `release` profile [optimized] target(s) in 3.75s
[INFO] running `Command { std: "docker" "inspect" "1312549322a7beff0f3b95c469a271d2c4388179a911641c9af77c42e0881436", kill_on_drop: false }`
[INFO] running `Command { std: "docker" "exec" "-e" "SOURCE_DIR=/opt/rustwide/workdir" "-e" "CARGO_HOME=/opt/rustwide/cargo-home" "-e" "RUSTUP_HOME=/opt/rustwide/rustup-home" "-e" "CARGO_TARGET_DIR=/opt/rustwide/target" "-e" "CARGO_INCREMENTAL=0" "-e" "RUST_BACKTRACE=full" "-e" "RUSTFLAGS=--cap-lints=warn" "-e" "RUSTDOCFLAGS=--cap-lints=warn" "-w" "/opt/rustwide/workdir" "--user" "0:0" "1312549322a7beff0f3b95c469a271d2c4388179a911641c9af77c42e0881436" "/opt/rustwide/cargo-home/bin/cargo" "+1.99.0-beta.8" "test" "--frozen" "--no-run" "--message-format=json" "--release", kill_on_drop: false }`
[INFO] [stderr]    Compiling newnum_proc_macros v0.13.1 (/opt/rustwide/workdir)
[INFO] [stderr]     Finished `release` profile [optimized] target(s) in 0.64s
[INFO] running `Command { std: "docker" "inspect" "1312549322a7beff0f3b95c469a271d2c4388179a911641c9af77c42e0881436", kill_on_drop: false }`
[INFO] running `Command { std: "docker" "exec" "-e" "SOURCE_DIR=/opt/rustwide/workdir" "-e" "CARGO_HOME=/opt/rustwide/cargo-home" "-e" "RUSTUP_HOME=/opt/rustwide/rustup-home" "-e" "CARGO_TARGET_DIR=/opt/rustwide/target" "-e" "CARGO_INCREMENTAL=0" "-e" "RUST_BACKTRACE=full" "-e" "RUSTFLAGS=--cap-lints=warn" "-e" "RUSTDOCFLAGS=--cap-lints=warn" "-w" "/opt/rustwide/workdir" "--user" "0:0" "1312549322a7beff0f3b95c469a271d2c4388179a911641c9af77c42e0881436" "/opt/rustwide/cargo-home/bin/cargo" "+1.99.0-beta.8" "test" "--frozen" "--release", kill_on_drop: false }`
[INFO] [stderr]     Finished `release` profile [optimized] target(s) in 0.01s
[INFO] [stderr]      Running unittests src/lib.rs (/opt/rustwide/target/release/deps/newnum_proc_macros-c01b9342d228f5ab)
[INFO] [stdout] 
[INFO] [stdout] running 0 tests
[INFO] [stdout] 
[INFO] [stdout] test result: ok. 0 passed; 0 failed; 0 ignored; 0 measured; 0 filtered out; finished in 0.00s
[INFO] [stdout] 
[INFO] [stderr]    Doc-tests newnum_proc_macros
[INFO] [stdout] 
[INFO] [stdout] running 22 tests
[INFO] [stdout] test src/lib.rs - num_approx (line 598) ... FAILED
[INFO] [stdout] test src/lib.rs - num_approx (line 613) ... FAILED
[INFO] [stdout] test src/lib.rs - internal_num_approx (line 691) ... FAILED
[INFO] [stdout] test src/lib.rs - internal_num (line 644) ... FAILED
[INFO] [stdout] test src/lib.rs - num (line 553) ... FAILED
[INFO] [stdout] test src/lib.rs - num (line 568) ... FAILED
[INFO] [stdout] test src/lib.rs - num_derive_macro (line 523) ... FAILED
[INFO] [stdout] test src/lib.rs - internal_num (line 659) ... FAILED
[INFO] [stdout] test src/lib.rs - ahyper_derive_macro (line 489) ... FAILED
[INFO] [stdout] test src/lib.rs - internal_num_approx (line 706) ... FAILED
[INFO] [stdout] test src/lib.rs - abs_diff_derive_macro (line 134) ... FAILED
[INFO] [stdout] test src/lib.rs - atrig_derive_macro (line 431) ... FAILED
[INFO] [stdout] test src/lib.rs - root_derive_macro (line 365) ... FAILED
[INFO] [stdout] test src/lib.rs - round_derive_macro (line 267) ... FAILED
[INFO] [stdout] test src/lib.rs - hyper_derive_macro (line 460) ... FAILED
[INFO] [stdout] test src/lib.rs - min_max_derive_macro (line 173) ... FAILED
[INFO] [stdout] test src/lib.rs - type_max_derive_macro (line 233) ... FAILED
[INFO] [stdout] test src/lib.rs - trig_derive_macro (line 402) ... FAILED
[INFO] [stdout] test src/lib.rs - type_min_derive_macro (line 207) ... FAILED
[INFO] [stdout] test src/lib.rs - trunc_root_derive_macro (line 337) ... FAILED
[INFO] [stdout] test src/lib.rs - signed_derive_macro (line 42) ... FAILED
[INFO] [stdout] test src/lib.rs - whole_derive_macro (line 300) ... FAILED
[INFO] [stdout] 
[INFO] [stdout] failures:
[INFO] [stdout] 
[INFO] [stdout] ---- src/lib.rs - num_approx (line 598) stdout ----
[INFO] [stdout] error[E0432]: unresolved import `newnum`
[INFO] [stdout]    --> src/lib.rs:599:5
[INFO] [stdout]     |
[INFO] [stdout] 599 | use newnum::*;
[INFO] [stdout]     |     ^^^^^^ use of unresolved module or unlinked crate `newnum`
[INFO] [stdout]     |
[INFO] [stdout]     = help: if you wanted to use a crate named `newnum`, use `cargo add newnum` to add it to your `Cargo.toml`
[INFO] [stdout] 
[INFO] [stdout] error: cannot find macro `num_approx` in this scope
[INFO] [stdout]    --> src/lib.rs:602:5
[INFO] [stdout]     |
[INFO] [stdout] 602 |     num_approx!(16_777_217)
[INFO] [stdout]     |     ^^^^^^^^^^
[INFO] [stdout] 
[INFO] [stdout] error: aborting due to 2 previous errors
[INFO] [stdout] 
[INFO] [stdout] For more information about this error, try `rustc --explain E0432`.
[INFO] [stdout] Couldn't compile the test.
[INFO] [stdout] ---- src/lib.rs - num_approx (line 613) stdout ----
[INFO] [stdout] error[E0432]: unresolved import `newnum`
[INFO] [stdout]    --> src/lib.rs:614:5
[INFO] [stdout]     |
[INFO] [stdout] 614 | use newnum::*;
[INFO] [stdout]     |     ^^^^^^ use of unresolved module or unlinked crate `newnum`
[INFO] [stdout]     |
[INFO] [stdout]     = help: if you wanted to use a crate named `newnum`, use `cargo add newnum` to add it to your `Cargo.toml`
[INFO] [stdout] 
[INFO] [stdout] error: cannot find macro `num_approx` in this scope
[INFO] [stdout]    --> src/lib.rs:619:16
[INFO] [stdout]     |
[INFO] [stdout] 619 |      *value += num_approx!(1000)
[INFO] [stdout]     |                ^^^^^^^^^^
[INFO] [stdout] 
[INFO] [stdout] error: aborting due to 2 previous errors
[INFO] [stdout] 
[INFO] [stdout] For more information about this error, try `rustc --explain E0432`.
[INFO] [stdout] Couldn't compile the test.
[INFO] [stdout] ---- src/lib.rs - internal_num_approx (line 691) stdout ----
[INFO] [stdout] error[E0432]: unresolved import `newnum`
[INFO] [stdout]    --> src/lib.rs:692:5
[INFO] [stdout]     |
[INFO] [stdout] 692 | use newnum::*;
[INFO] [stdout]     |     ^^^^^^ use of unresolved module or unlinked crate `newnum`
[INFO] [stdout]     |
[INFO] [stdout]     = help: if you wanted to use a crate named `newnum`, use `cargo add newnum` to add it to your `Cargo.toml`
[INFO] [stdout] 
[INFO] [stdout] error: cannot find macro `num_approx` in this scope
[INFO] [stdout]    --> src/lib.rs:695:5
[INFO] [stdout]     |
[INFO] [stdout] 695 |     num_approx!(16_777_217)
[INFO] [stdout]     |     ^^^^^^^^^^
[INFO] [stdout] 
[INFO] [stdout] error: aborting due to 2 previous errors
[INFO] [stdout] 
[INFO] [stdout] For more information about this error, try `rustc --explain E0432`.
[INFO] [stdout] Couldn't compile the test.
[INFO] [stdout] ---- src/lib.rs - internal_num (line 644) stdout ----
[INFO] [stdout] error[E0432]: unresolved import `newnum`
[INFO] [stdout]    --> src/lib.rs:645:5
[INFO] [stdout]     |
[INFO] [stdout] 645 | use newnum::*;
[INFO] [stdout]     |     ^^^^^^ use of unresolved module or unlinked crate `newnum`
[INFO] [stdout]     |
[INFO] [stdout]     = help: if you wanted to use a crate named `newnum`, use `cargo add newnum` to add it to your `Cargo.toml`
[INFO] [stdout] 
[INFO] [stdout] error: cannot find macro `num` in this scope
[INFO] [stdout]    --> src/lib.rs:648:14
[INFO] [stdout]     |
[INFO] [stdout] 648 |    *value += num!(1)
[INFO] [stdout]     |              ^^^
[INFO] [stdout] 
[INFO] [stdout] error: aborting due to 2 previous errors
[INFO] [stdout] 
[INFO] [stdout] For more information about this error, try `rustc --explain E0432`.
[INFO] [stdout] Couldn't compile the test.
[INFO] [stdout] ---- src/lib.rs - num (line 553) stdout ----
[INFO] [stdout] error[E0432]: unresolved import `newnum`
[INFO] [stdout]    --> src/lib.rs:554:5
[INFO] [stdout]     |
[INFO] [stdout] 554 | use newnum::*;
[INFO] [stdout]     |     ^^^^^^ use of unresolved module or unlinked crate `newnum`
[INFO] [stdout]     |
[INFO] [stdout]     = help: if you wanted to use a crate named `newnum`, use `cargo add newnum` to add it to your `Cargo.toml`
[INFO] [stdout] 
[INFO] [stdout] error: cannot find macro `num` in this scope
[INFO] [stdout]    --> src/lib.rs:557:14
[INFO] [stdout]     |
[INFO] [stdout] 557 |    *value += num!(1)
[INFO] [stdout]     |              ^^^
[INFO] [stdout] 
[INFO] [stdout] error: aborting due to 2 previous errors
[INFO] [stdout] 
[INFO] [stdout] For more information about this error, try `rustc --explain E0432`.
[INFO] [stdout] Couldn't compile the test.
[INFO] [stdout] ---- src/lib.rs - num (line 568) stdout ----
[INFO] [stdout] error[E0432]: unresolved import `newnum`
[INFO] [stdout]    --> src/lib.rs:569:5
[INFO] [stdout]     |
[INFO] [stdout] 569 | use newnum::*;
[INFO] [stdout]     |     ^^^^^^ use of unresolved module or unlinked crate `newnum`
[INFO] [stdout]     |
[INFO] [stdout]     = help: if you wanted to use a crate named `newnum`, use `cargo add newnum` to add it to your `Cargo.toml`
[INFO] [stdout] 
[INFO] [stdout] error: cannot find macro `num` in this scope
[INFO] [stdout]    --> src/lib.rs:574:16
[INFO] [stdout]     |
[INFO] [stdout] 574 |      *value += num!(1000)
[INFO] [stdout]     |                ^^^
[INFO] [stdout] 
[INFO] [stdout] error: aborting due to 2 previous errors
[INFO] [stdout] 
[INFO] [stdout] For more information about this error, try `rustc --explain E0432`.
[INFO] [stdout] Couldn't compile the test.
[INFO] [stdout] ---- src/lib.rs - num_derive_macro (line 523) stdout ----
[INFO] [stdout] error[E0432]: unresolved import `newnum`
[INFO] [stdout]    --> src/lib.rs:524:5
[INFO] [stdout]     |
[INFO] [stdout] 524 | use newnum::*;
[INFO] [stdout]     |     ^^^^^^ use of unresolved module or unlinked crate `newnum`
[INFO] [stdout]     |
[INFO] [stdout]     = help: if you wanted to use a crate named `newnum`, use `cargo add newnum` to add it to your `Cargo.toml`
[INFO] [stdout] 
[INFO] [stdout] error: cannot find derive macro `Num` in this scope
[INFO] [stdout]    --> src/lib.rs:526:10
[INFO] [stdout]     |
[INFO] [stdout] 526 | #[derive(Num)]
[INFO] [stdout]     |          ^^^
[INFO] [stdout] 
[INFO] [stdout] error: cannot find attribute `derive_bound` in this scope
[INFO] [stdout]    --> src/lib.rs:527:3
[INFO] [stdout]     |
[INFO] [stdout] 527 | #[derive_bound(Num; T: Num)]
[INFO] [stdout]     |   ^^^^^^^^^^^^
[INFO] [stdout]     |
[INFO] [stdout]    --> /rustc/dfb0accb7f508ae8be965d8629557221c889dd98/library/core/src/macros/mod.rs:1789:4
[INFO] [stdout]     |
[INFO] [stdout]     = note: similarly named attribute macro `derive_const` defined here
[INFO] [stdout] help: an attribute macro with a similar name exists
[INFO] [stdout]     |
[INFO] [stdout] 527 - #[derive_bound(Num; T: Num)]
[INFO] [stdout] 527 + #[derive_const(Num; T: Num)]
[INFO] [stdout]     |
[INFO] [stdout] 
[INFO] [stdout] error: aborting due to 3 previous errors
[INFO] [stdout] 
[INFO] [stdout] For more information about this error, try `rustc --explain E0432`.
[INFO] [stdout] Couldn't compile the test.
[INFO] [stdout] ---- src/lib.rs - internal_num (line 659) stdout ----
[INFO] [stdout] error[E0432]: unresolved import `newnum`
[INFO] [stdout]    --> src/lib.rs:660:5
[INFO] [stdout]     |
[INFO] [stdout] 660 | use newnum::*;
[INFO] [stdout]     |     ^^^^^^ use of unresolved module or unlinked crate `newnum`
[INFO] [stdout]     |
[INFO] [stdout]     = help: if you wanted to use a crate named `newnum`, use `cargo add newnum` to add it to your `Cargo.toml`
[INFO] [stdout] 
[INFO] [stdout] error: cannot find macro `num` in this scope
[INFO] [stdout]    --> src/lib.rs:665:16
[INFO] [stdout]     |
[INFO] [stdout] 665 |      *value += num!(1000)
[INFO] [stdout]     |                ^^^
[INFO] [stdout] 
[INFO] [stdout] error: aborting due to 2 previous errors
[INFO] [stdout] 
[INFO] [stdout] For more information about this error, try `rustc --explain E0432`.
[INFO] [stdout] Couldn't compile the test.
[INFO] [stdout] ---- src/lib.rs - ahyper_derive_macro (line 489) stdout ----
[INFO] [stdout] error[E0432]: unresolved import `newnum`
[INFO] [stdout]    --> src/lib.rs:490:5
[INFO] [stdout]     |
[INFO] [stdout] 490 | use newnum::*;
[INFO] [stdout]     |     ^^^^^^ use of unresolved module or unlinked crate `newnum`
[INFO] [stdout]     |
[INFO] [stdout]     = help: if you wanted to use a crate named `newnum`, use `cargo add newnum` to add it to your `Cargo.toml`
[INFO] [stdout] 
[INFO] [stdout] error: cannot find derive macro `AHyper` in this scope
[INFO] [stdout]    --> src/lib.rs:492:10
[INFO] [stdout]     |
[INFO] [stdout] 492 | #[derive(AHyper)]
[INFO] [stdout]     |          ^^^^^^
[INFO] [stdout] 
[INFO] [stdout] error: cannot find attribute `derive_bound` in this scope
[INFO] [stdout]    --> src/lib.rs:493:3
[INFO] [stdout]     |
[INFO] [stdout] 493 | #[derive_bound(AHyper; T: AHyper)]
[INFO] [stdout]     |   ^^^^^^^^^^^^
[INFO] [stdout]     |
[INFO] [stdout]    --> /rustc/dfb0accb7f508ae8be965d8629557221c889dd98/library/core/src/macros/mod.rs:1789:4
[INFO] [stdout]     |
[INFO] [stdout]     = note: similarly named attribute macro `derive_const` defined here
[INFO] [stdout] help: an attribute macro with a similar name exists
[INFO] [stdout]     |
[INFO] [stdout] 493 - #[derive_bound(AHyper; T: AHyper)]
[INFO] [stdout] 493 + #[derive_const(AHyper; T: AHyper)]
[INFO] [stdout]     |
[INFO] [stdout] 
[INFO] [stdout] error: aborting due to 3 previous errors
[INFO] [stdout] 
[INFO] [stdout] For more information about this error, try `rustc --explain E0432`.
[INFO] [stdout] Couldn't compile the test.
[INFO] [stdout] ---- src/lib.rs - internal_num_approx (line 706) stdout ----
[INFO] [stdout] error[E0432]: unresolved import `newnum`
[INFO] [stdout]    --> src/lib.rs:707:5
[INFO] [stdout]     |
[INFO] [stdout] 707 | use newnum::*;
[INFO] [stdout]     |     ^^^^^^ use of unresolved module or unlinked crate `newnum`
[INFO] [stdout]     |
[INFO] [stdout]     = help: if you wanted to use a crate named `newnum`, use `cargo add newnum` to add it to your `Cargo.toml`
[INFO] [stdout] 
[INFO] [stdout] error: cannot find macro `num_approx` in this scope
[INFO] [stdout]    --> src/lib.rs:712:16
[INFO] [stdout]     |
[INFO] [stdout] 712 |      *value += num_approx!(1000)
[INFO] [stdout]     |                ^^^^^^^^^^
[INFO] [stdout] 
[INFO] [stdout] error: aborting due to 2 previous errors
[INFO] [stdout] 
[INFO] [stdout] For more information about this error, try `rustc --explain E0432`.
[INFO] [stdout] Couldn't compile the test.
[INFO] [stdout] ---- src/lib.rs - abs_diff_derive_macro (line 134) stdout ----
[INFO] [stdout] error[E0432]: unresolved import `newnum`
[INFO] [stdout]    --> src/lib.rs:135:5
[INFO] [stdout]     |
[INFO] [stdout] 135 | use newnum::*;
[INFO] [stdout]     |     ^^^^^^ use of unresolved module or unlinked crate `newnum`
[INFO] [stdout]     |
[INFO] [stdout]     = help: if you wanted to use a crate named `newnum`, use `cargo add newnum` to add it to your `Cargo.toml`
[INFO] [stdout] 
[INFO] [stdout] error: cannot find derive macro `AbsDiff` in this scope
[INFO] [stdout]    --> src/lib.rs:137:10
[INFO] [stdout]     |
[INFO] [stdout] 137 | #[derive(AbsDiff)]
[INFO] [stdout]     |          ^^^^^^^
[INFO] [stdout] 
[INFO] [stdout] error: cannot find attribute `derive_bound` in this scope
[INFO] [stdout]    --> src/lib.rs:138:3
[INFO] [stdout]     |
[INFO] [stdout] 138 | #[derive_bound(AbsDiff; T: AbsDiff<Output = T>)]
[INFO] [stdout]     |   ^^^^^^^^^^^^
[INFO] [stdout]     |
[INFO] [stdout]    --> /rustc/dfb0accb7f508ae8be965d8629557221c889dd98/library/core/src/macros/mod.rs:1789:4
[INFO] [stdout]     |
[INFO] [stdout]     = note: similarly named attribute macro `derive_const` defined here
[INFO] [stdout] help: an attribute macro with a similar name exists
[INFO] [stdout]     |
[INFO] [stdout] 138 - #[derive_bound(AbsDiff; T: AbsDiff<Output = T>)]
[INFO] [stdout] 138 + #[derive_const(AbsDiff; T: AbsDiff<Output = T>)]
[INFO] [stdout]     |
[INFO] [stdout] 
[INFO] [stdout] error: aborting due to 3 previous errors
[INFO] [stdout] 
[INFO] [stdout] For more information about this error, try `rustc --explain E0432`.
[INFO] [stdout] Couldn't compile the test.
[INFO] [stdout] ---- src/lib.rs - atrig_derive_macro (line 431) stdout ----
[INFO] [stdout] error[E0432]: unresolved import `newnum`
[INFO] [stdout]    --> src/lib.rs:432:5
[INFO] [stdout]     |
[INFO] [stdout] 432 | use newnum::*;
[INFO] [stdout]     |     ^^^^^^ use of unresolved module or unlinked crate `newnum`
[INFO] [stdout]     |
[INFO] [stdout]     = help: if you wanted to use a crate named `newnum`, use `cargo add newnum` to add it to your `Cargo.toml`
[INFO] [stdout] 
[INFO] [stdout] error: cannot find derive macro `ATrig` in this scope
[INFO] [stdout]    --> src/lib.rs:434:10
[INFO] [stdout]     |
[INFO] [stdout] 434 | #[derive(ATrig)]
[INFO] [stdout]     |          ^^^^^
[INFO] [stdout] 
[INFO] [stdout] error: cannot find attribute `derive_bound` in this scope
[INFO] [stdout]    --> src/lib.rs:435:3
[INFO] [stdout]     |
[INFO] [stdout] 435 | #[derive_bound(ATrig; T: ATrig)]
[INFO] [stdout]     |   ^^^^^^^^^^^^
[INFO] [stdout]     |
[INFO] [stdout]    --> /rustc/dfb0accb7f508ae8be965d8629557221c889dd98/library/core/src/macros/mod.rs:1789:4
[INFO] [stdout]     |
[INFO] [stdout]     = note: similarly named attribute macro `derive_const` defined here
[INFO] [stdout] help: an attribute macro with a similar name exists
[INFO] [stdout]     |
[INFO] [stdout] 435 - #[derive_bound(ATrig; T: ATrig)]
[INFO] [stdout] 435 + #[derive_const(ATrig; T: ATrig)]
[INFO] [stdout]     |
[INFO] [stdout] 
[INFO] [stdout] error: aborting due to 3 previous errors
[INFO] [stdout] 
[INFO] [stdout] For more information about this error, try `rustc --explain E0432`.
[INFO] [stdout] Couldn't compile the test.
[INFO] [stdout] ---- src/lib.rs - root_derive_macro (line 365) stdout ----
[INFO] [stdout] error[E0432]: unresolved import `newnum`
[INFO] [stdout]    --> src/lib.rs:366:5
[INFO] [stdout]     |
[INFO] [stdout] 366 | use newnum::*;
[INFO] [stdout]     |     ^^^^^^ use of unresolved module or unlinked crate `newnum`
[INFO] [stdout]     |
[INFO] [stdout]     = help: if you wanted to use a crate named `newnum`, use `cargo add newnum` to add it to your `Cargo.toml`
[INFO] [stdout] 
[INFO] [stdout] error: cannot find derive macro `Root` in this scope
[INFO] [stdout]    --> src/lib.rs:368:10
[INFO] [stdout]     |
[INFO] [stdout] 368 | #[derive(Root)]
[INFO] [stdout]     |          ^^^^
[INFO] [stdout] 
[INFO] [stdout] error: cannot find attribute `derive_bound` in this scope
[INFO] [stdout]    --> src/lib.rs:369:3
[INFO] [stdout]     |
[INFO] [stdout] 369 | #[derive_bound(Root; T: Root)]
[INFO] [stdout]     |   ^^^^^^^^^^^^
[INFO] [stdout]     |
[INFO] [stdout]    --> /rustc/dfb0accb7f508ae8be965d8629557221c889dd98/library/core/src/macros/mod.rs:1789:4
[INFO] [stdout]     |
[INFO] [stdout]     = note: similarly named attribute macro `derive_const` defined here
[INFO] [stdout] help: an attribute macro with a similar name exists
[INFO] [stdout]     |
[INFO] [stdout] 369 - #[derive_bound(Root; T: Root)]
[INFO] [stdout] 369 + #[derive_const(Root; T: Root)]
[INFO] [stdout]     |
[INFO] [stdout] 
[INFO] [stdout] error: aborting due to 3 previous errors
[INFO] [stdout] 
[INFO] [stdout] For more information about this error, try `rustc --explain E0432`.
[INFO] [stdout] Couldn't compile the test.
[INFO] [stdout] ---- src/lib.rs - round_derive_macro (line 267) stdout ----
[INFO] [stdout] error[E0432]: unresolved import `newnum`
[INFO] [stdout]    --> src/lib.rs:268:5
[INFO] [stdout]     |
[INFO] [stdout] 268 | use newnum::*;
[INFO] [stdout]     |     ^^^^^^ use of unresolved module or unlinked crate `newnum`
[INFO] [stdout]     |
[INFO] [stdout]     = help: if you wanted to use a crate named `newnum`, use `cargo add newnum` to add it to your `Cargo.toml`
[INFO] [stdout] 
[INFO] [stdout] error: cannot find derive macro `Round` in this scope
[INFO] [stdout]    --> src/lib.rs:270:10
[INFO] [stdout]     |
[INFO] [stdout] 270 | #[derive(Round)]
[INFO] [stdout]     |          ^^^^^
[INFO] [stdout] 
[INFO] [stdout] error: cannot find attribute `derive_bound` in this scope
[INFO] [stdout]    --> src/lib.rs:271:3
[INFO] [stdout]     |
[INFO] [stdout] 271 | #[derive_bound(Round; T: Round)]
[INFO] [stdout]     |   ^^^^^^^^^^^^
[INFO] [stdout]     |
[INFO] [stdout]    --> /rustc/dfb0accb7f508ae8be965d8629557221c889dd98/library/core/src/macros/mod.rs:1789:4
[INFO] [stdout]     |
[INFO] [stdout]     = note: similarly named attribute macro `derive_const` defined here
[INFO] [stdout] help: an attribute macro with a similar name exists
[INFO] [stdout]     |
[INFO] [stdout] 271 - #[derive_bound(Round; T: Round)]
[INFO] [stdout] 271 + #[derive_const(Round; T: Round)]
[INFO] [stdout]     |
[INFO] [stdout] 
[INFO] [stdout] error: aborting due to 3 previous errors
[INFO] [stdout] 
[INFO] [stdout] For more information about this error, try `rustc --explain E0432`.
[INFO] [stdout] Couldn't compile the test.
[INFO] [stdout] ---- src/lib.rs - hyper_derive_macro (line 460) stdout ----
[INFO] [stdout] error[E0432]: unresolved import `newnum`
[INFO] [stdout]    --> src/lib.rs:461:5
[INFO] [stdout]     |
[INFO] [stdout] 461 | use newnum::*;
[INFO] [stdout]     |     ^^^^^^ use of unresolved module or unlinked crate `newnum`
[INFO] [stdout]     |
[INFO] [stdout]     = help: if you wanted to use a crate named `newnum`, use `cargo add newnum` to add it to your `Cargo.toml`
[INFO] [stdout] 
[INFO] [stdout] error: cannot find derive macro `Hyper` in this scope
[INFO] [stdout]    --> src/lib.rs:463:10
[INFO] [stdout]     |
[INFO] [stdout] 463 | #[derive(Hyper)]
[INFO] [stdout]     |          ^^^^^
[INFO] [stdout] 
[INFO] [stdout] error: cannot find attribute `derive_bound` in this scope
[INFO] [stdout]    --> src/lib.rs:464:3
[INFO] [stdout]     |
[INFO] [stdout] 464 | #[derive_bound(Hyper; T: Hyper)]
[INFO] [stdout]     |   ^^^^^^^^^^^^
[INFO] [stdout]     |
[INFO] [stdout]    --> /rustc/dfb0accb7f508ae8be965d8629557221c889dd98/library/core/src/macros/mod.rs:1789:4
[INFO] [stdout]     |
[INFO] [stdout]     = note: similarly named attribute macro `derive_const` defined here
[INFO] [stdout] help: an attribute macro with a similar name exists
[INFO] [stdout]     |
[INFO] [stdout] 464 - #[derive_bound(Hyper; T: Hyper)]
[INFO] [stdout] 464 + #[derive_const(Hyper; T: Hyper)]
[INFO] [stdout]     |
[INFO] [stdout] 
[INFO] [stdout] error: aborting due to 3 previous errors
[INFO] [stdout] 
[INFO] [stdout] For more information about this error, try `rustc --explain E0432`.
[INFO] [stdout] Couldn't compile the test.
[INFO] [stdout] ---- src/lib.rs - min_max_derive_macro (line 173) stdout ----
[INFO] [stdout] error[E0432]: unresolved import `newnum`
[INFO] [stdout]    --> src/lib.rs:174:5
[INFO] [stdout]     |
[INFO] [stdout] 174 | use newnum::*;
[INFO] [stdout]     |     ^^^^^^ use of unresolved module or unlinked crate `newnum`
[INFO] [stdout]     |
[INFO] [stdout]     = help: if you wanted to use a crate named `newnum`, use `cargo add newnum` to add it to your `Cargo.toml`
[INFO] [stdout] 
[INFO] [stdout] error: cannot find derive macro `MinMax` in this scope
[INFO] [stdout]    --> src/lib.rs:176:10
[INFO] [stdout]     |
[INFO] [stdout] 176 | #[derive(MinMax)]
[INFO] [stdout]     |          ^^^^^^
[INFO] [stdout] 
[INFO] [stdout] error: cannot find attribute `derive_bound` in this scope
[INFO] [stdout]    --> src/lib.rs:177:3
[INFO] [stdout]     |
[INFO] [stdout] 177 | #[derive_bound(MinMax; T: MinMax)]
[INFO] [stdout]     |   ^^^^^^^^^^^^
[INFO] [stdout]     |
[INFO] [stdout]    --> /rustc/dfb0accb7f508ae8be965d8629557221c889dd98/library/core/src/macros/mod.rs:1789:4
[INFO] [stdout]     |
[INFO] [stdout]     = note: similarly named attribute macro `derive_const` defined here
[INFO] [stdout] help: an attribute macro with a similar name exists
[INFO] [stdout]     |
[INFO] [stdout] 177 - #[derive_bound(MinMax; T: MinMax)]
[INFO] [stdout] 177 + #[derive_const(MinMax; T: MinMax)]
[INFO] [stdout]     |
[INFO] [stdout] 
[INFO] [stdout] error: aborting due to 3 previous errors
[INFO] [stdout] 
[INFO] [stdout] For more information about this error, try `rustc --explain E0432`.
[INFO] [stdout] Couldn't compile the test.
[INFO] [stdout] ---- src/lib.rs - type_max_derive_macro (line 233) stdout ----
[INFO] [stdout] error[E0432]: unresolved import `newnum`
[INFO] [stdout]    --> src/lib.rs:234:5
[INFO] [stdout]     |
[INFO] [stdout] 234 | use newnum::*;
[INFO] [stdout]     |     ^^^^^^ use of unresolved module or unlinked crate `newnum`
[INFO] [stdout]     |
[INFO] [stdout]     = help: if you wanted to use a crate named `newnum`, use `cargo add newnum` to add it to your `Cargo.toml`
[INFO] [stdout] 
[INFO] [stdout] error: cannot find derive macro `TypeMax` in this scope
[INFO] [stdout]    --> src/lib.rs:236:10
[INFO] [stdout]     |
[INFO] [stdout] 236 | #[derive(TypeMax)]
[INFO] [stdout]     |          ^^^^^^^
[INFO] [stdout] 
[INFO] [stdout] error: cannot find attribute `derive_bound` in this scope
[INFO] [stdout]    --> src/lib.rs:237:3
[INFO] [stdout]     |
[INFO] [stdout] 237 | #[derive_bound(TypeMax; T: TypeMax)]
[INFO] [stdout]     |   ^^^^^^^^^^^^
[INFO] [stdout]     |
[INFO] [stdout]    --> /rustc/dfb0accb7f508ae8be965d8629557221c889dd98/library/core/src/macros/mod.rs:1789:4
[INFO] [stdout]     |
[INFO] [stdout]     = note: similarly named attribute macro `derive_const` defined here
[INFO] [stdout] help: an attribute macro with a similar name exists
[INFO] [stdout]     |
[INFO] [stdout] 237 - #[derive_bound(TypeMax; T: TypeMax)]
[INFO] [stdout] 237 + #[derive_const(TypeMax; T: TypeMax)]
[INFO] [stdout]     |
[INFO] [stdout] 
[INFO] [stdout] error: aborting due to 3 previous errors
[INFO] [stdout] 
[INFO] [stdout] For more information about this error, try `rustc --explain E0432`.
[INFO] [stdout] Couldn't compile the test.
[INFO] [stdout] ---- src/lib.rs - trig_derive_macro (line 402) stdout ----
[INFO] [stdout] error[E0432]: unresolved import `newnum`
[INFO] [stdout]    --> src/lib.rs:403:5
[INFO] [stdout]     |
[INFO] [stdout] 403 | use newnum::*;
[INFO] [stdout]     |     ^^^^^^ use of unresolved module or unlinked crate `newnum`
[INFO] [stdout]     |
[INFO] [stdout]     = help: if you wanted to use a crate named `newnum`, use `cargo add newnum` to add it to your `Cargo.toml`
[INFO] [stdout] 
[INFO] [stdout] error: cannot find derive macro `Trig` in this scope
[INFO] [stdout]    --> src/lib.rs:405:10
[INFO] [stdout]     |
[INFO] [stdout] 405 | #[derive(Trig)]
[INFO] [stdout]     |          ^^^^
[INFO] [stdout] 
[INFO] [stdout] error: cannot find attribute `derive_bound` in this scope
[INFO] [stdout]    --> src/lib.rs:406:3
[INFO] [stdout]     |
[INFO] [stdout] 406 | #[derive_bound(Trig; T: Trig)]
[INFO] [stdout]     |   ^^^^^^^^^^^^
[INFO] [stdout]     |
[INFO] [stdout]    --> /rustc/dfb0accb7f508ae8be965d8629557221c889dd98/library/core/src/macros/mod.rs:1789:4
[INFO] [stdout]     |
[INFO] [stdout]     = note: similarly named attribute macro `derive_const` defined here
[INFO] [stdout] help: an attribute macro with a similar name exists
[INFO] [stdout]     |
[INFO] [stdout] 406 - #[derive_bound(Trig; T: Trig)]
[INFO] [stdout] 406 + #[derive_const(Trig; T: Trig)]
[INFO] [stdout]     |
[INFO] [stdout] 
[INFO] [stdout] error: aborting due to 3 previous errors
[INFO] [stdout] 
[INFO] [stdout] For more information about this error, try `rustc --explain E0432`.
[INFO] [stdout] Couldn't compile the test.
[INFO] [stdout] ---- src/lib.rs - type_min_derive_macro (line 207) stdout ----
[INFO] [stdout] error[E0432]: unresolved import `newnum`
[INFO] [stdout]    --> src/lib.rs:208:5
[INFO] [stdout]     |
[INFO] [stdout] 208 | use newnum::*;
[INFO] [stdout]     |     ^^^^^^ use of unresolved module or unlinked crate `newnum`
[INFO] [stdout]     |
[INFO] [stdout]     = help: if you wanted to use a crate named `newnum`, use `cargo add newnum` to add it to your `Cargo.toml`
[INFO] [stdout] 
[INFO] [stdout] error: cannot find derive macro `TypeMin` in this scope
[INFO] [stdout]    --> src/lib.rs:210:10
[INFO] [stdout]     |
[INFO] [stdout] 210 | #[derive(TypeMin)]
[INFO] [stdout]     |          ^^^^^^^
[INFO] [stdout] 
[INFO] [stdout] error: cannot find attribute `derive_bound` in this scope
[INFO] [stdout]    --> src/lib.rs:211:3
[INFO] [stdout]     |
[INFO] [stdout] 211 | #[derive_bound(TypeMin; T: TypeMin)]
[INFO] [stdout]     |   ^^^^^^^^^^^^
[INFO] [stdout]     |
[INFO] [stdout]    --> /rustc/dfb0accb7f508ae8be965d8629557221c889dd98/library/core/src/macros/mod.rs:1789:4
[INFO] [stdout]     |
[INFO] [stdout]     = note: similarly named attribute macro `derive_const` defined here
[INFO] [stdout] help: an attribute macro with a similar name exists
[INFO] [stdout]     |
[INFO] [stdout] 211 - #[derive_bound(TypeMin; T: TypeMin)]
[INFO] [stdout] 211 + #[derive_const(TypeMin; T: TypeMin)]
[INFO] [stdout]     |
[INFO] [stdout] 
[INFO] [stdout] error: aborting due to 3 previous errors
[INFO] [stdout] 
[INFO] [stdout] For more information about this error, try `rustc --explain E0432`.
[INFO] [stdout] Couldn't compile the test.
[INFO] [stdout] ---- src/lib.rs - trunc_root_derive_macro (line 337) stdout ----
[INFO] [stdout] error[E0432]: unresolved import `newnum`
[INFO] [stdout]    --> src/lib.rs:338:5
[INFO] [stdout]     |
[INFO] [stdout] 338 | use newnum::*;
[INFO] [stdout]     |     ^^^^^^ use of unresolved module or unlinked crate `newnum`
[INFO] [stdout]     |
[INFO] [stdout]     = help: if you wanted to use a crate named `newnum`, use `cargo add newnum` to add it to your `Cargo.toml`
[INFO] [stdout] 
[INFO] [stdout] error: cannot find derive macro `TruncRoot` in this scope
[INFO] [stdout]    --> src/lib.rs:340:10
[INFO] [stdout]     |
[INFO] [stdout] 340 | #[derive(TruncRoot)]
[INFO] [stdout]     |          ^^^^^^^^^
[INFO] [stdout] 
[INFO] [stdout] error: cannot find attribute `derive_bound` in this scope
[INFO] [stdout]    --> src/lib.rs:341:3
[INFO] [stdout]     |
[INFO] [stdout] 341 | #[derive_bound(TruncRoot; T: TruncRoot)]
[INFO] [stdout]     |   ^^^^^^^^^^^^
[INFO] [stdout]     |
[INFO] [stdout]    --> /rustc/dfb0accb7f508ae8be965d8629557221c889dd98/library/core/src/macros/mod.rs:1789:4
[INFO] [stdout]     |
[INFO] [stdout]     = note: similarly named attribute macro `derive_const` defined here
[INFO] [stdout] help: an attribute macro with a similar name exists
[INFO] [stdout]     |
[INFO] [stdout] 341 - #[derive_bound(TruncRoot; T: TruncRoot)]
[INFO] [stdout] 341 + #[derive_const(TruncRoot; T: TruncRoot)]
[INFO] [stdout]     |
[INFO] [stdout] 
[INFO] [stdout] error: aborting due to 3 previous errors
[INFO] [stdout] 
[INFO] [stdout] For more information about this error, try `rustc --explain E0432`.
[INFO] [stdout] Couldn't compile the test.
[INFO] [stdout] ---- src/lib.rs - signed_derive_macro (line 42) stdout ----
[INFO] [stdout] error[E0432]: unresolved import `newnum`
[INFO] [stdout]   --> src/lib.rs:43:5
[INFO] [stdout]    |
[INFO] [stdout] 43 | use newnum::*;
[INFO] [stdout]    |     ^^^^^^ use of unresolved module or unlinked crate `newnum`
[INFO] [stdout]    |
[INFO] [stdout]    = help: if you wanted to use a crate named `newnum`, use `cargo add newnum` to add it to your `Cargo.toml`
[INFO] [stdout] 
[INFO] [stdout] error: cannot find derive macro `Signed` in this scope
[INFO] [stdout]   --> src/lib.rs:45:10
[INFO] [stdout]    |
[INFO] [stdout] 45 | #[derive(Signed)]
[INFO] [stdout]    |          ^^^^^^
[INFO] [stdout] 
[INFO] [stdout] error: cannot find attribute `derive_bound` in this scope
[INFO] [stdout]   --> src/lib.rs:46:3
[INFO] [stdout]    |
[INFO] [stdout] 46 | #[derive_bound(Signed; T: Signed)]
[INFO] [stdout]    |   ^^^^^^^^^^^^
[INFO] [stdout]    |
[INFO] [stdout]   --> /rustc/dfb0accb7f508ae8be965d8629557221c889dd98/library/core/src/macros/mod.rs:1789:4
[INFO] [stdout]    |
[INFO] [stdout]    = note: similarly named attribute macro `derive_const` defined here
[INFO] [stdout] help: an attribute macro with a similar name exists
[INFO] [stdout]    |
[INFO] [stdout] 46 - #[derive_bound(Signed; T: Signed)]
[INFO] [stdout] 46 + #[derive_const(Signed; T: Signed)]
[INFO] [stdout]    |
[INFO] [stdout] 
[INFO] [stdout] error: aborting due to 3 previous errors
[INFO] [stdout] 
[INFO] [stdout] For more information about this error, try `rustc --explain E0432`.
[INFO] [stdout] Couldn't compile the test.
[INFO] [stdout] ---- src/lib.rs - whole_derive_macro (line 300) stdout ----
[INFO] [stdout] error[E0432]: unresolved import `newnum`
[INFO] [stdout]    --> src/lib.rs:301:5
[INFO] [stdout]     |
[INFO] [stdout] 301 | use newnum::*;
[INFO] [stdout]     |     ^^^^^^ use of unresolved module or unlinked crate `newnum`
[INFO] [stdout]     |
[INFO] [stdout]     = help: if you wanted to use a crate named `newnum`, use `cargo add newnum` to add it to your `Cargo.toml`
[INFO] [stdout] 
[INFO] [stdout] error: cannot find derive macro `Whole` in this scope
[INFO] [stdout]    --> src/lib.rs:303:10
[INFO] [stdout]     |
[INFO] [stdout] 303 | #[derive(Whole, Round)]
[INFO] [stdout]     |          ^^^^^
[INFO] [stdout] 
[INFO] [stdout] error: cannot find derive macro `Round` in this scope
[INFO] [stdout]    --> src/lib.rs:303:17
[INFO] [stdout]     |
[INFO] [stdout] 303 | #[derive(Whole, Round)]
[INFO] [stdout]     |                 ^^^^^
[INFO] [stdout] 
[INFO] [stdout] error: cannot find attribute `derive_bound` in this scope
[INFO] [stdout]    --> src/lib.rs:304:3
[INFO] [stdout]     |
[INFO] [stdout] 304 | #[derive_bound(Whole; T: Whole)]
[INFO] [stdout]     |   ^^^^^^^^^^^^
[INFO] [stdout]     |
[INFO] [stdout]    --> /rustc/dfb0accb7f508ae8be965d8629557221c889dd98/library/core/src/macros/mod.rs:1789:4
[INFO] [stdout]     |
[INFO] [stdout]     = note: similarly named attribute macro `derive_const` defined here
[INFO] [stdout] help: an attribute macro with a similar name exists
[INFO] [stdout]     |
[INFO] [stdout] 304 - #[derive_bound(Whole; T: Whole)]
[INFO] [stdout] 304 + #[derive_const(Whole; T: Whole)]
[INFO] [stdout]     |
[INFO] [stdout] 
[INFO] [stdout] error: cannot find attribute `derive_bound` in this scope
[INFO] [stdout]    --> src/lib.rs:305:3
[INFO] [stdout]     |
[INFO] [stdout] 305 | #[derive_bound(Round; T: Round)]
[INFO] [stdout]     |   ^^^^^^^^^^^^
[INFO] [stdout]     |
[INFO] [stdout]    --> /rustc/dfb0accb7f508ae8be965d8629557221c889dd98/library/core/src/macros/mod.rs:1789:4
[INFO] [stdout]     |
[INFO] [stdout]     = note: similarly named attribute macro `derive_const` defined here
[INFO] [stdout] help: an attribute macro with a similar name exists
[INFO] [stdout]     |
[INFO] [stdout] 305 - #[derive_bound(Round; T: Round)]
[INFO] [stdout] 305 + #[derive_const(Round; T: Round)]
[INFO] [stdout]     |
[INFO] [stdout] 
[INFO] [stdout] error: aborting due to 5 previous errors
[INFO] [stdout] 
[INFO] [stdout] For more information about this error, try `rustc --explain E0432`.
[INFO] [stdout] Couldn't compile the test.
[INFO] [stdout] 
[INFO] [stdout] failures:
[INFO] [stdout]     src/lib.rs - abs_diff_derive_macro (line 134)
[INFO] [stdout]     src/lib.rs - ahyper_derive_macro (line 489)
[INFO] [stdout]     src/lib.rs - atrig_derive_macro (line 431)
[INFO] [stdout]     src/lib.rs - hyper_derive_macro (line 460)
[INFO] [stdout]     src/lib.rs - internal_num (line 644)
[INFO] [stdout]     src/lib.rs - internal_num (line 659)
[INFO] [stdout]     src/lib.rs - internal_num_approx (line 691)
[INFO] [stdout]     src/lib.rs - internal_num_approx (line 706)
[INFO] [stdout]     src/lib.rs - min_max_derive_macro (line 173)
[INFO] [stdout]     src/lib.rs - num (line 553)
[INFO] [stdout]     src/lib.rs - num (line 568)
[INFO] [stdout]     src/lib.rs - num_approx (line 598)
[INFO] [stdout]     src/lib.rs - num_approx (line 613)
[INFO] [stdout]     src/lib.rs - num_derive_macro (line 523)
[INFO] [stdout]     src/lib.rs - root_derive_macro (line 365)
[INFO] [stdout]     src/lib.rs - round_derive_macro (line 267)
[INFO] [stdout]     src/lib.rs - signed_derive_macro (line 42)
[INFO] [stdout]     src/lib.rs - trig_derive_macro (line 402)
[INFO] [stdout]     src/lib.rs - trunc_root_derive_macro (line 337)
[INFO] [stdout]     src/lib.rs - type_max_derive_macro (line 233)
[INFO] [stdout]     src/lib.rs - type_min_derive_macro (line 207)
[INFO] [stdout]     src/lib.rs - whole_derive_macro (line 300)
[INFO] [stdout] 
[INFO] [stdout] test result: FAILED. 0 passed; 22 failed; 0 ignored; 0 measured; 0 filtered out; finished in 0.14s
[INFO] [stdout] 
[INFO] [stderr] error: doctest failed, to rerun pass `--doc`
[INFO] running `Command { std: "docker" "inspect" "1312549322a7beff0f3b95c469a271d2c4388179a911641c9af77c42e0881436", kill_on_drop: false }`
[INFO] running `Command { std: "docker" "rm" "-f" "1312549322a7beff0f3b95c469a271d2c4388179a911641c9af77c42e0881436", kill_on_drop: false }`
[INFO] [stdout] 1312549322a7beff0f3b95c469a271d2c4388179a911641c9af77c42e0881436
