[INFO] fetching crate neural-dynamics 0.1.0...
[INFO] testing neural-dynamics-0.1.0 against 1.100.0-beta.1+cargoflags=--release for beta-release-1.100-2
[INFO] extracting crate neural-dynamics 0.1.0 into /workspace/builds/worker-1-tc2/source
[INFO] started tweaking crates.io crate neural-dynamics 0.1.0
[INFO] finished tweaking crates.io crate neural-dynamics 0.1.0
[INFO] tweaked toml for crates.io crate neural-dynamics 0.1.0 written to /workspace/builds/worker-1-tc2/source/Cargo.toml
[INFO] validating manifest of crates.io crate neural-dynamics 0.1.0 on toolchain 1.100.0-beta.1
[INFO] running `Command { std: CARGO_HOME="/workspace/cargo-home" RUSTUP_HOME="/workspace/rustup-home" "/workspace/cargo-home/bin/cargo" "+1.100.0-beta.1" "metadata" "--manifest-path" "Cargo.toml" "--no-deps", kill_on_drop: false }`
[INFO] crate crates.io crate neural-dynamics 0.1.0 already has a lockfile, it will not be regenerated
[INFO] running `Command { std: CARGO_HOME="/workspace/cargo-home" RUSTUP_HOME="/workspace/rustup-home" "/workspace/cargo-home/bin/cargo" "+1.100.0-beta.1" "fetch" "--manifest-path" "Cargo.toml", kill_on_drop: false }`
[INFO] running `Command { std: "docker" "create" "-v" "/var/lib/crater-agent-workspace/builds/worker-1-tc2/source:/opt/rustwide/workdir:ro,Z" "-v" "/var/lib/crater-agent-workspace/builds/worker-1-tc2/target:/opt/rustwide/target:rw,Z" "-v" "/var/lib/crater-agent-workspace/cargo-home:/opt/rustwide/cargo-home:ro,Z" "-v" "/var/lib/crater-agent-workspace/rustup-home:/opt/rustwide/rustup-home:ro,Z" "-m" "1610612736" "--network" "none" "ghcr.io/rust-lang/crates-build-env/linux@sha256:77db811e55d90add9212f6832c23229e3de5f1c1f9905e8cb07319ea15df73ac" "sleep" "infinity", kill_on_drop: false }`
[INFO] [stdout] 8cd3cb08e006010664a53e771781a2a35d5648a112fd2bda7c00805332dc0bc4
[INFO] running `Command { std: "docker" "start" "8cd3cb08e006010664a53e771781a2a35d5648a112fd2bda7c00805332dc0bc4", kill_on_drop: false }`
[INFO] running `Command { std: "docker" "inspect" "8cd3cb08e006010664a53e771781a2a35d5648a112fd2bda7c00805332dc0bc4", kill_on_drop: false }`
[INFO] running `Command { std: "docker" "exec" "-e" "SOURCE_DIR=/opt/rustwide/workdir" "-e" "CARGO_HOME=/opt/rustwide/cargo-home" "-e" "RUSTUP_HOME=/opt/rustwide/rustup-home" "-e" "CARGO_TARGET_DIR=/opt/rustwide/target" "-w" "/opt/rustwide/workdir" "--user" "0:0" "8cd3cb08e006010664a53e771781a2a35d5648a112fd2bda7c00805332dc0bc4" "/opt/rustwide/cargo-home/bin/cargo" "+1.100.0-beta.1" "metadata" "--no-deps" "--format-version=1", kill_on_drop: false }`
[INFO] running `Command { std: "docker" "inspect" "8cd3cb08e006010664a53e771781a2a35d5648a112fd2bda7c00805332dc0bc4", kill_on_drop: false }`
[INFO] running `Command { std: "docker" "exec" "-e" "SOURCE_DIR=/opt/rustwide/workdir" "-e" "CARGO_HOME=/opt/rustwide/cargo-home" "-e" "RUSTUP_HOME=/opt/rustwide/rustup-home" "-e" "CARGO_TARGET_DIR=/opt/rustwide/target" "-e" "CARGO_INCREMENTAL=0" "-e" "RUST_BACKTRACE=full" "-e" "RUSTFLAGS=--cap-lints=warn" "-e" "RUSTDOCFLAGS=--cap-lints=warn" "-w" "/opt/rustwide/workdir" "--user" "0:0" "8cd3cb08e006010664a53e771781a2a35d5648a112fd2bda7c00805332dc0bc4" "/opt/rustwide/cargo-home/bin/cargo" "+1.100.0-beta.1" "build" "--frozen" "--message-format=json" "--release", kill_on_drop: false }`
[INFO] [stderr]    Compiling num-traits v0.2.19
[INFO] [stderr]    Compiling zerocopy v0.8.27
[INFO] [stderr]    Compiling bytemuck v1.24.0
[INFO] [stderr]    Compiling matrixmultiply v0.3.10
[INFO] [stderr]    Compiling syn v2.0.110
[INFO] [stderr]    Compiling hashbrown v0.16.0
[INFO] [stderr]    Compiling serde_json v1.0.145
[INFO] [stderr]    Compiling crossbeam-queue v0.3.12
[INFO] [stderr]    Compiling crossbeam-channel v0.5.15
[INFO] [stderr]    Compiling safe_arch v0.7.4
[INFO] [stderr]    Compiling wide v0.7.33
[INFO] [stderr]    Compiling indexmap v2.12.0
[INFO] [stderr]    Compiling num-complex v0.4.6
[INFO] [stderr]    Compiling approx v0.5.1
[INFO] [stderr]    Compiling num-integer v0.1.46
[INFO] [stderr]    Compiling fixedbitset v0.4.2
[INFO] [stderr]    Compiling num-rational v0.4.2
[INFO] [stderr]    Compiling ndarray v0.16.1
[INFO] [stderr]    Compiling petgraph v0.6.5
[INFO] [stderr]    Compiling ppv-lite86 v0.2.21
[INFO] [stderr]    Compiling crossbeam v0.8.4
[INFO] [stderr]    Compiling rand_chacha v0.3.1
[INFO] [stderr]    Compiling rand v0.8.5
[INFO] [stderr]    Compiling simba v0.9.1
[INFO] [stderr]    Compiling simba v0.8.1
[INFO] [stderr]    Compiling nalgebra-macros v0.2.2
[INFO] [stderr]    Compiling thiserror-impl v1.0.69
[INFO] [stderr]    Compiling serde_derive v1.0.228
[INFO] [stderr]    Compiling rand_distr v0.4.3
[INFO] [stderr]    Compiling thiserror v1.0.69
[INFO] [stderr]    Compiling serde v1.0.228
[INFO] [stderr]    Compiling nalgebra v0.32.6
[INFO] [stderr]    Compiling nalgebra v0.33.2
[INFO] [stderr]    Compiling statrs v0.17.1
[INFO] [stderr]    Compiling synapse-models v0.1.0
[INFO] [stderr]    Compiling hodgkin-huxley v0.1.0
[INFO] [stderr]    Compiling neural-dynamics v0.1.0 (/opt/rustwide/workdir)
[INFO] [stderr] warning: unused dependency `anyhow`
[INFO] [stderr]  --> Cargo.toml:1:15
[INFO] [stderr]   |
[INFO] [stderr] 1 | [dependencies.anyhow]
[INFO] [stderr]   |               ^^^^^^^
[INFO] [stderr]   |
[INFO] [stderr]   = note: `cargo::unused_dependencies` is set to `warn` by default
[INFO] [stderr] help: consider removing the dependency on `anyhow`
[INFO] [stderr] warning: unused dependency `crossbeam`
[INFO] [stderr]  --> Cargo.toml:4:15
[INFO] [stderr]   |
[INFO] [stderr] 4 | [dependencies.crossbeam]
[INFO] [stderr]   |               ^^^^^^^^^^
[INFO] [stderr]   |
[INFO] [stderr] help: consider removing the dependency on `crossbeam`
[INFO] [stderr] warning: `neural-dynamics` (manifest) generated 2 warnings
[INFO] [stderr]     Finished `release` profile [optimized] target(s) in 53.21s
[INFO] running `Command { std: "docker" "inspect" "8cd3cb08e006010664a53e771781a2a35d5648a112fd2bda7c00805332dc0bc4", kill_on_drop: false }`
[INFO] running `Command { std: "docker" "exec" "-e" "SOURCE_DIR=/opt/rustwide/workdir" "-e" "CARGO_HOME=/opt/rustwide/cargo-home" "-e" "RUSTUP_HOME=/opt/rustwide/rustup-home" "-e" "CARGO_TARGET_DIR=/opt/rustwide/target" "-e" "CARGO_INCREMENTAL=0" "-e" "RUST_BACKTRACE=full" "-e" "RUSTFLAGS=--cap-lints=warn" "-e" "RUSTDOCFLAGS=--cap-lints=warn" "-w" "/opt/rustwide/workdir" "--user" "0:0" "8cd3cb08e006010664a53e771781a2a35d5648a112fd2bda7c00805332dc0bc4" "/opt/rustwide/cargo-home/bin/cargo" "+1.100.0-beta.1" "test" "--frozen" "--no-run" "--message-format=json" "--release", kill_on_drop: false }`
[INFO] [stderr]    Compiling zerocopy-derive v0.8.27
[INFO] [stderr]    Compiling serde v1.0.228
[INFO] [stderr]    Compiling clap_builder v4.5.51
[INFO] [stderr]    Compiling ndarray v0.16.1
[INFO] [stderr]    Compiling plotters v0.3.7
[INFO] [stderr]    Compiling tinytemplate v1.2.1
[INFO] [stderr]    Compiling zerocopy v0.8.27
[INFO] [stderr]    Compiling clap v4.5.51
[INFO] [stderr]    Compiling ppv-lite86 v0.2.21
[INFO] [stderr]    Compiling rand_chacha v0.3.1
[INFO] [stderr]    Compiling half v2.7.1
[INFO] [stderr]    Compiling rand_chacha v0.9.0
[INFO] [stderr]    Compiling ciborium-ll v0.2.2
[INFO] [stderr]    Compiling proptest v1.9.0
[INFO] [stderr]    Compiling rand v0.8.5
[INFO] [stderr]    Compiling ciborium v0.2.2
[INFO] [stderr]    Compiling criterion v0.5.1
[INFO] [stderr]    Compiling rand_distr v0.4.3
[INFO] [stderr]    Compiling synapse-models v0.1.0
[INFO] [stderr]    Compiling nalgebra v0.32.6
[INFO] [stderr]    Compiling statrs v0.17.1
[INFO] [stderr]    Compiling hodgkin-huxley v0.1.0
[INFO] [stderr]    Compiling neural-dynamics v0.1.0 (/opt/rustwide/workdir)
[INFO] [stdout] warning: unused import: `approx::assert_relative_eq`
[INFO] [stdout]    --> src/mean_field.rs:299:9
[INFO] [stdout]     |
[INFO] [stdout] 299 |     use approx::assert_relative_eq;
[INFO] [stdout]     |         ^^^^^^^^^^^^^^^^^^^^^^^^^^
[INFO] [stdout]     |
[INFO] [stdout]     = note: `#[warn(unused_imports)]` (part of `#[warn(unused)]`) on by default
[INFO] [stdout] 
[INFO] [stdout] 
[INFO] [stdout] warning: unused import: `approx::assert_relative_eq`
[INFO] [stdout]    --> src/population.rs:409:9
[INFO] [stdout]     |
[INFO] [stdout] 409 |     use approx::assert_relative_eq;
[INFO] [stdout]     |         ^^^^^^^^^^^^^^^^^^^^^^^^^^
[INFO] [stdout] 
[INFO] [stdout] 
[INFO] [stdout] warning: variable does not need to be mutable
[INFO] [stdout]    --> src/population.rs:492:13
[INFO] [stdout]     |
[INFO] [stdout] 492 |         let mut pop = NeuralPopulation::excitatory("E", 5).unwrap();
[INFO] [stdout]     |             ----^^^
[INFO] [stdout]     |             |
[INFO] [stdout]     |             help: remove this `mut`
[INFO] [stdout]     |
[INFO] [stdout]     = note: `#[warn(unused_mut)]` (part of `#[warn(unused)]`) on by default
[INFO] [stdout] 
[INFO] [stdout] 
[INFO] [stdout] warning: unused variable: `currents`
[INFO] [stdout]    --> src/projection.rs:446:13
[INFO] [stdout]     |
[INFO] [stdout] 446 |         let currents = proj.process_spikes(2.5, &voltages, 0.1).unwrap();
[INFO] [stdout]     |             ^^^^^^^^ help: if this is intentional, prefix it with an underscore: `_currents`
[INFO] [stdout]     |
[INFO] [stdout]     = note: `#[warn(unused_variables)]` (part of `#[warn(unused)]`) on by default
[INFO] [stdout] 
[INFO] [stdout] 
[INFO] [stderr] warning: unused dependency `anyhow`
[INFO] [stderr]  --> Cargo.toml:1:15
[INFO] [stderr]   |
[INFO] [stderr] 1 | [dependencies.anyhow]
[INFO] [stderr]   |               ^^^^^^^
[INFO] [stderr]   |
[INFO] [stderr]   = note: `cargo::unused_dependencies` is set to `warn` by default
[INFO] [stderr] help: consider removing the dependency on `anyhow`
[INFO] [stderr] warning: unused dependency `crossbeam`
[INFO] [stderr]  --> Cargo.toml:4:15
[INFO] [stderr]   |
[INFO] [stderr] 4 | [dependencies.crossbeam]
[INFO] [stderr]   |               ^^^^^^^^^^
[INFO] [stderr]   |
[INFO] [stderr] help: consider removing the dependency on `crossbeam`
[INFO] [stderr] warning: `neural-dynamics` (manifest) generated 2 warnings
[INFO] [stderr]     Finished `release` profile [optimized] target(s) in 57.59s
[INFO] running `Command { std: "docker" "inspect" "8cd3cb08e006010664a53e771781a2a35d5648a112fd2bda7c00805332dc0bc4", kill_on_drop: false }`
[INFO] running `Command { std: "docker" "exec" "-e" "SOURCE_DIR=/opt/rustwide/workdir" "-e" "CARGO_HOME=/opt/rustwide/cargo-home" "-e" "RUSTUP_HOME=/opt/rustwide/rustup-home" "-e" "CARGO_TARGET_DIR=/opt/rustwide/target" "-e" "CARGO_INCREMENTAL=0" "-e" "RUST_BACKTRACE=full" "-e" "RUSTFLAGS=--cap-lints=warn" "-e" "RUSTDOCFLAGS=--cap-lints=warn" "-w" "/opt/rustwide/workdir" "--user" "0:0" "8cd3cb08e006010664a53e771781a2a35d5648a112fd2bda7c00805332dc0bc4" "/opt/rustwide/cargo-home/bin/cargo" "+1.100.0-beta.1" "test" "--frozen" "--release", kill_on_drop: false }`
[INFO] [stderr] warning: unused import: `approx::assert_relative_eq`
[INFO] [stderr]    --> src/mean_field.rs:299:9
[INFO] [stderr]     |
[INFO] [stderr] 299 |     use approx::assert_relative_eq;
[INFO] [stderr]     |         ^^^^^^^^^^^^^^^^^^^^^^^^^^
[INFO] [stderr]     |
[INFO] [stderr]     = note: `#[warn(unused_imports)]` (part of `#[warn(unused)]`) on by default
[INFO] [stderr] 
[INFO] [stderr] warning: unused import: `approx::assert_relative_eq`
[INFO] [stderr]    --> src/population.rs:409:9
[INFO] [stderr]     |
[INFO] [stdout] 
[INFO] [stderr] 409 |     use approx::assert_relative_eq;
[INFO] [stdout] running 75 tests
[INFO] [stderr]     |         ^^^^^^^^^^^^^^^^^^^^^^^^^^
[INFO] [stderr] 
[INFO] [stderr] warning: variable does not need to be mutable
[INFO] [stderr]    --> src/population.rs:492:13
[INFO] [stderr]     |
[INFO] [stderr] 492 |         let mut pop = NeuralPopulation::excitatory("E", 5).unwrap();
[INFO] [stderr]     |             ----^^^
[INFO] [stderr]     |             |
[INFO] [stderr]     |             help: remove this `mut`
[INFO] [stderr]     |
[INFO] [stderr]     = note: `#[warn(unused_mut)]` (part of `#[warn(unused)]`) on by default
[INFO] [stderr] 
[INFO] [stderr] warning: unused variable: `currents`
[INFO] [stderr]    --> src/projection.rs:446:13
[INFO] [stderr]     |
[INFO] [stderr] 446 |         let currents = proj.process_spikes(2.5, &voltages, 0.1).unwrap();
[INFO] [stderr]     |             ^^^^^^^^ help: if this is intentional, prefix it with an underscore: `_currents`
[INFO] [stderr]     |
[INFO] [stderr]     = note: `#[warn(unused_variables)]` (part of `#[warn(unused)]`) on by default
[INFO] [stderr] 
[INFO] [stderr] warning: `neural-dynamics` (lib test) generated 4 warnings (run `cargo fix --lib -p neural-dynamics --tests` to apply 4 suggestions)
[INFO] [stderr] warning: unused dependency `anyhow`
[INFO] [stderr]  --> Cargo.toml:1:15
[INFO] [stderr]   |
[INFO] [stderr] 1 | [dependencies.anyhow]
[INFO] [stderr]   |               ^^^^^^^
[INFO] [stderr]   |
[INFO] [stderr]   = note: `cargo::unused_dependencies` is set to `warn` by default
[INFO] [stderr] help: consider removing the dependency on `anyhow`
[INFO] [stderr] warning: unused dependency `crossbeam`
[INFO] [stderr]  --> Cargo.toml:4:15
[INFO] [stderr]   |
[INFO] [stderr] 4 | [dependencies.crossbeam]
[INFO] [stderr]   |               ^^^^^^^^^^
[INFO] [stderr]   |
[INFO] [stderr] help: consider removing the dependency on `crossbeam`
[INFO] [stderr] warning: `neural-dynamics` (manifest) generated 2 warnings
[INFO] [stderr]     Finished `release` profile [optimized] target(s) in 0.15s
[INFO] [stderr]      Running unittests src/lib.rs (/opt/rustwide/target/release/build/neural-dynamics/c77aa76f68eb326c/out/neural_dynamics-c77aa76f68eb326c)
[INFO] [stdout] test analysis::tests::test_population_firing_rate ... ok
[INFO] [stdout] test connectivity::tests::test_all_to_all ... ok
[INFO] [stdout] test analysis::tests::test_branching_parameter ... ok
[INFO] [stdout] test connectivity::tests::test_connection_pattern_generate ... ok
[INFO] [stdout] test analysis::tests::test_avalanche_stats ... ok
[INFO] [stdout] test analysis::tests::test_cross_correlation ... ok
[INFO] [stdout] test connectivity::tests::test_gaussian_connections ... ok
[INFO] [stdout] test analysis::tests::test_cv_isi ... FAILED
[INFO] [stdout] test connectivity::tests::test_fixed_number ... ok
[INFO] [stdout] test connectivity::tests::test_one_to_one ... ok
[INFO] [stdout] test connectivity::tests::test_scale_free ... ok
[INFO] [stdout] test connectivity::tests::test_small_world ... ok
[INFO] [stdout] test connectivity::tests::test_network_statistics ... ok
[INFO] [stdout] test error::tests::test_error_conversions ... ok
[INFO] [stdout] test error::tests::test_error_display ... ok
[INFO] [stdout] test analysis::tests::test_kuramoto_order_parameter ... ok
[INFO] [stdout] test integration_tests::test_kuramoto_synchrony ... ok
[INFO] [stdout] test connectivity::tests::test_fixed_probability ... ok
[INFO] [stdout] test analysis::tests::test_detect_avalanches ... ok
[INFO] [stdout] test integration_tests::test_ei_network ... FAILED
[INFO] [stdout] test integration_tests::test_wilson_cowan_integration ... ok
[INFO] [stdout] test mean_field::tests::test_fixed_point_finding ... FAILED
[INFO] [stdout] test integration_tests::test_small_network_simulation ... FAILED
[INFO] [stdout] test integration_tests::test_avalanche_detection_in_network ... FAILED
[INFO] [stdout] test integration_tests::test_branching_parameter ... ok
[INFO] [stdout] test integration_tests::test_connectivity_patterns ... ok
[INFO] [stdout] test integration_tests::test_population_rate_calculation ... ok
[INFO] [stdout] test integration_tests::test_synchrony_emergence ... FAILED
[INFO] [stdout] test mean_field::tests::test_jacobian ... ok
[INFO] [stdout] test mean_field::tests::test_population_rate_model ... ok
[INFO] [stdout] test mean_field::tests::test_stability_analysis ... ok
[INFO] [stdout] test mean_field::tests::test_wilson_cowan_creation ... ok
[INFO] [stdout] test mean_field::tests::test_transfer_function ... ok
[INFO] [stdout] test mean_field::tests::test_wilson_cowan_simulation ... ok
[INFO] [stdout] test mean_field::tests::test_wilson_cowan_step ... ok
[INFO] [stdout] test network::tests::test_add_population ... ok
[INFO] [stdout] test network::tests::test_network_builder ... ok
[INFO] [stdout] test network::tests::test_network_builder_with_connections ... ok
[INFO] [stdout] test network::tests::test_network_creation ... ok
[INFO] [stdout] test network::tests::test_network_reset ... ok
[INFO] [stdout] test network::tests::test_network_statistics ... ok
[INFO] [stdout] test network::tests::test_network_run ... ok
[INFO] [stdout] test network::tests::test_network_step ... ok
[INFO] [stdout] test network::tests::test_network_with_projection ... ok
[INFO] [stdout] test network::tests::test_network_with_stimulation ... FAILED
[INFO] [stdout] test population::tests::test_create_heterogeneous_population ... ok
[INFO] [stdout] test population::tests::test_population_reset ... ok
[INFO] [stdout] test population::tests::test_population_statistics ... ok
[INFO] [stdout] test network::tests::test_spike_recording ... FAILED
[INFO] [stdout] test population::tests::test_set_external_current ... ok
[INFO] [stdout] test population::tests::test_empty_population_fails ... ok
[INFO] [stdout] test projection::tests::test_all_to_all_projection ... ok
[INFO] [stdout] test projection::tests::test_fixed_probability_projection ... ok
[INFO] [stdout] test projection::tests::test_one_to_one_projection ... ok
[INFO] [stdout] test population::tests::test_create_homogeneous_population ... ok
[INFO] [stdout] test population::tests::test_voltage_recording ... ok
[INFO] [stdout] test recording::tests::test_population_rate_recorder ... ok
[INFO] [stdout] test population::tests::test_population_update ... ok
[INFO] [stdout] test recording::tests::test_synaptic_current_recorder ... ok
[INFO] [stdout] test recording::tests::test_voltage_recorder ... ok
[INFO] [stdout] test stimulation::tests::test_current_injection ... ok
[INFO] [stdout] test stimulation::tests::test_current_injection_with_targets ... ok
[INFO] [stdout] test stimulation::tests::test_gaussian_spatial_pattern ... ok
[INFO] [stdout] test projection::tests::test_spike_processing_with_delay ... ok
[INFO] [stdout] test recording::tests::test_raster_data ... ok
[INFO] [stdout] test stimulation::tests::test_noisy_stimulation ... ok
[INFO] [stdout] test projection::tests::test_spike_registration ... ok
[INFO] [stdout] test recording::tests::test_spike_recorder ... ok
[INFO] [stdout] test stimulation::tests::test_spatial_pattern ... ok
[INFO] [stdout] test stimulation::tests::test_time_varying_stimulation ... ok
[INFO] [stdout] test stimulation::tests::test_poisson_spike_trains ... ok
[INFO] [stdout] test stimulation::tests::test_periodic_stimulation ... ok
[INFO] [stdout] test projection::tests::test_weight_scaling ... ok
[INFO] [stdout] test projection::tests::test_weight_statistics ... ok
[INFO] [stdout] test population::tests::test_instantaneous_rate ... FAILED
[INFO] [stderr] error: test failed, to rerun pass `--lib`
[INFO] [stdout] 
[INFO] [stdout] failures:
[INFO] [stdout] 
[INFO] [stdout] ---- analysis::tests::test_cv_isi stdout ----
[INFO] [stdout] 
[INFO] [stdout] thread 'analysis::tests::test_cv_isi' (1095) panicked at src/analysis.rs:393:9:
[INFO] [stdout] assertion failed: cv > 0.5
[INFO] [stdout] stack backtrace:
[INFO] [stdout]    0:     0x6308a00340c1 - <<std[617be2ca0a6fd877]::sys::backtrace::BacktraceLock>::print::DisplayBacktrace as core[a373ad73a504971]::fmt::Display>::fmt
[INFO] [stdout]    1:     0x6308a0048f2a - core[a373ad73a504971]::fmt::write
[INFO] [stdout]    2:     0x6308a003838c - <alloc[2e1b2a31b91974c5]::vec::Vec<u8> as core[a373ad73a504971]::io::write::Write>::write_fmt
[INFO] [stdout]    3:     0x6308a0010526 - std[617be2ca0a6fd877]::panicking::default_hook::{closure#0}
[INFO] [stdout]    4:     0x6308a002c759 - std[617be2ca0a6fd877]::panicking::default_hook
[INFO] [stdout]    5:     0x63089ffc1020 - test[aada8e7e76ba119b]::test_main_inner::{closure#0}
[INFO] [stdout]    6:     0x6308a002c912 - std[617be2ca0a6fd877]::panicking::panic_with_hook
[INFO] [stdout]    7:     0x6308a0010604 - std[617be2ca0a6fd877]::panicking::panic_handler::{closure#0}
[INFO] [stdout]    8:     0x6308a00092b9 - std[617be2ca0a6fd877]::sys::backtrace::__rust_end_short_backtrace::<std[617be2ca0a6fd877]::panicking::panic_handler::{closure#0}, !>
[INFO] [stdout]    9:     0x6308a00111dd - __rustc[ea4f61d10b84890b]::rust_begin_unwind
[INFO] [stdout]   10:     0x6308a004965c - core[a373ad73a504971]::panicking::panic_fmt
[INFO] [stdout]   11:     0x6308a0049622 - core[a373ad73a504971]::panicking::panic
[INFO] [stdout]   12:     0x63089ffa46aa - <neural_dynamics[d054136c652ac94e]::analysis::tests::test_cv_isi::{closure#0} as core[a373ad73a504971]::ops::function::FnOnce<()>>::call_once
[INFO] [stdout]   13:     0x63089ffb446b - test[aada8e7e76ba119b]::__rust_begin_short_backtrace::<core[a373ad73a504971]::result::Result<(), alloc[2e1b2a31b91974c5]::string::String>, fn() -> core[a373ad73a504971]::result::Result<(), alloc[2e1b2a31b91974c5]::string::String>>
[INFO] [stdout]   14:     0x63089ffc1645 - test[aada8e7e76ba119b]::run_test::{closure#0}
[INFO] [stdout]   15:     0x63089ffbaf34 - std[617be2ca0a6fd877]::sys::backtrace::__rust_begin_short_backtrace::<test[aada8e7e76ba119b]::run_test::{closure#1}, ()>
[INFO] [stdout]   16:     0x63089ffc46d2 - <std[617be2ca0a6fd877]::thread::lifecycle::spawn_unchecked<test[aada8e7e76ba119b]::run_test::{closure#1}, ()>::{closure#1} as core[a373ad73a504971]::ops::function::FnOnce<()>>::call_once::{shim:vtable#0}
[INFO] [stdout]   17:     0x6308a003391f - <std[617be2ca0a6fd877]::sys::thread::unix::Thread>::new::thread_start
[INFO] [stdout]   18:     0x7b61d2619dfa - <unknown>
[INFO] [stdout]   19:     0x7b61d26ad3d4 - clone
[INFO] [stdout]   20:                0x0 - <unknown>
[INFO] [stdout] 
[INFO] [stdout] ---- integration_tests::test_ei_network stdout ----
[INFO] [stdout] 
[INFO] [stdout] thread 'integration_tests::test_ei_network' (1113) panicked at src/lib.rs:305:28:
[INFO] [stdout] called `Result::unwrap()` on an `Err` value: HodgkinHuxleyError("Integration error at t=1.5000000000000002: Value at index 0 exceeded bounds: 2139462611.542842")
[INFO] [stdout] stack backtrace:
[INFO] [stdout]    0:     0x6308a00340c1 - <<std[617be2ca0a6fd877]::sys::backtrace::BacktraceLock>::print::DisplayBacktrace as core[a373ad73a504971]::fmt::Display>::fmt
[INFO] [stdout]    1:     0x6308a0048f2a - core[a373ad73a504971]::fmt::write
[INFO] [stdout]    2:     0x6308a003838c - <alloc[2e1b2a31b91974c5]::vec::Vec<u8> as core[a373ad73a504971]::io::write::Write>::write_fmt
[INFO] [stdout]    3:     0x6308a0010526 - std[617be2ca0a6fd877]::panicking::default_hook::{closure#0}
[INFO] [stdout]    4:     0x6308a002c759 - std[617be2ca0a6fd877]::panicking::default_hook
[INFO] [stdout]    5:     0x63089ffc1020 - test[aada8e7e76ba119b]::test_main_inner::{closure#0}
[INFO] [stdout]    6:     0x6308a002c912 - std[617be2ca0a6fd877]::panicking::panic_with_hook
[INFO] [stdout]    7:     0x6308a00105d2 - std[617be2ca0a6fd877]::panicking::panic_handler::{closure#0}
[INFO] [stdout]    8:     0x6308a00092b9 - std[617be2ca0a6fd877]::sys::backtrace::__rust_end_short_backtrace::<std[617be2ca0a6fd877]::panicking::panic_handler::{closure#0}, !>
[INFO] [stdout]    9:     0x6308a00111dd - __rustc[ea4f61d10b84890b]::rust_begin_unwind
[INFO] [stdout]   10:     0x6308a004965c - core[a373ad73a504971]::panicking::panic_fmt
[INFO] [stdout]   11:     0x6308a0049432 - core[a373ad73a504971]::result::unwrap_failed
[INFO] [stdout]   12:     0x63089ff9f464 - <neural_dynamics[d054136c652ac94e]::integration_tests::test_ei_network::{closure#0} as core[a373ad73a504971]::ops::function::FnOnce<()>>::call_once
[INFO] [stdout]   13:     0x63089ffb446b - test[aada8e7e76ba119b]::__rust_begin_short_backtrace::<core[a373ad73a504971]::result::Result<(), alloc[2e1b2a31b91974c5]::string::String>, fn() -> core[a373ad73a504971]::result::Result<(), alloc[2e1b2a31b91974c5]::string::String>>
[INFO] [stdout]   14:     0x63089ffc1645 - test[aada8e7e76ba119b]::run_test::{closure#0}
[INFO] [stdout]   15:     0x63089ffbaf34 - std[617be2ca0a6fd877]::sys::backtrace::__rust_begin_short_backtrace::<test[aada8e7e76ba119b]::run_test::{closure#1}, ()>
[INFO] [stdout]   16:     0x63089ffc46d2 - <std[617be2ca0a6fd877]::thread::lifecycle::spawn_unchecked<test[aada8e7e76ba119b]::run_test::{closure#1}, ()>::{closure#1} as core[a373ad73a504971]::ops::function::FnOnce<()>>::call_once::{shim:vtable#0}
[INFO] [stdout]   17:     0x6308a003391f - <std[617be2ca0a6fd877]::sys::thread::unix::Thread>::new::thread_start
[INFO] [stdout]   18:     0x7b61d2619dfa - <unknown>
[INFO] [stdout]   19:     0x7b61d26ad3d4 - clone
[INFO] [stdout]   20:                0x0 - <unknown>
[INFO] [stdout] 
[INFO] [stdout] ---- mean_field::tests::test_fixed_point_finding stdout ----
[INFO] [stdout] 
[INFO] [stdout] thread 'mean_field::tests::test_fixed_point_finding' (1119) panicked at src/mean_field.rs:351:9:
[INFO] [stdout] assertion failed: !fixed_points.is_empty()
[INFO] [stdout] stack backtrace:
[INFO] [stdout]    0:     0x6308a00340c1 - <<std[617be2ca0a6fd877]::sys::backtrace::BacktraceLock>::print::DisplayBacktrace as core[a373ad73a504971]::fmt::Display>::fmt
[INFO] [stdout]    1:     0x6308a0048f2a - core[a373ad73a504971]::fmt::write
[INFO] [stdout]    2:     0x6308a003838c - <alloc[2e1b2a31b91974c5]::vec::Vec<u8> as core[a373ad73a504971]::io::write::Write>::write_fmt
[INFO] [stdout]    3:     0x6308a0010526 - std[617be2ca0a6fd877]::panicking::default_hook::{closure#0}
[INFO] [stdout]    4:     0x6308a002c759 - std[617be2ca0a6fd877]::panicking::default_hook
[INFO] [stdout]    5:     0x63089ffc1020 - test[aada8e7e76ba119b]::test_main_inner::{closure#0}
[INFO] [stdout]    6:     0x6308a002c912 - std[617be2ca0a6fd877]::panicking::panic_with_hook
[INFO] [stdout]    7:     0x6308a0010604 - std[617be2ca0a6fd877]::panicking::panic_handler::{closure#0}
[INFO] [stdout]    8:     0x6308a00092b9 - std[617be2ca0a6fd877]::sys::backtrace::__rust_end_short_backtrace::<std[617be2ca0a6fd877]::panicking::panic_handler::{closure#0}, !>
[INFO] [stdout]    9:     0x6308a00111dd - __rustc[ea4f61d10b84890b]::rust_begin_unwind
[INFO] [stdout]   10:     0x6308a004965c - core[a373ad73a504971]::panicking::panic_fmt
[INFO] [stdout]   11:     0x6308a0049622 - core[a373ad73a504971]::panicking::panic
[INFO] [stdout]   12:     0x63089ffa3d07 - <neural_dynamics[d054136c652ac94e]::mean_field::tests::test_fixed_point_finding::{closure#0} as core[a373ad73a504971]::ops::function::FnOnce<()>>::call_once
[INFO] [stdout]   13:     0x63089ffb446b - test[aada8e7e76ba119b]::__rust_begin_short_backtrace::<core[a373ad73a504971]::result::Result<(), alloc[2e1b2a31b91974c5]::string::String>, fn() -> core[a373ad73a504971]::result::Result<(), alloc[2e1b2a31b91974c5]::string::String>>
[INFO] [stdout]   14:     0x63089ffc1645 - test[aada8e7e76ba119b]::run_test::{closure#0}
[INFO] [stdout]   15:     0x63089ffbaf34 - std[617be2ca0a6fd877]::sys::backtrace::__rust_begin_short_backtrace::<test[aada8e7e76ba119b]::run_test::{closure#1}, ()>
[INFO] [stdout]   16:     0x63089ffc46d2 - <std[617be2ca0a6fd877]::thread::lifecycle::spawn_unchecked<test[aada8e7e76ba119b]::run_test::{closure#1}, ()>::{closure#1} as core[a373ad73a504971]::ops::function::FnOnce<()>>::call_once::{shim:vtable#0}
[INFO] [stdout]   17:     0x6308a003391f - <std[617be2ca0a6fd877]::sys::thread::unix::Thread>::new::thread_start
[INFO] [stdout]   18:     0x7b61d2619dfa - <unknown>
[INFO] [stdout]   19:     0x7b61d26ad3d4 - clone
[INFO] [stdout]   20:                0x0 - <unknown>
[INFO] [stdout] 
[INFO] [stdout] ---- integration_tests::test_small_network_simulation stdout ----
[INFO] [stdout] 
[INFO] [stdout] thread 'integration_tests::test_small_network_simulation' (1116) panicked at src/lib.rs:261:27:
[INFO] [stdout] called `Result::unwrap()` on an `Err` value: HodgkinHuxleyError("Integration error at t=1.4000000000000001: Value at index 0 exceeded bounds: 157770425708.08923")
[INFO] [stdout] stack backtrace:
[INFO] [stdout]    0:     0x6308a00340c1 - <<std[617be2ca0a6fd877]::sys::backtrace::BacktraceLock>::print::DisplayBacktrace as core[a373ad73a504971]::fmt::Display>::fmt
[INFO] [stdout]    1:     0x6308a0048f2a - core[a373ad73a504971]::fmt::write
[INFO] [stdout]    2:     0x6308a003838c - <alloc[2e1b2a31b91974c5]::vec::Vec<u8> as core[a373ad73a504971]::io::write::Write>::write_fmt
[INFO] [stdout]    3:     0x6308a0010526 - std[617be2ca0a6fd877]::panicking::default_hook::{closure#0}
[INFO] [stdout]    4:     0x6308a002c759 - std[617be2ca0a6fd877]::panicking::default_hook
[INFO] [stdout]    5:     0x63089ffc1020 - test[aada8e7e76ba119b]::test_main_inner::{closure#0}
[INFO] [stdout]    6:     0x6308a002c912 - std[617be2ca0a6fd877]::panicking::panic_with_hook
[INFO] [stdout]    7:     0x6308a00105d2 - std[617be2ca0a6fd877]::panicking::panic_handler::{closure#0}
[INFO] [stdout]    8:     0x6308a00092b9 - std[617be2ca0a6fd877]::sys::backtrace::__rust_end_short_backtrace::<std[617be2ca0a6fd877]::panicking::panic_handler::{closure#0}, !>
[INFO] [stdout]    9:     0x6308a00111dd - __rustc[ea4f61d10b84890b]::rust_begin_unwind
[INFO] [stdout]   10:     0x6308a004965c - core[a373ad73a504971]::panicking::panic_fmt
[INFO] [stdout]   11:     0x6308a0049432 - core[a373ad73a504971]::result::unwrap_failed
[INFO] [stdout]   12:     0x63089ffa0984 - <neural_dynamics[d054136c652ac94e]::integration_tests::test_small_network_simulation::{closure#0} as core[a373ad73a504971]::ops::function::FnOnce<()>>::call_once
[INFO] [stdout]   13:     0x63089ffb446b - test[aada8e7e76ba119b]::__rust_begin_short_backtrace::<core[a373ad73a504971]::result::Result<(), alloc[2e1b2a31b91974c5]::string::String>, fn() -> core[a373ad73a504971]::result::Result<(), alloc[2e1b2a31b91974c5]::string::String>>
[INFO] [stdout]   14:     0x63089ffc1645 - test[aada8e7e76ba119b]::run_test::{closure#0}
[INFO] [stdout]   15:     0x63089ffbaf34 - std[617be2ca0a6fd877]::sys::backtrace::__rust_begin_short_backtrace::<test[aada8e7e76ba119b]::run_test::{closure#1}, ()>
[INFO] [stdout]   16:     0x63089ffc46d2 - <std[617be2ca0a6fd877]::thread::lifecycle::spawn_unchecked<test[aada8e7e76ba119b]::run_test::{closure#1}, ()>::{closure#1} as core[a373ad73a504971]::ops::function::FnOnce<()>>::call_once::{shim:vtable#0}
[INFO] [stdout]   17:     0x6308a003391f - <std[617be2ca0a6fd877]::sys::thread::unix::Thread>::new::thread_start
[INFO] [stdout]   18:     0x7b61d2619dfa - <unknown>
[INFO] [stdout]   19:     0x7b61d26ad3d4 - clone
[INFO] [stdout]   20:                0x0 - <unknown>
[INFO] [stdout] 
[INFO] [stdout] ---- integration_tests::test_avalanche_detection_in_network stdout ----
[INFO] [stdout] 
[INFO] [stdout] thread 'integration_tests::test_avalanche_detection_in_network' (1110) panicked at src/lib.rs:359:28:
[INFO] [stdout] called `Result::unwrap()` on an `Err` value: HodgkinHuxleyError("Non-finite value detected in k2[1]: inf")
[INFO] [stdout] stack backtrace:
[INFO] [stdout]    0:     0x6308a00340c1 - <<std[617be2ca0a6fd877]::sys::backtrace::BacktraceLock>::print::DisplayBacktrace as core[a373ad73a504971]::fmt::Display>::fmt
[INFO] [stdout]    1:     0x6308a0048f2a - core[a373ad73a504971]::fmt::write
[INFO] [stdout]    2:     0x6308a003838c - <alloc[2e1b2a31b91974c5]::vec::Vec<u8> as core[a373ad73a504971]::io::write::Write>::write_fmt
[INFO] [stdout]    3:     0x6308a0010526 - std[617be2ca0a6fd877]::panicking::default_hook::{closure#0}
[INFO] [stdout]    4:     0x6308a002c759 - std[617be2ca0a6fd877]::panicking::default_hook
[INFO] [stdout]    5:     0x63089ffc1020 - test[aada8e7e76ba119b]::test_main_inner::{closure#0}
[INFO] [stdout]    6:     0x6308a002c912 - std[617be2ca0a6fd877]::panicking::panic_with_hook
[INFO] [stdout]    7:     0x6308a00105d2 - std[617be2ca0a6fd877]::panicking::panic_handler::{closure#0}
[INFO] [stdout]    8:     0x6308a00092b9 - std[617be2ca0a6fd877]::sys::backtrace::__rust_end_short_backtrace::<std[617be2ca0a6fd877]::panicking::panic_handler::{closure#0}, !>
[INFO] [stdout]    9:     0x6308a00111dd - __rustc[ea4f61d10b84890b]::rust_begin_unwind
[INFO] [stdout]   10:     0x6308a004965c - core[a373ad73a504971]::panicking::panic_fmt
[INFO] [stdout]   11:     0x6308a0049432 - core[a373ad73a504971]::result::unwrap_failed
[INFO] [stdout]   12:     0x63089ffa16ee - <neural_dynamics[d054136c652ac94e]::integration_tests::test_avalanche_detection_in_network::{closure#0} as core[a373ad73a504971]::ops::function::FnOnce<()>>::call_once
[INFO] [stdout]   13:     0x63089ffb446b - test[aada8e7e76ba119b]::__rust_begin_short_backtrace::<core[a373ad73a504971]::result::Result<(), alloc[2e1b2a31b91974c5]::string::String>, fn() -> core[a373ad73a504971]::result::Result<(), alloc[2e1b2a31b91974c5]::string::String>>
[INFO] [stdout]   14:     0x63089ffc1645 - test[aada8e7e76ba119b]::run_test::{closure#0}
[INFO] [stdout]   15:     0x63089ffbaf34 - std[617be2ca0a6fd877]::sys::backtrace::__rust_begin_short_backtrace::<test[aada8e7e76ba119b]::run_test::{closure#1}, ()>
[INFO] [stdout]   16:     0x63089ffc46d2 - <std[617be2ca0a6fd877]::thread::lifecycle::spawn_unchecked<test[aada8e7e76ba119b]::run_test::{closure#1}, ()>::{closure#1} as core[a373ad73a504971]::ops::function::FnOnce<()>>::call_once::{shim:vtable#0}
[INFO] [stdout]   17:     0x6308a003391f - <std[617be2ca0a6fd877]::sys::thread::unix::Thread>::new::thread_start
[INFO] [stdout]   18:     0x7b61d2619dfa - <unknown>
[INFO] [stdout]   19:     0x7b61d26ad3d4 - clone
[INFO] [stdout]   20:                0x0 - <unknown>
[INFO] [stdout] 
[INFO] [stdout] ---- integration_tests::test_synchrony_emergence stdout ----
[INFO] [stdout] 
[INFO] [stdout] thread 'integration_tests::test_synchrony_emergence' (1117) panicked at src/lib.rs:332:28:
[INFO] [stdout] called `Result::unwrap()` on an `Err` value: HodgkinHuxleyError("Integration error at t=1.7000000000000004: Value at index 0 exceeded bounds: 1178264676497086400000000")
[INFO] [stdout] stack backtrace:
[INFO] [stdout]    0:     0x6308a00340c1 - <<std[617be2ca0a6fd877]::sys::backtrace::BacktraceLock>::print::DisplayBacktrace as core[a373ad73a504971]::fmt::Display>::fmt
[INFO] [stdout]    1:     0x6308a0048f2a - core[a373ad73a504971]::fmt::write
[INFO] [stdout]    2:     0x6308a003838c - <alloc[2e1b2a31b91974c5]::vec::Vec<u8> as core[a373ad73a504971]::io::write::Write>::write_fmt
[INFO] [stdout]    3:     0x6308a0010526 - std[617be2ca0a6fd877]::panicking::default_hook::{closure#0}
[INFO] [stdout]    4:     0x6308a002c759 - std[617be2ca0a6fd877]::panicking::default_hook
[INFO] [stdout]    5:     0x63089ffc1020 - test[aada8e7e76ba119b]::test_main_inner::{closure#0}
[INFO] [stdout]    6:     0x6308a002c912 - std[617be2ca0a6fd877]::panicking::panic_with_hook
[INFO] [stdout]    7:     0x6308a00105d2 - std[617be2ca0a6fd877]::panicking::panic_handler::{closure#0}
[INFO] [stdout]    8:     0x6308a00092b9 - std[617be2ca0a6fd877]::sys::backtrace::__rust_end_short_backtrace::<std[617be2ca0a6fd877]::panicking::panic_handler::{closure#0}, !>
[INFO] [stdout]    9:     0x6308a00111dd - __rustc[ea4f61d10b84890b]::rust_begin_unwind
[INFO] [stdout]   10:     0x6308a004965c - core[a373ad73a504971]::panicking::panic_fmt
[INFO] [stdout]   11:     0x6308a0049432 - core[a373ad73a504971]::result::unwrap_failed
[INFO] [stdout]   12:     0x63089ff9ffd9 - <neural_dynamics[d054136c652ac94e]::integration_tests::test_synchrony_emergence::{closure#0} as core[a373ad73a504971]::ops::function::FnOnce<()>>::call_once
[INFO] [stdout]   13:     0x63089ffb446b - test[aada8e7e76ba119b]::__rust_begin_short_backtrace::<core[a373ad73a504971]::result::Result<(), alloc[2e1b2a31b91974c5]::string::String>, fn() -> core[a373ad73a504971]::result::Result<(), alloc[2e1b2a31b91974c5]::string::String>>
[INFO] [stdout]   14:     0x63089ffc1645 - test[aada8e7e76ba119b]::run_test::{closure#0}
[INFO] [stdout]   15:     0x63089ffbaf34 - std[617be2ca0a6fd877]::sys::backtrace::__rust_begin_short_backtrace::<test[aada8e7e76ba119b]::run_test::{closure#1}, ()>
[INFO] [stdout]   16:     0x63089ffc46d2 - <std[617be2ca0a6fd877]::thread::lifecycle::spawn_unchecked<test[aada8e7e76ba119b]::run_test::{closure#1}, ()>::{closure#1} as core[a373ad73a504971]::ops::function::FnOnce<()>>::call_once::{shim:vtable#0}
[INFO] [stdout]   17:     0x6308a003391f - <std[617be2ca0a6fd877]::sys::thread::unix::Thread>::new::thread_start
[INFO] [stdout]   18:     0x7b61d2619dfa - <unknown>
[INFO] [stdout]   19:     0x7b61d26ad3d4 - clone
[INFO] [stdout]   20:                0x0 - <unknown>
[INFO] [stdout] 
[INFO] [stdout] ---- network::tests::test_network_with_stimulation stdout ----
[INFO] [stdout] 
[INFO] [stdout] thread 'network::tests::test_network_with_stimulation' (1136) panicked at src/network.rs:482:27:
[INFO] [stdout] called `Result::unwrap()` on an `Err` value: HodgkinHuxleyError("Integration error at t=1.4000000000000001: Value at index 0 exceeded bounds: 157770425708.08923")
[INFO] [stdout] stack backtrace:
[INFO] [stdout]    0:     0x6308a00340c1 - <<std[617be2ca0a6fd877]::sys::backtrace::BacktraceLock>::print::DisplayBacktrace as core[a373ad73a504971]::fmt::Display>::fmt
[INFO] [stdout]    1:     0x6308a0048f2a - core[a373ad73a504971]::fmt::write
[INFO] [stdout]    2:     0x6308a003838c - <alloc[2e1b2a31b91974c5]::vec::Vec<u8> as core[a373ad73a504971]::io::write::Write>::write_fmt
[INFO] [stdout]    3:     0x6308a0010526 - std[617be2ca0a6fd877]::panicking::default_hook::{closure#0}
[INFO] [stdout]    4:     0x6308a002c759 - std[617be2ca0a6fd877]::panicking::default_hook
[INFO] [stdout]    5:     0x63089ffc1020 - test[aada8e7e76ba119b]::test_main_inner::{closure#0}
[INFO] [stdout]    6:     0x6308a002c912 - std[617be2ca0a6fd877]::panicking::panic_with_hook
[INFO] [stdout]    7:     0x6308a00105d2 - std[617be2ca0a6fd877]::panicking::panic_handler::{closure#0}
[INFO] [stdout]    8:     0x6308a00092b9 - std[617be2ca0a6fd877]::sys::backtrace::__rust_end_short_backtrace::<std[617be2ca0a6fd877]::panicking::panic_handler::{closure#0}, !>
[INFO] [stdout]    9:     0x6308a00111dd - __rustc[ea4f61d10b84890b]::rust_begin_unwind
[INFO] [stdout]   10:     0x6308a004965c - core[a373ad73a504971]::panicking::panic_fmt
[INFO] [stdout]   11:     0x6308a0049432 - core[a373ad73a504971]::result::unwrap_failed
[INFO] [stdout]   12:     0x63089ffad25f - <neural_dynamics[d054136c652ac94e]::network::tests::test_network_with_stimulation::{closure#0} as core[a373ad73a504971]::ops::function::FnOnce<()>>::call_once
[INFO] [stdout]   13:     0x63089ffb446b - test[aada8e7e76ba119b]::__rust_begin_short_backtrace::<core[a373ad73a504971]::result::Result<(), alloc[2e1b2a31b91974c5]::string::String>, fn() -> core[a373ad73a504971]::result::Result<(), alloc[2e1b2a31b91974c5]::string::String>>
[INFO] [stdout]   14:     0x63089ffc1645 - test[aada8e7e76ba119b]::run_test::{closure#0}
[INFO] [stdout]   15:     0x63089ffbaf34 - std[617be2ca0a6fd877]::sys::backtrace::__rust_begin_short_backtrace::<test[aada8e7e76ba119b]::run_test::{closure#1}, ()>
[INFO] [stdout]   16:     0x63089ffc46d2 - <std[617be2ca0a6fd877]::thread::lifecycle::spawn_unchecked<test[aada8e7e76ba119b]::run_test::{closure#1}, ()>::{closure#1} as core[a373ad73a504971]::ops::function::FnOnce<()>>::call_once::{shim:vtable#0}
[INFO] [stdout]   17:     0x6308a003391f - <std[617be2ca0a6fd877]::sys::thread::unix::Thread>::new::thread_start
[INFO] [stdout]   18:     0x7b61d2619dfa - <unknown>
[INFO] [stdout]   19:     0x7b61d26ad3d4 - clone
[INFO] [stdout]   20:                0x0 - <unknown>
[INFO] [stdout] 
[INFO] [stdout] ---- network::tests::test_spike_recording stdout ----
[INFO] [stdout] 
[INFO] [stdout] thread 'network::tests::test_spike_recording' (1137) panicked at src/network.rs:551:27:
[INFO] [stdout] called `Result::unwrap()` on an `Err` value: HodgkinHuxleyError("Integration error at t=1.3: Value at index 0 exceeded bounds: 7453888437766755000000000000000000000000000000000000000000000000000000")
[INFO] [stdout] stack backtrace:
[INFO] [stdout]    0:     0x6308a00340c1 - <<std[617be2ca0a6fd877]::sys::backtrace::BacktraceLock>::print::DisplayBacktrace as core[a373ad73a504971]::fmt::Display>::fmt
[INFO] [stdout]    1:     0x6308a0048f2a - core[a373ad73a504971]::fmt::write
[INFO] [stdout]    2:     0x6308a003838c - <alloc[2e1b2a31b91974c5]::vec::Vec<u8> as core[a373ad73a504971]::io::write::Write>::write_fmt
[INFO] [stdout]    3:     0x6308a0010526 - std[617be2ca0a6fd877]::panicking::default_hook::{closure#0}
[INFO] [stdout]    4:     0x6308a002c759 - std[617be2ca0a6fd877]::panicking::default_hook
[INFO] [stdout]    5:     0x63089ffc1020 - test[aada8e7e76ba119b]::test_main_inner::{closure#0}
[INFO] [stdout]    6:     0x6308a002c912 - std[617be2ca0a6fd877]::panicking::panic_with_hook
[INFO] [stdout]    7:     0x6308a00105d2 - std[617be2ca0a6fd877]::panicking::panic_handler::{closure#0}
[INFO] [stdout]    8:     0x6308a00092b9 - std[617be2ca0a6fd877]::sys::backtrace::__rust_end_short_backtrace::<std[617be2ca0a6fd877]::panicking::panic_handler::{closure#0}, !>
[INFO] [stdout]    9:     0x6308a00111dd - __rustc[ea4f61d10b84890b]::rust_begin_unwind
[INFO] [stdout]   10:     0x6308a004965c - core[a373ad73a504971]::panicking::panic_fmt
[INFO] [stdout]   11:     0x6308a0049432 - core[a373ad73a504971]::result::unwrap_failed
[INFO] [stdout]   12:     0x63089ffabe58 - <neural_dynamics[d054136c652ac94e]::network::tests::test_spike_recording::{closure#0} as core[a373ad73a504971]::ops::function::FnOnce<()>>::call_once
[INFO] [stdout]   13:     0x63089ffb446b - test[aada8e7e76ba119b]::__rust_begin_short_backtrace::<core[a373ad73a504971]::result::Result<(), alloc[2e1b2a31b91974c5]::string::String>, fn() -> core[a373ad73a504971]::result::Result<(), alloc[2e1b2a31b91974c5]::string::String>>
[INFO] [stdout]   14:     0x63089ffc1645 - test[aada8e7e76ba119b]::run_test::{closure#0}
[INFO] [stdout]   15:     0x63089ffbaf34 - std[617be2ca0a6fd877]::sys::backtrace::__rust_begin_short_backtrace::<test[aada8e7e76ba119b]::run_test::{closure#1}, ()>
[INFO] [stdout]   16:     0x63089ffc46d2 - <std[617be2ca0a6fd877]::thread::lifecycle::spawn_unchecked<test[aada8e7e76ba119b]::run_test::{closure#1}, ()>::{closure#1} as core[a373ad73a504971]::ops::function::FnOnce<()>>::call_once::{shim:vtable#0}
[INFO] [stdout]   17:     0x6308a003391f - <std[617be2ca0a6fd877]::sys::thread::unix::Thread>::new::thread_start
[INFO] [stdout]   18:     0x7b61d2619dfa - <unknown>
[INFO] [stdout]   19:     0x7b61d26ad3d4 - clone
[INFO] [stdout]   20:                0x0 - <unknown>
[INFO] [stdout] 
[INFO] [stdout] ---- population::tests::test_instantaneous_rate stdout ----
[INFO] [stdout] 
[INFO] [stdout] thread 'population::tests::test_instantaneous_rate' (1141) panicked at src/population.rs:512:9:
[INFO] [stdout] assertion failed: rate > 0.0
[INFO] [stdout] stack backtrace:
[INFO] [stdout]    0:     0x6308a00340c1 - <<std[617be2ca0a6fd877]::sys::backtrace::BacktraceLock>::print::DisplayBacktrace as core[a373ad73a504971]::fmt::Display>::fmt
[INFO] [stdout]    1:     0x6308a0048f2a - core[a373ad73a504971]::fmt::write
[INFO] [stdout]    2:     0x6308a003838c - <alloc[2e1b2a31b91974c5]::vec::Vec<u8> as core[a373ad73a504971]::io::write::Write>::write_fmt
[INFO] [stdout]    3:     0x6308a0010526 - std[617be2ca0a6fd877]::panicking::default_hook::{closure#0}
[INFO] [stdout]    4:     0x6308a002c759 - std[617be2ca0a6fd877]::panicking::default_hook
[INFO] [stdout]    5:     0x63089ffc1020 - test[aada8e7e76ba119b]::test_main_inner::{closure#0}
[INFO] [stdout]    6:     0x6308a002c912 - std[617be2ca0a6fd877]::panicking::panic_with_hook
[INFO] [stdout]    7:     0x6308a0010604 - std[617be2ca0a6fd877]::panicking::panic_handler::{closure#0}
[INFO] [stdout]    8:     0x6308a00092b9 - std[617be2ca0a6fd877]::sys::backtrace::__rust_end_short_backtrace::<std[617be2ca0a6fd877]::panicking::panic_handler::{closure#0}, !>
[INFO] [stdout]    9:     0x6308a00111dd - __rustc[ea4f61d10b84890b]::rust_begin_unwind
[INFO] [stdout]   10:     0x6308a004965c - core[a373ad73a504971]::panicking::panic_fmt
[INFO] [stdout]   11:     0x6308a0049622 - core[a373ad73a504971]::panicking::panic
[INFO] [stdout]   12:     0x63089ffa29a7 - <neural_dynamics[d054136c652ac94e]::population::tests::test_instantaneous_rate::{closure#0} as core[a373ad73a504971]::ops::function::FnOnce<()>>::call_once
[INFO] [stdout]   13:     0x63089ffb446b - test[aada8e7e76ba119b]::__rust_begin_short_backtrace::<core[a373ad73a504971]::result::Result<(), alloc[2e1b2a31b91974c5]::string::String>, fn() -> core[a373ad73a504971]::result::Result<(), alloc[2e1b2a31b91974c5]::string::String>>
[INFO] [stdout]   14:     0x63089ffc1645 - test[aada8e7e76ba119b]::run_test::{closure#0}
[INFO] [stdout]   15:     0x63089ffbaf34 - std[617be2ca0a6fd877]::sys::backtrace::__rust_begin_short_backtrace::<test[aada8e7e76ba119b]::run_test::{closure#1}, ()>
[INFO] [stdout]   16:     0x63089ffc46d2 - <std[617be2ca0a6fd877]::thread::lifecycle::spawn_unchecked<test[aada8e7e76ba119b]::run_test::{closure#1}, ()>::{closure#1} as core[a373ad73a504971]::ops::function::FnOnce<()>>::call_once::{shim:vtable#0}
[INFO] [stdout]   17:     0x6308a003391f - <std[617be2ca0a6fd877]::sys::thread::unix::Thread>::new::thread_start
[INFO] [stdout]   18:     0x7b61d2619dfa - <unknown>
[INFO] [stdout]   19:     0x7b61d26ad3d4 - clone
[INFO] [stdout]   20:                0x0 - <unknown>
[INFO] [stdout] 
[INFO] [stdout] 
[INFO] [stdout] failures:
[INFO] [stdout]     analysis::tests::test_cv_isi
[INFO] [stdout]     integration_tests::test_avalanche_detection_in_network
[INFO] [stdout]     integration_tests::test_ei_network
[INFO] [stdout]     integration_tests::test_small_network_simulation
[INFO] [stdout]     integration_tests::test_synchrony_emergence
[INFO] [stdout]     mean_field::tests::test_fixed_point_finding
[INFO] [stdout]     network::tests::test_network_with_stimulation
[INFO] [stdout]     network::tests::test_spike_recording
[INFO] [stdout]     population::tests::test_instantaneous_rate
[INFO] [stdout] 
[INFO] [stdout] test result: FAILED. 66 passed; 9 failed; 0 ignored; 0 measured; 0 filtered out; finished in 0.13s
[INFO] [stdout] 
[INFO] running `Command { std: "docker" "inspect" "8cd3cb08e006010664a53e771781a2a35d5648a112fd2bda7c00805332dc0bc4", kill_on_drop: false }`
[INFO] running `Command { std: "docker" "rm" "-f" "8cd3cb08e006010664a53e771781a2a35d5648a112fd2bda7c00805332dc0bc4", kill_on_drop: false }`
[INFO] [stdout] 8cd3cb08e006010664a53e771781a2a35d5648a112fd2bda7c00805332dc0bc4
