[INFO] fetching crate netwatch-sdk 0.4.1...
[INFO] testing netwatch-sdk-0.4.1 against 1.99.0-beta.8+cargoflags=--release for beta-release-1.100-2
[INFO] extracting crate netwatch-sdk 0.4.1 into /workspace/builds/worker-3-tc1/source
[INFO] started tweaking crates.io crate netwatch-sdk 0.4.1
[INFO] removed 0 missing tests
[INFO] finished tweaking crates.io crate netwatch-sdk 0.4.1
[INFO] tweaked toml for crates.io crate netwatch-sdk 0.4.1 written to /workspace/builds/worker-3-tc1/source/Cargo.toml
[INFO] validating manifest of crates.io crate netwatch-sdk 0.4.1 on toolchain 1.99.0-beta.8
[INFO] running `Command { std: CARGO_HOME="/workspace/cargo-home" RUSTUP_HOME="/workspace/rustup-home" "/workspace/cargo-home/bin/cargo" "+1.99.0-beta.8" "metadata" "--manifest-path" "Cargo.toml" "--no-deps", kill_on_drop: false }`
[INFO] crate crates.io crate netwatch-sdk 0.4.1 already has a lockfile, it will not be regenerated
[INFO] running `Command { std: CARGO_HOME="/workspace/cargo-home" RUSTUP_HOME="/workspace/rustup-home" "/workspace/cargo-home/bin/cargo" "+1.99.0-beta.8" "fetch" "--manifest-path" "Cargo.toml", kill_on_drop: false }`
[INFO] [stderr]     Updating crates.io index
[INFO] [stderr]  Downloading crates ...
[INFO] [stderr]   Downloaded core-error v0.0.0
[INFO] [stderr]   Downloaded aya-log v0.2.1
[INFO] [stderr]   Downloaded aya-log-common v0.1.15
[INFO] [stderr]   Downloaded aya-obj v0.2.1
[INFO] [stderr]   Downloaded aya v0.13.1
[INFO] running `Command { std: "docker" "create" "-v" "/var/lib/crater-agent-workspace/builds/worker-3-tc1/source:/opt/rustwide/workdir:ro,Z" "-v" "/var/lib/crater-agent-workspace/builds/worker-3-tc1/target:/opt/rustwide/target:rw,Z" "-v" "/var/lib/crater-agent-workspace/cargo-home:/opt/rustwide/cargo-home:ro,Z" "-v" "/var/lib/crater-agent-workspace/rustup-home:/opt/rustwide/rustup-home:ro,Z" "-m" "1610612736" "--network" "none" "ghcr.io/rust-lang/crates-build-env/linux@sha256:77db811e55d90add9212f6832c23229e3de5f1c1f9905e8cb07319ea15df73ac" "sleep" "infinity", kill_on_drop: false }`
[INFO] [stdout] 521d303affa6838a088e28d53b425d2e3bb23bb0eb222f31658e1e4f7516a93c
[INFO] running `Command { std: "docker" "start" "521d303affa6838a088e28d53b425d2e3bb23bb0eb222f31658e1e4f7516a93c", kill_on_drop: false }`
[INFO] running `Command { std: "docker" "inspect" "521d303affa6838a088e28d53b425d2e3bb23bb0eb222f31658e1e4f7516a93c", kill_on_drop: false }`
[INFO] running `Command { std: "docker" "exec" "-e" "SOURCE_DIR=/opt/rustwide/workdir" "-e" "CARGO_HOME=/opt/rustwide/cargo-home" "-e" "RUSTUP_HOME=/opt/rustwide/rustup-home" "-e" "CARGO_TARGET_DIR=/opt/rustwide/target" "-w" "/opt/rustwide/workdir" "--user" "0:0" "521d303affa6838a088e28d53b425d2e3bb23bb0eb222f31658e1e4f7516a93c" "/opt/rustwide/cargo-home/bin/cargo" "+1.99.0-beta.8" "metadata" "--no-deps" "--format-version=1", kill_on_drop: false }`
[INFO] running `Command { std: "docker" "inspect" "521d303affa6838a088e28d53b425d2e3bb23bb0eb222f31658e1e4f7516a93c", kill_on_drop: false }`
[INFO] running `Command { std: "docker" "exec" "-e" "SOURCE_DIR=/opt/rustwide/workdir" "-e" "CARGO_HOME=/opt/rustwide/cargo-home" "-e" "RUSTUP_HOME=/opt/rustwide/rustup-home" "-e" "CARGO_TARGET_DIR=/opt/rustwide/target" "-e" "CARGO_INCREMENTAL=0" "-e" "RUST_BACKTRACE=full" "-e" "RUSTFLAGS=--cap-lints=warn" "-e" "RUSTDOCFLAGS=--cap-lints=warn" "-w" "/opt/rustwide/workdir" "--user" "0:0" "521d303affa6838a088e28d53b425d2e3bb23bb0eb222f31658e1e4f7516a93c" "/opt/rustwide/cargo-home/bin/cargo" "+1.99.0-beta.8" "build" "--frozen" "--message-format=json" "--release", kill_on_drop: false }`
[INFO] [stderr]    Compiling proc-macro2 v1.0.106
[INFO] [stderr]    Compiling quote v1.0.45
[INFO] [stderr]    Compiling netwatch-sdk v0.4.1 (/opt/rustwide/workdir)
[INFO] [stderr]    Compiling uuid v1.23.1
[INFO] [stderr]    Compiling syn v2.0.117
[INFO] [stderr]    Compiling serde_derive v1.0.228
[INFO] [stderr]    Compiling serde v1.0.228
[INFO] [stderr]    Compiling chrono v0.4.44
[INFO] [stdout] warning: function `parse_nettop_output` is never used
[INFO] [stdout]    --> src/collectors/connections.rs:188:15
[INFO] [stdout]     |
[INFO] [stdout] 188 | pub(crate) fn parse_nettop_output(text: &str) -> std::collections::HashMap<(String, String), f64> {
[INFO] [stdout]     |               ^^^^^^^^^^^^^^^^^^^
[INFO] [stdout]     |
[INFO] [stdout]     = note: `#[warn(dead_code)]` (part of `#[warn(unused)]`) on by default
[INFO] [stdout] 
[INFO] [stdout] 
[INFO] [stdout] warning: function `parse_lsof_output` is never used
[INFO] [stdout]    --> src/collectors/connections.rs:360:15
[INFO] [stdout]     |
[INFO] [stdout] 360 | pub(crate) fn parse_lsof_output(text: &str) -> Vec<ConnectionDetail> {
[INFO] [stdout]     |               ^^^^^^^^^^^^^^^^^
[INFO] [stdout] 
[INFO] [stdout] 
[INFO] [stderr]     Finished `release` profile [optimized] target(s) in 7.80s
[INFO] running `Command { std: "docker" "inspect" "521d303affa6838a088e28d53b425d2e3bb23bb0eb222f31658e1e4f7516a93c", kill_on_drop: false }`
[INFO] running `Command { std: "docker" "exec" "-e" "SOURCE_DIR=/opt/rustwide/workdir" "-e" "CARGO_HOME=/opt/rustwide/cargo-home" "-e" "RUSTUP_HOME=/opt/rustwide/rustup-home" "-e" "CARGO_TARGET_DIR=/opt/rustwide/target" "-e" "CARGO_INCREMENTAL=0" "-e" "RUST_BACKTRACE=full" "-e" "RUSTFLAGS=--cap-lints=warn" "-e" "RUSTDOCFLAGS=--cap-lints=warn" "-w" "/opt/rustwide/workdir" "--user" "0:0" "521d303affa6838a088e28d53b425d2e3bb23bb0eb222f31658e1e4f7516a93c" "/opt/rustwide/cargo-home/bin/cargo" "+1.99.0-beta.8" "test" "--frozen" "--no-run" "--message-format=json" "--release", kill_on_drop: false }`
[INFO] [stderr]    Compiling zerocopy v0.8.48
[INFO] [stderr]    Compiling num-traits v0.2.19
[INFO] [stderr]    Compiling wait-timeout v0.2.1
[INFO] [stderr]    Compiling netwatch-sdk v0.4.1 (/opt/rustwide/workdir)
[INFO] [stderr]    Compiling tempfile v3.27.0
[INFO] [stderr]    Compiling rand_xorshift v0.4.0
[INFO] [stderr]    Compiling rand v0.9.4
[INFO] [stderr]    Compiling rusty-fork v0.3.1
[INFO] [stderr]    Compiling chrono v0.4.44
[INFO] [stdout] warning: function `parse_nettop_output` is never used
[INFO] [stdout]    --> src/collectors/connections.rs:188:15
[INFO] [stdout]     |
[INFO] [stdout] 188 | pub(crate) fn parse_nettop_output(text: &str) -> std::collections::HashMap<(String, String), f64> {
[INFO] [stdout]     |               ^^^^^^^^^^^^^^^^^^^
[INFO] [stdout]     |
[INFO] [stdout]     = note: `#[warn(dead_code)]` (part of `#[warn(unused)]`) on by default
[INFO] [stdout] 
[INFO] [stdout] 
[INFO] [stdout] warning: function `parse_lsof_output` is never used
[INFO] [stdout]    --> src/collectors/connections.rs:360:15
[INFO] [stdout]     |
[INFO] [stdout] 360 | pub(crate) fn parse_lsof_output(text: &str) -> Vec<ConnectionDetail> {
[INFO] [stdout]     |               ^^^^^^^^^^^^^^^^^
[INFO] [stdout] 
[INFO] [stdout] 
[INFO] [stderr]    Compiling ppv-lite86 v0.2.21
[INFO] [stderr]    Compiling rand_chacha v0.9.0
[INFO] [stderr]    Compiling proptest v1.11.0
[INFO] [stderr]     Finished `release` profile [optimized] target(s) in 14.35s
[INFO] running `Command { std: "docker" "inspect" "521d303affa6838a088e28d53b425d2e3bb23bb0eb222f31658e1e4f7516a93c", kill_on_drop: false }`
[INFO] running `Command { std: "docker" "exec" "-e" "SOURCE_DIR=/opt/rustwide/workdir" "-e" "CARGO_HOME=/opt/rustwide/cargo-home" "-e" "RUSTUP_HOME=/opt/rustwide/rustup-home" "-e" "CARGO_TARGET_DIR=/opt/rustwide/target" "-e" "CARGO_INCREMENTAL=0" "-e" "RUST_BACKTRACE=full" "-e" "RUSTFLAGS=--cap-lints=warn" "-e" "RUSTDOCFLAGS=--cap-lints=warn" "-w" "/opt/rustwide/workdir" "--user" "0:0" "521d303affa6838a088e28d53b425d2e3bb23bb0eb222f31658e1e4f7516a93c" "/opt/rustwide/cargo-home/bin/cargo" "+1.99.0-beta.8" "test" "--frozen" "--release", kill_on_drop: false }`
[INFO] [stderr]    Compiling netwatch-sdk v0.4.1 (/opt/rustwide/workdir)
[INFO] [stderr] warning: function `parse_nettop_output` is never used
[INFO] [stderr]    --> src/collectors/connections.rs:188:15
[INFO] [stderr]     |
[INFO] [stderr] 188 | pub(crate) fn parse_nettop_output(text: &str) -> std::collections::HashMap<(String, String), f64> {
[INFO] [stderr]     |               ^^^^^^^^^^^^^^^^^^^
[INFO] [stderr]     |
[INFO] [stderr]     = note: `#[warn(dead_code)]` (part of `#[warn(unused)]`) on by default
[INFO] [stderr] 
[INFO] [stderr] warning: function `parse_lsof_output` is never used
[INFO] [stderr]    --> src/collectors/connections.rs:360:15
[INFO] [stderr]     |
[INFO] [stderr] 360 | pub(crate) fn parse_lsof_output(text: &str) -> Vec<ConnectionDetail> {
[INFO] [stderr]     |               ^^^^^^^^^^^^^^^^^
[INFO] [stderr] 
[INFO] [stderr] warning: `netwatch-sdk` (lib) generated 2 warnings
[INFO] [stderr]     Finished `release` profile [optimized] target(s) in 7.07s
[INFO] [stderr]      Running unittests src/lib.rs (/opt/rustwide/target/release/deps/netwatch_sdk-aefb30c5d342ce02)
[INFO] [stdout] 
[INFO] [stdout] running 141 tests
[INFO] [stdout] test collectors::config::tests::nameserver_returns_none_on_empty_or_unrelated ... ok
[INFO] [stdout] test collectors::config::tests::ip_route_picks_first_default ... ok
[INFO] [stdout] test collectors::config::tests::ip_route_handles_minimal_default_line ... ok
[INFO] [stdout] test collectors::config::tests::ip_route_returns_none_when_no_default ... ok
[INFO] [stdout] test collectors::connections::tests::parse_lsof_output_handles_udp_without_remote ... ok
[INFO] [stdout] test collectors::config::tests::nameserver_does_not_match_keyword_prefix ... ok
[INFO] [stdout] test collectors::config::tests::netstat_parses_linux_routing_table ... ok
[INFO] [stdout] test collectors::config::tests::netstat_parses_macos_routing_table ... ok
[INFO] [stdout] test collectors::connections::tests::parse_lsof_output_extracts_established_tcp ... ok
[INFO] [stdout] test collectors::connections::tests::parse_lsof_output_ignores_unknown_tags_and_blank_lines ... ok
[INFO] [stdout] test collectors::connections::tests::parse_nettop_skips_listen_and_missing_rtt ... ok
[INFO] [stdout] test collectors::connections::tests::parse_ss_output_basic ... ok
[INFO] [stdout] test collectors::connections::tests::parse_nettop_basic ... ok
[INFO] [stdout] test collectors::connections::tests::parse_ss_output_handles_missing_rtt ... ok
[INFO] [stdout] test collectors::connections::tests::parse_nettop_picks_first_ms_token_on_line ... ok
[INFO] [stdout] test collectors::connections::tests::parse_lsof_output_skips_records_without_network ... ok
[INFO] [stdout] test collectors::connections::tests::parse_ss_output_preserves_non_estab_state_strings ... ok
[INFO] [stdout] test collectors::config::tests::ip_route_ignores_leading_whitespace ... ok
[INFO] [stdout] test collectors::connections::tests::parse_ss_output_attaches_rtt_to_correct_connection ... ok
[INFO] [stdout] test collectors::config::tests::nameserver_picks_first_uncommented ... ok
[INFO] [stdout] test collectors::connections::tests::parse_lsof_output_emits_multiple_sockets_per_process ... ok
[INFO] [stdout] test collectors::connections::tests::parse_nettop_ignores_fractional_zero_rtt ... ok
[INFO] [stdout] test collectors::config::tests::netstat_returns_none_when_no_default ... ok
[INFO] [stdout] test collectors::connections::tests::parse_nettop_ignores_tcp6 ... ok
[INFO] [stdout] test collectors::connections::tests::parse_lsof_output_strips_ipv6_brackets ... ok
[INFO] [stdout] test collectors::connections::tests::parse_ss_output_skips_rows_with_fewer_than_six_columns ... ok
[INFO] [stdout] test collectors::connections::tests::parse_ss_output_without_users_field_has_no_pid ... ok
[INFO] [stdout] test collectors::disk::tests::diskstats_skips_loop_ram_dm ... ok
[INFO] [stdout] test collectors::disk::tests::diskstats_returns_none_for_empty_input ... ok
[INFO] [stdout] test collectors::disk::tests::diskstats_skips_short_lines ... ok
[INFO] [stdout] test collectors::disk::tests::macos_mount_handles_truncated_lines ... ok
[INFO] [stdout] test collectors::disk::tests::macos_mount_ignores_non_dev_lines ... ok
[INFO] [stdout] test collectors::disk::tests::diskstats_sums_real_devices ... ok
[INFO] [stdout] test collectors::disk::tests::proc_mounts_skips_loop_snap_overlays ... ok
[INFO] [stdout] test collectors::disk::tests::proc_mounts_keeps_real_devices ... ok
[INFO] [stdout] test collectors::connections::tests::top_connections_caps_length ... ok
[INFO] [stdout] test collectors::connections::tests::top_connections_prefers_established ... ok
[INFO] [stdout] test collectors::disk::tests::diskstats_returns_none_when_only_pseudo_devices ... ok
[INFO] [stdout] test collectors::health::tests::parse_avg_rtt_linux ... ok
[INFO] [stdout] test collectors::connections::tests::prop_top_connections_respects_max_and_prefers_established ... ok
[INFO] [stdout] test collectors::health::tests::parse_loss_falls_back_when_no_loss_line_present ... ok
[INFO] [stdout] test collectors::disk::tests::proc_mounts_returns_empty_for_empty_input ... ok
[INFO] [stdout] test collectors::disk::tests::macos_mount_keeps_root_and_skips_firmlinks ... ok
[INFO] [stdout] test collectors::disk::tests::proc_mounts_skips_kernel_virtual_filesystems ... ok
[INFO] [stdout] test collectors::disk::tests::proc_mounts_handles_blank_or_truncated_lines ... ok
[INFO] [stdout] test collectors::health::tests::parse_loss_full ... ok
[INFO] [stdout] test collectors::health::ping_binary_tests::ipv6_targets_use_ping6_on_macos_only ... ok
[INFO] [stdout] test collectors::health::tests::parse_avg_rtt_empty ... ok
[INFO] [stdout] test collectors::health::tests::parse_loss_partial ... ok
[INFO] [stdout] test collectors::network_intel::tests::alert_history_caps_at_100 ... ok
[INFO] [stdout] test collectors::health::tests::parse_loss_zero ... ok
[INFO] [stdout] test collectors::health::tests::parse_avg_rtt_handles_macos_style_prefix ... ok
[INFO] [stdout] test collectors::health::tests::parse_loss_empty ... ok
[INFO] [stdout] test collectors::health::tests::rtt_history_preserves_none_samples ... ok
[INFO] [stdout] test collectors::network_intel::tests::extract_base_domain_handles_single_label_and_trailing_dot ... ok
[INFO] [stdout] test collectors::network_intel::tests::bandwidth_state_clears_when_rate_drops_below_ratio ... ok
[INFO] [stdout] test collectors::network_intel::tests::dns_response_without_matching_query_is_ignored ... ok
[INFO] [stdout] test collectors::health::tests::rtt_history_is_empty_on_construction ... ok
[INFO] [stdout] test collectors::config::tests::nameserver_skips_comments_and_blanks ... ok
[INFO] [stdout] test collectors::network_intel::tests::bandwidth_alert_respects_custom_threshold ... ok
[INFO] [stdout] test collectors::network_intel::tests::port_scan_triggers_once_per_source_ip ... ok
[INFO] [stdout] test collectors::network_intel::tests::dns_tunnel_alert_via_high_unique_subdomain_rate ... ok
[INFO] [stdout] test collectors::health::tests::rtt_history_caps_at_window ... ok
[INFO] [stdout] test collectors::network_intel::tests::bandwidth_threshold_applied_per_interface ... ok
[INFO] [stdout] test collectors::network_intel::tests::port_scan_isolated_per_source_ip ... ok
[INFO] [stdout] test collectors::network_intel::tests::dns_analytics_buckets_latency_by_elapsed_time ... ok
[INFO] [stdout] test collectors::network_intel::tests::dns_analytics_is_empty_when_no_activity ... ok
[INFO] [stdout] test collectors::health::tests::run_ping_smoke_test_against_loopback ... ok
[INFO] [stdout] test collectors::network_intel::tests::test_bandwidth_alert ... ok
[INFO] [stdout] test collectors::network_intel::tests::test_dns_latency_tracking ... ok
[INFO] [stdout] test collectors::network_intel::tests::test_dns_long_qname_alert ... ok
[INFO] [stdout] test collectors::proc_meta::tests::malformed_ps_lines_are_skipped ... ok
[INFO] [stdout] test collectors::proc_meta::tests::ps_line_keeps_primary_state_char_only ... ok
[INFO] [stdout] test collectors::proc_meta::tests::ps_line_parses_with_spaces_in_comm ... ok
[INFO] [stdout] test collectors::network_intel::tests::test_dns_nxdomain_counting ... ok
[INFO] [stdout] test collectors::network_intel::tests::test_no_port_scan_under_threshold ... ok
[INFO] [stdout] test collectors::proc_meta::tests::apply_enriches_rows_by_pid_and_skips_unknown ... ok
[INFO] [stdout] test collectors::network_intel::tests::test_top_domains ... ok
[INFO] [stdout] test collectors::network_intel::tests::test_port_scan_detection ... ok
[INFO] [stdout] test collectors::proc_meta::tests::unrepresentable_start_time_drops_the_field_and_does_not_panic ... ok
[INFO] [stdout] test collectors::process_bandwidth::tests::empty_connections_produces_empty_ranking ... ok
[INFO] [stdout] test collectors::process_bandwidth::tests::non_established_ignored ... ok
[INFO] [stdout] test collectors::health::ping_binary_tests::live_ping_localhost_v6_yields_rtt ... FAILED
[INFO] [stdout] test collectors::process_bandwidth::tests::tracker_first_sample_is_zero_rate ... ok
[INFO] [stdout] test collectors::process_bandwidth::tests::tracker_ignores_non_established_and_sockets_without_bytes ... ok
[INFO] [stdout] test collectors::process_bandwidth::tests::tracker_rates_by_real_socket_delta_not_connection_count ... ok
[INFO] [stdout] test collectors::proc_meta::tests::etime_parses_all_three_shapes ... ok
[INFO] [stdout] test collectors::network_intel::tests::tick_is_safe_on_a_fresh_collector ... ok
[INFO] [stdout] test collectors::process_bandwidth::tests::bandwidth_split_proportionally ... ok
[INFO] [stdout] test collectors::network_intel::tests::test_split_host_port ... ok
[INFO] [stdout] test collectors::system::tests::cpu_pct_between_samples_idle ... ok
[INFO] [stdout] test collectors::proc_meta::tests::etime_with_absurd_day_count_returns_none_instead_of_overflowing ... ok
[INFO] [stdout] test collectors::process_bandwidth::tests::single_process_gets_all_bandwidth ... ok
[INFO] [stdout] test collectors::system::tests::cpu_pct_handles_reversed_samples_without_panicking ... ok
[INFO] [stdout] test collectors::system::tests::cpuinfo_extracts_x86_model_name ... ok
[INFO] [stdout] test collectors::process_bandwidth::tests::top_n_respects_max ... ok
[INFO] [stdout] test collectors::system::tests::loadavg_parses_typical_line ... ok
[INFO] [stdout] test collectors::system::tests::macos_swapusage_parses_full_line ... ok
[INFO] [stdout] test collectors::system::tests::cpu_pct_rounds_to_one_decimal ... ok
[INFO] [stdout] test collectors::network_intel::tests::test_extract_base_domain ... ok
[INFO] [stdout] test collectors::system::tests::cpu_pct_returns_zero_when_samples_are_equal ... ok
[INFO] [stdout] test collectors::system::tests::meminfo_uses_memavailable_when_present ... ok
[INFO] [stdout] test collectors::system::tests::proc_stat_aggregate_reads_first_cpu_row ... ok
[INFO] [stdout] test collectors::system::tests::loadavg_returns_none_on_short_input ... ok
[INFO] [stdout] test collectors::system::tests::loadavg_returns_none_on_garbage_field ... ok
[INFO] [stdout] test collectors::system::tests::macos_swapusage_returns_none_when_total_missing ... ok
[INFO] [stdout] test collectors::system::tests::proc_stat_aggregate_rejects_non_cpu_first_line ... ok
[INFO] [stdout] test collectors::system::tests::proc_stat_per_core_counts_cores_and_skips_aggregate ... ok
[INFO] [stdout] test collectors::system::tests::meminfo_falls_back_to_free_buffers_cached_on_old_kernels ... ok
[INFO] [stdout] test collectors::system::tests::proc_stat_per_core_empty_when_no_cpu_lines ... ok
[INFO] [stdout] test collectors::system::tests::meminfo_returns_none_when_total_missing ... ok
[INFO] [stdout] test collectors::system::tests::proc_stat_aggregate_fails_when_fields_missing ... ok
[INFO] [stdout] test collectors::system::tests::proc_stat_aggregate_handles_short_row ... ok
[INFO] [stdout] test collectors::system::tests::cpu_pct_between_samples_busy ... ok
[INFO] [stdout] test collectors::system::tests::prop_cpu_pct_is_bounded_zero_to_one_hundred ... ok
[INFO] [stdout] test collectors::system::tests::vm_stat_parses_apple_silicon_output ... ok
[INFO] [stdout] test collectors::system::tests::cpuinfo_returns_none_when_model_name_absent ... ok
[INFO] [stdout] test collectors::system::tests::swap_parses_present_swap ... ok
[INFO] [stdout] test collectors::system::tests::prop_parse_vm_stat_never_overflows_available ... ok
[INFO] [stdout] test collectors::system::tests::prop_parse_proc_loadavg_values_are_finite ... ok
[INFO] [stdout] test collectors::system::tests::prop_parse_proc_meminfo_used_plus_available_bounded_by_total ... ok
[INFO] [stdout] test collectors::traffic::tests::first_sample_has_zero_rate_and_no_history ... ok
[INFO] [stdout] test collectors::system::tests::vm_stat_falls_back_to_default_page_size_if_header_missing ... ok
[INFO] [stdout] test collectors::proc_meta::tests::a_sane_start_time_is_still_computed ... ok
[INFO] [stdout] test platform::linux::tests::errors_when_root_does_not_exist ... ok
[INFO] [stdout] test collectors::system::tests::prop_parse_proc_stat_aggregate_idle_never_exceeds_total ... ok
[INFO] [stdout] test platform::linux::tests::defaults_missing_statistics_files_to_zero ... ok
[INFO] [stdout] test collectors::traffic::tests::disappearing_interface_is_evicted ... ok
[INFO] [stdout] test collectors::system::tests::swap_zero_when_swap_disabled ... ok
[INFO] [stdout] test collectors::traffic::tests::history_is_capped_at_window_length ... ok
[INFO] [stdout] test platform::linux::tests::reads_counters_and_operstate_for_a_single_interface ... ok
[INFO] [stdout] test platform::linux::tests::is_up_true_only_for_exact_up_operstate ... ok
[INFO] [stdout] test wire::layout_tests::wire_struct_sizes_are_stable ... ok
[INFO] [stdout] test platform::linux::tests::skips_loopback_interface ... ok
[INFO] [stdout] test collectors::proc_meta::tests::sample_returns_data_on_unix ... ok
[INFO] [stdout] test wire::layout_tests::v6_field_offsets_match_bpf_side ... ok
[INFO] [stdout] test collectors::traffic::tests::second_sample_records_history ... ok
[INFO] [stdout] test collectors::system::tests::prop_parse_proc_loadavg_never_panics ... ok
[INFO] [stdout] test collectors::connections::tests::prop_parse_nettop_output_never_emits_zero_or_negative_rtt ... ok
[INFO] [stdout] test collectors::connections::tests::prop_parse_lsof_output_never_panics ... ok
[INFO] [stdout] test collectors::connections::tests::prop_parse_ss_output_never_panics_and_emits_complete_rows ... ok
[INFO] [stdout] 
[INFO] [stdout] failures:
[INFO] [stdout] 
[INFO] [stdout] ---- collectors::health::ping_binary_tests::live_ping_localhost_v6_yields_rtt stdout ----
[INFO] [stdout] 
[INFO] [stdout] thread 'collectors::health::ping_binary_tests::live_ping_localhost_v6_yields_rtt' (910) panicked at src/collectors/health.rs:264:9:
[INFO] [stdout] loopback v6 ping should produce an RTT
[INFO] [stdout] stack backtrace:
[INFO] [stdout]    0:     0x628e2fb11611 - <<std[70759c8f55707aa4]::sys::backtrace::BacktraceLock>::print::DisplayBacktrace as core[df12db4294e9bfd3]::fmt::Display>::fmt
[INFO] [stdout]    1:     0x628e2fb2805a - core[df12db4294e9bfd3]::fmt::write
[INFO] [stdout]    2:     0x628e2fb166dc - <alloc[2182bb758b4b3781]::vec::Vec<u8> as core[df12db4294e9bfd3]::io::write::Write>::write_fmt
[INFO] [stdout]    3:     0x628e2faeb196 - std[70759c8f55707aa4]::panicking::default_hook::{closure#0}
[INFO] [stdout]    4:     0x628e2fb08dd9 - std[70759c8f55707aa4]::panicking::default_hook
[INFO] [stdout]    5:     0x628e2faa0270 - test[9d35eded1c95d3be]::test_main_inner::<test[9d35eded1c95d3be]::test_main_static::{closure#0}>::{closure#0}
[INFO] [stdout]    6:     0x628e2fb08f92 - std[70759c8f55707aa4]::panicking::panic_with_hook
[INFO] [stdout]    7:     0x628e2faeb274 - std[70759c8f55707aa4]::panicking::panic_handler::{closure#0}
[INFO] [stdout]    8:     0x628e2fae36b9 - std[70759c8f55707aa4]::sys::backtrace::__rust_end_short_backtrace::<std[70759c8f55707aa4]::panicking::panic_handler::{closure#0}, !>
[INFO] [stdout]    9:     0x628e2faebf4d - __rustc[8fa7c3cbc660c2b3]::rust_begin_unwind
[INFO] [stdout]   10:     0x628e2fb2883c - core[df12db4294e9bfd3]::panicking::panic_fmt
[INFO] [stdout]   11:     0x628e2fa201ce - <netwatch_sdk[3038d37e5f380bd]::collectors::health::ping_binary_tests::live_ping_localhost_v6_yields_rtt::{closure#0} as core[df12db4294e9bfd3]::ops::function::FnOnce<()>>::call_once
[INFO] [stdout]   12:     0x628e2fa9355b - test[9d35eded1c95d3be]::__rust_begin_short_backtrace::<core[df12db4294e9bfd3]::result::Result<(), alloc[2182bb758b4b3781]::string::String>, fn() -> core[df12db4294e9bfd3]::result::Result<(), alloc[2182bb758b4b3781]::string::String>>
[INFO] [stdout]   13:     0x628e2faa0bc5 - test[9d35eded1c95d3be]::run_test::{closure#0}
[INFO] [stdout]   14:     0x628e2fa9a484 - std[70759c8f55707aa4]::sys::backtrace::__rust_begin_short_backtrace::<test[9d35eded1c95d3be]::run_test::{closure#1}, ()>
[INFO] [stdout]   15:     0x628e2faa3d22 - <std[70759c8f55707aa4]::thread::lifecycle::spawn_unchecked<test[9d35eded1c95d3be]::run_test::{closure#1}, ()>::{closure#1} as core[df12db4294e9bfd3]::ops::function::FnOnce<()>>::call_once::{shim:vtable#0}
[INFO] [stdout]   16:     0x628e2fb10b79 - <std[70759c8f55707aa4]::sys::thread::unix::Thread>::new::thread_start
[INFO] [stdout]   17:     0x766bd3cfbdfa - <unknown>
[INFO] [stdout]   18:     0x766bd3d8f3d4 - clone
[INFO] [stdout]   19:                0x0 - <unknown>
[INFO] [stdout] 
[INFO] [stdout] 
[INFO] [stdout] failures:
[INFO] [stdout]     collectors::health::ping_binary_tests::live_ping_localhost_v6_yields_rtt
[INFO] [stdout] 
[INFO] [stdout] test result: FAILED. 140 passed; 1 failed; 0 ignored; 0 measured; 0 filtered out; finished in 0.25s
[INFO] [stdout] 
[INFO] [stderr] error: test failed, to rerun pass `--lib`
[INFO] running `Command { std: "docker" "inspect" "521d303affa6838a088e28d53b425d2e3bb23bb0eb222f31658e1e4f7516a93c", kill_on_drop: false }`
[INFO] running `Command { std: "docker" "rm" "-f" "521d303affa6838a088e28d53b425d2e3bb23bb0eb222f31658e1e4f7516a93c", kill_on_drop: false }`
[INFO] [stdout] 521d303affa6838a088e28d53b425d2e3bb23bb0eb222f31658e1e4f7516a93c
