[INFO] fetching crate netwatch-rs 0.2.0...
[INFO] testing netwatch-rs-0.2.0 against 1.100.0-beta.1+cargoflags=--release for beta-release-1.100-2
[INFO] extracting crate netwatch-rs 0.2.0 into /workspace/builds/worker-1-tc2/source
[INFO] started tweaking crates.io crate netwatch-rs 0.2.0
[INFO] removed 0 missing examples
[INFO] removed 0 missing tests
[INFO] finished tweaking crates.io crate netwatch-rs 0.2.0
[INFO] tweaked toml for crates.io crate netwatch-rs 0.2.0 written to /workspace/builds/worker-1-tc2/source/Cargo.toml
[INFO] validating manifest of crates.io crate netwatch-rs 0.2.0 on toolchain 1.100.0-beta.1
[INFO] running `Command { std: CARGO_HOME="/workspace/cargo-home" RUSTUP_HOME="/workspace/rustup-home" "/workspace/cargo-home/bin/cargo" "+1.100.0-beta.1" "metadata" "--manifest-path" "Cargo.toml" "--no-deps", kill_on_drop: false }`
[INFO] crate crates.io crate netwatch-rs 0.2.0 already has a lockfile, it will not be regenerated
[INFO] running `Command { std: CARGO_HOME="/workspace/cargo-home" RUSTUP_HOME="/workspace/rustup-home" "/workspace/cargo-home/bin/cargo" "+1.100.0-beta.1" "fetch" "--manifest-path" "Cargo.toml", kill_on_drop: false }`
[INFO] running `Command { std: "docker" "create" "-v" "/var/lib/crater-agent-workspace/builds/worker-1-tc2/source:/opt/rustwide/workdir:ro,Z" "-v" "/var/lib/crater-agent-workspace/builds/worker-1-tc2/target:/opt/rustwide/target:rw,Z" "-v" "/var/lib/crater-agent-workspace/cargo-home:/opt/rustwide/cargo-home:ro,Z" "-v" "/var/lib/crater-agent-workspace/rustup-home:/opt/rustwide/rustup-home:ro,Z" "-m" "1610612736" "--network" "none" "ghcr.io/rust-lang/crates-build-env/linux@sha256:77db811e55d90add9212f6832c23229e3de5f1c1f9905e8cb07319ea15df73ac" "sleep" "infinity", kill_on_drop: false }`
[INFO] [stdout] 796b8b8b8bbc4fc3db82ccb621625b9bcfccee7f79d741caf5a0de79751d5f74
[INFO] running `Command { std: "docker" "start" "796b8b8b8bbc4fc3db82ccb621625b9bcfccee7f79d741caf5a0de79751d5f74", kill_on_drop: false }`
[INFO] running `Command { std: "docker" "inspect" "796b8b8b8bbc4fc3db82ccb621625b9bcfccee7f79d741caf5a0de79751d5f74", kill_on_drop: false }`
[INFO] running `Command { std: "docker" "exec" "-e" "SOURCE_DIR=/opt/rustwide/workdir" "-e" "CARGO_HOME=/opt/rustwide/cargo-home" "-e" "RUSTUP_HOME=/opt/rustwide/rustup-home" "-e" "CARGO_TARGET_DIR=/opt/rustwide/target" "-w" "/opt/rustwide/workdir" "--user" "0:0" "796b8b8b8bbc4fc3db82ccb621625b9bcfccee7f79d741caf5a0de79751d5f74" "/opt/rustwide/cargo-home/bin/cargo" "+1.100.0-beta.1" "metadata" "--no-deps" "--format-version=1", kill_on_drop: false }`
[INFO] running `Command { std: "docker" "inspect" "796b8b8b8bbc4fc3db82ccb621625b9bcfccee7f79d741caf5a0de79751d5f74", kill_on_drop: false }`
[INFO] running `Command { std: "docker" "exec" "-e" "SOURCE_DIR=/opt/rustwide/workdir" "-e" "CARGO_HOME=/opt/rustwide/cargo-home" "-e" "RUSTUP_HOME=/opt/rustwide/rustup-home" "-e" "CARGO_TARGET_DIR=/opt/rustwide/target" "-e" "CARGO_INCREMENTAL=0" "-e" "RUST_BACKTRACE=full" "-e" "RUSTFLAGS=--cap-lints=warn" "-e" "RUSTDOCFLAGS=--cap-lints=warn" "-w" "/opt/rustwide/workdir" "--user" "0:0" "796b8b8b8bbc4fc3db82ccb621625b9bcfccee7f79d741caf5a0de79751d5f74" "/opt/rustwide/cargo-home/bin/cargo" "+1.100.0-beta.1" "build" "--frozen" "--message-format=json" "--release", kill_on_drop: false }`
[INFO] [stderr]    Compiling proc-macro2 v1.0.95
[INFO] [stderr]    Compiling unicode-ident v1.0.18
[INFO] [stderr]    Compiling libc v0.2.174
[INFO] [stderr]    Compiling autocfg v1.5.0
[INFO] [stderr]    Compiling rustversion v1.0.21
[INFO] [stderr]    Compiling serde v1.0.219
[INFO] [stderr]    Compiling cfg-if v1.0.1
[INFO] [stderr]    Compiling signal-hook v0.3.18
[INFO] [stderr]    Compiling parking_lot_core v0.9.11
[INFO] [stderr]    Compiling bitflags v2.9.1
[INFO] [stderr]    Compiling log v0.4.27
[INFO] [stderr]    Compiling strsim v0.11.1
[INFO] [stderr]    Compiling smallvec v1.15.1
[INFO] [stderr]    Compiling heck v0.5.0
[INFO] [stderr]    Compiling ident_case v1.0.1
[INFO] [stderr]    Compiling fnv v1.0.7
[INFO] [stderr]    Compiling scopeguard v1.2.0
[INFO] [stderr]    Compiling rustix v0.38.44
[INFO] [stderr]    Compiling unicode-segmentation v1.12.0
[INFO] [stderr]    Compiling utf8parse v0.2.2
[INFO] [stderr]    Compiling paste v1.0.15
[INFO] [stderr]    Compiling anstyle-query v1.1.3
[INFO] [stderr]    Compiling equivalent v1.0.2
[INFO] [stderr]    Compiling linux-raw-sys v0.4.15
[INFO] [stderr]    Compiling colorchoice v1.0.4
[INFO] [stderr]    Compiling anstyle-parse v0.2.7
[INFO] [stderr]    Compiling rustix v1.0.8
[INFO] [stderr]    Compiling foldhash v0.1.5
[INFO] [stderr]    Compiling allocator-api2 v0.2.21
[INFO] [stderr]    Compiling is_terminal_polyfill v1.70.1
[INFO] [stderr]    Compiling either v1.15.0
[INFO] [stderr]    Compiling anstyle v1.0.11
[INFO] [stderr]    Compiling instability v0.3.9
[INFO] [stderr]    Compiling convert_case v0.7.1
[INFO] [stderr]    Compiling option-ext v0.2.0
[INFO] [stderr]    Compiling ryu v1.0.20
[INFO] [stderr]    Compiling lock_api v0.4.13
[INFO] [stderr]    Compiling num-traits v0.2.19
[INFO] [stderr]    Compiling hashbrown v0.15.4
[INFO] [stderr]    Compiling litrs v0.4.2
[INFO] [stderr]    Compiling unicode-width v0.1.14
[INFO] [stderr]    Compiling clap_lex v0.7.5
[INFO] [stderr]    Compiling static_assertions v1.1.0
[INFO] [stderr]    Compiling anstream v0.6.19
[INFO] [stderr]    Compiling anyhow v1.0.98
[INFO] [stderr]    Compiling itertools v0.13.0
[INFO] [stderr]    Compiling thiserror v2.0.12
[INFO] [stderr]    Compiling itoa v1.0.15
[INFO] [stderr]    Compiling winnow v0.7.12
[INFO] [stderr]    Compiling linux-raw-sys v0.9.4
[INFO] [stderr]    Compiling indoc v2.0.6
[INFO] [stderr]    Compiling castaway v0.2.4
[INFO] [stderr]    Compiling document-features v0.2.11
[INFO] [stderr]    Compiling compact_str v0.8.1
[INFO] [stderr]    Compiling clap_builder v4.5.41
[INFO] [stderr]    Compiling cassowary v0.3.0
[INFO] [stderr]    Compiling unicode-width v0.2.0
[INFO] [stderr]    Compiling toml_writer v1.0.2
[INFO] [stderr]    Compiling quote v1.0.40
[INFO] [stderr]    Compiling signal-hook-registry v1.4.5
[INFO] [stderr]    Compiling mio v1.0.4
[INFO] [stderr]    Compiling dirs-sys v0.5.0
[INFO] [stderr]    Compiling lru v0.12.5
[INFO] [stderr]    Compiling iana-time-zone v0.1.63
[INFO] [stderr]    Compiling syn v2.0.104
[INFO] [stderr]    Compiling parking_lot v0.12.4
[INFO] [stderr]    Compiling dirs v6.0.0
[INFO] [stderr]    Compiling signal-hook-mio v0.2.4
[INFO] [stderr]    Compiling crossterm v0.28.1
[INFO] [stderr]    Compiling unicode-truncate v1.1.0
[INFO] [stderr]    Compiling toml_parser v1.0.1
[INFO] [stderr]    Compiling darling_core v0.20.11
[INFO] [stderr]    Compiling serde_derive v1.0.219
[INFO] [stderr]    Compiling derive_more-impl v2.0.1
[INFO] [stderr]    Compiling strum_macros v0.26.4
[INFO] [stderr]    Compiling thiserror-impl v2.0.12
[INFO] [stderr]    Compiling clap_derive v4.5.41
[INFO] [stderr]    Compiling derive_more v2.0.1
[INFO] [stderr]    Compiling crossterm v0.29.0
[INFO] [stderr]    Compiling strum v0.26.3
[INFO] [stderr]    Compiling darling_macro v0.20.11
[INFO] [stderr]    Compiling clap v4.5.41
[INFO] [stderr]    Compiling darling v0.20.11
[INFO] [stderr]    Compiling ratatui v0.29.0
[INFO] [stderr]    Compiling serde_spanned v1.0.0
[INFO] [stderr]    Compiling toml_datetime v0.7.0
[INFO] [stderr]    Compiling chrono v0.4.41
[INFO] [stderr]    Compiling toml v0.9.2
[INFO] [stderr]    Compiling netwatch-rs v0.2.0 (/opt/rustwide/workdir)
[INFO] [stderr]     Finished `release` profile [optimized] target(s) in 1m 02s
[INFO] running `Command { std: "docker" "inspect" "796b8b8b8bbc4fc3db82ccb621625b9bcfccee7f79d741caf5a0de79751d5f74", kill_on_drop: false }`
[INFO] running `Command { std: "docker" "exec" "-e" "SOURCE_DIR=/opt/rustwide/workdir" "-e" "CARGO_HOME=/opt/rustwide/cargo-home" "-e" "RUSTUP_HOME=/opt/rustwide/rustup-home" "-e" "CARGO_TARGET_DIR=/opt/rustwide/target" "-e" "CARGO_INCREMENTAL=0" "-e" "RUST_BACKTRACE=full" "-e" "RUSTFLAGS=--cap-lints=warn" "-e" "RUSTDOCFLAGS=--cap-lints=warn" "-w" "/opt/rustwide/workdir" "--user" "0:0" "796b8b8b8bbc4fc3db82ccb621625b9bcfccee7f79d741caf5a0de79751d5f74" "/opt/rustwide/cargo-home/bin/cargo" "+1.100.0-beta.1" "test" "--frozen" "--no-run" "--message-format=json" "--release", kill_on_drop: false }`
[INFO] [stderr]    Compiling cfg-if v1.0.1
[INFO] [stderr]    Compiling memchr v2.7.5
[INFO] [stderr]    Compiling rustix v1.0.8
[INFO] [stderr]    Compiling num-traits v0.2.19
[INFO] [stderr]    Compiling crossbeam-utils v0.8.21
[INFO] [stderr]    Compiling libc v0.2.174
[INFO] [stderr]    Compiling either v1.15.0
[INFO] [stderr]    Compiling bitflags v2.9.1
[INFO] [stderr]    Compiling anstyle v1.0.11
[INFO] [stderr]    Compiling regex-syntax v0.8.5
[INFO] [stderr]    Compiling utf8parse v0.2.2
[INFO] [stderr]    Compiling smallvec v1.15.1
[INFO] [stderr]    Compiling serde v1.0.219
[INFO] [stderr]    Compiling ryu v1.0.20
[INFO] [stderr]    Compiling scopeguard v1.2.0
[INFO] [stderr]    Compiling itoa v1.0.15
[INFO] [stderr]    Compiling log v0.4.27
[INFO] [stderr]    Compiling anstyle-parse v0.2.7
[INFO] [stderr]    Compiling lock_api v0.4.13
[INFO] [stderr]    Compiling anstyle-query v1.1.3
[INFO] [stderr]    Compiling itertools v0.13.0
[INFO] [stderr]    Compiling colorchoice v1.0.4
[INFO] [stderr]    Compiling is_terminal_polyfill v1.70.1
[INFO] [stderr]    Compiling serde_json v1.0.141
[INFO] [stderr]    Compiling foldhash v0.1.5
[INFO] [stderr]    Compiling allocator-api2 v0.2.21
[INFO] [stderr]    Compiling clap_lex v0.7.5
[INFO] [stderr]    Compiling rayon-core v1.12.1
[INFO] [stderr]    Compiling strsim v0.11.1
[INFO] [stderr]    Compiling anstream v0.6.19
[INFO] [stderr]    Compiling linux-raw-sys v0.9.4
[INFO] [stderr]    Compiling linux-raw-sys v0.4.15
[INFO] [stderr]    Compiling equivalent v1.0.2
[INFO] [stderr]    Compiling half v2.6.0
[INFO] [stderr]    Compiling castaway v0.2.4
[INFO] [stderr]    Compiling static_assertions v1.1.0
[INFO] [stderr]    Compiling unicode-width v0.1.14
[INFO] [stderr]    Compiling clap_builder v4.5.41
[INFO] [stderr]    Compiling aho-corasick v1.1.3
[INFO] [stderr]    Compiling crossbeam-epoch v0.9.18
[INFO] [stderr]    Compiling rustix v0.38.44
[INFO] [stderr]    Compiling signal-hook-registry v1.4.5
[INFO] [stderr]    Compiling mio v1.0.4
[INFO] [stderr]    Compiling parking_lot_core v0.9.11
[INFO] [stderr]    Compiling hashbrown v0.15.4
[INFO] [stderr]    Compiling winnow v0.7.12
[INFO] [stderr]    Compiling parking_lot v0.12.4
[INFO] [stderr]    Compiling signal-hook v0.3.18
[INFO] [stderr]    Compiling crossbeam-deque v0.8.6
[INFO] [stderr]    Compiling predicates-core v1.0.9
[INFO] [stderr]    Compiling ciborium-io v0.2.2
[INFO] [stderr]    Compiling plotters-backend v0.3.7
[INFO] [stderr]    Compiling getrandom v0.3.3
[INFO] [stderr]    Compiling unicode-segmentation v1.12.0
[INFO] [stderr]    Compiling doc-comment v0.3.3
[INFO] [stderr]    Compiling option-ext v0.2.0
[INFO] [stderr]    Compiling signal-hook-mio v0.2.4
[INFO] [stderr]    Compiling dirs-sys v0.5.0
[INFO] [stderr]    Compiling ciborium-ll v0.2.2
[INFO] [stderr]    Compiling plotters-svg v0.3.7
[INFO] [stderr]    Compiling crossterm v0.28.1
[INFO] [stderr]    Compiling lru v0.12.5
[INFO] [stderr]    Compiling float-cmp v0.10.0
[INFO] [stderr]    Compiling compact_str v0.8.1
[INFO] [stderr]    Compiling strum v0.26.3
[INFO] [stderr]    Compiling derive_more v2.0.1
[INFO] [stderr]    Compiling difflib v0.4.0
[INFO] [stderr]    Compiling same-file v1.0.6
[INFO] [stderr]    Compiling cargo-husky v1.5.0
[INFO] [stderr]    Compiling cassowary v0.3.0
[INFO] [stderr]    Compiling iana-time-zone v0.1.63
[INFO] [stderr]    Compiling termtree v0.5.1
[INFO] [stderr]    Compiling unicode-width v0.2.0
[INFO] [stderr]    Compiling assert_cmd v2.0.17
[INFO] [stderr]    Compiling toml_writer v1.0.2
[INFO] [stderr]    Compiling cast v0.3.0
[INFO] [stderr]    Compiling normalize-line-endings v0.3.0
[INFO] [stderr]    Compiling rayon v1.10.0
[INFO] [stderr]    Compiling predicates-tree v1.0.12
[INFO] [stderr]    Compiling unicode-truncate v1.1.0
[INFO] [stderr]    Compiling criterion-plot v0.6.0
[INFO] [stderr]    Compiling walkdir v2.5.0
[INFO] [stderr]    Compiling ratatui v0.29.0
[INFO] [stderr]    Compiling regex-automata v0.4.9
[INFO] [stderr]    Compiling dirs v6.0.0
[INFO] [stderr]    Compiling plotters v0.3.7
[INFO] [stderr]    Compiling toml_parser v1.0.1
[INFO] [stderr]    Compiling wait-timeout v0.2.1
[INFO] [stderr]    Compiling anyhow v1.0.98
[INFO] [stderr]    Compiling thiserror v2.0.12
[INFO] [stderr]    Compiling anes v0.1.6
[INFO] [stderr]    Compiling crossterm v0.29.0
[INFO] [stderr]    Compiling fastrand v2.3.0
[INFO] [stderr]    Compiling toml_datetime v0.7.0
[INFO] [stderr]    Compiling serde_spanned v1.0.0
[INFO] [stderr]    Compiling chrono v0.4.41
[INFO] [stderr]    Compiling ciborium v0.2.2
[INFO] [stderr]    Compiling oorandom v11.1.5
[INFO] [stderr]    Compiling clap v4.5.41
[INFO] [stderr]    Compiling toml v0.9.2
[INFO] [stderr]    Compiling once_cell v1.21.3
[INFO] [stderr]    Compiling tempfile v3.20.0
[INFO] [stderr]    Compiling tinytemplate v1.2.1
[INFO] [stderr]    Compiling netwatch-rs v0.2.0 (/opt/rustwide/workdir)
[INFO] [stderr]    Compiling regex v1.11.1
[INFO] [stderr]    Compiling bstr v1.12.0
[INFO] [stderr]    Compiling predicates v3.1.3
[INFO] [stderr]    Compiling criterion v0.7.0
[INFO] [stderr]     Finished `release` profile [optimized] target(s) in 42.94s
[INFO] running `Command { std: "docker" "inspect" "796b8b8b8bbc4fc3db82ccb621625b9bcfccee7f79d741caf5a0de79751d5f74", kill_on_drop: false }`
[INFO] running `Command { std: "docker" "exec" "-e" "SOURCE_DIR=/opt/rustwide/workdir" "-e" "CARGO_HOME=/opt/rustwide/cargo-home" "-e" "RUSTUP_HOME=/opt/rustwide/rustup-home" "-e" "CARGO_TARGET_DIR=/opt/rustwide/target" "-e" "CARGO_INCREMENTAL=0" "-e" "RUST_BACKTRACE=full" "-e" "RUSTFLAGS=--cap-lints=warn" "-e" "RUSTDOCFLAGS=--cap-lints=warn" "-w" "/opt/rustwide/workdir" "--user" "0:0" "796b8b8b8bbc4fc3db82ccb621625b9bcfccee7f79d741caf5a0de79751d5f74" "/opt/rustwide/cargo-home/bin/cargo" "+1.100.0-beta.1" "test" "--frozen" "--release", kill_on_drop: false }`
[INFO] [stderr]     Finished `release` profile [optimized] target(s) in 0.23s
[INFO] [stderr]      Running unittests src/lib.rs (/opt/rustwide/target/release/build/netwatch-rs/9dade1f2b570ea9f/out/netwatch_rs-9dade1f2b570ea9f)
[INFO] [stdout] 
[INFO] [stdout] running 14 tests
[INFO] [stdout] test platform::linux::tests::test_device_not_found ... ok
[INFO] [stdout] test platform::linux::tests::test_parse_proc_net_dev ... ok
[INFO] [stdout] test stats::tests::test_counter_overflow ... ok
[INFO] [stdout] test security::tests::test_security_event_recording ... ok
[INFO] [stdout] test security::tests::test_critical_event_detection ... ok
[INFO] [stdout] test security::tests::test_anomaly_detection ... ok
[INFO] [stdout] test security::tests::test_rate_limiting ... ok
[INFO] [stdout] test stats::tests::test_stats_calculation ... ok
[INFO] [stdout] test validation::tests::test_bandwidth_validation ... ok
[INFO] [stdout] test validation::tests::test_config_string_validation ... ok
[INFO] [stdout] test validation::tests::test_file_path_validation ... ok
[INFO] [stdout] test validation::tests::test_interface_name_validation ... ok
[INFO] [stdout] test validation::tests::test_refresh_interval_validation ... ok
[INFO] [stdout] test validation::tests::test_sanitize_user_input ... ok
[INFO] [stdout] 
[INFO] [stdout] test result: ok. 14 passed; 0 failed; 0 ignored; 0 measured; 0 filtered out; finished in 0.00s
[INFO] [stdout] 
[INFO] [stderr]      Running unittests src/main.rs (/opt/rustwide/target/release/build/netwatch-rs/6fb00763fa9ffe50/out/netwatch-6fb00763fa9ffe50)
[INFO] [stdout] 
[INFO] [stdout] running 0 tests
[INFO] [stdout] 
[INFO] [stdout] test result: ok. 0 passed; 0 failed; 0 ignored; 0 measured; 0 filtered out; finished in 0.00s
[INFO] [stdout] 
[INFO] [stderr]      Running tests/integration.rs (/opt/rustwide/target/release/build/netwatch-rs/15adc2d298b01d9d/out/integration-15adc2d298b01d9d)
[INFO] [stdout] 
[INFO] [stdout] running 10 tests
[INFO] [stdout] test test_invalid_argument ... ok
[INFO] [stdout] test test_average_window_validation ... ok
[INFO] [stdout] test test_help_flag ... ok
[INFO] [stdout] test test_multiple_device_flag ... ok
[INFO] [stdout] test test_invalid_interface ... ok
[INFO] [stdout] test test_bandwidth_scale_options ... ok
[INFO] [stdout] test test_version_flag ... ok
[INFO] [stdout] test test_list_flag ... FAILED
[INFO] [stdout] test test_refresh_interval_validation ... ok
[INFO] [stdout] test test_unit_format_validation ... ok
[INFO] [stdout] 
[INFO] [stdout] failures:
[INFO] [stdout] 
[INFO] [stdout] ---- test_list_flag stdout ----
[INFO] [stdout] 
[INFO] [stdout] thread 'test_list_flag' (2782) panicked at /rustc/e3feeb59cd1bdd011a2bfcc0747b55125d9b8527/library/core/src/ops/function.rs:250:5:
[INFO] [stdout] Unexpected stdout, failed ((var.contains(gif0) || var.contains(en0)) || var.contains(eth0))
[INFO] [stdout] ├── var as str: 
[INFO] [stdout] ├── (var.contains(gif0) || var.contains(en0))
[INFO] [stdout] │   ├── var.contains(gif0)
[INFO] [stdout] │   │   └── var: 
[INFO] [stdout] │   └── var.contains(en0)
[INFO] [stdout] │       └── var: 
[INFO] [stdout] └── var.contains(eth0)
[INFO] [stdout]     └── var: 
[INFO] [stdout] 
[INFO] [stdout] command=`"/opt/rustwide/target/release/netwatch" "--list"`
[INFO] [stdout] code=0
[INFO] [stdout] stdout=""
[INFO] [stdout] stderr=""
[INFO] [stdout] 
[INFO] [stdout] stack backtrace:
[INFO] [stdout]    0:     0x5bd84d3a0a47 - <<std[617be2ca0a6fd877]::sys::backtrace::BacktraceLock>::print::DisplayBacktrace as core[a373ad73a504971]::fmt::Display>::fmt
[INFO] [stdout]    1:     0x5bd84d3854aa - core[a373ad73a504971]::fmt::write
[INFO] [stdout]    2:     0x5bd84d39fffb - <alloc[2e1b2a31b91974c5]::vec::Vec<u8> as core[a373ad73a504971]::io::write::Write>::write_fmt
[INFO] [stdout]    3:     0x5bd84d39fadf - std[617be2ca0a6fd877]::panicking::default_hook::{closure#0}
[INFO] [stdout]    4:     0x5bd84d39f70a - std[617be2ca0a6fd877]::panicking::default_hook
[INFO] [stdout]    5:     0x5bd84d39f245 - std[617be2ca0a6fd877]::panicking::panic_with_hook
[INFO] [stdout]    6:     0x5bd84d3c5ff1 - std[617be2ca0a6fd877]::panicking::panic_handler::{closure#0}
[INFO] [stdout]    7:     0x5bd84d3c5fa9 - std[617be2ca0a6fd877]::sys::backtrace::__rust_end_short_backtrace::<std[617be2ca0a6fd877]::panicking::panic_handler::{closure#0}, !>
[INFO] [stdout]    8:     0x5bd84d3c64ac - __rustc[ea4f61d10b84890b]::rust_begin_unwind
[INFO] [stdout]    9:     0x5bd84d38533b - core[a373ad73a504971]::panicking::panic_fmt
[INFO] [stdout]   10:     0x5bd84d3758f3 - <assert_cmd[1e3c36d27e2ca3ae]::assert::AssertError>::panic::<assert_cmd[1e3c36d27e2ca3ae]::assert::Assert>
[INFO] [stdout]   11:     0x5bd84d37a190 - <integration[97513909541899be]::test_list_flag::{closure#0} as core[a373ad73a504971]::ops::function::FnOnce<()>>::call_once
[INFO] [stdout]   12:     0x5bd84d3e19db - test[aada8e7e76ba119b]::__rust_begin_short_backtrace::<core[a373ad73a504971]::result::Result<(), alloc[2e1b2a31b91974c5]::string::String>, fn() -> core[a373ad73a504971]::result::Result<(), alloc[2e1b2a31b91974c5]::string::String>>
[INFO] [stdout]   13:     0x5bd84d3dd490 - test[aada8e7e76ba119b]::run_test::{closure#0}
[INFO] [stdout]   14:     0x5bd84d3dcbbc - std[617be2ca0a6fd877]::sys::backtrace::__rust_begin_short_backtrace::<test[aada8e7e76ba119b]::run_test::{closure#1}, ()>
[INFO] [stdout]   15:     0x5bd84d3fc8cc - <std[617be2ca0a6fd877]::thread::lifecycle::spawn_unchecked<test[aada8e7e76ba119b]::run_test::{closure#1}, ()>::{closure#1} as core[a373ad73a504971]::ops::function::FnOnce<()>>::call_once::{shim:vtable#0}
[INFO] [stdout]   16:     0x5bd84d3c8084 - <std[617be2ca0a6fd877]::sys::thread::unix::Thread>::new::thread_start
[INFO] [stdout]   17:     0x7ca8a0023dfa - <unknown>
[INFO] [stdout]   18:     0x7ca8a00b73d4 - clone
[INFO] [stdout]   19:                0x0 - <unknown>
[INFO] [stdout] 
[INFO] [stdout] 
[INFO] [stdout] failures:
[INFO] [stdout]     test_list_flag
[INFO] [stdout] 
[INFO] [stdout] test result: FAILED. 9 passed; 1 failed; 0 ignored; 0 measured; 0 filtered out; finished in 0.01s
[INFO] [stdout] 
[INFO] [stderr] error: test failed, to rerun pass `--test integration`
[INFO] running `Command { std: "docker" "inspect" "796b8b8b8bbc4fc3db82ccb621625b9bcfccee7f79d741caf5a0de79751d5f74", kill_on_drop: false }`
[INFO] running `Command { std: "docker" "rm" "-f" "796b8b8b8bbc4fc3db82ccb621625b9bcfccee7f79d741caf5a0de79751d5f74", kill_on_drop: false }`
[INFO] [stdout] 796b8b8b8bbc4fc3db82ccb621625b9bcfccee7f79d741caf5a0de79751d5f74
