[INFO] fetching crate netspin-core 0.1.0...
[INFO] testing netspin-core-0.1.0 against 1.99.0-beta.8+cargoflags=--release for beta-release-1.100-2
[INFO] extracting crate netspin-core 0.1.0 into /workspace/builds/worker-5-tc1/source
[INFO] started tweaking crates.io crate netspin-core 0.1.0
[INFO] removed 0 missing examples
[INFO] removed 0 missing tests
[INFO] finished tweaking crates.io crate netspin-core 0.1.0
[INFO] tweaked toml for crates.io crate netspin-core 0.1.0 written to /workspace/builds/worker-5-tc1/source/Cargo.toml
[INFO] validating manifest of crates.io crate netspin-core 0.1.0 on toolchain 1.99.0-beta.8
[INFO] running `Command { std: CARGO_HOME="/workspace/cargo-home" RUSTUP_HOME="/workspace/rustup-home" "/workspace/cargo-home/bin/cargo" "+1.99.0-beta.8" "metadata" "--manifest-path" "Cargo.toml" "--no-deps", kill_on_drop: false }`
[INFO] crate crates.io crate netspin-core 0.1.0 already has a lockfile, it will not be regenerated
[INFO] running `Command { std: CARGO_HOME="/workspace/cargo-home" RUSTUP_HOME="/workspace/rustup-home" "/workspace/cargo-home/bin/cargo" "+1.99.0-beta.8" "fetch" "--manifest-path" "Cargo.toml", kill_on_drop: false }`
[INFO] running `Command { std: "docker" "create" "-v" "/var/lib/crater-agent-workspace/builds/worker-5-tc1/source:/opt/rustwide/workdir:ro,Z" "-v" "/var/lib/crater-agent-workspace/builds/worker-5-tc1/target:/opt/rustwide/target:rw,Z" "-v" "/var/lib/crater-agent-workspace/cargo-home:/opt/rustwide/cargo-home:ro,Z" "-v" "/var/lib/crater-agent-workspace/rustup-home:/opt/rustwide/rustup-home:ro,Z" "-m" "1610612736" "--network" "none" "ghcr.io/rust-lang/crates-build-env/linux@sha256:77db811e55d90add9212f6832c23229e3de5f1c1f9905e8cb07319ea15df73ac" "sleep" "infinity", kill_on_drop: false }`
[INFO] [stdout] f272e9531eab939b645f779838ae384e751e5b174d5d34c60ad3004b98e50a6b
[INFO] running `Command { std: "docker" "start" "f272e9531eab939b645f779838ae384e751e5b174d5d34c60ad3004b98e50a6b", kill_on_drop: false }`
[INFO] running `Command { std: "docker" "inspect" "f272e9531eab939b645f779838ae384e751e5b174d5d34c60ad3004b98e50a6b", kill_on_drop: false }`
[INFO] running `Command { std: "docker" "exec" "-e" "SOURCE_DIR=/opt/rustwide/workdir" "-e" "CARGO_HOME=/opt/rustwide/cargo-home" "-e" "RUSTUP_HOME=/opt/rustwide/rustup-home" "-e" "CARGO_TARGET_DIR=/opt/rustwide/target" "-w" "/opt/rustwide/workdir" "--user" "0:0" "f272e9531eab939b645f779838ae384e751e5b174d5d34c60ad3004b98e50a6b" "/opt/rustwide/cargo-home/bin/cargo" "+1.99.0-beta.8" "metadata" "--no-deps" "--format-version=1", kill_on_drop: false }`
[INFO] running `Command { std: "docker" "inspect" "f272e9531eab939b645f779838ae384e751e5b174d5d34c60ad3004b98e50a6b", kill_on_drop: false }`
[INFO] running `Command { std: "docker" "exec" "-e" "SOURCE_DIR=/opt/rustwide/workdir" "-e" "CARGO_HOME=/opt/rustwide/cargo-home" "-e" "RUSTUP_HOME=/opt/rustwide/rustup-home" "-e" "CARGO_TARGET_DIR=/opt/rustwide/target" "-e" "CARGO_INCREMENTAL=0" "-e" "RUST_BACKTRACE=full" "-e" "RUSTFLAGS=--cap-lints=warn" "-e" "RUSTDOCFLAGS=--cap-lints=warn" "-w" "/opt/rustwide/workdir" "--user" "0:0" "f272e9531eab939b645f779838ae384e751e5b174d5d34c60ad3004b98e50a6b" "/opt/rustwide/cargo-home/bin/cargo" "+1.99.0-beta.8" "build" "--frozen" "--message-format=json" "--release", kill_on_drop: false }`
[INFO] [stderr]    Compiling libc v0.2.189
[INFO] [stderr]    Compiling dyn-clone v1.0.20
[INFO] [stderr]    Compiling bytes v1.12.1
[INFO] [stderr]    Compiling tokio v1.53.1
[INFO] [stderr]    Compiling digest v0.11.3
[INFO] [stderr]    Compiling sha2 v0.11.0
[INFO] [stderr]    Compiling getrandom v0.4.3
[INFO] [stderr]    Compiling rand v0.10.3
[INFO] [stderr]    Compiling netspin-core v0.1.0 (/opt/rustwide/workdir)
[INFO] [stderr]     Finished `release` profile [optimized] target(s) in 3.63s
[INFO] running `Command { std: "docker" "inspect" "f272e9531eab939b645f779838ae384e751e5b174d5d34c60ad3004b98e50a6b", kill_on_drop: false }`
[INFO] running `Command { std: "docker" "exec" "-e" "SOURCE_DIR=/opt/rustwide/workdir" "-e" "CARGO_HOME=/opt/rustwide/cargo-home" "-e" "RUSTUP_HOME=/opt/rustwide/rustup-home" "-e" "CARGO_TARGET_DIR=/opt/rustwide/target" "-e" "CARGO_INCREMENTAL=0" "-e" "RUST_BACKTRACE=full" "-e" "RUSTFLAGS=--cap-lints=warn" "-e" "RUSTDOCFLAGS=--cap-lints=warn" "-w" "/opt/rustwide/workdir" "--user" "0:0" "f272e9531eab939b645f779838ae384e751e5b174d5d34c60ad3004b98e50a6b" "/opt/rustwide/cargo-home/bin/cargo" "+1.99.0-beta.8" "test" "--frozen" "--no-run" "--message-format=json" "--release", kill_on_drop: false }`
[INFO] [stderr]    Compiling netspin-core v0.1.0 (/opt/rustwide/workdir)
[INFO] [stderr]     Finished `release` profile [optimized] target(s) in 16.81s
[INFO] running `Command { std: "docker" "inspect" "f272e9531eab939b645f779838ae384e751e5b174d5d34c60ad3004b98e50a6b", kill_on_drop: false }`
[INFO] running `Command { std: "docker" "exec" "-e" "SOURCE_DIR=/opt/rustwide/workdir" "-e" "CARGO_HOME=/opt/rustwide/cargo-home" "-e" "RUSTUP_HOME=/opt/rustwide/rustup-home" "-e" "CARGO_TARGET_DIR=/opt/rustwide/target" "-e" "CARGO_INCREMENTAL=0" "-e" "RUST_BACKTRACE=full" "-e" "RUSTFLAGS=--cap-lints=warn" "-e" "RUSTDOCFLAGS=--cap-lints=warn" "-w" "/opt/rustwide/workdir" "--user" "0:0" "f272e9531eab939b645f779838ae384e751e5b174d5d34c60ad3004b98e50a6b" "/opt/rustwide/cargo-home/bin/cargo" "+1.99.0-beta.8" "test" "--frozen" "--release", kill_on_drop: false }`
[INFO] [stderr]     Finished `release` profile [optimized] target(s) in 0.04s
[INFO] [stderr]      Running unittests src/lib.rs (/opt/rustwide/target/release/deps/netspin_core-dfd10dddfbb1ce91)
[INFO] [stdout] 
[INFO] [stdout] running 266 tests
[INFO] [stdout] test channel::tests::dropping_transmitter_preserves_delayed_messages::test ... ok
[INFO] [stdout] test activity_monitor::tests::lease_release_makes_monitor_ready::test ... ok
[INFO] [stdout] test channel::tests::bounded_channel_greedily_accepts::test ... ok
[INFO] [stdout] test channel::tests::dropping_receiver_interrupts_backpressured_send::test ... ok
[INFO] [stdout] test channel::tests::first_terminal_event_is_sticky::test ... ok
[INFO] [stdout] test channel::tests::constructors_use_default_settings::test ... ok
[INFO] [stdout] test channel::tests::equal_arrivals_are_received_in_send_order::test ... ok
[INFO] [stdout] test activity_monitor::tests::newer_lease_keeps_activity_active::test ... ok
[INFO] [stdout] test channel::tests::message_arrives_while_sender_is_parked::test ... ok
[INFO] [stdout] test channel::tests::forwarded_messages_arrive_at_consistent_moments::test ... ok
[INFO] [stdout] test channel::tests::declined_split_sends_nothing::test ... ok
[INFO] [stdout] test channel::tests::partial_send_failure_reports_progress::test ... ok
[INFO] [stdout] test channel::tests::ordered_low_latency_catches_up::test ... ok
[INFO] [stdout] test channel::tests::partial_send_timeout_reports_progress::test ... ok
[INFO] [stdout] test channel::tests::receiver_abort_discards_delayed_messages::test ... ok
[INFO] [stdout] test channel::tests::message_larger_than_capacity_streams_through::test ... ok
[INFO] [stdout] test channel::tests::random_sends_are_received_in_arrival_order::test ... ok
[INFO] [stdout] test channel::tests::receive_is_interrupted_by_transmitter_drop::test ... ok
[INFO] [stdout] test channel::tests::receiver_failure_discards_delayed_messages::test ... ok
[INFO] [stdout] test channel::tests::receiver_failure_interrupts_backpressured_send::test ... ok
[INFO] [stdout] test channel::tests::nonzero_latency_send_into_local_channel_panics::test - should panic ... ok
[INFO] [stdout] test channel::tests::declined_split_into_empty_channel_panics::test - should panic ... ok
[INFO] [stdout] test channel::tests::message_larger_than_capacity_panics::test - should panic ... ok
[INFO] [stdout] test channel::tests::receive_waits_for_arrival::test ... ok
[INFO] [stdout] test activity_monitor::tests::has_release_tracks_unconsumed_release::test ... ok
[INFO] [stdout] test channel::tests::reserved_message_can_be_dropped_after_backpressured_sender_is_abandoned::test ... ok
[INFO] [stdout] test channel::tests::reserved_message_holds_buffer_space::test ... ok
[INFO] [stdout] test channel::tests::reserved_message_partial_release_frees_buffer_space::test ... ok
[INFO] [stdout] test channel::tests::reserved_receive_returns_failure::test ... ok
[INFO] [stdout] test channel::tests::send_into_almost_full_channel_splits::test ... ok
[INFO] [stdout] test channel::tests::send_into_almost_full_channel_waits_for_space::test ... ok
[INFO] [stdout] test channel::tests::send_into_totally_full_channel_does_not_split::test ... ok
[INFO] [stdout] test channel::tests::send_into_totally_full_channel_times_out::test ... ok
[INFO] [stdout] test channel::tests::send_into_totally_full_channel_waits_for_space::test ... ok
[INFO] [stdout] test channel::tests::send_readiness_wins_at_timeout::test ... ok
[INFO] [stdout] test channel::tests::send_timeout_is_nonterminal::test ... ok
[INFO] [stdout] test channel::tests::transmitter_abort_follows_delayed_messages::test ... ok
[INFO] [stdout] test channel::tests::transmitter_failure_follows_delayed_messages::test ... ok
[INFO] [stdout] test channel::tests::transmitter_failure_interrupts_receive::test ... ok
[INFO] [stdout] test channel::tests::unordered_low_latency_overtakes::test ... ok
[INFO] [stdout] test channel::tests::zero_latency_send_into_local_channel_works::test ... ok
[INFO] [stdout] test channel_error_info::tests::erased_clones_preserve_nonclone_error::test ... ok
[INFO] [stdout] test chunk::tests::slice_shares_storage::test ... ok
[INFO] [stdout] test chunk::tests::split_off_shares_storage::test ... ok
[INFO] [stdout] test chunk::tests::vec_round_trip_preserves_bytes::test ... ok
[INFO] [stdout] test duplex::tests::abort_affects_both_directions::test ... ok
[INFO] [stdout] test duplex::tests::dropping_endpoint_drains_messages_and_closes_peer::test ... ok
[INFO] [stdout] test duplex::tests::failure_affects_both_directions::test ... ok
[INFO] [stdout] test duplex::tests::message_makes_duplex_ready::test ... ok
[INFO] [stdout] test duplex::tests::pair_cross_connects_different_types::test ... ok
[INFO] [stdout] test duplex::tests::pair_is_cross_connected::test ... ok
[INFO] [stdout] test duplex::tests::splice_connects_peers::test ... ok
[INFO] [stdout] test duplex::tests::split_preserves_both_directions::test ... ok
[INFO] [stdout] test duplex_pump::tests::attaches_to_endpoint::test ... ok
[INFO] [stdout] test duplex_pump::tests::forwards_in_both_directions::test ... ok
[INFO] [stdout] test executor::tests::executor_cycles_tasks_fairly::test ... ok
[INFO] [stdout] test executor::tests::multiple_suspensions_in_one_poll_panic::test - should panic ... ok
[INFO] [stdout] test executor::tests::notified_receivers_respect_the_horizon_and_are_dropped::test ... ok
[INFO] [stdout] test executor::tests::pending_without_a_netspin_suspension_panics::test - should panic ... ok
[INFO] [stdout] test executor::tests::ready_with_a_netspin_suspension_panics::test - should panic ... ok
[INFO] [stdout] test executor::tests::tasks_only_resume_before_the_horizon::test ... ok
[INFO] [stdout] test executor::tests::spawn_returns_output::test ... ok
[INFO] [stdout] test executor::tests::stale_suspension_at_poll_start_panics::test - should panic ... ok
[INFO] [stdout] test executor::tests::stale_wakes_do_not_resume_reused_slots::test ... ok
[INFO] [stdout] test executor::tests::task_waker_is_reused_across_polls::test ... ok
[INFO] [stdout] test executor::tests::woken_task_resumes_at_wake_moment::test ... ok
[INFO] [stdout] test fan_in_block::tests::input_abort_is_propagated::test ... ok
[INFO] [stdout] test fan_in_block::tests::equal_arrivals_follow_input_order::test ... ok
[INFO] [stdout] test fan_in_block::tests::input_failure_is_propagated::test ... ok
[INFO] [stdout] test executor::tests::wake_calls_outside_tasks_are_ignored::test ... ok
[INFO] [stdout] test fan_in_block::tests::output_abort_is_propagated::test ... ok
[INFO] [stdout] test fan_in_block::tests::forwards_messages_from_all_inputs::test ... ok
[INFO] [stdout] test fan_out_block::tests::forwards_messages_to_all_outputs::test ... ok
[INFO] [stdout] test fan_out_block::tests::downstream_abort_is_propagated::test ... ok
[INFO] [stdout] test fan_out_block::tests::upstream_abort_is_propagated::test ... ok
[INFO] [stdout] test fan_out_block::tests::upstream_failure_is_propagated::test ... ok
[INFO] [stdout] test executor::tests::zero_horizon_prevents_tasks_from_starting::test ... ok
[INFO] [stdout] test fan_out_block::tests::earlier_output_backpressures_later_outputs::test ... ok
[INFO] [stdout] test latency::duplex_latency_block::tests::attachment_applies_directional_latencies::test ... ok
[INFO] [stdout] test fast_rng::tests::text_seed_hash_expands_and_truncates::test ... ok
[INFO] [stdout] test fast_rng::tests::forked_streams_are_independent_and_deterministic::test ... ok
[INFO] [stdout] test fan_out_block::tests::zero_outputs_panics::test - should panic ... ok
[INFO] [stdout] test latency::duplex_latency_block::tests::directions_can_be_configured_independently::test ... ok
[INFO] [stdout] test latency::duplex_latency_block::tests::both_configures_both_directions::test ... ok
[INFO] [stdout] test latency::duplex_latency_block::tests::constructors_and_clone_support_asymmetric_types::test ... ok
[INFO] [stdout] test latency::latency_block::tests::backpressure_waits_for_buffer_space::test ... ok
[INFO] [stdout] test latency::duplex_latency_block::tests::pair_attachment_applies_directional_latencies::test ... ok
[INFO] [stdout] test latency::latency_block::tests::complete_loss_does_not_delay_channel_closure::test ... ok
[INFO] [stdout] test latency::latency_block::tests::configured_message_size_defines_capacity_units::test ... ok
[INFO] [stdout] test latency::latency_block::tests::buffer_can_be_unbounded::test ... ok
[INFO] [stdout] test latency::fixed_latency::tests::returns_fixed_latency::test ... ok
[INFO] [stdout] test latency::latency_block::tests::cloned_blocks_apply_loss_independently_in_all_attachment_forms::test ... ok
[INFO] [stdout] test latency::latency_block::tests::downstream_abort_is_propagated::test ... ok
[INFO] [stdout] test latency::latency_block::tests::configured_model_provides_latency::test ... ok
[INFO] [stdout] test latency::latency_block::tests::constructors_use_default_settings::test ... ok
[INFO] [stdout] test latency::latency_block::tests::loss_precedes_latency_and_buffer_admission::test ... ok
[INFO] [stdout] test latency::latency_block::tests::overflow_can_be_configured::test ... ok
[INFO] [stdout] test latency::latency_block::tests::pair_attachment_applies_fixed_latency::test ... ok
[INFO] [stdout] test latency::latency_block::tests::pair_attachment_preserves_downstream_message_splitting::test ... ok
[INFO] [stdout] test latency::latency_block::tests::receiver_attachment_applies_fixed_latency::test ... ok
[INFO] [stdout] test latency::latency_block::tests::tail_drop_discards_message_when_buffer_is_full::test ... ok
[INFO] [stdout] test latency::latency_block::tests::transmitter_attachment_applies_fixed_latency::test ... ok
[INFO] [stdout] test latency::no_latency::tests::returns_zero_latency::test ... ok
[INFO] [stdout] test loss::duplex_loss_block::tests::attachment_applies_directional_loss::test ... ok
[INFO] [stdout] test loss::duplex_loss_block::tests::constructors_and_clone_use_default_settings::test ... ok
[INFO] [stdout] test latency::latency_overflow::tests::default_is_tail_drop::test ... ok
[INFO] [stdout] test latency::latency_block::tests::upstream_abort_follows_delayed_messages::test ... ok
[INFO] [stdout] test latency::latency_block::tests::upstream_failure_follows_delayed_messages::test ... ok
[INFO] [stdout] test loss::duplex_loss_block::tests::both_configures_both_directions::test ... ok
[INFO] [stdout] test loss::loss_block::tests::constructors_use_default_model::test ... ok
[INFO] [stdout] test loss::duplex_loss_block::tests::directions_can_be_configured_independently::test ... ok
[INFO] [stdout] test loss::duplex_loss_block::tests::pair_attachment_applies_directional_loss::test ... ok
[INFO] [stdout] test loss::loss_block::tests::downstream_abort_is_propagated::test ... ok
[INFO] [stdout] test loss::fixed_loss::tests::certain_probability_drops_every_message::test ... ok
[INFO] [stdout] test loss::fixed_loss::tests::intermediate_probability_drops_some_messages::test ... ok
[INFO] [stdout] test loss::loss_block::tests::configured_model_controls_which_messages_are_dropped::test ... ok
[INFO] [stdout] test loss::loss_block::tests::pair_attachment_applies_configured_loss::test ... ok
[INFO] [stdout] test loss::no_loss::tests::constructors_never_drop::test ... ok
[INFO] [stdout] test moment::tests::display_is_exact_decimal_seconds::test ... ok
[INFO] [stdout] test loss::fixed_loss::tests::zero_probability_drops_no_messages::test ... ok
[INFO] [stdout] test loss::loss_block::tests::upstream_abort_is_propagated::test ... ok
[INFO] [stdout] test moment::tests::addition_assignment_advances_moment::test ... ok
[INFO] [stdout] test panicking_writer::tests::drop_flushes_the_inner_writer::test ... ok
[INFO] [stdout] test loss::loss_block::tests::receiver_attachment_applies_configured_loss::test ... ok
[INFO] [stdout] test panicking_writer::tests::drop_flush_failure_panics_with_location::test - should panic ... ok
[INFO] [stdout] test moment::tests::subtraction_returns_elapsed_duration::test ... ok
[INFO] [stdout] test moment::tests::subtraction_panics_when_negative::test - should panic ... ok
[INFO] [stdout] test loss::loss_block::tests::receiver_attachment_forwards_by_default::test ... ok
[INFO] [stdout] test poll::tests::all_empty_waits_until_first_arrival::test ... ok
[INFO] [stdout] test loss::loss_block::tests::upstream_failure_is_propagated::test ... ok
[INFO] [stdout] test loss::loss_block::tests::transmitter_attachment_applies_configured_loss::test ... ok
[INFO] [stdout] test panicking_writer::tests::flush_failure_panics_with_location::test - should panic ... ok
[INFO] [stdout] test poll::tests::duplicate_notifications_are_allowed::test ... ok
[INFO] [stdout] test moment::tests::maps_to_system_time_from_epoch::test ... ok
[INFO] [stdout] test panicking_writer::tests::writes_are_forwarded::test ... ok
[INFO] [stdout] test poll::tests::parked_poll_tracks_successively_earlier_arrivals::test ... ok
[INFO] [stdout] test poll::tests::some_empty_waits_until_first_arrival::test ... ok
[INFO] [stdout] test poll::tests::equal_arrivals_return_first::test ... ok
[INFO] [stdout] test panicking_writer::tests::write_failure_panics_with_location::test - should panic ... ok
[INFO] [stdout] test poll_set::tests::disabled_entry_is_ignored::test ... ok
[INFO] [stdout] test poll_set::tests::all_empty_waits_until_first_arrival::test ... ok
[INFO] [stdout] test poll::tests::all_nonempty_waits_until_first_arrival::test ... ok
[INFO] [stdout] test poll::tests::ready_is_returned_immediately::test ... ok
[INFO] [stdout] test poll_set::tests::abandoned_poll_can_drop_entries::test ... ok
[INFO] [stdout] test poll::tests::duplicate_channels_are_allowed::test ... ok
[INFO] [stdout] test poll::tests::timeout_returns_none::test ... ok
[INFO] [stdout] test poll_set::tests::disabling_entry_reschedules_unparked_poll::test ... ok
[INFO] [stdout] test poll::tests::some_nonempty_waits_until_first_arrival::test ... ok
[INFO] [stdout] test poll_set::tests::disabling_entry_wakes_parked_poll::test ... ok
[INFO] [stdout] test poll_set::tests::empty_set_times_out::test ... ok
[INFO] [stdout] test poll_set::tests::enabling_entry_reschedules_unparked_poll::test ... ok
[INFO] [stdout] test poll_set::tests::enabling_entry_wakes_parked_poll::test ... ok
[INFO] [stdout] test poll_set::tests::equal_arrivals_return_first::test ... ok
[INFO] [stdout] test poll_set::tests::all_nonempty_waits_until_first_arrival::test ... ok
[INFO] [stdout] test poll_set::tests::poll_can_be_called_repeatedly::test ... ok
[INFO] [stdout] test poll_set::tests::insertion_wakes_parked_poll::test ... ok
[INFO] [stdout] test poll_set::tests::entry_enablement_is_idempotent::test ... ok
[INFO] [stdout] test poll_set::tests::removal_interrupts_a_delayed_wakeup_from_park::test ... ok
[INFO] [stdout] test poll_set::tests::removed_entry_stays_alive_until_poll_resumes::test ... ok
[INFO] [stdout] test poll_set::tests::signal_can_be_inserted::test ... ok
[INFO] [stdout] test pump::tests::attaches_to_transmitter::test ... ok
[INFO] [stdout] test pump::tests::downstream_abort_is_propagated::test ... ok
[INFO] [stdout] test poll_set::tests::poller_is_pinned_to_first_task::test - should panic ... FAILED
[INFO] [stdout] test pump::tests::attaches_to_receiver::test ... ok
[INFO] [stdout] test poll_set::tests::insertion_reschedules_unparked_poll::test ... ok
[INFO] [stdout] test poll_set::tests::removal_wakes_parked_poll::test ... ok
[INFO] [stdout] test poll_set::tests::readiness_wins_at_timeout::test ... ok
[INFO] [stdout] test pump::tests::downstream_failure_is_propagated::test ... ok
[INFO] [stdout] test pump::tests::upstream_abort_is_propagated::test ... ok
[INFO] [stdout] test receive_options::tests::constructors_use_default_settings::test ... ok
[INFO] [stdout] test poll_set::tests::removal_reschedules_unparked_poll::test ... ok
[INFO] [stdout] test rx::tests::partial_receive_frees_prefix_capacity::test ... ok
[INFO] [stdout] test pump::tests::upstream_close_is_propagated::test ... ok
[INFO] [stdout] test poll_set::tests::reenabled_entries_keep_key_order::test ... ok
[INFO] [stdout] test receive_options::tests::setter_configures_timeout::test ... ok
[INFO] [stdout] test rx::tests::failure_makes_receiver_ready::test ... ok
[INFO] [stdout] test rx::tests::receiving_timeout_is_configurable::test ... ok
[INFO] [stdout] test rx::tests::receiving_timeout_is_used_by_receive::test ... ok
[INFO] [stdout] test rx::tests::receive_with_options_times_out::test ... ok
[INFO] [stdout] test rx::tests::receive_with_options_overrides_endpoint_timeout::test ... ok
[INFO] [stdout] test rx::tests::splice_connects_endpoints::test ... ok
[INFO] [stdout] test rx::tests::partial_receive_preserves_terminal_error::test ... ok
[INFO] [stdout] test rx::tests::receive_work_advances_time_and_holds_activity::test ... ok
[INFO] [stdout] test poll_set::tests::ready_is_returned_immediately::test ... ok
[INFO] [stdout] test rx::tests::try_receive_up_to_does_not_combine_messages::test ... ok
[INFO] [stdout] test rx::tests::parked_receive_resumes_at_arrival_without_intermediate_poll::test ... ok
[INFO] [stdout] test rx::tests::try_receive_up_to_requires_a_splitter::test - should panic ... ok
[INFO] [stdout] test rx::tests::receive_timeout_is_nonterminal::test ... ok
[INFO] [stdout] test task::tests::running_state_is_reported::test ... ok
[INFO] [stdout] test task::tests::spawn_detached_outside_a_task_panics::test - should panic ... ok
[INFO] [stdout] test send_options::tests::constructors_use_default_settings::test ... ok
[INFO] [stdout] test rx::tests::readiness_wins_at_timeout::test ... ok
[INFO] [stdout] test rx::tests::try_receive_up_to_splits_the_front_message::test ... ok
[INFO] [stdout] test rx::tests::try_receive_with_options_ignores_timeout::test ... ok
[INFO] [stdout] test task::tests::parallel_executors_share_block_on_runtime::test ... ok
[INFO] [stdout] test rx::tests::try_receive_up_to_preserves_arrival::test ... ok
[INFO] [stdout] test task::tests::spawn_runs_when_parent_awaits::test ... ok
[INFO] [stdout] test task::tests::spawn_returns_output::test ... ok
[INFO] [stdout] test task::tests::spawn_detached_starts_at_current_moment::test ... ok
[INFO] [stdout] test task::tests::spawn_outside_a_task_panics::test - should panic ... ok
[INFO] [stdout] test signal::tests::trigger_is_sticky::test ... ok
[INFO] [stdout] test task::tests::block_on_runs_future::test ... ok
[INFO] [stdout] test signal::tests::trigger_reschedules_sleeping_poll::test ... ok
[INFO] [stdout] test task::tests::spawner_outside_a_task_panics::test - should panic ... ok
[INFO] [stdout] test task_queue::tests::rebuilding_the_priority_queue_preserves_current_tasks::test ... ok
[INFO] [stdout] test task_queue::tests::rescheduling_preserves_original_push_order::test ... ok
[INFO] [stdout] test task_queue::tests::parked_notifications_preserve_wake_order::test ... ok
[INFO] [stdout] test task_queue::tests::rebuilding_preserves_parked_tasks::test ... ok
[INFO] [stdout] test signal::tests::trigger_wakes_parked_poll::test ... ok
[INFO] [stdout] test task::tests::spawn_starts_at_current_moment::test ... ok
[INFO] [stdout] test send_options::tests::setters_configure_latency_and_timeout::test ... ok
[INFO] [stdout] test task_queue::tests::stale_queue_entries_do_not_repeat_tasks::test ... ok
[INFO] [stdout] test task_queue::tests::rescheduling_to_current_moment_preserves_push_order::test ... ok
[INFO] [stdout] test task_queue::tests::rescheduling_a_current_task_is_a_noop::test ... ok
[INFO] [stdout] test task_queue::tests::rescheduling_never_delays_a_task::test ... ok
[INFO] [stdout] test task::tests::block_on_outside_a_task_panics::test - should panic ... ok
[INFO] [stdout] test task_queue::tests::stale_heap_entries_preserve_reused_slot_order::test ... ok
[INFO] [stdout] test task_queue::tests::stale_wakes_do_not_wake_reused_slots::test ... ok
[INFO] [stdout] test task_queue::tests::slot_storage_is_bounded_by_live_tasks::test ... ok
[INFO] [stdout] test task_queue::tests::current_moment_tasks_keep_push_order::test ... ok
[INFO] [stdout] test task::tests::work_advances_callers_clock::test ... ok
[INFO] [stdout] test task::tests::spawner_spawns_at_current_moment::test ... ok
[INFO] [stdout] test task_queue::tests::wakes_only_schedule_parked_tasks_once::test ... ok
[INFO] [stdout] test task_queue::tests::rescheduling_rebuilds_a_stale_queue::test ... ok
[INFO] [stdout] test tx::tests::error_reports_sticky_failure::test ... ok
[INFO] [stdout] test tx::tests::free_transmitter_is_ready::test ... ok
[INFO] [stdout] test tx::tests::full_transmitter_becomes_ready_after_receive::test ... ok
[INFO] [stdout] test tx::tests::expect_send_sends_with_available_capacity::test ... ok
[INFO] [stdout] test tx::tests::nonempty_downstream_channel_splice_panics::test - should panic ... ok
[INFO] [stdout] test task_queue::tests::tasks_pop_in_moment_then_push_order::test ... ok
[INFO] [stdout] test tx::tests::custom_message_size_splice_panics::test - should panic ... ok
[INFO] [stdout] test task_rng::tests::forwards_to_the_executor_rng::test ... ok
[INFO] [stdout] test tx::tests::nonempty_upstream_channel_splice_panics::test - should panic ... ok
[INFO] [stdout] test task_queue::tests::notifications_before_a_wake_keep_earliest_arrival::test ... ok
[INFO] [stdout] test tx::tests::expect_send_panics_without_capacity::test - should panic ... ok
[INFO] [stdout] test tx::tests::nonlocal_channel_splice_panics::test - should panic ... ok
[INFO] [stdout] test tx::tests::indirect_splice_cycle_panics::test - should panic ... ok
[INFO] [stdout] test tx::tests::readiness_only_requires_some_free_space::test ... ok
[INFO] [stdout] test tx::tests::polling_and_sending_from_different_tasks_panics::test - should panic ... FAILED
[INFO] [stdout] test task_rng::tests::use_outside_a_task_panics::test - should panic ... ok
[INFO] [stdout] test tx::tests::readiness_threshold_is_configurable::test ... ok
[INFO] [stdout] test tx::tests::free_space_reports_available_space::test ... ok
[INFO] [stdout] test tx::tests::duplicate_transmitter_polling_is_allowed::test ... ok
[INFO] [stdout] test tx::tests::full_transmitter_reschedules_timed_poll::test ... ok
[INFO] [stdout] test tx::tests::poll_set_entry_retains_transmitter_access::test ... ok
[INFO] [stdout] test tx::tests::reservation_release_makes_transmitter_ready::test ... ok
[INFO] [stdout] test task_queue::tests::rebuilding_preserves_pending_notifications::test ... ok
[INFO] [stdout] test tx::tests::message_split_splice_panics::test - should panic ... ok
[INFO] [stdout] test tx::tests::nonlocal_upstream_channel_splice_preserves_latency::test ... ok
[INFO] [stdout] test tx::tests::active_receiver_splice_panics::test - should panic ... ok
[INFO] [stdout] test tx::tests::send_with_options_applies_latency::test ... ok
[INFO] [stdout] test tx::tests::send_with_options_times_out::test ... ok
[INFO] [stdout] test tx::tests::sending_timeout_is_configurable::test ... ok
[INFO] [stdout] test tx::tests::splice_chains_connect_endpoints::test ... ok
[INFO] [stdout] test tx::tests::splice_cycle_panics::test - should panic ... ok
[INFO] [stdout] test tx::tests::splice_connects_endpoints::test ... ok
[INFO] [stdout] test tx::tests::sending_timeout_is_used_by_send::test ... ok
[INFO] [stdout] test tx::tests::unequal_capacity_splice_chain_uses_upstream_capacity::test ... ok
[INFO] [stdout] test tx::tests::try_send_returns_failure::test ... ok
[INFO] [stdout] test tx::tests::upstream_message_sizing_splice_is_retained::test ... ok
[INFO] [stdout] test tx::tests::try_send_with_options_ignores_timeout::test ... ok
[INFO] [stdout] test tx::tests::send_with_options_overrides_endpoint_timeout::test ... ok
[INFO] [stdout] test tx::tests::unequal_capacity_splice_uses_upstream_capacity::test ... ok
[INFO] [stdout] test tx::tests::terminated_transmitter_is_ready::test ... ok
[INFO] [stdout] test tx::tests::try_send_with_options_applies_latency::test ... ok
[INFO] [stdout] test task_queue::tests::mixed_operations_match_reference_order::test ... ok
[INFO] [stdout] 
[INFO] [stdout] failures:
[INFO] [stdout] 
[INFO] [stdout] ---- poll_set::tests::poller_is_pinned_to_first_task::test stdout ----
[INFO] [stdout] note: test did not panic as expected at src/poll_set/tests/poller_is_pinned_to_first_task.rs:17:4
[INFO] [stdout] ---- tx::tests::polling_and_sending_from_different_tasks_panics::test stdout ----
[INFO] [stdout] note: test did not panic as expected at src/tx/tests/polling_and_sending_from_different_tasks_panics.rs:16:4
[INFO] [stdout] 
[INFO] [stdout] failures:
[INFO] [stdout]     poll_set::tests::poller_is_pinned_to_first_task::test
[INFO] [stdout]     tx::tests::polling_and_sending_from_different_tasks_panics::test
[INFO] [stdout] 
[INFO] [stdout] test result: FAILED. 264 passed; 2 failed; 0 ignored; 0 measured; 0 filtered out; finished in 0.26s
[INFO] [stdout] 
[INFO] [stderr] error: test failed, to rerun pass `--lib`
[INFO] running `Command { std: "docker" "inspect" "f272e9531eab939b645f779838ae384e751e5b174d5d34c60ad3004b98e50a6b", kill_on_drop: false }`
[INFO] running `Command { std: "docker" "rm" "-f" "f272e9531eab939b645f779838ae384e751e5b174d5d34c60ad3004b98e50a6b", kill_on_drop: false }`
[INFO] [stdout] f272e9531eab939b645f779838ae384e751e5b174d5d34c60ad3004b98e50a6b
