[INFO] fetching crate netsky-core 0.2.0...
[INFO] testing netsky-core-0.2.0 against 1.99.0-beta.8+cargoflags=--release for beta-release-1.100-2
[INFO] extracting crate netsky-core 0.2.0 into /workspace/builds/worker-2-tc1/source
[INFO] started tweaking crates.io crate netsky-core 0.2.0
[INFO] finished tweaking crates.io crate netsky-core 0.2.0
[INFO] tweaked toml for crates.io crate netsky-core 0.2.0 written to /workspace/builds/worker-2-tc1/source/Cargo.toml
[INFO] validating manifest of crates.io crate netsky-core 0.2.0 on toolchain 1.99.0-beta.8
[INFO] running `Command { std: CARGO_HOME="/workspace/cargo-home" RUSTUP_HOME="/workspace/rustup-home" "/workspace/cargo-home/bin/cargo" "+1.99.0-beta.8" "metadata" "--manifest-path" "Cargo.toml" "--no-deps", kill_on_drop: false }`
[INFO] crate crates.io crate netsky-core 0.2.0 already has a lockfile, it will not be regenerated
[INFO] running `Command { std: CARGO_HOME="/workspace/cargo-home" RUSTUP_HOME="/workspace/rustup-home" "/workspace/cargo-home/bin/cargo" "+1.99.0-beta.8" "fetch" "--manifest-path" "Cargo.toml", kill_on_drop: false }`
[INFO] [stderr]     Updating crates.io index
[INFO] [stderr]  Downloading crates ...
[INFO] [stderr]   Downloaded which v7.0.3
[INFO] [stderr]   Downloaded netsky-sh v0.2.0
[INFO] [stderr]   Downloaded croner v3.0.1
[INFO] [stderr]   Downloaded netsky-prompts v0.2.0
[INFO] running `Command { std: "docker" "create" "-v" "/var/lib/crater-agent-workspace/builds/worker-2-tc1/source:/opt/rustwide/workdir:ro,Z" "-v" "/var/lib/crater-agent-workspace/builds/worker-2-tc1/target:/opt/rustwide/target:rw,Z" "-v" "/var/lib/crater-agent-workspace/cargo-home:/opt/rustwide/cargo-home:ro,Z" "-v" "/var/lib/crater-agent-workspace/rustup-home:/opt/rustwide/rustup-home:ro,Z" "-m" "1610612736" "--network" "none" "ghcr.io/rust-lang/crates-build-env/linux@sha256:77db811e55d90add9212f6832c23229e3de5f1c1f9905e8cb07319ea15df73ac" "sleep" "infinity", kill_on_drop: false }`
[INFO] [stdout] c2126ca0a4cda80ab355f3fe847bc247d47d0d5431de72547a0d55bf3fd3a0ef
[INFO] running `Command { std: "docker" "start" "c2126ca0a4cda80ab355f3fe847bc247d47d0d5431de72547a0d55bf3fd3a0ef", kill_on_drop: false }`
[INFO] running `Command { std: "docker" "inspect" "c2126ca0a4cda80ab355f3fe847bc247d47d0d5431de72547a0d55bf3fd3a0ef", kill_on_drop: false }`
[INFO] running `Command { std: "docker" "exec" "-e" "SOURCE_DIR=/opt/rustwide/workdir" "-e" "CARGO_HOME=/opt/rustwide/cargo-home" "-e" "RUSTUP_HOME=/opt/rustwide/rustup-home" "-e" "CARGO_TARGET_DIR=/opt/rustwide/target" "-w" "/opt/rustwide/workdir" "--user" "0:0" "c2126ca0a4cda80ab355f3fe847bc247d47d0d5431de72547a0d55bf3fd3a0ef" "/opt/rustwide/cargo-home/bin/cargo" "+1.99.0-beta.8" "metadata" "--no-deps" "--format-version=1", kill_on_drop: false }`
[INFO] running `Command { std: "docker" "inspect" "c2126ca0a4cda80ab355f3fe847bc247d47d0d5431de72547a0d55bf3fd3a0ef", kill_on_drop: false }`
[INFO] running `Command { std: "docker" "exec" "-e" "SOURCE_DIR=/opt/rustwide/workdir" "-e" "CARGO_HOME=/opt/rustwide/cargo-home" "-e" "RUSTUP_HOME=/opt/rustwide/rustup-home" "-e" "CARGO_TARGET_DIR=/opt/rustwide/target" "-e" "CARGO_INCREMENTAL=0" "-e" "RUST_BACKTRACE=full" "-e" "RUSTFLAGS=--cap-lints=warn" "-e" "RUSTDOCFLAGS=--cap-lints=warn" "-w" "/opt/rustwide/workdir" "--user" "0:0" "c2126ca0a4cda80ab355f3fe847bc247d47d0d5431de72547a0d55bf3fd3a0ef" "/opt/rustwide/cargo-home/bin/cargo" "+1.99.0-beta.8" "build" "--frozen" "--message-format=json" "--release", kill_on_drop: false }`
[INFO] [stderr]    Compiling syn v2.0.117
[INFO] [stderr]    Compiling libc v0.2.185
[INFO] [stderr]    Compiling bitflags v2.11.1
[INFO] [stderr]    Compiling zerocopy v0.8.48
[INFO] [stderr]    Compiling hashbrown v0.17.0
[INFO] [stderr]    Compiling winnow v0.7.15
[INFO] [stderr]    Compiling toml_write v0.1.2
[INFO] [stderr]    Compiling env_home v0.1.0
[INFO] [stderr]    Compiling either v1.15.0
[INFO] [stderr]    Compiling rustix v1.1.4
[INFO] [stderr]    Compiling serde_json v1.0.149
[INFO] [stderr]    Compiling indexmap v2.14.0
[INFO] [stderr]    Compiling getrandom v0.2.17
[INFO] [stderr]    Compiling getrandom v0.4.2
[INFO] [stderr]    Compiling rand_core v0.6.4
[INFO] [stderr]    Compiling dirs-sys v0.4.1
[INFO] [stderr]    Compiling dirs v5.0.1
[INFO] [stderr]    Compiling tempfile v3.27.0
[INFO] [stderr]    Compiling which v7.0.3
[INFO] [stderr]    Compiling fs4 v0.13.1
[INFO] [stderr]    Compiling netsky-sh v0.2.0
[INFO] [stderr]    Compiling darling_core v0.20.11
[INFO] [stderr]    Compiling serde_derive v1.0.228
[INFO] [stderr]    Compiling strum_macros v0.27.2
[INFO] [stderr]    Compiling tracing-attributes v0.1.31
[INFO] [stderr]    Compiling tracing v0.1.44
[INFO] [stderr]    Compiling ppv-lite86 v0.2.21
[INFO] [stderr]    Compiling rand_chacha v0.3.1
[INFO] [stderr]    Compiling strum v0.27.2
[INFO] [stderr]    Compiling darling_macro v0.20.11
[INFO] [stderr]    Compiling rand v0.8.5
[INFO] [stderr]    Compiling darling v0.20.11
[INFO] [stderr]    Compiling derive_builder_core v0.20.2
[INFO] [stderr]    Compiling serde v1.0.228
[INFO] [stderr]    Compiling derive_builder_macro v0.20.2
[INFO] [stderr]    Compiling derive_builder v0.20.2
[INFO] [stderr]    Compiling croner v3.0.1
[INFO] [stderr]    Compiling toml_datetime v0.6.11
[INFO] [stderr]    Compiling serde_spanned v0.6.9
[INFO] [stderr]    Compiling toml_edit v0.22.27
[INFO] [stderr]    Compiling toml v0.8.23
[INFO] [stderr]    Compiling netsky-prompts v0.2.0
[INFO] [stderr]    Compiling netsky-core v0.2.0 (/opt/rustwide/workdir)
[INFO] [stderr]     Finished `release` profile [optimized] target(s) in 1m 03s
[INFO] running `Command { std: "docker" "inspect" "c2126ca0a4cda80ab355f3fe847bc247d47d0d5431de72547a0d55bf3fd3a0ef", kill_on_drop: false }`
[INFO] running `Command { std: "docker" "exec" "-e" "SOURCE_DIR=/opt/rustwide/workdir" "-e" "CARGO_HOME=/opt/rustwide/cargo-home" "-e" "RUSTUP_HOME=/opt/rustwide/rustup-home" "-e" "CARGO_TARGET_DIR=/opt/rustwide/target" "-e" "CARGO_INCREMENTAL=0" "-e" "RUST_BACKTRACE=full" "-e" "RUSTFLAGS=--cap-lints=warn" "-e" "RUSTDOCFLAGS=--cap-lints=warn" "-w" "/opt/rustwide/workdir" "--user" "0:0" "c2126ca0a4cda80ab355f3fe847bc247d47d0d5431de72547a0d55bf3fd3a0ef" "/opt/rustwide/cargo-home/bin/cargo" "+1.99.0-beta.8" "test" "--frozen" "--no-run" "--message-format=json" "--release", kill_on_drop: false }`
[INFO] [stderr]    Compiling netsky-core v0.2.0 (/opt/rustwide/workdir)
[INFO] [stderr]     Finished `release` profile [optimized] target(s) in 16.07s
[INFO] running `Command { std: "docker" "inspect" "c2126ca0a4cda80ab355f3fe847bc247d47d0d5431de72547a0d55bf3fd3a0ef", kill_on_drop: false }`
[INFO] running `Command { std: "docker" "exec" "-e" "SOURCE_DIR=/opt/rustwide/workdir" "-e" "CARGO_HOME=/opt/rustwide/cargo-home" "-e" "RUSTUP_HOME=/opt/rustwide/rustup-home" "-e" "CARGO_TARGET_DIR=/opt/rustwide/target" "-e" "CARGO_INCREMENTAL=0" "-e" "RUST_BACKTRACE=full" "-e" "RUSTFLAGS=--cap-lints=warn" "-e" "RUSTDOCFLAGS=--cap-lints=warn" "-w" "/opt/rustwide/workdir" "--user" "0:0" "c2126ca0a4cda80ab355f3fe847bc247d47d0d5431de72547a0d55bf3fd3a0ef" "/opt/rustwide/cargo-home/bin/cargo" "+1.99.0-beta.8" "test" "--frozen" "--release", kill_on_drop: false }`
[INFO] [stderr]     Finished `release` profile [optimized] target(s) in 0.13s
[INFO] [stderr]      Running unittests src/lib.rs (/opt/rustwide/target/release/deps/netsky_core-5afa52011108abd9)
[INFO] [stdout] 
[INFO] [stdout] running 80 tests
[INFO] [stdout] test agent::tests::name_roundtrip ... ok
[INFO] [stdout] test config::runtime::tests::active_host_label_rejects_invalid_file_label ... ok
[INFO] [stdout] test agent::tests::env_n_strings ... ok
[INFO] [stdout] test config::runtime::tests::active_host_label_rejects_invalid_env_label ... ok
[INFO] [stdout] test config::runtime::tests::addendum_loads_base_and_host_layers ... ok
[INFO] [stdout] test config::runtime::tests::defaults_are_safe_for_fresh_clone ... ok
[INFO] [stdout] test agent::tests::from_number_zero_is_agent0 ... ok
[INFO] [stdout] test config::runtime::tests::machine_type_env_beats_active_host_file ... ok
[INFO] [stdout] test config::runtime::tests::validate_host_label_rejects_invalid_values ... ok
[INFO] [stdout] test config::tests::empty_toml_returns_default_config ... ok
[INFO] [stdout] test config::runtime::tests::host_file_overrides_base_config ... ok
[INFO] [stdout] test config::tests::missing_file_returns_ok_none ... ok
[INFO] [stdout] test config::tests::iroh_peers_keyed_by_label_via_serde_flatten ... ok
[INFO] [stdout] test config::tests::partial_toml_leaves_unset_sections_none ... ok
[INFO] [stdout] test config::tests::resolve_prefers_env_over_default ... ok
[INFO] [stdout] test config::tests::unsupported_schema_version_errors_loudly ... ok
[INFO] [stdout] test consts::tests::allowed_tools_agent_subset_of_agentinfinity ... ok
[INFO] [stdout] test consts::tests::allowed_tools_clone_subset_of_agentinfinity ... ok
[INFO] [stdout] test consts::tests::allowed_tools_have_no_duplicates ... ok
[INFO] [stdout] test consts::tests::clone_allowlist_excludes_banned_tools ... ok
[INFO] [stdout] test config::tests::resolve_falls_through_to_default_when_env_and_toml_unset ... ok
[INFO] [stdout] test cron::tests::is_due_with_no_last_fired_is_true ... ok
[INFO] [stdout] test config::tests::resolve_treats_empty_env_as_unset ... ok
[INFO] [stdout] test config::tests::malformed_toml_returns_err ... ok
[INFO] [stdout] test cron::tests::next_fire_advances_from_last_fired ... ok
[INFO] [stdout] test cron::tests::validates_five_field_schedule ... ok
[INFO] [stdout] test envelope::tests::build_filename_shape ... ok
[INFO] [stdout] test envelope::tests::legacy_envelope_deserializes_with_v1_defaults ... ok
[INFO] [stdout] test envelope::tests::v1_envelope_round_trips_optional_fields ... ok
[INFO] [stdout] test envelope::tests::valid_agent_id_accepts_canonical_shapes ... ok
[INFO] [stdout] test envelope::tests::valid_agent_id_accepts_test_namespace ... ok
[INFO] [stdout] test config::tests::full_schema_round_trips_via_example ... FAILED
[INFO] [stdout] test envelope::tests::valid_agent_id_rejects_junk ... ok
[INFO] [stdout] test config::runtime::tests::loads_owner_and_channels_files ... ok
[INFO] [stdout] test envelope::tests::write_envelope_rejects_name_collision ... ok
[INFO] [stdout] test envelope::tests::write_envelope_round_trips ... ok
[INFO] [stdout] test envelope::tests::build_filename_is_unique_within_process ... ok
[INFO] [stdout] test jsonl::tests::read_records_keeps_middle_parse_errors ... ok
[INFO] [stdout] test consts::tests::netsky_io_sources_have_3_place_sync ... FAILED
[INFO] [stdout] test jsonl::tests::read_records_skips_one_malformed_trailing_record_without_newline ... ok
[INFO] [stdout] test loops::tests::fixed_loop_mark_fired_advances_from_now ... ok
[INFO] [stdout] test config::runtime::tests::parse_errors_are_not_silent ... ok
[INFO] [stdout] test paths::tests::escalate_failed_marker_uses_unique_paths_for_rapid_calls ... ok
[INFO] [stdout] test paths::tests::resolve_prefers_env_var_when_set ... ok
[INFO] [stdout] test paths::tests::is_netsky_source_tree_requires_both_sentinels ... ok
[INFO] [stdout] test loops::tests::save_and_load_round_trip ... ok
[INFO] [stdout] test cron::tests::save_and_load_round_trip ... ok
[INFO] [stdout] test paths::tests::walk_up_finds_valid_ancestor ... ok
[INFO] [stdout] test paths::tests::walk_up_returns_none_when_no_ancestor_valid ... ok
[INFO] [stdout] test restart_handshake::tests::ignores_non_restart_envelope_kinds ... ok
[INFO] [stdout] test restart_handshake::tests::parses_restart_request_from_envelope ... ok
[INFO] [stdout] test restart_handshake::tests::rejects_invalid_restart_payload ... ok
[INFO] [stdout] test retry::tests::on_lock_fails_fast_for_non_lock_errors ... ok
[INFO] [stdout] test retry::tests::on_lock_returns_final_error_after_exhaustion ... ok
[INFO] [stdout] test jsonl::tests::read_records_yields_valid_final_record_without_newline ... ok
[INFO] [stdout] test runtime::claude::tests::cmd_for_agent0_is_lax_and_includes_imessage_channel ... ok
[INFO] [stdout] test runtime::claude::tests::cmd_for_agentinfinity_uses_watchdog_toolset ... ok
[INFO] [stdout] test paths::tests::resolve_defaults_to_home_netsky_even_from_checkout ... ok
[INFO] [stdout] test runtime::claude::tests::cmd_for_clone_is_strict_and_omits_imessage_channel ... ok
[INFO] [stdout] test runtime::claude::tests::every_agent_disallows_the_agent_tool ... ok
[INFO] [stdout] test runtime::claude::tests::effort_is_shell_escaped_against_env_injection ... ok
[INFO] [stdout] test retry::tests::on_lock_succeeds_after_transient_errors ... ok
[INFO] [stdout] test runtime::claude::tests::shell_escape_simple ... ok
[INFO] [stdout] test runtime::codex::tests::cmd_for_clone_invokes_codex_with_prompt_file_cat ... ok
[INFO] [stdout] test runtime::codex::tests::cmd_shell_escapes_injection_attempts ... ok
[INFO] [stdout] test runtime::claude::tests::shell_escape_with_single_quote ... ok
[INFO] [stdout] test runtime::codex::tests::paste_startup_dismisses_trust_dialog_before_pasting ... ok
[INFO] [stdout] test runtime::codex::tests::paste_startup_errors_when_pane_never_echoes ... ok
[INFO] [stdout] test runtime::codex::tests::paste_startup_noop_on_empty_startup ... ok
[INFO] [stdout] test runtime::codex::tests::paste_startup_sends_text_then_enter_and_returns_on_echo ... ok
[INFO] [stdout] test runtime::tests::claude_post_spawn_is_noop_without_tmux ... ok
[INFO] [stdout] test spawn::tests::mcp_config_agent0_includes_imessage ... ok
[INFO] [stdout] test spawn::tests::mcp_config_agentinfinity_includes_imessage ... ok
[INFO] [stdout] test spawn::tests::mcp_config_clone_has_only_agent_server ... ok
[INFO] [stdout] test runtime::codex::tests::default_config_picks_documented_defaults ... ok
[INFO] [stdout] test process::tests::completes_under_timeout ... ok
[INFO] [stdout] test process::tests::propagates_nonzero_exit ... ok
[INFO] [stdout] test retry::tests::on_lock_honors_total_wait_cap ... ok
[INFO] [stdout] test jsonl::tests::concurrent_process_writers_produce_valid_jsonl ... ok
[INFO] [stderr] error: test failed, to rerun pass `--lib`
[INFO] [stdout] test process::tests::kills_on_timeout ... ok
[INFO] [stdout] 
[INFO] [stdout] failures:
[INFO] [stdout] 
[INFO] [stdout] ---- config::tests::full_schema_round_trips_via_example stdout ----
[INFO] [stdout] 
[INFO] [stdout] thread 'config::tests::full_schema_round_trips_via_example' (854) panicked at src/config.rs:373:14:
[INFO] [stdout] netsky.toml.example must exist + parse
[INFO] [stdout] stack backtrace:
[INFO] [stdout]    0:     0x654d7c7eb621 - <<std[70759c8f55707aa4]::sys::backtrace::BacktraceLock>::print::DisplayBacktrace as core[df12db4294e9bfd3]::fmt::Display>::fmt
[INFO] [stdout]    1:     0x654d7c80274a - core[df12db4294e9bfd3]::fmt::write
[INFO] [stdout]    2:     0x654d7c7f043c - <alloc[2182bb758b4b3781]::vec::Vec<u8> as core[df12db4294e9bfd3]::io::write::Write>::write_fmt
[INFO] [stdout]    3:     0x654d7c7c4856 - std[70759c8f55707aa4]::panicking::default_hook::{closure#0}
[INFO] [stdout]    4:     0x654d7c7e2849 - std[70759c8f55707aa4]::panicking::default_hook
[INFO] [stdout]    5:     0x654d7c72a9d0 - test[9d35eded1c95d3be]::test_main_inner::<test[9d35eded1c95d3be]::test_main_static::{closure#0}>::{closure#0}
[INFO] [stdout]    6:     0x654d7c7e2a02 - std[70759c8f55707aa4]::panicking::panic_with_hook
[INFO] [stdout]    7:     0x654d7c7c4902 - std[70759c8f55707aa4]::panicking::panic_handler::{closure#0}
[INFO] [stdout]    8:     0x654d7c7bcbe9 - std[70759c8f55707aa4]::sys::backtrace::__rust_end_short_backtrace::<std[70759c8f55707aa4]::panicking::panic_handler::{closure#0}, !>
[INFO] [stdout]    9:     0x654d7c7c5a0d - __rustc[8fa7c3cbc660c2b3]::rust_begin_unwind
[INFO] [stdout]   10:     0x654d7c802eac - core[df12db4294e9bfd3]::panicking::panic_fmt
[INFO] [stdout]   11:     0x654d7c802c04 - core[df12db4294e9bfd3]::option::expect_failed
[INFO] [stdout]   12:     0x654d7c6ce0ab - netsky_core[e9a5af1613e2276]::config::tests::full_schema_round_trips_via_example
[INFO] [stdout]   13:     0x654d7c6efa39 - <netsky_core[e9a5af1613e2276]::config::tests::full_schema_round_trips_via_example::{closure#0} as core[df12db4294e9bfd3]::ops::function::FnOnce<()>>::call_once
[INFO] [stdout]   14:     0x654d7c71dcbb - test[9d35eded1c95d3be]::__rust_begin_short_backtrace::<core[df12db4294e9bfd3]::result::Result<(), alloc[2182bb758b4b3781]::string::String>, fn() -> core[df12db4294e9bfd3]::result::Result<(), alloc[2182bb758b4b3781]::string::String>>
[INFO] [stdout]   15:     0x654d7c72b325 - test[9d35eded1c95d3be]::run_test::{closure#0}
[INFO] [stdout]   16:     0x654d7c724be4 - std[70759c8f55707aa4]::sys::backtrace::__rust_begin_short_backtrace::<test[9d35eded1c95d3be]::run_test::{closure#1}, ()>
[INFO] [stdout]   17:     0x654d7c72e482 - <std[70759c8f55707aa4]::thread::lifecycle::spawn_unchecked<test[9d35eded1c95d3be]::run_test::{closure#1}, ()>::{closure#1} as core[df12db4294e9bfd3]::ops::function::FnOnce<()>>::call_once::{shim:vtable#0}
[INFO] [stdout]   18:     0x654d7c7ea969 - <std[70759c8f55707aa4]::sys::thread::unix::Thread>::new::thread_start
[INFO] [stdout]   19:     0x7f39d2acbdfa - <unknown>
[INFO] [stdout]   20:     0x7f39d2b5f3d4 - clone
[INFO] [stdout]   21:                0x0 - <unknown>
[INFO] [stdout] 
[INFO] [stdout] ---- consts::tests::netsky_io_sources_have_3_place_sync stdout ----
[INFO] [stdout] 
[INFO] [stdout] thread 'consts::tests::netsky_io_sources_have_3_place_sync' (867) panicked at src/consts.rs:503:37:
[INFO] [stdout] read /.mcp.json: No such file or directory (os error 2)
[INFO] [stdout] stack backtrace:
[INFO] [stdout]    0:     0x654d7c7eb621 - <<std[70759c8f55707aa4]::sys::backtrace::BacktraceLock>::print::DisplayBacktrace as core[df12db4294e9bfd3]::fmt::Display>::fmt
[INFO] [stdout]    1:     0x654d7c80274a - core[df12db4294e9bfd3]::fmt::write
[INFO] [stdout]    2:     0x654d7c7f043c - <alloc[2182bb758b4b3781]::vec::Vec<u8> as core[df12db4294e9bfd3]::io::write::Write>::write_fmt
[INFO] [stdout]    3:     0x654d7c7c4856 - std[70759c8f55707aa4]::panicking::default_hook::{closure#0}
[INFO] [stdout]    4:     0x654d7c7e2849 - std[70759c8f55707aa4]::panicking::default_hook
[INFO] [stdout]    5:     0x654d7c72a9d0 - test[9d35eded1c95d3be]::test_main_inner::<test[9d35eded1c95d3be]::test_main_static::{closure#0}>::{closure#0}
[INFO] [stdout]    6:     0x654d7c7e2a02 - std[70759c8f55707aa4]::panicking::panic_with_hook
[INFO] [stdout]    7:     0x654d7c7c4902 - std[70759c8f55707aa4]::panicking::panic_handler::{closure#0}
[INFO] [stdout]    8:     0x654d7c7bcbe9 - std[70759c8f55707aa4]::sys::backtrace::__rust_end_short_backtrace::<std[70759c8f55707aa4]::panicking::panic_handler::{closure#0}, !>
[INFO] [stdout]    9:     0x654d7c7c5a0d - __rustc[8fa7c3cbc660c2b3]::rust_begin_unwind
[INFO] [stdout]   10:     0x654d7c802eac - core[df12db4294e9bfd3]::panicking::panic_fmt
[INFO] [stdout]   11:     0x654d7c700e89 - netsky_core[e9a5af1613e2276]::consts::tests::netsky_io_sources_have_3_place_sync::{closure#0}
[INFO] [stdout]   12:     0x654d7c702d7e - netsky_core[e9a5af1613e2276]::consts::tests::netsky_io_sources_have_3_place_sync
[INFO] [stdout]   13:     0x654d7c6efaf9 - <netsky_core[e9a5af1613e2276]::consts::tests::netsky_io_sources_have_3_place_sync::{closure#0} as core[df12db4294e9bfd3]::ops::function::FnOnce<()>>::call_once
[INFO] [stdout]   14:     0x654d7c71dcbb - test[9d35eded1c95d3be]::__rust_begin_short_backtrace::<core[df12db4294e9bfd3]::result::Result<(), alloc[2182bb758b4b3781]::string::String>, fn() -> core[df12db4294e9bfd3]::result::Result<(), alloc[2182bb758b4b3781]::string::String>>
[INFO] [stdout]   15:     0x654d7c72b325 - test[9d35eded1c95d3be]::run_test::{closure#0}
[INFO] [stdout]   16:     0x654d7c724be4 - std[70759c8f55707aa4]::sys::backtrace::__rust_begin_short_backtrace::<test[9d35eded1c95d3be]::run_test::{closure#1}, ()>
[INFO] [stdout]   17:     0x654d7c72e482 - <std[70759c8f55707aa4]::thread::lifecycle::spawn_unchecked<test[9d35eded1c95d3be]::run_test::{closure#1}, ()>::{closure#1} as core[df12db4294e9bfd3]::ops::function::FnOnce<()>>::call_once::{shim:vtable#0}
[INFO] [stdout]   18:     0x654d7c7ea969 - <std[70759c8f55707aa4]::sys::thread::unix::Thread>::new::thread_start
[INFO] [stdout]   19:     0x7f39d2acbdfa - <unknown>
[INFO] [stdout]   20:     0x7f39d2b5f3d4 - clone
[INFO] [stdout]   21:                0x0 - <unknown>
[INFO] [stdout] 
[INFO] [stdout] 
[INFO] [stdout] failures:
[INFO] [stdout]     config::tests::full_schema_round_trips_via_example
[INFO] [stdout]     consts::tests::netsky_io_sources_have_3_place_sync
[INFO] [stdout] 
[INFO] [stdout] test result: FAILED. 78 passed; 2 failed; 0 ignored; 0 measured; 0 filtered out; finished in 30.03s
[INFO] [stdout] 
[INFO] running `Command { std: "docker" "inspect" "c2126ca0a4cda80ab355f3fe847bc247d47d0d5431de72547a0d55bf3fd3a0ef", kill_on_drop: false }`
[INFO] running `Command { std: "docker" "rm" "-f" "c2126ca0a4cda80ab355f3fe847bc247d47d0d5431de72547a0d55bf3fd3a0ef", kill_on_drop: false }`
[INFO] [stdout] c2126ca0a4cda80ab355f3fe847bc247d47d0d5431de72547a0d55bf3fd3a0ef
